-- Table structure for table `geo_divisions`
--

CREATE TABLE `geo_divisions` (
  `id` tinyint(3) unsigned NOT NULL AUTO_INCREMENT,
  `division_name_eng` varchar(50) COLLATE utf8mb4_unicode_ci NOT NULL,
  `division_name_bng` varchar(100) COLLATE utf8mb4_unicode_ci NOT NULL,
  `bbs_code` varchar(4) COLLATE utf8mb4_unicode_ci NOT NULL,
  `status` tinyint(4) NOT NULL DEFAULT '3' COMMENT '0=Pending, 1=Delete, 2=Inactive, 3=active, 4=PreviousActive',
  `created_by` int(11) NOT NULL,
  `modified_by` int(11) NOT NULL,
  `created_at` datetime DEFAULT NULL,
  `updated_at` datetime DEFAULT NULL,
  PRIMARY KEY (`id`)
) ENGINE=InnoDB AUTO_INCREMENT=10 DEFAULT CHARSET=utf8mb4 COLLATE=utf8mb4_unicode_ci;

--
-- Dumping data for table `geo_divisions`
--

INSERT INTO `geo_divisions` VALUES (1,'Barisal','বরিশাল','10',1,0,0,'2012-05-02 00:00:00','2012-05-02 00:00:00'),(2,'Chittagong','চট্টগ্রাম','20',1,0,0,'2012-05-02 00:00:00','2012-05-02 00:00:00'),(3,'Dhaka','ঢাকা','30',1,0,0,'2012-05-02 00:00:00','2012-05-02 00:00:00'),(4,'Khulna','খুলনা','40',1,0,0,'2012-05-02 00:00:00','2012-05-02 00:00:00'),(5,'Rajshahi','রাজশাহী','50',1,0,0,'2012-05-02 00:00:00','2012-05-02 00:00:00'),(6,'Rangpur','রংপুর','60',1,0,0,'2012-05-02 00:00:00','2012-05-02 00:00:00'),(7,'Sylhet','সিলেট','70',1,0,0,'2012-05-02 00:00:00','2012-05-02 00:00:00'),(9,'Mymensingh','ময়মনসিংহ','45',1,0,0,'2012-05-02 00:00:00','2012-05-02 00:00:00');

--
-- Table structure for table `geo_upazilas`
--

CREATE TABLE `geo_upazilas` (
  `id` int(10) unsigned NOT NULL AUTO_INCREMENT,
  `geo_division_id` tinyint(3) unsigned NOT NULL DEFAULT '0',
  `geo_district_id` int(10) unsigned NOT NULL,
  `division_bbs_code` varchar(4) COLLATE utf8mb4_unicode_ci DEFAULT NULL,
  `district_bbs_code` varchar(4) COLLATE utf8mb4_unicode_ci DEFAULT NULL,
  `upazila_name_eng` varchar(50) COLLATE utf8mb4_unicode_ci NOT NULL,
  `upazila_name_bng` varchar(100) COLLATE utf8mb4_unicode_ci NOT NULL,
  `bbs_code` varchar(4) COLLATE utf8mb4_unicode_ci DEFAULT NULL,
  `status` tinyint(4) NOT NULL DEFAULT '3' COMMENT '0=Pending, 1=Delete, 2=Inactive, 3=active, 4=PreviousActive',
  `created_by` int(11) NOT NULL,
  `modified_by` int(11) NOT NULL,
  `created_at` datetime DEFAULT NULL,
  `updated_at` datetime DEFAULT NULL,
  `is_urban` int(11) DEFAULT NULL,
  PRIMARY KEY (`id`),
  KEY `geo_upazilas_geo_division_id_foreign` (`geo_division_id`),
  KEY `geo_upazilas_geo_district_id_foreign` (`geo_district_id`)
) ENGINE=InnoDB AUTO_INCREMENT=760 DEFAULT CHARSET=utf8mb4 COLLATE=utf8mb4_unicode_ci;

--
-- Dumping data for table `geo_upazilas`
--

INSERT INTO `geo_upazilas` VALUES (1,1,1,'','','AMTALI','আমতলী ','09',1,1,1,'2012-05-02 00:00:00','2012-05-02 00:00:00',NULL),(2,1,1,'','','BAMNA','বামনা ','19',1,1,1,'2012-05-02 00:00:00','2012-05-02 00:00:00',NULL),(3,1,1,'','','BARGUNA SADAR','বরগুনা সদর ','28',1,1,1,'2012-05-02 00:00:00','2012-05-02 00:00:00',NULL),(4,1,1,'','','BETAGI','বেতাগী ','47',1,1,1,'2012-05-02 00:00:00','2012-05-02 00:00:00',NULL),(5,1,1,'','','PATHARGHATA','পাথরঘাটা ','85',1,1,1,'2012-05-02 00:00:00','2012-05-02 00:00:00',NULL),(6,1,1,'','','TALTALI','তালতলি ','90',1,1,1,'2012-05-02 00:00:00','2012-05-02 00:00:00',NULL),(7,1,2,'','','AGAILJHARA','আগৈলঝাড়া','2',1,1,1,'2012-05-02 00:00:00','2012-05-02 00:00:00',NULL),(8,1,2,'','','BABUGANJ','বাবুগঞ্জ ','3',1,1,1,'2012-05-02 00:00:00','2012-05-02 00:00:00',NULL),(9,1,2,'','','BAKERGANJ','বাকেরগঞ্জ','7',1,1,1,'2012-05-02 00:00:00','2012-05-02 00:00:00',NULL),(10,1,2,'','','BANARI PARA','বানারীপাড়া ','10',1,1,1,'2012-05-02 00:00:00','2012-05-02 00:00:00',NULL),(11,1,2,'','','GAURNADI','গৌরনদী ','32',1,1,1,'2012-05-02 00:00:00','2012-05-02 00:00:00',NULL),(12,1,2,'','','HIZLA','হিজলা ','36',1,1,1,'2012-05-02 00:00:00','2012-05-02 00:00:00',NULL),(13,1,2,'','','BARISAL SADAR (KOTWALI)','বরিশাল সদর (কোতোয়ালী)','51',1,1,1,'2012-05-02 00:00:00','2012-05-02 00:00:00',NULL),(14,1,2,'','','MEHENDIGANJ','মেহেন্দিগঞ্জ ','62',1,1,1,'2012-05-02 00:00:00','2012-05-02 00:00:00',NULL),(15,1,2,'','','MULADI','মুলাদী  ','69',1,1,1,'2012-05-02 00:00:00','2012-05-02 00:00:00',NULL),(16,1,2,'','','WAZIRPUR','উজিরপুর  ','94',1,1,1,'2012-05-02 00:00:00','2012-05-02 00:00:00',NULL),(17,1,3,'','','BHOLA SADAR','ভোলা সদর','18',1,1,1,'2012-05-02 00:00:00','2012-05-02 00:00:00',NULL),(18,1,3,'','','BURHANUDDIN','বোরহানউদ্দিন ','21',1,1,1,'2012-05-02 00:00:00','2012-05-02 00:00:00',NULL),(19,1,3,'','','DAULAT KHAN','দৌলতখান','29',1,1,1,'2012-05-02 00:00:00','2012-05-02 00:00:00',NULL),(20,1,3,'','','LALMOHAN','লালমোহন ','54',1,1,1,'2012-05-02 00:00:00','2012-05-02 00:00:00',NULL),(21,1,3,'','','MANPURA','মনপুরা ','65',1,1,1,'2012-05-02 00:00:00','2012-05-02 00:00:00',NULL),(22,1,3,'','','TAZUMUDDIN','তজুমদ্দিন ','91',1,1,1,'2012-05-02 00:00:00','2012-05-02 00:00:00',NULL),(23,1,4,'','','JHALOKATI SADAR','ঝালকাঠি সদর','40',1,1,1,'2012-05-02 00:00:00','2012-05-02 00:00:00',NULL),(24,1,4,'','','NALCHITY','নলছিটি ','73',1,1,1,'2012-05-02 00:00:00','2012-05-02 00:00:00',NULL),(25,1,4,'','','KATHALIA','কাঠালিয়া','43',1,1,1,'2012-05-02 00:00:00','2012-05-02 00:00:00',NULL),(26,1,5,'','','BAUPHAL','বাউফল ','38',1,1,1,'2012-05-02 00:00:00','2012-05-02 00:00:00',NULL),(27,1,5,'','','DASHMINA','দশমিনা ','52',1,1,1,'2012-05-02 00:00:00','2012-05-02 00:00:00',NULL),(28,1,5,'','','DUMKI','দুমকি ','55',1,1,1,'2012-05-02 00:00:00','2012-05-02 00:00:00',NULL),(29,1,5,'','','KALAPARA','কলাপাড়া ','66',1,1,1,'2012-05-02 00:00:00','2012-05-02 00:00:00',NULL),(30,1,5,'','','MIRZAGANJ','মির্জাগঞ্জ','76',1,1,1,'2012-05-02 00:00:00','2012-05-02 00:00:00',NULL),(31,1,5,'','','PATUAKHALI SADAR','পটুয়াখালী সদর ','95',1,1,1,'2012-05-02 00:00:00','2012-05-02 00:00:00',NULL),(32,1,5,'','','RANGABALI','রাঙ্গাবালী ','97',1,1,1,'2012-05-02 00:00:00','2012-05-02 00:00:00',NULL),(33,1,6,'','','BHANDARIA','ভান্ডারিয়া ','14',1,1,1,'2012-05-02 00:00:00','2012-05-02 00:00:00',NULL),(34,1,6,'','','KAWKHALI','কাউখালী ','47',1,1,1,'2012-05-02 00:00:00','2012-05-02 00:00:00',NULL),(35,1,6,'','','MATHBARIA','মঠবাড়ীয়া ','58',1,1,1,'2012-05-02 00:00:00','2012-05-02 00:00:00',NULL),(36,1,6,'','','NAZIRPUR','নাজিরপুর ','76',1,1,1,'2012-05-02 00:00:00','2012-05-02 00:00:00',NULL),(37,1,6,'','','PIROJPUR SADAR','পিরোজপুর সদর ','80',1,1,1,'2012-05-02 00:00:00','2012-05-02 00:00:00',NULL),(38,1,6,'','','NESARABAD (SWARUPKATI)','নেছারাবা ( স্বরুপকাঠী) ','87',1,1,1,'2012-05-02 00:00:00','2012-05-02 00:00:00',NULL),(39,1,6,'','','ZIANAGAR','জিয়ানগর ','90',1,1,1,'2012-05-02 00:00:00','2012-05-02 00:00:00',NULL),(40,2,7,'','','ALIKADAM','আলীকদম ','4',1,1,1,'2012-05-02 00:00:00','2012-05-02 00:00:00',NULL),(41,2,7,'','','BANDARBAN SADAR','বান্দরবান সদর','14',1,1,1,'2012-05-02 00:00:00','2012-05-02 00:00:00',NULL),(42,2,7,'','','LAMA','লামা','51',1,1,1,'2012-05-02 00:00:00','2012-05-02 00:00:00',NULL),(43,2,7,'','','NAIKHONGCHHARI','নাইক্ষ্যংছড়ি','73',1,1,1,'2012-05-02 00:00:00','2012-05-02 00:00:00',NULL),(44,2,7,'','','ROWANGCHHARI','রোয়াংছড়ি','89',1,1,1,'2012-05-02 00:00:00','2012-05-02 00:00:00',NULL),(45,2,7,'','','RUMA','রুমা ','91',1,1,1,'2012-05-02 00:00:00','2012-05-02 00:00:00',NULL),(46,2,7,'','','THANCHI','থানচি','95',1,1,1,'2012-05-02 00:00:00','2012-05-02 00:00:00',NULL),(47,2,8,'','','AKHAURA','আখাউড়া','2',1,1,1,'2012-05-02 00:00:00','2012-05-02 00:00:00',NULL),(48,2,8,'','','BANCHHARAMPUR','বাঞ্ছারামপুর ','4',1,1,1,'2012-05-02 00:00:00','2012-05-02 00:00:00',NULL),(49,2,8,'','','BIJOYNAGAR','বিজয়নগর','7',1,1,1,'2012-05-02 00:00:00','2012-05-02 00:00:00',NULL),(50,2,8,'','','BRAHMANBARIA SADAR','ব্রাহ্মণবাড়িয়া সদর','13',1,1,1,'2012-05-02 00:00:00','2012-05-02 00:00:00',NULL),(51,2,8,'','','ASHUGANJ','আশুগঞ্জ','33',1,1,1,'2012-05-02 00:00:00','2012-05-02 00:00:00',NULL),(52,2,8,'','','KASBA','কসবা','63',1,1,1,'2012-05-02 00:00:00','2012-05-02 00:00:00',NULL),(53,2,8,'','','NABINAGAR','নবীনগর','85',1,1,1,'2012-05-02 00:00:00','2012-05-02 00:00:00',NULL),(54,2,8,'','','NASIRNAGAR','নাসিরনগর','90',1,1,1,'2012-05-02 00:00:00','2012-05-02 00:00:00',NULL),(55,2,8,'','','SARAIL','সরাইল','94',1,1,1,'2012-05-02 00:00:00','2012-05-02 00:00:00',NULL),(56,2,9,'','','CHANDPUR SADAR','চাঁদপুর সদর','22',1,1,1,'2012-05-02 00:00:00','2012-05-02 00:00:00',NULL),(57,2,9,'','','FARIDGANJ','ফরিদগঞ্জ','45',1,1,1,'2012-05-02 00:00:00','2012-05-02 00:00:00',NULL),(58,2,9,'','','HAIM CHAR','হাইমচর','47',1,1,1,'2012-05-02 00:00:00','2012-05-02 00:00:00',NULL),(59,2,9,'','','HAJIGANJ','হাজীগঞ্জ','49',1,1,1,'2012-05-02 00:00:00','2012-05-02 00:00:00',NULL),(60,2,9,'','','KACHUA','কচুয়া','58',1,1,1,'2012-05-02 00:00:00','2012-05-02 00:00:00',NULL),(61,2,9,'','','MATLAB DAKSHIN','মতলব দক্ষিণ','76',1,1,1,'2012-05-02 00:00:00','2012-05-02 00:00:00',NULL),(62,2,9,'','','MATLAB UTTAR','মতলব উত্তর','79',1,1,1,'2012-05-02 00:00:00','2012-05-02 00:00:00',NULL),(63,2,9,'','','SHAHRASTI','শাহরাস্তি','95',1,1,1,'2012-05-02 00:00:00','2012-05-02 00:00:00',NULL),(64,2,10,'','','ANOWARA','আনোয়ারা','4',1,1,1,'2012-05-02 00:00:00','2012-05-02 00:00:00',NULL),(65,2,10,'','','BANSHKHALI','বাঁশখালী','8',1,1,1,'2012-05-02 00:00:00','2012-05-02 00:00:00',NULL),(66,2,10,'','','BOALKHALI','বোয়ালখালী','12',1,1,1,'2012-05-02 00:00:00','2012-05-02 00:00:00',NULL),(67,2,10,'','','CHANDANAISH','চন্দনাইশ','18',1,1,1,'2012-05-02 00:00:00','2012-05-02 00:00:00',NULL),(68,2,10,'','','FATIKCHHARI','ফটিকছড়ি','33',1,1,1,'2012-05-02 00:00:00','2012-05-02 00:00:00',NULL),(69,2,10,'','','HATHAZARI','হাটহাজারী','37',1,1,1,'2012-05-02 00:00:00','2012-05-02 00:00:00',NULL),(70,2,10,'','','LOHAGARA','লোহাগাড়া','47',1,1,1,'2012-05-02 00:00:00','2012-05-02 00:00:00',NULL),(71,2,10,'','','MIRSHARAI','মীরসরাই','53',1,1,1,'2012-05-02 00:00:00','2012-05-02 00:00:00',NULL),(72,2,10,'','','PATIYA','পটিয়া','61',1,1,1,'2012-05-02 00:00:00','2012-05-02 00:00:00',NULL),(73,2,10,'','','RANGUNIA','রাঙ্গুনিয়া','70',1,1,1,'2012-05-02 00:00:00','2012-05-02 00:00:00',NULL),(74,2,10,'','','RAOZAN','রাউজান','74',1,1,1,'2012-05-02 00:00:00','2012-05-02 00:00:00',NULL),(75,2,10,'','','SANDWIP','সন্দ্বীপ','78',1,1,1,'2012-05-02 00:00:00','2012-05-02 00:00:00',NULL),(76,2,10,'','','SATKANIA','সাতকানিয়া','82',1,1,1,'2012-05-02 00:00:00','2012-05-02 00:00:00',NULL),(77,2,10,'','','SITAKUNDA','সীতাকুণ্ড','86',1,1,1,'2012-05-02 00:00:00','2012-05-02 00:00:00',NULL),(78,2,11,'','','BARURA','বরুড়া','9',1,1,1,'2012-05-02 00:00:00','2012-05-02 00:00:00',NULL),(79,2,11,'','','BRAHMAN PARA','ব্রাহ্মণপাড়া','15',1,1,1,'2012-05-02 00:00:00','2012-05-02 00:00:00',NULL),(80,2,11,'','','BURICHANG','বুড়িচং','18',1,1,1,'2012-05-02 00:00:00','2012-05-02 00:00:00',NULL),(81,2,11,'','','CHANDINA','চান্দিনা','27',1,1,1,'2012-05-02 00:00:00','2012-05-02 00:00:00',NULL),(82,2,11,'','','CHAUDDAGRAM','চৌদ্দগ্রাম','31',1,1,1,'2012-05-02 00:00:00','2012-05-02 00:00:00',NULL),(83,2,11,'','','COMILLA SADAR DAKSHIN','কুমিল্লা সদর দক্ষিণ','33',1,1,1,'2012-05-02 00:00:00','2012-05-02 00:00:00',NULL),(84,2,11,'','','DAUDKANDI','দাউদকান্দি','36',1,1,1,'2012-05-02 00:00:00','2012-05-02 00:00:00',NULL),(85,2,11,'','','DEBIDWAR','দেবিদ্বার','40',1,1,1,'2012-05-02 00:00:00','2012-05-02 00:00:00',NULL),(86,2,11,'','','HOMNA','হোমনা ','54',1,1,1,'2012-05-02 00:00:00','2012-05-02 00:00:00',NULL),(87,2,11,'','','COMILLA ADARSHA SADAR','কুমিল্লা সদর','67',1,1,1,'2012-05-02 00:00:00','2012-05-02 00:00:00',NULL),(88,2,11,'','','LAKSAM','লাকসাম','72',1,1,1,'2012-05-02 00:00:00','2012-05-02 00:00:00',NULL),(89,2,11,'','','MANOHARGANJ','মনোহরগঞ্জ','74',1,1,1,'2012-05-02 00:00:00','2012-05-02 00:00:00',NULL),(90,2,11,'','','MEGHNA','মেঘনা','75',1,1,1,'2012-05-02 00:00:00','2012-05-02 00:00:00',NULL),(91,2,11,'','','MURADNAGAR','মুরাদনগর','81',1,1,1,'2012-05-02 00:00:00','2012-05-02 00:00:00',NULL),(92,2,11,'','','NANGALKOT','নাঙ্গলকোট','87',1,1,1,'2012-05-02 00:00:00','2012-05-02 00:00:00',NULL),(93,2,11,'','','TITAS','তিতাস','94',1,1,1,'2012-05-02 00:00:00','2012-05-02 00:00:00',NULL),(94,2,12,'','','CHAKARIA','চকরিয়া','16',1,1,1,'2012-05-02 00:00:00','2012-05-02 00:00:00',NULL),(95,2,12,'','','COX\'S BAZAR SADAR','কক্সবাজার সদর','24',1,1,1,'2012-05-02 00:00:00','2012-05-02 00:00:00',NULL),(96,2,12,'','','KUTUBDIA','কুতুবদিয়া','45',1,1,1,'2012-05-02 00:00:00','2012-05-02 00:00:00',NULL),(97,2,12,'','','MAHESHKHALI','মহেশখালী','49',1,1,1,'2012-05-02 00:00:00','2012-05-02 00:00:00',NULL),(98,2,12,'','','PEKUA','পেকুয়া','56',1,1,1,'2012-05-02 00:00:00','2012-05-02 00:00:00',NULL),(99,2,12,'','','RAMU','রামু','66',1,1,1,'2012-05-02 00:00:00','2012-05-02 00:00:00',NULL),(100,2,12,'','','TEKNAF','টেকনাফ','90',1,1,1,'2012-05-02 00:00:00','2012-05-02 00:00:00',NULL),(101,2,12,'','','UKHIA','উখিয়া','94',1,1,1,'2012-05-02 00:00:00','2012-05-02 00:00:00',NULL),(102,2,13,'','','CHHAGALNAIYA','ছাগলনাইয়া','14',1,1,1,'2012-05-02 00:00:00','2012-05-02 00:00:00',NULL),(103,2,13,'','','DAGANBHUIYAN','দাগনভূঞা','25',1,1,1,'2012-05-02 00:00:00','2012-05-02 00:00:00',NULL),(104,2,13,'','','FENI SADAR','ফেনী সদর','29',1,1,1,'2012-05-02 00:00:00','2012-05-02 00:00:00',NULL),(105,2,13,'','','FULGAZI','ফুলগাজী','41',1,1,1,'2012-05-02 00:00:00','2012-05-02 00:00:00',NULL),(106,2,13,'','','PARSHURAM','পরশুরাম','51',1,1,1,'2012-05-02 00:00:00','2012-05-02 00:00:00',NULL),(107,2,13,'','','SONAGAZI','সোনাগাজী','94',1,1,1,'2012-05-02 00:00:00','2012-05-02 00:00:00',NULL),(108,2,14,'','','DIGHINALA','দিঘীনালা','43',1,1,1,'2012-05-02 00:00:00','2012-05-02 00:00:00',NULL),(109,2,14,'','','MANIKCHHARI','মানিকছড়ি','67',1,1,1,'2012-05-02 00:00:00','2012-05-02 00:00:00',NULL),(110,2,14,'','','KHAGRACHHARI SADAR','খাগড়াছড়ি সদর','49',1,1,1,'2012-05-02 00:00:00','2012-05-02 00:00:00',NULL),(111,2,14,'','','LAKSHMICHHARI','লক্ষীছড়ি','61',1,1,1,'2012-05-02 00:00:00','2012-05-02 00:00:00',NULL),(112,2,14,'','','MAHALCHHARI','মহালছড়ি','65',1,1,1,'2012-05-02 00:00:00','2012-05-02 00:00:00',NULL),(113,2,14,'','','MATIRANGA','মাটিরাঙ্গা','70',1,1,1,'2012-05-02 00:00:00','2012-05-02 00:00:00',NULL),(114,2,14,'','','PANCHHARI','পানছড়ি','77',1,1,1,'2012-05-02 00:00:00','2012-05-02 00:00:00',NULL),(115,2,14,'','','RAMGARH','রামগড়','80',1,1,1,'2012-05-02 00:00:00','2012-05-02 00:00:00',NULL),(116,2,15,'','','KAMALNAGAR','কমলনগর','33',1,1,1,'2012-05-02 00:00:00','2012-05-02 00:00:00',NULL),(117,2,15,'','','LAKSHMIPUR SADAR','লক্ষ্মীপুর সদর','43',1,1,1,'2012-05-02 00:00:00','2012-05-02 00:00:00',NULL),(118,2,15,'','','ROYPUR','রায়পুর','58',1,1,1,'2012-05-02 00:00:00','2012-05-02 00:00:00',NULL),(119,2,15,'','','RAMGANJ','রামগঞ্জ','65',1,1,1,'2012-05-02 00:00:00','2012-05-02 00:00:00',NULL),(120,2,15,'','','RAMGATI','রামগতি ','73',1,1,1,'2012-05-02 00:00:00','2012-05-02 00:00:00',NULL),(121,2,16,'','','BEGUMGANJ','বেগমগঞ্জ','7',1,1,1,'2012-05-02 00:00:00','2012-05-02 00:00:00',NULL),(122,2,16,'','','CHATKHIL','চাটখিল','10',1,1,1,'2012-05-02 00:00:00','2012-05-02 00:00:00',NULL),(123,2,16,'','','COMPANIGANJ','কোম্পানীগঞ্জ','21',1,1,1,'2012-05-02 00:00:00','2012-05-02 00:00:00',NULL),(124,2,16,'','','HATIYA','হাতিয়া','36',1,1,1,'2012-05-02 00:00:00','2012-05-02 00:00:00',NULL),(125,2,16,'','','SENBAGH','সেনবাগ','80',1,1,1,'2012-05-02 00:00:00','2012-05-02 00:00:00',NULL),(126,2,16,'','','SONAIMURI','সোনাইমুড়ী','83',1,1,1,'2012-05-02 00:00:00','2012-05-02 00:00:00',NULL),(127,2,16,'','','SUBARNACHAR','সুবর্ণচর','85',1,1,1,'2012-05-02 00:00:00','2012-05-02 00:00:00',NULL),(128,2,16,'','','NOAKHALI ','নোয়াখালী ','87',1,1,1,'2012-05-02 00:00:00','2012-05-02 00:00:00',NULL),(129,2,17,'','','BAGHAICHHARI','বাঘাইছড়ি','7',1,1,1,'2012-05-02 00:00:00','2012-05-02 00:00:00',NULL),(130,2,17,'','','BARKAL ','বরকল','21',1,1,1,'2012-05-02 00:00:00','2012-05-02 00:00:00',NULL),(131,2,17,'','','KAWKHALI (BETBUNIA)','কাউখালী','25',1,1,1,'2012-05-02 00:00:00','2012-05-02 00:00:00',NULL),(132,2,17,'','','KAPTAI  ','কাপ্তাই ','36',1,1,1,'2012-05-02 00:00:00','2012-05-02 00:00:00',NULL),(133,2,17,'','','JURAI CHHARI','জুরাছড়ি','47',1,1,1,'2012-05-02 00:00:00','2012-05-02 00:00:00',NULL),(134,2,17,'','','LANGADU  ','লংগদু ','58',1,1,1,'2012-05-02 00:00:00','2012-05-02 00:00:00',NULL),(135,2,17,'','','NANIARCHAR  ','নানিয়ারচর ','75',1,1,1,'2012-05-02 00:00:00','2012-05-02 00:00:00',NULL),(136,2,17,'','','RANGAMATI SADAR','রাঙ্গামাটি সদর','87',1,1,1,'2012-05-02 00:00:00','2012-05-02 00:00:00',NULL),(137,2,17,'','','RAJOSTHOLI ','রাজস্থলী','78',1,1,1,'2012-05-02 00:00:00','2012-05-02 00:00:00',NULL),(138,2,17,'','','BILAYCHHARI','বিলাইছড়ি','29',1,1,1,'2012-05-02 00:00:00','2012-05-02 00:00:00',NULL),(139,3,18,'','','TEJGAON UNNON CIRCLE','তেজগাঁও উন্নয়ন সার্কেল','',1,1,1,'2012-05-02 00:00:00','2012-05-02 00:00:00',NULL),(140,3,18,'','','BADDA','বাড্ডা','4',1,1,1,'2012-05-02 00:00:00','2012-05-02 00:00:00',NULL),(141,3,18,'','','BANGSHAL','বংশাল','5',1,1,1,'2012-05-02 00:00:00','2012-05-02 00:00:00',NULL),(142,3,18,'','','BIMAN BANDAR','বিমান বন্দর','6',1,1,1,'2012-05-02 00:00:00','2012-05-02 00:00:00',NULL),(143,3,18,'','','BANANI','বনানী','7',1,1,1,'2012-05-02 00:00:00','2012-05-02 00:00:00',NULL),(144,3,18,'','','CANTONMENT','সেনানিবাস','8',1,1,1,'2012-05-02 00:00:00','2012-05-02 00:00:00',NULL),(145,3,18,'','','CHAK BAZAR','চকবাজার','9',1,1,1,'2012-05-02 00:00:00','2012-05-02 00:00:00',NULL),(146,3,18,'','','DAKSHINKHAN','দক্ষিনখান','10',1,1,1,'2012-05-02 00:00:00','2012-05-02 00:00:00',NULL),(147,3,18,'','','DARUS SALAM','দারুস সালাম','11',1,1,1,'2012-05-02 00:00:00','2012-05-02 00:00:00',NULL),(148,3,18,'','','DEMRA','ডেমরা','12',1,1,1,'2012-05-02 00:00:00','2012-05-02 00:00:00',NULL),(149,3,18,'','','DHAMRAI','ধামরাই','14',1,1,1,'2012-05-02 00:00:00','2012-05-02 00:00:00',NULL),(150,3,18,'','','DOHAR','দোহার','18',1,1,1,'2012-05-02 00:00:00','2012-05-02 00:00:00',NULL),(151,3,18,'','','KERANIGANJ','কেরাণীগঞ্জ','38',1,1,1,'2012-05-02 00:00:00','2012-05-02 00:00:00',NULL),(152,3,18,'','','NAWABGANJ','নবাবগঞ্জ','62',1,1,1,'2012-05-02 00:00:00','2012-05-02 00:00:00',NULL),(153,3,18,'','','SAVAR','সাভার','72',1,1,1,'2012-05-02 00:00:00','2012-05-02 00:00:00',NULL),(154,3,19,'','','ALFADANGA','আলফাডাঙ্গা','3',1,1,1,'2012-05-02 00:00:00','2012-05-02 00:00:00',NULL),(155,3,19,'','','BHANGA','ভাঙ্গা','10',1,1,1,'2012-05-02 00:00:00','2012-05-02 00:00:00',NULL),(156,3,19,'','','BOALMARI','বোয়ালমারী','18',1,1,1,'2012-05-02 00:00:00','2012-05-02 00:00:00',NULL),(157,3,19,'','','CHAR BHADRASAN','চরভদ্রাসন','21',1,1,1,'2012-05-02 00:00:00','2012-05-02 00:00:00',NULL),(158,3,19,'','','FARIDPUR SADAR','ফরিদপুর সদর','47',1,1,1,'2012-05-02 00:00:00','2012-05-02 00:00:00',NULL),(159,3,19,'','','MADHUKHALI','মধুখালী','56',1,1,1,'2012-05-02 00:00:00','2012-05-02 00:00:00',NULL),(160,3,19,'','','NAGARKANDA','নগরকান্দা','62',1,1,1,'2012-05-02 00:00:00','2012-05-02 00:00:00',NULL),(161,3,19,'','','SADARPUR','সদরপুর','84',1,1,1,'2012-05-02 00:00:00','2012-05-02 00:00:00',NULL),(162,3,19,'','','SALTHA','সালথা','90',1,1,1,'2012-05-02 00:00:00','2012-05-02 00:00:00',NULL),(163,3,20,'','','GAZIPUR SADAR','গাজীপুর সদর','30',1,1,1,'2012-05-02 00:00:00','2012-05-02 00:00:00',NULL),(164,3,20,'','','KALIAKAIR','কালিয়াকৈর','32',1,1,1,'2012-05-02 00:00:00','2012-05-02 00:00:00',NULL),(165,3,20,'','','KALIGANJ','কালীগঞ্জ','34',1,1,1,'2012-05-02 00:00:00','2012-05-02 00:00:00',NULL),(166,3,20,'','','KAPASIA','কাপাসিয়া','36',1,1,1,'2012-05-02 00:00:00','2012-05-02 00:00:00',NULL),(167,3,20,'','','SREEPUR','শ্রীপুর','86',1,1,1,'2012-05-02 00:00:00','2012-05-02 00:00:00',NULL),(168,3,21,'','','GOPALGANJ SADAR','গোপালগঞ্জ সদর','32',1,1,1,'2012-05-02 00:00:00','2012-05-02 00:00:00',NULL),(169,3,21,'','','KASHIANI','কাশিয়ানী','43',1,1,1,'2012-05-02 00:00:00','2012-05-02 00:00:00',NULL),(170,3,21,'','','KOTALIPARA','কোটালীপাড়া','51',1,1,1,'2012-05-02 00:00:00','2012-05-02 00:00:00',NULL),(171,3,21,'','','MUKSUDPUR','মুকসুদপুর','58',1,1,1,'2012-05-02 00:00:00','2012-05-02 00:00:00',NULL),(172,3,21,'','','TUNGIPARA','টুংগীপাড়া','91',1,1,1,'2012-05-02 00:00:00','2012-05-02 00:00:00',NULL),(173,3,22,'','','BAKSHIGANJ','বকশীগঞ্জ','7',1,1,1,'2012-05-02 00:00:00','2012-05-02 00:00:00',NULL),(174,3,22,'','','DEWANGANJ','দেওয়ানগঞ্জ','15',1,1,1,'2012-05-02 00:00:00','2012-05-02 00:00:00',NULL),(175,3,22,'','','ISLAMPUR','ইসলামপুর','29',1,1,1,'2012-05-02 00:00:00','2012-05-02 00:00:00',NULL),(176,3,22,'','','JAMALPUR SADAR','জামালপুর সদর','36',1,1,1,'2012-05-02 00:00:00','2012-05-02 00:00:00',NULL),(177,3,22,'','','MADARGANJ','মাদারগঞ্জ','58',1,1,1,'2012-05-02 00:00:00','2012-05-02 00:00:00',NULL),(178,3,22,'','','MELANDAHA','মেলান্দহ','61',1,1,1,'2012-05-02 00:00:00','2012-05-02 00:00:00',NULL),(179,3,22,'','','SARISHABARI','সরিষাবাড়ী','85',1,1,1,'2012-05-02 00:00:00','2012-05-02 00:00:00',NULL),(180,3,23,'','','AUSTAGRAM','অষ্টগ্রাম','2',1,1,1,'2012-05-02 00:00:00','2012-05-02 00:00:00',NULL),(181,3,23,'','','BAJITPUR','বাজিতপুর','6',1,1,1,'2012-05-02 00:00:00','2012-05-02 00:00:00',NULL),(182,3,23,'','','BHAIRAB','ভৈরব','11',1,1,1,'2012-05-02 00:00:00','2012-05-02 00:00:00',NULL),(183,3,23,'','','HOSSAINPUR','হোসেনপুর','27',1,1,1,'2012-05-02 00:00:00','2012-05-02 00:00:00',NULL),(184,3,23,'','','ITNA','ইটনা','33',1,1,1,'2012-05-02 00:00:00','2012-05-02 00:00:00',NULL),(185,3,23,'','','KARIMGANJ','করিমগঞ্জ','42',1,1,1,'2012-05-02 00:00:00','2012-05-02 00:00:00',NULL),(186,3,23,'','','KATIADI','কটিয়াদী','45',1,1,1,'2012-05-02 00:00:00','2012-05-02 00:00:00',NULL),(187,3,23,'','','KISHOREGANJ SADAR','কিশোরগঞ্জ সদর','49',1,1,1,'2012-05-02 00:00:00','2012-05-02 00:00:00',NULL),(188,3,23,'','','KULIAR CHAR','কুলিয়ারচর','54',1,1,1,'2012-05-02 00:00:00','2012-05-02 00:00:00',NULL),(189,3,23,'','','MITHAMAIN','মিঠামইন','59',1,1,1,'2012-05-02 00:00:00','2012-05-02 00:00:00',NULL),(190,3,23,'','','NIKLI','নিকলী','76',1,1,1,'2012-05-02 00:00:00','2012-05-02 00:00:00',NULL),(191,3,23,'','','PAKUNDIA','পাকুন্দিয়া','79',1,1,1,'2012-05-02 00:00:00','2012-05-02 00:00:00',NULL),(192,3,23,'','','TARAIL','তাড়াইল','92',1,1,1,'2012-05-02 00:00:00','2012-05-02 00:00:00',NULL),(193,3,24,'','','KALKINI','কালকিনি','40',1,1,1,'2012-05-02 00:00:00','2012-05-02 00:00:00',NULL),(194,3,24,'','','MADARIPUR SADAR','মাদারীপুর সদর','54',1,1,1,'2012-05-02 00:00:00','2012-05-02 00:00:00',NULL),(195,3,24,'','','RAJOIR','রাজৈর','80',1,1,1,'2012-05-02 00:00:00','2012-05-02 00:00:00',NULL),(196,3,24,'','','SHIBCHAR','শিবচর','87',1,1,1,'2012-05-02 00:00:00','2012-05-02 00:00:00',NULL),(197,3,25,'','','DAULATPUR','দৌলতপুর','10',1,1,1,'2012-05-02 00:00:00','2012-05-02 00:00:00',NULL),(198,3,25,'','','GHIOR','ঘিওর','22',1,1,1,'2012-05-02 00:00:00','2012-05-02 00:00:00',NULL),(199,3,25,'','','HARIRAMPUR','হরিরামপুর','28',1,1,1,'2012-05-02 00:00:00','2012-05-02 00:00:00',NULL),(200,3,25,'','','MANIKGANJ SADAR','মানিকগঞ্জ সদর','46',1,1,1,'2012-05-02 00:00:00','2012-05-02 00:00:00',NULL),(201,3,25,'','','SATURIA','সাটুরিয়া','70',1,1,1,'2012-05-02 00:00:00','2012-05-02 00:00:00',NULL),(202,3,25,'','','SHIBALAYA','শিবালয়','78',1,1,1,'2012-05-02 00:00:00','2012-05-02 00:00:00',NULL),(203,3,25,'','','SINGAIR','সিংগাইর','82',1,1,1,'2012-05-02 00:00:00','2012-05-02 00:00:00',NULL),(204,3,26,'','','GAZARIA','গজারিয়া','24',1,1,1,'2012-05-02 00:00:00','2012-05-02 00:00:00',NULL),(205,3,26,'','','LOHAJANG','লৌহজং','44',1,1,1,'2012-05-02 00:00:00','2012-05-02 00:00:00',NULL),(206,3,26,'','','MUNSHIGANJ SADAR','মুন্সিগঞ্জ সদর','56',1,1,1,'2012-05-02 00:00:00','2012-05-02 00:00:00',NULL),(207,3,26,'','','SERAJDIKHAN','সিরাজদিখান','74',1,1,1,'2012-05-02 00:00:00','2012-05-02 00:00:00',NULL),(208,3,26,'','','SREENAGAR','শ্রীনগর','84',1,1,1,'2012-05-02 00:00:00','2012-05-02 00:00:00',NULL),(209,3,26,'','','TONGIBARI','টংগিবাড়ী','94',1,1,1,'2012-05-02 00:00:00','2012-05-02 00:00:00',NULL),(210,3,27,'','','BHALUKA','ভালুকা','13',1,1,1,'2012-05-02 00:00:00','2012-05-02 00:00:00',NULL),(211,3,27,'','','DHOBAURA','ধোবাউড়া','16',1,1,1,'2012-05-02 00:00:00','2012-05-02 00:00:00',NULL),(212,3,27,'','','FULBARIA','ফুলবাড়ীয়া','20',1,1,1,'2012-05-02 00:00:00','2012-05-02 00:00:00',NULL),(213,3,27,'','','GAFARGAON','গফরগাঁও','22',1,1,1,'2012-05-02 00:00:00','2012-05-02 00:00:00',NULL),(214,3,27,'','','GAURIPUR','গৌরীপুর','23',1,1,1,'2012-05-02 00:00:00','2012-05-02 00:00:00',NULL),(215,3,27,'','','HALUAGHAT','হালুয়াঘাট','24',1,1,1,'2012-05-02 00:00:00','2012-05-02 00:00:00',NULL),(216,3,27,'','','ISHWARGANJ','ঈশ্বরগঞ্জ','31',1,1,1,'2012-05-02 00:00:00','2012-05-02 00:00:00',NULL),(217,3,27,'','','MYMENSINGH SADAR','ময়মনসিংহ সদর','52',1,1,1,'2012-05-02 00:00:00','2012-05-02 00:00:00',NULL),(218,3,27,'','','MUKTAGACHHA','মুক্তাগাছা','65',1,1,1,'2012-05-02 00:00:00','2012-05-02 00:00:00',NULL),(219,3,27,'','','NANDAIL','নান্দাইল','72',1,1,1,'2012-05-02 00:00:00','2012-05-02 00:00:00',NULL),(220,3,27,'','','PHULPUR','ফুলপুর','81',1,1,1,'2012-05-02 00:00:00','2012-05-02 00:00:00',NULL),(221,3,27,'','','TARAKANDA','তারাকান্দা','88',1,1,1,'2012-05-02 00:00:00','2012-05-02 00:00:00',NULL),(222,3,27,'','','TRISHAL','ত্রিশাল','94',1,1,1,'2012-05-02 00:00:00','2012-05-02 00:00:00',NULL),(223,3,28,'','','ARAIHAZAR','আড়াইহাজার','2',1,1,1,'2012-05-02 00:00:00','2012-05-02 00:00:00',NULL),(224,3,28,'','','SONARGAON','সোনারগাঁ','4',1,1,1,'2012-05-02 00:00:00','2012-05-02 00:00:00',NULL),(225,3,28,'','','NARAYANGANJ SADAR','নারায়নগঞ্জ সদর','58',1,1,1,'2012-05-02 00:00:00','2012-05-02 00:00:00',NULL),(226,3,28,'','','RUPGANJ','রূপগঞ্জ','68',1,1,1,'2012-05-02 00:00:00','2012-05-02 00:00:00',NULL),(227,3,29,'','','BELABO','বেলাবো','7',1,1,1,'2012-05-02 00:00:00','2012-05-02 00:00:00',NULL),(228,3,29,'','','MANOHARDI','মনোহরদী','52',1,1,1,'2012-05-02 00:00:00','2012-05-02 00:00:00',NULL),(229,3,29,'','','NARSINGDI ','নরসিংদী ','60',1,1,1,'2012-05-02 00:00:00','2012-05-02 00:00:00',NULL),(230,3,29,'','','PALASH','পলাশ','63',1,1,1,'2012-05-02 00:00:00','2012-05-02 00:00:00',NULL),(231,3,29,'','','ROYPURA','রায়পুরা','64',1,1,1,'2012-05-02 00:00:00','2012-05-02 00:00:00',NULL),(232,3,29,'','','SHIBPUR','শিবপুর','76',1,1,1,'2012-05-02 00:00:00','2012-05-02 00:00:00',NULL),(233,3,30,'','','ATPARA','আটপাড়া','4',1,1,1,'2012-05-02 00:00:00','2012-05-02 00:00:00',NULL),(234,3,30,'','','BARHATTA','বারহাট্টা','9',1,1,1,'2012-05-02 00:00:00','2012-05-02 00:00:00',NULL),(235,3,30,'','','DURGAPUR','দুর্গাপুর','18',1,1,1,'2012-05-02 00:00:00','2012-05-02 00:00:00',NULL),(236,3,30,'','','KHALIAJURI','খালিয়াজুরী','38',1,1,1,'2012-05-02 00:00:00','2012-05-02 00:00:00',NULL),(237,3,30,'','','KALMAKANDA','কলমাকান্দা','40',1,1,1,'2012-05-02 00:00:00','2012-05-02 00:00:00',NULL),(238,3,30,'','','KENDUA','কেন্দুয়া','47',1,1,1,'2012-05-02 00:00:00','2012-05-02 00:00:00',NULL),(239,3,30,'','','MADAN','মদন','56',1,1,1,'2012-05-02 00:00:00','2012-05-02 00:00:00',NULL),(240,3,30,'','','MOHANGANJ','মোহনগঞ্জ','63',1,1,1,'2012-05-02 00:00:00','2012-05-02 00:00:00',NULL),(241,3,30,'','','NETROKONA SADAR','নেত্রকোণা সদর','74',1,1,1,'2012-05-02 00:00:00','2012-05-02 00:00:00',NULL),(242,3,31,'','','BALIAKANDI','বালিয়াকান্দি','7',1,1,1,'2012-05-02 00:00:00','2012-05-02 00:00:00',NULL),(243,3,31,'','','GOALANDA','গোয়ালন্দ','29',1,1,1,'2012-05-02 00:00:00','2012-05-02 00:00:00',NULL),(244,3,31,'','','KALUKHALI','কালুখালী','47',1,1,1,'2012-05-02 00:00:00','2012-05-02 00:00:00',NULL),(245,3,31,'','','PANGSHA','পাংশা','73',1,1,1,'2012-05-02 00:00:00','2012-05-02 00:00:00',NULL),(246,3,31,'','','RAJBARI SADAR','রাজবাড়ী সদর','76',1,1,1,'2012-05-02 00:00:00','2012-05-02 00:00:00',NULL),(247,3,32,'','','BHEDARGANJ','ভেদরগঞ্জ','14',1,1,1,'2012-05-02 00:00:00','2012-05-02 00:00:00',NULL),(248,3,32,'','','DAMUDYA','ডামুড্যা','25',1,1,1,'2012-05-02 00:00:00','2012-05-02 00:00:00',NULL),(249,3,32,'','','GOSAIRHAT','গোসাইরহাট','36',1,1,1,'2012-05-02 00:00:00','2012-05-02 00:00:00',NULL),(250,3,32,'','','NARIA','নড়িয়া','65',1,1,1,'2012-05-02 00:00:00','2012-05-02 00:00:00',NULL),(251,3,32,'','','SHARIATPUR SADAR','শরিয়তপুর সদর','69',1,1,1,'2012-05-02 00:00:00','2012-05-02 00:00:00',NULL),(252,3,32,'','','ZANJIRA','জাজিরা','94',1,1,1,'2012-05-02 00:00:00','2012-05-02 00:00:00',NULL),(253,3,33,'','','JHENAIGATI','ঝিনাইগাতী','37',1,1,1,'2012-05-02 00:00:00','2012-05-02 00:00:00',NULL),(254,3,33,'','','NAKLA','নকলা','67',1,1,1,'2012-05-02 00:00:00','2012-05-02 00:00:00',NULL),(255,3,33,'','','NALITABARI','নালিতাবাড়ী','70',1,1,1,'2012-05-02 00:00:00','2012-05-02 00:00:00',NULL),(256,3,33,'','','SHERPUR SADAR','শেরপুর সদর','88',1,1,1,'2012-05-02 00:00:00','2012-05-02 00:00:00',NULL),(257,3,33,'','','SREEBARDI','শ্রীবরদী','90',1,1,1,'2012-05-02 00:00:00','2012-05-02 00:00:00',NULL),(258,3,34,'','','BASAIL','বাসাইল','9',1,1,1,'2012-05-02 00:00:00','2012-05-02 00:00:00',NULL),(259,3,34,'','','BHUAPUR','ভুয়াপুর','19',1,1,1,'2012-05-02 00:00:00','2012-05-02 00:00:00',NULL),(260,3,34,'','','DELDUAR','দেলদুয়ার','23',1,1,1,'2012-05-02 00:00:00','2012-05-02 00:00:00',NULL),(261,3,34,'','','DHANBARI','ধনবাড়ী','25',1,1,1,'2012-05-02 00:00:00','2012-05-02 00:00:00',NULL),(262,3,34,'','','GHATAIL','ঘাটাইল','28',1,1,1,'2012-05-02 00:00:00','2012-05-02 00:00:00',NULL),(263,3,34,'','','GOPALPUR','গোপালপুর','38',1,1,1,'2012-05-02 00:00:00','2012-05-02 00:00:00',NULL),(264,3,34,'','','KALIHATI','কালিহাতী','47',1,1,1,'2012-05-02 00:00:00','2012-05-02 00:00:00',NULL),(265,3,34,'','','MADHUPUR','মধুপুর','57',1,1,1,'2012-05-02 00:00:00','2012-05-02 00:00:00',NULL),(266,3,34,'','','MIRZAPUR','মির্জাপুর','66',1,1,1,'2012-05-02 00:00:00','2012-05-02 00:00:00',NULL),(267,3,34,'','','NAGARPUR','নাগরপুর','76',1,1,1,'2012-05-02 00:00:00','2012-05-02 00:00:00',NULL),(268,3,34,'','','SAKHIPUR','সখিপুর','85',1,1,1,'2012-05-02 00:00:00','2012-05-02 00:00:00',NULL),(269,3,34,'','','TANGAIL SADAR','টাঙ্গাইল সদর','95',1,1,1,'2012-05-02 00:00:00','2012-05-02 00:00:00',NULL),(271,4,35,'','','CHITALMARI','চিতলমারী ','14',1,1,1,'2012-05-02 00:00:00','2012-05-02 00:00:00',NULL),(272,4,35,'','','FAKIRHAT','ফকিরহাট ','34',1,1,1,'2012-05-02 00:00:00','2012-05-02 00:00:00',NULL),(273,4,35,'','','KACHUA','কচুয়া ','38',1,1,1,'2012-05-02 00:00:00','2012-05-02 00:00:00',NULL),(274,4,35,'','','MOLLAHAT','মোল্লাহাট ','56',1,1,1,'2012-05-02 00:00:00','2012-05-02 00:00:00',NULL),(275,4,35,'','','MONGLA','মোংলা ','58',1,1,1,'2012-05-02 00:00:00','2012-05-02 00:00:00',NULL),(276,4,35,'','','MORRELGANJ','মোড়েলগঞ্জ ','60',1,1,1,'2012-05-02 00:00:00','2012-05-02 00:00:00',NULL),(277,4,35,'','','RAMPAL','রামপাল ','73',1,1,1,'2012-05-02 00:00:00','2012-05-02 00:00:00',NULL),(278,4,35,'','','SARANKHOLA','শরণখোলা','',1,1,1,'2012-05-02 00:00:00','2012-05-02 00:00:00',NULL),(279,4,36,'','','ALAMDANGA','আলমডাঙ্গা ','7',1,1,1,'2012-05-02 00:00:00','2012-05-02 00:00:00',NULL),(280,4,36,'','','CHUADANGA SADAR','চুয়াডাঙ্গা সদর ','23',1,1,1,'2012-05-02 00:00:00','2012-05-02 00:00:00',NULL),(281,4,36,'','','DAMURHUDA','দামুড়হুদা ','31',1,1,1,'2012-05-02 00:00:00','2012-05-02 00:00:00',NULL),(282,4,36,'','','JIBAN NAGAR','জীবননগর ','55',1,1,1,'2012-05-02 00:00:00','2012-05-02 00:00:00',NULL),(283,4,37,'','','ABHAYNAGAR','অভয়নগর ','4',1,1,1,'2012-05-02 00:00:00','2012-05-02 00:00:00',NULL),(284,4,37,'','','BAGHER PARA','বাঘারপাড়া ','9',1,1,1,'2012-05-02 00:00:00','2012-05-02 00:00:00',NULL),(285,4,37,'','','CHAUGACHHA','চৌগাছা','11',1,1,1,'2012-05-02 00:00:00','2012-05-02 00:00:00',NULL),(286,4,37,'','','JHIKARGACHHA','ঝিকরগাছা ','23',1,1,1,'2012-05-02 00:00:00','2012-05-02 00:00:00',NULL),(287,4,37,'','','KESHABPUR','কেশবপুর ','38',1,1,1,'2012-05-02 00:00:00','2012-05-02 00:00:00',NULL),(288,4,37,'','','JESSORE SADAR','যশোর সদর ','47',1,1,1,'2012-05-02 00:00:00','2012-05-02 00:00:00',NULL),(289,4,37,'','','MANIRAMPUR','মণিরামপুর','61',1,1,1,'2012-05-02 00:00:00','2012-05-02 00:00:00',NULL),(290,4,37,'','','SHARSHA','শার্শা ','90',1,1,1,'2012-05-02 00:00:00','2012-05-02 00:00:00',NULL),(291,4,38,'','','HARINAKUNDA','হরিণাকুন্ডু ','14',1,1,1,'2012-05-02 00:00:00','2012-05-02 00:00:00',NULL),(292,4,38,'','','JHENAIDAH SADAR','ঝিনাইদহ সদর','19',1,1,1,'2012-05-02 00:00:00','2012-05-02 00:00:00',NULL),(293,4,38,'','','KALIGANJ','কালীগঞ্জ ','33',1,1,1,'2012-05-02 00:00:00','2012-05-02 00:00:00',NULL),(294,4,38,'','','KOTCHANDPUR','কোটচাঁদপুর ','42',1,1,1,'2012-05-02 00:00:00','2012-05-02 00:00:00',NULL),(295,4,38,'','','MAHESHPUR','মহেশপুর ','71',1,1,1,'2012-05-02 00:00:00','2012-05-02 00:00:00',NULL),(296,4,38,'','','SHAILKUPA','শৈলকুপা ','80',1,1,1,'2012-05-02 00:00:00','2012-05-02 00:00:00',NULL),(297,4,39,'','','BATIAGHATA','বটিয়াঘাটা ','12',1,1,1,'2012-05-02 00:00:00','2012-05-02 00:00:00',NULL),(298,4,39,'','','DACOPE','দাকোপ ','17',1,1,1,'2012-05-02 00:00:00','2012-05-02 00:00:00',NULL),(299,4,39,'','','DUMURIA','ডুমুরিয়া ','30',1,1,1,'2012-05-02 00:00:00','2012-05-02 00:00:00',NULL),(300,4,39,'','','KOYRA','কয়রা ','53',1,1,1,'2012-05-02 00:00:00','2012-05-02 00:00:00',NULL),(301,4,39,'','','PAIKGACHHA','পাইকগাছা ','64',1,1,1,'2012-05-02 00:00:00','2012-05-02 00:00:00',NULL),(302,4,39,'','','PHULTALA','ফুলতলা ','69',1,1,1,'2012-05-02 00:00:00','2012-05-02 00:00:00',NULL),(303,4,39,'','','RUPSA','রূপসা ','75',1,1,1,'2012-05-02 00:00:00','2012-05-02 00:00:00',NULL),(304,4,39,'','','TEROKHADA','তেরখাদা ','94',1,1,1,'2012-05-02 00:00:00','2012-05-02 00:00:00',NULL),(305,4,39,'','','DHEGHOLIA','দিঘলিয়া','40',1,1,1,'2012-05-02 00:00:00','2012-05-02 00:00:00',NULL),(306,4,40,'','','BHERAMARA','ভেড়ামারা ','15',1,1,1,'2012-05-02 00:00:00','2012-05-02 00:00:00',NULL),(307,4,40,'','','DAULATPUR','দৌলতপুর ','39',1,1,1,'2012-05-02 00:00:00','2012-05-02 00:00:00',NULL),(308,4,40,'','','KHOKSA','খোকসা','63',1,1,1,'2012-05-02 00:00:00','2012-05-02 00:00:00',NULL),(309,4,40,'','','KUMARKHALI','কুমারখালী ','71',1,1,1,'2012-05-02 00:00:00','2012-05-02 00:00:00',NULL),(310,4,40,'','','KUSHTIA SADAR','কুষ্টিয়া সদর ','79',1,1,1,'2012-05-02 00:00:00','2012-05-02 00:00:00',NULL),(311,4,40,'','','MIRPUR','মিরপুর ','94',1,1,1,'2012-05-02 00:00:00','2012-05-02 00:00:00',NULL),(312,4,41,'','','MAGURA SADAR','মাগুরা সদর ','57',1,1,1,'2012-05-02 00:00:00','2012-05-02 00:00:00',NULL),(313,4,41,'','','MOHAMMADPUR','মহম্মদপুর ','66',1,1,1,'2012-05-02 00:00:00','2012-05-02 00:00:00',NULL),(314,4,41,'','','SHALIKHA','শালিখা ','85',1,1,1,'2012-05-02 00:00:00','2012-05-02 00:00:00',NULL),(315,4,41,'','','SREEPUR','শ্রীপুর ','95',1,1,1,'2012-05-02 00:00:00','2012-05-02 00:00:00',NULL),(316,4,42,'','','GANGNI','গাংনী ','47',1,1,1,'2012-05-02 00:00:00','2012-05-02 00:00:00',NULL),(317,4,42,'','','MUJIB NAGAR','মুজিবনগর ','60',1,1,1,'2012-05-02 00:00:00','2012-05-02 00:00:00',NULL),(318,4,42,'','','MEHERPUR SADAR','মেহেরপুর সদর','87',1,1,1,'2012-05-02 00:00:00','2012-05-02 00:00:00',NULL),(319,4,43,'','','KALIA','কালিয়া','28',1,1,1,'2012-05-02 00:00:00','2012-05-02 00:00:00',NULL),(320,4,43,'','','LOHAGARA','লোহাগড়া','52',1,1,1,'2012-05-02 00:00:00','2012-05-02 00:00:00',NULL),(321,4,43,'','','NARAIL SADAR','নড়াইল সদর ','76',1,1,1,'2012-05-02 00:00:00','2012-05-02 00:00:00',NULL),(322,4,44,'','','ASSASUNI','আশাশুনি ','4',1,1,1,'2012-05-02 00:00:00','2012-05-02 00:00:00',NULL),(323,4,44,'','','DEBHATA','দেবহাটা ','25',1,1,1,'2012-05-02 00:00:00','2012-05-02 00:00:00',NULL),(324,4,44,'','','KALAROA','কলারোয়া ','43',1,1,1,'2012-05-02 00:00:00','2012-05-02 00:00:00',NULL),(325,4,44,'','','KALIGANJ','কালিগঞ্জ ','47',1,1,1,'2012-05-02 00:00:00','2012-05-02 00:00:00',NULL),(326,4,44,'','','SATKHIRA SADAR','সাতক্ষীরা সদর','82',1,1,1,'2012-05-02 00:00:00','2012-05-02 00:00:00',NULL),(327,4,44,'','','SHYAMNAGAR','শ্যামনগর ','86',1,1,1,'2012-05-02 00:00:00','2012-05-02 00:00:00',NULL),(328,4,44,'','','TALA','তালা ','90',1,1,1,'2012-05-02 00:00:00','2012-05-02 00:00:00',NULL),(329,5,45,'','','ADAMDIGHI','আদমদিঘি','06',1,1,1,'2012-05-02 00:00:00','2012-05-02 00:00:00',NULL),(330,5,45,'','','BOGRA SADAR','বগুড়া  সদর','20',1,1,1,'2012-05-02 00:00:00','2012-05-02 00:00:00',NULL),(331,5,45,'','','DHUNAT','ধুনট','27',1,1,1,'2012-05-02 00:00:00','2012-05-02 00:00:00',NULL),(332,5,45,'','','DHUPCHANCHIA','দুপচাচিঁয়া','33',1,1,1,'2012-05-02 00:00:00','2012-05-02 00:00:00',NULL),(333,5,45,'','','GABTALI','গাবতলি','40',1,1,1,'2012-05-02 00:00:00','2012-05-02 00:00:00',NULL),(334,5,45,'','','KAHALOO','কাহালু','54',1,1,1,'2012-05-02 00:00:00','2012-05-02 00:00:00',NULL),(335,5,45,'','','NANDIGRAM','নন্দিগ্রাম','67',1,1,1,'2012-05-02 00:00:00','2012-05-02 00:00:00',NULL),(336,5,45,'','','SARIAKANDI','সারিয়াকান্দি','81',1,1,1,'2012-05-02 00:00:00','2012-05-02 00:00:00',NULL),(337,5,45,'','','SHAJAHANPUR','শাজাহানপুর','85',1,1,1,'2012-05-02 00:00:00','2012-05-02 00:00:00',NULL),(338,5,45,'','','SHERPUR','শেরপুর','88',1,1,1,'2012-05-02 00:00:00','2012-05-02 00:00:00',NULL),(339,5,45,'','','SHIBGANJ','শিবগঞ্জ','94',1,1,1,'2012-05-02 00:00:00','2012-05-02 00:00:00',NULL),(340,5,45,'','','SONATOLA','সোনাতলা ','95',1,1,1,'2012-05-02 00:00:00','2012-05-02 00:00:00',NULL),(341,5,46,'','','AKKELPUR','আক্কেলপুর ','13',1,1,1,'2012-05-02 00:00:00','2012-05-02 00:00:00',NULL),(342,5,46,'','','JOYPURHAT SADAR',' জয়পুরহাট সদর','47',1,1,1,'2012-05-02 00:00:00','2012-05-02 00:00:00',NULL),(343,5,46,'','','KALAI','কালাই','58',1,1,1,'2012-05-02 00:00:00','2012-05-02 00:00:00',NULL),(344,5,47,'','','ATRAI','আত্রাই','03',1,1,1,'2012-05-02 00:00:00','2012-05-02 00:00:00',NULL),(345,5,47,'','','DHAMOIRHAT','ধামইরহাট','28',1,1,1,'2012-05-02 00:00:00','2012-05-02 00:00:00',NULL),(346,5,47,'','','MANDA','মান্দা','47',1,1,1,'2012-05-02 00:00:00','2012-05-02 00:00:00',NULL),(347,5,47,'','','MAHADEBPUR','মহাদেবপুর','50',1,1,1,'2012-05-02 00:00:00','2012-05-02 00:00:00',NULL),(348,5,47,'','','NAOGAON SADAR','নওগাঁ সদর','60',1,1,1,'2012-05-02 00:00:00','2012-05-02 00:00:00',NULL),(349,5,47,'','','NIAMATPUR','নিয়ামতপুর','69',1,1,1,'2012-05-02 00:00:00','2012-05-02 00:00:00',NULL),(350,5,47,'','','PATNITALA','পত্নীতলা','75',1,1,1,'2012-05-02 00:00:00','2012-05-02 00:00:00',NULL),(351,5,47,'','','RANINAGAR','রাণীনগর','85',1,1,1,'2012-05-02 00:00:00','2012-05-02 00:00:00',NULL),(352,5,47,'','','SAPAHAR','সাপাহার','86',1,1,1,'2012-05-02 00:00:00','2012-05-02 00:00:00',NULL),(353,5,47,'','','BODOLGACHI','বদলগাছী','',1,1,1,'2012-05-02 00:00:00','2012-05-02 00:00:00',NULL),(354,5,47,'','','PORSHA','পোরশা','',1,1,1,'2012-05-02 00:00:00','2012-05-02 00:00:00',NULL),(355,5,48,'','','BAGATIPARA','বাগাতিপাড়া','09',1,1,1,'2012-05-02 00:00:00','2012-05-02 00:00:00',NULL),(356,5,48,'','','BARAIGRAM','বড়াইগ্রাম','15',1,1,1,'2012-05-02 00:00:00','2012-05-02 00:00:00',NULL),(357,5,48,'','','GURUDASPUR','গুরুদাসপুর','41',1,1,1,'2012-05-02 00:00:00','2012-05-02 00:00:00',NULL),(358,5,48,'','','LALPUR','লালপুর','',1,1,1,'2012-05-02 00:00:00','2012-05-02 00:00:00',NULL),(359,5,48,'','','NATORE SADAR','নাটোর সদর','63',1,1,1,'2012-05-02 00:00:00','2012-05-02 00:00:00',NULL),(360,5,48,'','','SINGRA','সিংরা','91',1,1,1,'2012-05-02 00:00:00','2012-05-02 00:00:00',NULL),(361,5,49,'','','BHOLAHAT','ভোলাহাট','18',1,1,1,'2012-05-02 00:00:00','2012-05-02 00:00:00',NULL),(362,5,49,'','','GOMASTAPUR','গোমস্তাপুর','37',1,1,1,'2012-05-02 00:00:00','2012-05-02 00:00:00',NULL),(363,5,49,'','','NACHOLE','নাচোল','56',1,1,1,'2012-05-02 00:00:00','2012-05-02 00:00:00',NULL),(364,5,49,'','','CHAPAI NABABGANJ SADAR','চাঁপাই নাবাবগঞ্জ সদর','66',1,1,1,'2012-05-02 00:00:00','2012-05-02 00:00:00',NULL),(365,5,49,'','','SHIBGANJ','শিবগঞ্জ ','88',1,1,1,'2012-05-02 00:00:00','2012-05-02 00:00:00',NULL),(366,5,50,'','','ATGHARIA','আটঘারিয়া','05',1,1,1,'2012-05-02 00:00:00','2012-05-02 00:00:00',NULL),(367,5,50,'','','BERA','বেড়া','16',1,1,1,'2012-05-02 00:00:00','2012-05-02 00:00:00',NULL),(368,5,50,'','','BHANGURA','ভাঙ্গুরা','19',1,1,1,'2012-05-02 00:00:00','2012-05-02 00:00:00',NULL),(369,5,50,'','','CHATMOHAR','চাটমোহর ','22',1,1,1,'2012-05-02 00:00:00','2012-05-02 00:00:00',NULL),(370,5,50,'','','FARIDPUR','ফরিদপুর','33',1,1,1,'2012-05-02 00:00:00','2012-05-02 00:00:00',NULL),(371,5,50,'','','ISHWARDI','ঈশ্বরদী ','39',1,1,1,'2012-05-02 00:00:00','2012-05-02 00:00:00',NULL),(372,5,50,'','','PABNA SADAR','পাবনা সদর','55',1,1,1,'2012-05-02 00:00:00','2012-05-02 00:00:00',NULL),(373,5,50,'','','SANTHIA','সাঁথিয়া','72',1,1,1,'2012-05-02 00:00:00','2012-05-02 00:00:00',NULL),(374,5,50,'','','SUJANAGAR','সুজানগর','83',1,1,1,'2012-05-02 00:00:00','2012-05-02 00:00:00',NULL),(375,5,51,'','','BAGHA','বাঘা','10',1,1,1,'2012-05-02 00:00:00','2012-05-02 00:00:00',NULL),(376,5,51,'','','BAGHMARA','বাগমারা','12',1,1,1,'2012-05-02 00:00:00','2012-05-02 00:00:00',NULL),(377,5,51,'','','CHARGHAT','চারঘাট ','25',1,1,1,'2012-05-02 00:00:00','2012-05-02 00:00:00',NULL),(378,5,51,'','','DURGAPUR','দুর্গাপুর ','31',1,1,1,'2012-05-02 00:00:00','2012-05-02 00:00:00',NULL),(379,5,51,'','','GODAGARI','গোদাগাড়ী ','34',1,1,1,'2012-05-02 00:00:00','2012-05-02 00:00:00',NULL),(380,5,51,'','','MOHANPUR','মোহনপুর','53',1,1,1,'2012-05-02 00:00:00','2012-05-02 00:00:00',NULL),(381,5,51,'','','PABA','পবা','72',1,1,1,'2012-05-02 00:00:00','2012-05-02 00:00:00',NULL),(382,5,51,'','','PUTHIA','পুঠিয়া','82',1,1,1,'2012-05-02 00:00:00','2012-05-02 00:00:00',NULL),(383,5,51,'','','TANORE','তানোর','94',1,1,1,'2012-05-02 00:00:00','2012-05-02 00:00:00',NULL),(384,5,52,'','','BELKUCHI','বেলকুচি ','11',1,1,1,'2012-05-02 00:00:00','2012-05-02 00:00:00',NULL),(385,5,52,'','','CHAUHALI','চৌহালি','27',1,1,1,'2012-05-02 00:00:00','2012-05-02 00:00:00',NULL),(386,5,52,'','','KAMARKHANDA','কামারখন্দ','44',1,1,1,'2012-05-02 00:00:00','2012-05-02 00:00:00',NULL),(387,5,52,'','','KAZIPUR','কাজিপুর','50',1,1,1,'2012-05-02 00:00:00','2012-05-02 00:00:00',NULL),(388,5,52,'','','ROYGANJ','রাইগঞ্জ','61',1,1,1,'2012-05-02 00:00:00','2012-05-02 00:00:00',NULL),(389,5,52,'','','SHAHJADPUR','শাহজাদপুর','67',1,1,1,'2012-05-02 00:00:00','2012-05-02 00:00:00',NULL),(390,5,52,'','','SIRAJGANJ SADAR','সিরাজগঞ্জ সদর','78',1,1,1,'2012-05-02 00:00:00','2012-05-02 00:00:00',NULL),(391,5,52,'','','TARASH','তারাশ','89',1,1,1,'2012-05-02 00:00:00','2012-05-02 00:00:00',NULL),(392,5,52,'','','ULLAH PARA','উল্লাহ পারা','94',1,1,1,'2012-05-02 00:00:00','2012-05-02 00:00:00',NULL),(393,6,53,'','','BIRAMPUR','বিরামপুর ','10',1,1,1,'2012-05-02 00:00:00','2012-05-02 00:00:00',NULL),(394,6,53,'','','BIRGANJ','বীরগঞ্জ','12',1,1,1,'2012-05-02 00:00:00','2012-05-02 00:00:00',NULL),(395,6,53,'','','BIRAL','বিরল','17',1,1,1,'2012-05-02 00:00:00','2012-05-02 00:00:00',NULL),(396,6,53,'','','BOCHAGANJ','বোচাগঞ্জ','21',1,1,1,'2012-05-02 00:00:00','2012-05-02 00:00:00',NULL),(397,6,53,'','','CHIRIRBANDAR','চিরিরবন্দর','30',1,1,1,'2012-05-02 00:00:00','2012-05-02 00:00:00',NULL),(398,6,53,'','','FULBARI','ফুলবাড়ী','38',1,1,1,'2012-05-02 00:00:00','2012-05-02 00:00:00',NULL),(399,6,53,'','','GHORAGHAT','ঘোড়াঘাট','43',1,1,1,'2012-05-02 00:00:00','2012-05-02 00:00:00',NULL),(400,6,53,'','','HAKIMPUR','হাকিমপুর','47',1,1,1,'2012-05-02 00:00:00','2012-05-02 00:00:00',NULL),(401,6,53,'','','KAHAROLE','কাহারোল','56',1,1,1,'2012-05-02 00:00:00','2012-05-02 00:00:00',NULL),(402,6,53,'','','KHANSAMA','খানসামা','60',1,1,1,'2012-05-02 00:00:00','2012-05-02 00:00:00',NULL),(403,6,53,'','','NAWABGANJ','নবাবগঞ্জ','69',1,1,1,'2012-05-02 00:00:00','2012-05-02 00:00:00',NULL),(404,6,53,'','','PARBATIPUR','পার্বতীপুর','77',1,1,1,'2012-05-02 00:00:00','2012-05-02 00:00:00',NULL),(405,6,53,'','','DINAJPUR SADAR','দিনাজপুর সদর','64',1,1,1,'2012-05-02 00:00:00','2012-05-02 00:00:00',NULL),(406,6,54,'','','FULCHHARI','ফুলছড়ি','21',1,1,1,'2012-05-02 00:00:00','2012-05-02 00:00:00',NULL),(407,6,54,'','','GAIBANDHA SADAR','গাইবান্ধা সদর','24',1,1,1,'2012-05-02 00:00:00','2012-05-02 00:00:00',NULL),(408,6,54,'','','GOBINDAGANJ','গোবিন্দগঞ্জ','30',1,1,1,'2012-05-02 00:00:00','2012-05-02 00:00:00',NULL),(409,6,54,'','','PALASHBARI','পলাশবাড়ী','67',1,1,1,'2012-05-02 00:00:00','2012-05-02 00:00:00',NULL),(410,6,54,'','','SADULLAPUR','সাদুল্লাপুর','82',1,1,1,'2012-05-02 00:00:00','2012-05-02 00:00:00',NULL),(411,6,54,'','','SAGHATA','সাঘাটা','88',1,1,1,'2012-05-02 00:00:00','2012-05-02 00:00:00',NULL),(412,6,54,'','','SUNDARGANJ','সুন্দরগঞ্জ','91',1,1,1,'2012-05-02 00:00:00','2012-05-02 00:00:00',NULL),(413,6,55,'','','BHURUNGAMARI','ভুরুঙ্গামারী','6',1,1,1,'2012-05-02 00:00:00','2012-05-02 00:00:00',NULL),(414,6,55,'','','CHAR RAJIBPUR','চর রাজিবপুর','8',1,1,1,'2012-05-02 00:00:00','2012-05-02 00:00:00',NULL),(415,6,55,'','','CHILMARI','চিলমারী ','9',1,1,1,'2012-05-02 00:00:00','2012-05-02 00:00:00',NULL),(416,6,55,'','','PHULBARI','ফুলবাড়ী','18',1,1,1,'2012-05-02 00:00:00','2012-05-02 00:00:00',NULL),(417,6,55,'','','KURIGRAM SADAR','কুড়িগ্রাম সদর','52',1,1,1,'2012-05-02 00:00:00','2012-05-02 00:00:00',NULL),(418,6,55,'','','NAGESHWARI','নাগেশ্বরী','61',1,1,1,'2012-05-02 00:00:00','2012-05-02 00:00:00',NULL),(419,6,55,'','','RAJARHAT','রাজারহাট','77',1,1,1,'2012-05-02 00:00:00','2012-05-02 00:00:00',NULL),(420,6,55,'','','RAUMARI','রৌমারী','79',1,1,1,'2012-05-02 00:00:00','2012-05-02 00:00:00',NULL),(421,6,55,'','','ULIPUR','উলিপুর','94',1,1,1,'2012-05-02 00:00:00','2012-05-02 00:00:00',NULL),(422,6,56,'','','ADITMARI','আদিতমারী','2',1,1,1,'2012-05-02 00:00:00','2012-05-02 00:00:00',NULL),(423,6,56,'','','HATIBANDHA','হাতীবান্ধা','33',1,1,1,'2012-05-02 00:00:00','2012-05-02 00:00:00',NULL),(424,6,56,'','','KALIGANJ','কালীগঞ্জ','39',1,1,1,'2012-05-02 00:00:00','2012-05-02 00:00:00',NULL),(425,6,56,'','','LALMONIRHAT SADAR','লালমনিরহাট সদর','55',1,1,1,'2012-05-02 00:00:00','2012-05-02 00:00:00',NULL),(426,6,56,'','','PATGRAM','পাটগ্রাম','70',1,1,1,'2012-05-02 00:00:00','2012-05-02 00:00:00',NULL),(427,6,57,'','','DOMAR UPAZILA','ডোমার উপজেলা','15',1,1,1,'2012-05-02 00:00:00','2012-05-02 00:00:00',NULL),(428,6,57,'','','JALDHAKA','জলঢাকা','36',1,1,1,'2012-05-02 00:00:00','2012-05-02 00:00:00',NULL),(429,6,57,'','','KISHOREGANJ','কিশোরগঞ্জ','45',1,1,1,'2012-05-02 00:00:00','2012-05-02 00:00:00',NULL),(430,6,57,'','','NILPHAMARI SADAR','নীলফামারী সদর','64',1,1,1,'2012-05-02 00:00:00','2012-05-02 00:00:00',NULL),(431,6,57,'','','SAIDPUR UPAZILA','সৈয়দপুর উপজেলা','85',1,1,1,'2012-05-02 00:00:00','2012-05-02 00:00:00',NULL),(432,6,57,'','','DIMLA','ডিমলা','12',1,1,1,'2012-05-02 00:00:00','2012-05-02 00:00:00',NULL),(433,6,58,'','','ATWARI','আটোয়ারী','4',1,1,1,'2012-05-02 00:00:00','2012-05-02 00:00:00',NULL),(434,6,58,'','','BODA','বোদা','25',1,1,1,'2012-05-02 00:00:00','2012-05-02 00:00:00',NULL),(435,6,58,'','','DEBIGANJ','দেবীগঞ্জ','34',1,1,1,'2012-05-02 00:00:00','2012-05-02 00:00:00',NULL),(436,6,58,'','','PANCHAGARH SADAR','পঞ্চগড় সদর','73',1,1,1,'2012-05-02 00:00:00','2012-05-02 00:00:00',NULL),(437,6,58,'','','TETULIA','তেতুলিয়া','90',1,1,1,'2012-05-02 00:00:00','2012-05-02 00:00:00',NULL),(438,6,59,'','','BADARGANJ','বদরগঞ্জ','3',1,1,1,'2012-05-02 00:00:00','2012-05-02 00:00:00',NULL),(439,6,59,'','','KAUNIA','কাউনিয়া','42',1,1,1,'2012-05-02 00:00:00','2012-05-02 00:00:00',NULL),(440,6,59,'','','RANGPUR SADAR','রংপুর সদর','49',1,1,1,'2012-05-02 00:00:00','2012-05-02 00:00:00',NULL),(441,6,59,'','','MITHA PUKUR','মিঠাপুকুর','58',1,1,1,'2012-05-02 00:00:00','2012-05-02 00:00:00',NULL),(442,6,59,'','','PIRGACHHA','পীরগাছা','73',1,1,1,'2012-05-02 00:00:00','2012-05-02 00:00:00',NULL),(443,6,59,'','','PIRGANJ','পীরগঞ্জ ','76',1,1,1,'2012-05-02 00:00:00','2012-05-02 00:00:00',NULL),(444,6,59,'','','TARAGANJ','তারাগঞ্জ','92',1,1,1,'2012-05-02 00:00:00','2012-05-02 00:00:00',NULL),(445,6,59,'','','GANGACHHARA','গঙ্গাচড়া','',1,1,1,'2012-05-02 00:00:00','2012-05-02 00:00:00',NULL),(446,6,60,'','','BALIADANGI','বালিয়াডাঙ্গী','8',1,1,1,'2012-05-02 00:00:00','2012-05-02 00:00:00',NULL),(447,6,60,'','','HARIPUR','হরিপুর','51',1,1,1,'2012-05-02 00:00:00','2012-05-02 00:00:00',NULL),(448,6,60,'','','PIRGANJ','পীরগঞ্জ','82',1,1,1,'2012-05-02 00:00:00','2012-05-02 00:00:00',NULL),(449,6,60,'','','RANISANKAIL','রাণীশংকৈল','86',1,1,1,'2012-05-02 00:00:00','2012-05-02 00:00:00',NULL),(450,6,60,'','','THAKURGAON SADAR','ঠাকুরগাঁও সদর','94',1,1,1,'2012-05-02 00:00:00','2012-05-02 00:00:00',NULL),(451,7,61,'','','AJMIRIGANJ','আজমিরীগঞ্জ','44',1,1,1,'2012-05-02 00:00:00','2012-05-02 00:00:00',NULL),(452,7,61,'','','BAHUBAL','বাহুবল ','5',1,1,1,'2012-05-02 00:00:00','2012-05-02 00:00:00',NULL),(453,7,61,'','','BANIACHONG','বানিয়াচং ','11',1,1,1,'2012-05-02 00:00:00','2012-05-02 00:00:00',NULL),(454,7,61,'','','CHUNARUGHAT','চুনারুঘাট ','26',1,1,1,'2012-05-02 00:00:00','2012-05-02 00:00:00',NULL),(455,7,61,'','','HABIGANJ SADAR','হবিগঞ্জ সদর ','44',1,1,1,'2012-05-02 00:00:00','2012-05-02 00:00:00',NULL),(456,7,61,'','','LAKHAI','লাখাই ','68',1,1,1,'2012-05-02 00:00:00','2012-05-02 00:00:00',NULL),(457,7,61,'','','MADHABPUR','মাধবপুর ','71',1,1,1,'2012-05-02 00:00:00','2012-05-02 00:00:00',NULL),(458,7,61,'','','NABIGANJ','নবীগঞ্জ ','77',1,1,1,'2012-05-02 00:00:00','2012-05-02 00:00:00',NULL),(459,7,62,'','','BARLEKHA','বড়লেখা ','14',1,1,1,'2012-05-02 00:00:00','2012-05-02 00:00:00',NULL),(460,7,62,'','','JURI','জুড়ী ','35',1,1,1,'2012-05-02 00:00:00','2012-05-02 00:00:00',NULL),(461,7,62,'','','KAMALGANJ','কমলগঞ্জ ','56',1,1,1,'2012-05-02 00:00:00','2012-05-02 00:00:00',NULL),(462,7,62,'','','KULAURA','কুলাউড়া ','65',1,1,1,'2012-05-02 00:00:00','2012-05-02 00:00:00',NULL),(463,7,62,'','','MAULVIBAZAR SADAR','মৌলভীবাজার সদর ','74',1,1,1,'2012-05-02 00:00:00','2012-05-02 00:00:00',NULL),(464,7,62,'','','RAJNAGAR','রাজনগর ','80',1,1,1,'2012-05-02 00:00:00','2012-05-02 00:00:00',NULL),(465,7,62,'','','SREEMANGAL','শ্রীমঙ্গল','83',1,1,1,'2012-05-02 00:00:00','2012-05-02 00:00:00',NULL),(466,7,63,'','','BISHWAMBARPUR','বিশ্বম্ভরপুর ','18',1,1,1,'2012-05-02 00:00:00','2012-05-02 00:00:00',NULL),(467,7,63,'','','CHHATAK','ছাতক ','23',1,1,1,'2012-05-02 00:00:00','2012-05-02 00:00:00',NULL),(468,7,63,'','','DERAI','দিরাই ','29',1,1,1,'2012-05-02 00:00:00','2012-05-02 00:00:00',NULL),(469,7,63,'','','DHARAMPASHA','ধর্মপাশা ','32',1,1,1,'2012-05-02 00:00:00','2012-05-02 00:00:00',NULL),(470,7,63,'','','DOWARABAZAR','দোয়ারাবাজার ','33',1,1,1,'2012-05-02 00:00:00','2012-05-02 00:00:00',NULL),(471,7,63,'','','JAGANNATHPUR','জগন্নাথপুর ','47',1,1,1,'2012-05-02 00:00:00','2012-05-02 00:00:00',NULL),(472,7,63,'','','JAMALGANJ','জামালগঞ্জ ','50',1,1,1,'2012-05-02 00:00:00','2012-05-02 00:00:00',NULL),(473,7,63,'','','SULLA','শাল্লা ','86',1,1,1,'2012-05-02 00:00:00','2012-05-02 00:00:00',NULL),(474,7,63,'','','SUNAMGANJ SADAR','সুনামগঞ্জ সদর ','89',1,1,1,'2012-05-02 00:00:00','2012-05-02 00:00:00',NULL),(475,7,63,'','','TAHIRPUR','তাহিরপুর ','92',1,1,1,'2012-05-02 00:00:00','2012-05-02 00:00:00',NULL),(476,7,63,'','','DAKSHIN  SUNAMGANJ','দক্ষিণ  সুনামগঞ্জ','',1,1,1,'2012-05-02 00:00:00','2012-05-02 00:00:00',NULL),(477,7,64,'','','BALAGANJ','বালাগঞ্জ ','8',1,1,1,'2012-05-02 00:00:00','2012-05-02 00:00:00',NULL),(478,7,64,'','','BEANI BAZAR','বিয়ানীবাজার ','17',1,1,1,'2012-05-02 00:00:00','2012-05-02 00:00:00',NULL),(479,7,64,'','','BISHWANATH','বিশ্বনাথ ','20',1,1,1,'2012-05-02 00:00:00','2012-05-02 00:00:00',NULL),(480,7,64,'','','COMPANIGANJ','কোম্পানীগঞ্জ ','27',1,1,1,'2012-05-02 00:00:00','2012-05-02 00:00:00',NULL),(481,7,64,'','','DAKSHIN SURMA','দক্ষিণ সুরমা ','31',1,1,1,'2012-05-02 00:00:00','2012-05-02 00:00:00',NULL),(482,7,64,'','','FENCHUGANJ','ফেঞ্চুগঞ্জ ','35',1,1,1,'2012-05-02 00:00:00','2012-05-02 00:00:00',NULL),(483,7,64,'','','GOLAPGANJ','গোলাপগঞ্জ ','38',1,1,1,'2012-05-02 00:00:00','2012-05-02 00:00:00',NULL),(484,7,64,'','','GOWAINGHAT','গোয়াইনঘাট ','41',1,1,1,'2012-05-02 00:00:00','2012-05-02 00:00:00',NULL),(485,7,64,'','','JAINTIAPUR','জৈন্তাপুর ','53',1,1,1,'2012-05-02 00:00:00','2012-05-02 00:00:00',NULL),(486,7,64,'','','KANAIGHAT','কানাইঘাট ','59',1,1,1,'2012-05-02 00:00:00','2012-05-02 00:00:00',NULL),(487,7,64,'','','SYLHET SADAR','সিলেট সদর ','62',1,1,1,'2012-05-02 00:00:00','2012-05-02 00:00:00',NULL),(488,7,64,'','','ZAKIGANJ','জকিগঞ্জ ','94',1,1,1,'2012-05-02 00:00:00','2012-05-02 00:00:00',NULL),(490,7,64,'','','OSMANINAGAR','ওসমানীনগর ','95',1,1,1,'2012-05-02 00:00:00','2012-05-02 00:00:00',NULL),(492,9,30,'45','72','PURBO DHOLA','পূর্বধলা','83',3,1,1,'2019-10-09 00:00:00','2019-10-09 00:00:00',NULL),(494,2,16,'16','75','KOBIRHAT','কবিরহাট','47',3,1,1,'2019-10-09 00:00:00','2019-10-09 00:00:00',NULL),(496,5,46,'46','38','PACHBIBI','পাঁচবিবি','74',3,1,1,'2019-10-09 00:00:00','2019-10-09 00:00:00',NULL),(498,5,46,'46','38','KHETLAL','ক্ষেতলাল','61',3,1,1,'2019-10-09 00:00:00','2019-10-09 00:00:00',NULL),(500,4,35,'35','01','BAGERHAT SADAR','বাগেরহাট সদর','08',3,1,1,'2019-10-09 00:00:00','2019-10-09 00:00:00',NULL),(502,1,3,'3','09','CHAR FASSON','চর ফ্যাশন','25',3,1,1,'2019-10-09 00:00:00','2019-10-09 00:00:00',NULL),(504,1,4,'4','42','RAJA PUR','রাজাপুর','84',3,1,1,'2019-10-09 00:00:00','2019-10-09 00:00:00',NULL),(506,1,5,'5','78','KALA CHIPA','গলাচিপা','57',3,1,1,'2019-10-09 00:00:00','2019-10-09 00:00:00',NULL),(508,2,10,'10','15','KORNOFULY','কর্ণফুলী','39',3,1,1,'2019-10-09 00:00:00','2019-10-09 00:00:00',NULL),(510,3,18,NULL,NULL,'ADABOR','আদাবর',NULL,3,1,1,'2019-10-09 00:00:00','2019-10-09 00:00:00',NULL),(512,3,18,NULL,NULL,'BHASAN TEK','ভাসান টেক',NULL,3,1,1,'2019-10-09 00:00:00','2019-10-09 00:00:00',NULL),(514,3,18,NULL,NULL,'BHATARA','ভাটারা',NULL,3,1,1,'2019-10-09 00:00:00','2019-10-09 00:00:00',NULL),(516,3,18,NULL,NULL,'GENDARIA','গেন্ডারিয়া',NULL,3,1,1,'2019-10-09 00:00:00','2019-10-09 00:00:00',NULL),(518,3,18,NULL,NULL,'GULSHAN','গুলশান',NULL,3,1,1,'2019-10-09 00:00:00','2019-10-09 00:00:00',NULL),(520,3,18,NULL,NULL,'JATRABARI','যাত্রাবাড়ী',NULL,3,1,1,'2019-10-09 00:00:00','2019-10-09 00:00:00',NULL),(522,3,18,NULL,NULL,'KAFRUL','কাফরুল',NULL,3,1,1,'2019-10-09 00:00:00','2019-10-09 00:00:00',NULL),(524,3,18,NULL,NULL,'KADAMTALI','কদমতলী',NULL,3,1,1,'2019-10-09 00:00:00','2019-10-09 00:00:00',NULL),(526,3,18,NULL,NULL,'KALABAGAN','কলাবাগান',NULL,3,1,1,'2019-10-09 00:00:00','2019-10-09 00:00:00',NULL),(528,3,18,NULL,NULL,'KAMRANGIR CHAR','কামরাঙ্গীর চর',NULL,3,1,1,'2019-10-09 00:00:00','2019-10-09 00:00:00',NULL),(530,3,18,NULL,NULL,'KHILGAON','খিলগাও',NULL,3,1,1,'2019-10-09 00:00:00','2019-10-09 00:00:00',NULL),(532,3,18,NULL,NULL,'KHILKHET','খিলক্ষেত',NULL,3,1,1,'2019-10-09 00:00:00','2019-10-09 00:00:00',NULL),(534,3,18,NULL,NULL,'KERANIGANJ','কেরানীগঞ্জ',NULL,3,1,1,'2019-10-09 00:00:00','2019-10-09 00:00:00',NULL),(536,3,18,NULL,NULL,'KOTWALI','কোতয়ালী',NULL,3,1,1,'2019-10-09 00:00:00','2019-10-09 00:00:00',NULL),(538,3,18,NULL,NULL,'LALBAGH','লালবাগ',NULL,3,1,1,'2019-10-09 00:00:00','2019-10-09 00:00:00',NULL),(540,3,18,NULL,NULL,'MOHAMMADPUR','মোহাম্মদপুর',NULL,3,1,1,'2019-10-09 00:00:00','2019-10-09 00:00:00',NULL),(542,3,18,NULL,NULL,'RAMNA','রমনা',NULL,3,1,1,'2019-10-09 00:00:00','2019-10-09 00:00:00',NULL),(544,3,18,NULL,NULL,'MIRPUR','মিরপুর',NULL,3,1,1,'2019-10-09 00:00:00','2019-10-09 00:00:00',NULL),(546,3,18,NULL,NULL,'MOTIJHEEL','মতিঝিল',NULL,3,1,1,'2019-10-09 00:00:00','2019-10-09 00:00:00',NULL),(548,3,18,NULL,NULL,'MUGDA PARA','মুগদা পারা',NULL,3,1,1,'2019-10-09 00:00:00','2019-10-09 00:00:00',NULL),(550,3,18,NULL,NULL,'NAWABGANJ','নবাবগঞ্জ',NULL,3,1,1,'2019-10-09 00:00:00','2019-10-09 00:00:00',NULL),(552,3,18,NULL,NULL,'NEW MARKET','নিউ মার্কেট',NULL,3,1,1,'2019-10-09 00:00:00','2019-10-09 00:00:00',NULL),(554,3,18,NULL,NULL,'PALLABI','পল্লবী',NULL,3,1,1,'2019-10-09 00:00:00','2019-10-09 00:00:00',NULL),(556,3,18,NULL,NULL,'PALTAN','পল্টন',NULL,3,1,1,'2019-10-09 00:00:00','2019-10-09 00:00:00',NULL),(558,3,18,NULL,NULL,'RAMPURA','রামপুরা',NULL,3,1,1,'2019-10-09 00:00:00','2019-10-09 00:00:00',NULL),(560,3,18,NULL,NULL,'SABUJBAGH','সবুজবাগ',NULL,3,1,1,'2019-10-09 00:00:00','2019-10-09 00:00:00',NULL),(562,3,18,NULL,NULL,'RUPNAGAR','রূপনগর',NULL,3,1,1,'2019-10-09 00:00:00','2019-10-09 00:00:00',NULL),(564,3,18,NULL,NULL,'SHAHJAHANPUR','শাজাহানপুর',NULL,3,1,1,'2019-10-09 00:00:00','2019-10-09 00:00:00',NULL),(566,3,18,NULL,NULL,'SHAH ALI','শাহ্ আলী',NULL,3,1,1,'2019-10-09 00:00:00','2019-10-09 00:00:00',NULL),(568,3,18,NULL,NULL,'SHAHBAGH','শাহবাগ',NULL,3,1,1,'2019-10-09 00:00:00','2019-10-09 00:00:00',NULL),(570,3,18,NULL,NULL,'SHYAMPUR','শ্যামপুর',NULL,3,1,1,'2019-10-09 00:00:00','2019-10-09 00:00:00',NULL),(572,3,18,NULL,NULL,'SHER-E-BANGLA NAGAR','শের-ই-বাংলা নগর',NULL,3,1,1,'2019-10-09 00:00:00','2019-10-09 00:00:00',NULL),(574,3,18,NULL,NULL,'SUTRAPUR','সুত্রাপুর',NULL,3,1,1,'2019-10-09 00:00:00','2019-10-09 00:00:00',NULL),(576,3,18,NULL,NULL,'TEJGAON','তেজগাঁও',NULL,3,1,1,'2019-10-09 00:00:00','2019-10-09 00:00:00',NULL),(578,3,18,NULL,NULL,'TURAG','তুরাগ',NULL,3,1,1,'2019-10-09 00:00:00','2019-10-09 00:00:00',NULL),(580,3,18,NULL,NULL,'UTTARA  PASCHIM','উত্তরা',NULL,3,1,1,'2019-10-09 00:00:00','2019-10-09 00:00:00',NULL),(582,3,18,NULL,NULL,'UTTARA  PURBA','উত্তরা পুর্ব',NULL,3,1,1,'2019-10-09 00:00:00','2019-10-09 00:00:00',NULL),(584,3,18,NULL,NULL,'UTTAR KHAN','উত্তর খান',NULL,3,1,1,'2019-10-09 00:00:00','2019-10-09 00:00:00',NULL),(586,3,18,NULL,NULL,'WARI','ওয়ারী',NULL,3,1,1,'2019-10-09 00:00:00','2019-10-09 00:00:00',NULL),(588,2,10,NULL,NULL,'BAYEJID BOSTAMI','বায়জিদ বোস্তামী',NULL,3,1,1,'2019-10-09 00:00:00','2019-10-09 00:00:00',NULL),(590,2,10,NULL,NULL,'BAKALIA','বাকলীয়া',NULL,3,1,1,'2019-10-09 00:00:00','2019-10-09 00:00:00',NULL),(592,2,10,NULL,NULL,'CHANDGAON','চাঁদগাও',NULL,3,1,1,'2019-10-09 00:00:00','2019-10-09 00:00:00',NULL),(594,2,10,NULL,NULL,'CHITTAGONG PORT','চট্টগ্রাম পোর্ট',NULL,3,1,1,'2019-10-09 00:00:00','2019-10-09 00:00:00',NULL),(596,2,10,NULL,NULL,'DOUBLE MOORING','ডবলমুরিং',NULL,3,1,1,'2019-10-09 00:00:00','2019-10-09 00:00:00',NULL),(598,2,10,NULL,NULL,'KARNAFULI (POLICE STATION)','কর্ণফুলী (পুলিশ ষ্টেশন)',NULL,3,1,1,'2019-10-09 00:00:00','2019-10-09 00:00:00',NULL),(600,2,10,NULL,NULL,'HALISHAHAR','হালিশহর',NULL,3,1,1,'2019-10-09 00:00:00','2019-10-09 00:00:00',NULL),(602,2,10,NULL,NULL,'KOTWALI','কোতয়ালী',NULL,3,1,1,'2019-10-09 00:00:00','2019-10-09 00:00:00',NULL),(604,2,10,NULL,NULL,'KHULSHI','খুল্‌শী',NULL,3,1,1,'2019-10-09 00:00:00','2019-10-09 00:00:00',NULL),(606,2,10,NULL,NULL,'PAHARTALI','পাহাড়তলী',NULL,3,1,1,'2019-10-09 00:00:00','2019-10-09 00:00:00',NULL),(608,2,10,NULL,NULL,'PANCHLAISH','পাঁচলাইশ',NULL,3,1,1,'2019-10-09 00:00:00','2019-10-09 00:00:00',NULL),(610,2,10,NULL,NULL,'PATENGA','পতেঙ্গা',NULL,3,1,1,'2019-10-09 00:00:00','2019-10-09 00:00:00',NULL),(612,4,39,NULL,NULL,'DAULATPUR','দৌলতপুর',NULL,3,1,1,'2019-10-09 00:00:00','2019-10-09 00:00:00',NULL),(616,4,39,NULL,NULL,'KHALISHPUR','খালিসপুর',NULL,3,1,1,'2019-10-09 00:00:00','2019-10-09 00:00:00',NULL),(618,4,39,NULL,NULL,'KHAN JAHAN ALI','খান জাহান আলী',NULL,3,1,1,'2019-10-09 00:00:00','2019-10-09 00:00:00',NULL),(620,4,39,NULL,NULL,'SONADANGA','সোনাডাঙ্গা',NULL,3,1,1,'2019-10-09 00:00:00','2019-10-09 00:00:00',NULL),(622,5,51,NULL,NULL,'BOALIA','বোয়ালিয়া',NULL,3,1,1,'2019-10-09 00:00:00','2019-10-09 00:00:00',NULL),(624,5,51,NULL,NULL,'MATIHAR','মতিহার',NULL,3,1,1,'2019-10-09 00:00:00','2019-10-09 00:00:00',NULL),(626,5,51,NULL,NULL,'RAJPARA','রাজপাড়া',NULL,3,1,1,'2019-10-09 00:00:00','2019-10-09 00:00:00',NULL),(628,5,51,NULL,NULL,'SHAH MAKHDUM','শাহ্‌ মখদুম',NULL,3,1,1,'2019-10-09 00:00:00','2019-10-09 00:00:00',NULL),(636,4,36,NULL,NULL,'আলমডাংগা','আলমডাংগা',NULL,3,1,1,NULL,NULL,NULL),(641,3,18,NULL,NULL,'কতোয়ালী','কতোয়ালী',NULL,3,1,1,NULL,NULL,NULL),(647,3,18,NULL,NULL,'ক্যান্টনমেন্ট','ক্যান্টনমেন্ট',NULL,3,1,1,NULL,NULL,NULL),(664,3,20,NULL,NULL,'টংগী','টংগী',NULL,3,1,1,NULL,NULL,NULL),(678,3,18,NULL,NULL,'ধানমন্ডি','ধানমন্ডি',NULL,3,1,1,NULL,NULL,NULL),(683,5,48,NULL,NULL,'নলডাংগা','নলডাংগা',NULL,3,1,1,NULL,NULL,NULL),(690,2,16,NULL,NULL,'নোয়াখালী সদর','নোয়াখালী সদর',NULL,3,1,1,NULL,NULL,NULL),(698,3,28,NULL,NULL,'বন্দর','বন্দর',NULL,3,1,1,NULL,NULL,NULL),(713,2,9,NULL,NULL,'মতলব','মতলব',NULL,3,1,1,NULL,NULL,NULL),(725,6,55,NULL,NULL,'রাজিপুর','রাজিপুর',NULL,3,1,1,NULL,NULL,NULL),(746,3,18,NULL,NULL,'সূত্রাপুর','সূত্রাপুর',NULL,3,1,1,NULL,NULL,NULL),(756,2,10,NULL,NULL,'রাঙ্গুনিয়া দক্ষিণ ','রাঙ্গুনিয়া দক্ষিণ ',NULL,3,1,1,NULL,NULL,NULL),(758,2,12,NULL,NULL,'ঈদগাহ','ঈদগাহ',NULL,3,1,1,NULL,NULL,NULL),(759,4,39,NULL,NULL,'KHULNA SADAR','খুলনা সদর',NULL,3,1,1,NULL,NULL,NULL);

--
-- Table structure for table `job_circular_docs`
--

CREATE TABLE `job_circular_docs` (
  `id` int(11) NOT NULL AUTO_INCREMENT,
  `circular_id` int(11) DEFAULT NULL,
  `document_type_id` int(11) DEFAULT NULL,
  `created_at` datetime DEFAULT NULL,
  `updated_at` datetime DEFAULT NULL,
  `deleted_at` datetime DEFAULT NULL,
  PRIMARY KEY (`id`)
) ENGINE=InnoDB DEFAULT CHARSET=latin1;

--
-- Dumping data for table `job_circular_docs`
--


--
-- Table structure for table `job_circulars`
--

CREATE TABLE `job_circulars` (
  `id` int(11) NOT NULL AUTO_INCREMENT,
  `title` varchar(250) DEFAULT NULL,
  `title_bn` text,
  `job_type` tinyint(4) DEFAULT NULL,
  `employee_type_status` tinyint(4) DEFAULT NULL,
  `rank_id` int(11) DEFAULT NULL,
  `dept_name` varchar(255) DEFAULT NULL,
  `dept_head_name` varchar(255) DEFAULT NULL,
  `dept_signature` varchar(255) DEFAULT NULL,
  `department_id` int(11) DEFAULT NULL,
  `job_identifier` varchar(250) CHARACTER SET latin1 DEFAULT NULL,
  `total_vacancy` int(10) unsigned DEFAULT NULL,
  `slug` varchar(255) NOT NULL,
  `publish_date` date DEFAULT NULL,
  `last_apply_date` date DEFAULT NULL,
  `details` text,
  `terms` text,
  `education_requirements` text,
  `payment_status` tinyint(4) DEFAULT NULL,
  `payment_amount` varchar(10) DEFAULT NULL,
  `written_exam_status` tinyint(4) DEFAULT NULL,
  `status` tinyint(4) DEFAULT NULL,
  `computer_exam_status` tinyint(4) DEFAULT NULL,
  `min_salary` varchar(10) DEFAULT NULL,
  `max_salary` varchar(10) DEFAULT NULL,
  `currency_id` int(11) DEFAULT NULL,
  `benefit` text,
  `benefit_bn` text,
  `attachment` varchar(250) CHARACTER SET latin1 DEFAULT NULL,
  `apply_instructions` text,
  `apply_instructions_bn` text,
  `admit_card_status` tinyint(4) DEFAULT NULL,
  `job_location` varchar(255) DEFAULT NULL,
  `created_by` int(11) DEFAULT NULL,
  `updated_by` int(11) DEFAULT NULL,
  `deleted_by` int(11) DEFAULT NULL,
  `created_at` datetime DEFAULT NULL,
  `updated_at` datetime DEFAULT NULL,
  `deleted_dat` datetime DEFAULT NULL,
  PRIMARY KEY (`id`),
  UNIQUE KEY `slug` (`slug`)
) ENGINE=InnoDB AUTO_INCREMENT=21 DEFAULT CHARSET=utf8;

--
-- Dumping data for table `job_circulars`
--

INSERT INTO `job_circulars` VALUES (12,'Chief Engineer Oil/Chemical Tanker',NULL,0,1,15,NULL,NULL,NULL,NULL,'8130',NULL,'chief-engineer-oil-chemical-tanker','2021-07-31','2021-08-31','<p>বাংলাদেশ শিপিং কর্পোরেশনে Chief Engineer Oil/Chemical Tanker জাহাজে International Standard অনুযায়ী আকর্ষণীয় বেতনে নিম্নবর্ণিত পদের বিপরীতে প্রয়োজনীয় সংখ্যক চুক্তি ভিত্তিক জাহাজি কর্মকর্তা ও নাবিক নিয়োগের&nbsp; লক্ষ্যে সংশ্লিষ্ট পদে অভিজ্ঞ ও যোগ্যতাসম্পন্ন বাংলাদেশের স্থায়ী নাগরিকের নিকত দরখাস্ত ও সিভি (Curriculum Vitae) আহবান করা যাচ্ছে :<br></p>',NULL,NULL,1,'1',1,NULL,NULL,'8000','110000',2,'<p>Attractive Facilities:&nbsp;</p><ul><li>Brand New Vessel</li><li>First Class Accommodation</li><li>Bangladeshi Food</li><li>National Shipping Company</li></ul>','<p>Attractive Facilities:&nbsp;</p><ul><li>Brand New Vessel</li><li>First Class Accommodation</li><li>Bangladeshi Food</li><li>National Shipping Company</li></ul>',NULL,'<p style=\"margin-right: 0px; margin-left: 0px; padding: 0px; border-top-right-radius: 0px; border-bottom-right-radius: 0px;\"><font color=\"#212529\" face=\"Roboto Condensed, SolaimanLipi, sans-serif\"><span style=\"font-size: 16px;\">ক) এ বিজ্ঞপ্তির অধীনে আগ্রহী প্রার্থীগণকে অনলাইনে আবেদন করতে হবে। সে লক্ষ্যে http://job.bsc.gov.bd এই ওয়েবসাইটে বাংলাদেশ শিপিং কর্পোরেশন কর্তৃক নির্ধারিত আবেদনপত্র পূরণ করে অন লাইনে রেজিস্ট্রেশন কার্যক্রম এবং ফি জমা প্রদান করতে হবে। আবেদনের সময়সীমা নিম্নরূপঃ-</span></font></p><p style=\"margin-right: 0px; margin-left: 0px; padding: 0px; border-top-right-radius: 0px; border-bottom-right-radius: 0px;\"><span style=\"font-size: 16px; color: rgb(33, 37, 41); font-family: &quot;Roboto Condensed&quot;, SolaimanLipi, sans-serif; letter-spacing: 0px;\">&nbsp; &nbsp; • অনলাইনে আবেদনপত্র পূরণ ও পরীক্ষার ফি জমাদান শুরুর তারিখঃ ১৯-০৮-২০২১ সকাল ১০.০০ টা।</span></p><p style=\"margin-right: 0px; margin-left: 0px; padding: 0px; border-top-right-radius: 0px; border-bottom-right-radius: 0px;\"><font color=\"#212529\" face=\"Roboto Condensed, SolaimanLipi, sans-serif\"><span style=\"font-size: 16px;\">&nbsp; &nbsp; • অনলাইনে আবেদনপত্র পূরণ ও পরীক্ষার ফি জমাদানের শেষ তারিখঃ ১৮-০৯-২০২১ রাত ১২.০০ টা।</span></font></p><p style=\"margin-right: 0px; margin-left: 0px; padding: 0px; border-top-right-radius: 0px; border-bottom-right-radius: 0px;\"><span style=\"font-size: 16px; color: rgb(33, 37, 41); font-family: &quot;Roboto Condensed&quot;, SolaimanLipi, sans-serif; letter-spacing: 0px;\">উক্ত সময়ের মধ্যে User ইমেইল ও পাসওয়ার্ড&nbsp; এর মাধ্যমে লগিন করে প্রাপ্ত প্রার্থীগণ অনলাইনে আবেদনপত্র Submit এর সময় থেকে পরবর্তী ৪৮&nbsp; ঘণ্টার মধ্যে&nbsp; পরীক্ষার ফি জমা দিতে পারবেন। প্রার্থীগণ নতুন হলে অবশই আগে রেজিস্ট্রেশান করে নিতে হবে ।</span><br></p><p style=\"margin-right: 0px; margin-left: 0px; padding: 0px; border-top-right-radius: 0px; border-bottom-right-radius: 0px;\"><span style=\"font-size: 16px; color: rgb(33, 37, 41); font-family: &quot;Roboto Condensed&quot;, SolaimanLipi, sans-serif; letter-spacing: 0px;\">খ) অনলাইনে আবেদনপত্রে প্রার্থী তার বিস্তারিত তথ্য, স্বাক্ষর (দৈর্ঘ্য ৩০০xপ্রস্থ ৮০ pixel. File size maximum 60 kb) ও রঙিন ছবি (দৈর্ঘ্য ৩০০xপ্রস্থ ৩০০ pixel. File size maximum 100 kb) স্ক্যান করে নির্ধারিত স্থানে আপলোড করবেন।</span><br></p><p style=\"margin-right: 0px; margin-left: 0px; padding: 0px; border-top-right-radius: 0px; border-bottom-right-radius: 0px;\"><span style=\"font-size: 16px; color: rgb(33, 37, 41); font-family: &quot;Roboto Condensed&quot;, SolaimanLipi, sans-serif; letter-spacing: 0px;\">গ) অনলাইনে আবেদনপত্রে পূরণকৃত তথ্যই যেহেতু পরবর্তী সকল কার্যক্রমে ব্যবহৃত হবে, সেহেতু অনলাইনে আবেদনপত্র Submit করার পূর্বেই পূরণকৃত সকল তথ্যের সঠিকতা সম্পর্কে প্রার্থী নিজে শতভাগ নিশ্চিত হবেন।&nbsp;</span><br></p><p style=\"margin-right: 0px; margin-left: 0px; padding: 0px; border-top-right-radius: 0px; border-bottom-right-radius: 0px;\"><span style=\"font-size: 16px; color: rgb(33, 37, 41); font-family: &quot;Roboto Condensed&quot;, SolaimanLipi, sans-serif; letter-spacing: 0px;\">ঘ) প্রার্থী অনলাইনে পূরণকৃত আবেদনপত্রের একটি প্রিন্ট কপি পরীক্ষা সংক্রান্ত যে কোন প্রয়োজনের সহায়ক হিসেবে সংরক্ষণ করবেন।</span><br></p><p style=\"margin-right: 0px; margin-left: 0px; padding: 0px; border-top-right-radius: 0px; border-bottom-right-radius: 0px;\"><span style=\"font-size: 16px; color: rgb(33, 37, 41); font-family: &quot;Roboto Condensed&quot;, SolaimanLipi, sans-serif; letter-spacing: 0px;\">ঙ) পরীক্ষার ফি জমা দেওয়ার নিয়মাবলিঃ</span><br></p><p style=\"margin-right: 0px; margin-left: 0px; padding: 0px; border-top-right-radius: 0px; border-bottom-right-radius: 0px;\"><font color=\"#212529\" face=\"Roboto Condensed, SolaimanLipi, sans-serif\"><span style=\"font-size: 16px;\">&nbsp;অনলাইন এ আবেদন করার পর আবেদনকৃত চাকরির জন্য ৪৮&nbsp; ঘণ্টার মধ্যে&nbsp; পরীক্ষার ফি অনলাইনে Ekpay এর মাধ্যমে জমা দিতে পারবেন । ৪৮&nbsp; ঘণ্টার মধ্যে জমা দিতে না পারলে আবেদনটি বাতিল হয়ে যাবে।</span></font></p>','<p>আগ্রহী পার্থীগন সরাসরি অথবা ঈ-মেইল (To: gm-spd@bsc.gov.bd, CC: gm-cht@bsc.gov.bd) সিভি প্রেরন করবেন এবং যেকোনো প্রয়োজনে নিম্নোক্ত মোবাইল নম্বর (Telegram Account)-এ যোগাযোগ করতে পারবেন :</p><p>1. Mr. Atiqur Rahman Chowdhury, Assistant Manager - 01615012019</p><p>2. Md. Rajib Hossain, Senior Assistant - 01516115240</p>',1,'বাংলাদেশ শিপিং কর্পোরেশন,বিএসসি ভবন, সল্টগোলা রোড, চট্টগ্রাম।',NULL,NULL,NULL,'2021-07-31 17:03:17','2021-08-23 00:25:26',NULL),(13,'Assistant Manager','সহকারী ব্যবস্থাপক (প্রশাসন/ সংস্থাপন/ শেয়ার/ সেক্রেটারিয়েট/ লাইন এন্ড এজেন্সী/চার্টারিং/ কার্গো সুপারভিশন/ বীমা ও দাবি/ হিসাব/ নিরীক্ষা/ ফাইন্যান্স/ নৌ-পরিকল্পনা/ মার্কেটিং এন্ড রিসার্চ)',0,1,21,'HR','Hr Head','/storage/uploads/dept_signatures/1/1630237442.jpg',1,'6077',4,'সহকারী-ব্যবস্থাপক--প্রশাসন--সংস্থাপন--শেয়ার--সেক্রেটারিয়েট--লাইন-এন্ড-এজেন্সী-চার্টারিং--কার্গো-সুপারভিশন--বীমা-ও-দাবি--হিসাব--নিরীক্ষা--ফাইন্যান্স--নৌ-পরিকল্পনা--মার্কেটিং-এন্ড-রিসার্চ-','2021-08-19','2021-09-18','<p style=\"margin-right: 0px; margin-left: 0px; padding: 0px; border-top-right-radius: 0px; border-bottom-right-radius: 0px; color: rgb(33, 37, 41); font-family: &quot;Roboto Condensed&quot;, SolaimanLipi, sans-serif; font-size: 16px;\">বাংলাদেশ শিপিং কর্পোরেশনে সহকারী ব্যবস্থাপক (প্রশাসন/ সংস্থাপন/ শেয়ার/ সেক্রেটারিয়েট/ লাইন এন্ড এজেন্সী/চার্টারিং/ কার্গো সুপারভিশন/ বীমা ও দাবি/ হিসাব/ নিরীক্ষা/ ফাইন্যান্স/ নৌ-পরিকল্পনা/ মার্কেটিং এন্ড রিসার্চ)&nbsp;এর নিম্নলিখিত শুন্য পদে সরাসরি নিয়োগের লক্ষ্যে যোগ্যতাসম্পন্ন বাংলাদেশের স্থায়ী নাগরিকদের নিকট হতে অনলাইনে দরখাস্ত আহবান করা যাচ্ছে। পূরনযোগ্য পদের নাম, শিক্ষাগত যোগ্যতা ও অন্যান্য তথ্যের বিবরণ নিম্নরূপঃ<br></p>',NULL,NULL,1,'1',1,NULL,NULL,'35500','67010',1,NULL,NULL,NULL,'<p style=\"margin-right: 0px; margin-left: 0px; padding: 0px; border-top-right-radius: 0px; border-bottom-right-radius: 0px;\"><font color=\"#212529\" face=\"Roboto Condensed, SolaimanLipi, sans-serif\"><span style=\"font-size: 16px;\">ক) এ বিজ্ঞপ্তির অধীনে আগ্রহী প্রার্থীগণকে অনলাইনে আবেদন করতে হবে। সে লক্ষ্যে http://job.bsc.gov.bd এই ওয়েবসাইটে বাংলাদেশ শিপিং কর্পোরেশন কর্তৃক নির্ধারিত আবেদনপত্র পূরণ করে অন লাইনে রেজিস্ট্রেশন কার্যক্রম এবং ফি জমা প্রদান করতে হবে। আবেদনের সময়সীমা নিম্নরূপঃ-</span></font></p><p style=\"margin-right: 0px; margin-left: 0px; padding: 0px; border-top-right-radius: 0px; border-bottom-right-radius: 0px;\"><span style=\"font-size: 16px; color: rgb(33, 37, 41); font-family: &quot;Roboto Condensed&quot;, SolaimanLipi, sans-serif; letter-spacing: 0px;\">&nbsp; &nbsp; • অনলাইনে আবেদনপত্র পূরণ ও পরীক্ষার ফি জমাদান শুরুর তারিখঃ ১৯-০৮-২০২১ সকাল ১০.০০ টা।</span></p><p style=\"margin-right: 0px; margin-left: 0px; padding: 0px; border-top-right-radius: 0px; border-bottom-right-radius: 0px;\"><font color=\"#212529\" face=\"Roboto Condensed, SolaimanLipi, sans-serif\"><span style=\"font-size: 16px;\">&nbsp; &nbsp; • অনলাইনে আবেদনপত্র পূরণ ও পরীক্ষার ফি জমাদানের শেষ তারিখঃ ১৮-০৯-২০২১ রাত ১২.০০ টা।</span></font></p><p style=\"margin-right: 0px; margin-left: 0px; padding: 0px; border-top-right-radius: 0px; border-bottom-right-radius: 0px;\"><span style=\"font-size: 16px; color: rgb(33, 37, 41); font-family: &quot;Roboto Condensed&quot;, SolaimanLipi, sans-serif; letter-spacing: 0px;\">উক্ত সময়ের মধ্যে User ইমেইল ও পাসওয়ার্ড&nbsp; এর মাধ্যমে লগিন করে প্রাপ্ত প্রার্থীগণ অনলাইনে আবেদনপত্র Submit এর সময় থেকে পরবর্তী ৪৮&nbsp; ঘণ্টার মধ্যে&nbsp; পরীক্ষার ফি জমা দিতে পারবেন। প্রার্থীগণ নতুন হলে অবশই আগে রেজিস্ট্রেশান করে নিতে হবে ।</span><br></p><p style=\"margin-right: 0px; margin-left: 0px; padding: 0px; border-top-right-radius: 0px; border-bottom-right-radius: 0px;\"><span style=\"font-size: 16px; color: rgb(33, 37, 41); font-family: &quot;Roboto Condensed&quot;, SolaimanLipi, sans-serif; letter-spacing: 0px;\">খ) অনলাইনে আবেদনপত্রে প্রার্থী তার বিস্তারিত তথ্য, স্বাক্ষর (দৈর্ঘ্য ৩০০xপ্রস্থ ৮০ pixel. File size maximum 60 kb) ও রঙিন ছবি (দৈর্ঘ্য ৩০০xপ্রস্থ ৩০০ pixel. File size maximum 100 kb) স্ক্যান করে নির্ধারিত স্থানে আপলোড করবেন।</span><br></p><p style=\"margin-right: 0px; margin-left: 0px; padding: 0px; border-top-right-radius: 0px; border-bottom-right-radius: 0px;\"><span style=\"font-size: 16px; color: rgb(33, 37, 41); font-family: &quot;Roboto Condensed&quot;, SolaimanLipi, sans-serif; letter-spacing: 0px;\">গ) অনলাইনে আবেদনপত্রে পূরণকৃত তথ্যই যেহেতু পরবর্তী সকল কার্যক্রমে ব্যবহৃত হবে, সেহেতু অনলাইনে আবেদনপত্র Submit করার পূর্বেই পূরণকৃত সকল তথ্যের সঠিকতা সম্পর্কে প্রার্থী নিজে শতভাগ নিশ্চিত হবেন।&nbsp;</span><br></p><p style=\"margin-right: 0px; margin-left: 0px; padding: 0px; border-top-right-radius: 0px; border-bottom-right-radius: 0px;\"><span style=\"font-size: 16px; color: rgb(33, 37, 41); font-family: &quot;Roboto Condensed&quot;, SolaimanLipi, sans-serif; letter-spacing: 0px;\">ঘ) প্রার্থী অনলাইনে পূরণকৃত আবেদনপত্রের একটি প্রিন্ট কপি পরীক্ষা সংক্রান্ত যে কোন প্রয়োজনের সহায়ক হিসেবে সংরক্ষণ করবেন।</span><br></p><p style=\"margin-right: 0px; margin-left: 0px; padding: 0px; border-top-right-radius: 0px; border-bottom-right-radius: 0px;\"><span style=\"font-size: 16px; color: rgb(33, 37, 41); font-family: &quot;Roboto Condensed&quot;, SolaimanLipi, sans-serif; letter-spacing: 0px;\">ঙ) পরীক্ষার ফি জমা দেওয়ার নিয়মাবলিঃ</span><br></p><p style=\"margin-right: 0px; margin-left: 0px; padding: 0px; border-top-right-radius: 0px; border-bottom-right-radius: 0px;\"><font color=\"#212529\" face=\"Roboto Condensed, SolaimanLipi, sans-serif\"><span style=\"font-size: 16px;\">&nbsp;অনলাইন এ আবেদন করার পর আবেদনকৃত চাকরির জন্য ৪৮&nbsp; ঘণ্টার মধ্যে&nbsp; পরীক্ষার ফি অনলাইনে Ekpay এর মাধ্যমে জমা দিতে পারবেন । ৪৮&nbsp; ঘণ্টার মধ্যে জমা দিতে না পারলে আবেদনটি বাতিল হয়ে যাবে।</span></font></p>','<p style=\"margin-right: 0px; margin-left: 0px; padding: 0px; border-top-right-radius: 0px; border-bottom-right-radius: 0px; color: rgb(33, 37, 41); font-family: &quot;Roboto Condensed&quot;, SolaimanLipi, sans-serif; font-size: 16px;\">ক) এ বিজ্ঞপ্তির অধীনে আগ্রহী প্রার্থীগণকে অনলাইনে আবেদন করতে হবে। সে লক্ষ্যে http://bsc.teletalk.com.bd এই ওয়েবসাইটে বাংলাদেশ শিপিং কর্পোরেশন কর্তৃক নির্ধারিত আবেদনপত্র পূরণ করে অন লাইনে রেজিস্ট্রেশন কার্যক্রম এবং ফি জমা প্রদান করতে হবে। আবেদনের সময়সীমা নিম্নরূপঃ-</p><p style=\"margin-right: 0px; margin-left: -1px; padding: 0px; border-radius: 0px;\"><font color=\"#212529\" face=\"Roboto Condensed, SolaimanLipi, sans-serif\" style=\"color: rgb(33, 37, 41); font-family: &quot;Roboto Condensed&quot;, SolaimanLipi, sans-serif; font-size: 16px; margin: 0px; padding: 0px;\">&nbsp; &nbsp; • অনলাইনে আবেদনপত্র পূরণ ও পরীক্ষার ফি জমাদান শুরুর তারিখঃ&nbsp;</font><span style=\"margin: 0px; padding: 0px;\"><font color=\"#212529\" face=\"Roboto Condensed, SolaimanLipi, sans-serif\"><span style=\"font-size: 16px;\">১৯</span><span style=\"font-size: 16px; letter-spacing: 0px;\">-</span></font></span><span style=\"color: rgb(33, 37, 41); font-family: &quot;Roboto Condensed&quot;, SolaimanLipi, sans-serif; font-size: 16px; margin: 0px; padding: 0px; letter-spacing: 0px;\">০৮-২০</span><span style=\"color: rgb(33, 37, 41); font-family: &quot;Roboto Condensed&quot;, SolaimanLipi, sans-serif; font-size: 16px; margin: 0px; padding: 0px; letter-spacing: 0px;\">২</span><span style=\"color: rgb(33, 37, 41); font-family: &quot;Roboto Condensed&quot;, SolaimanLipi, sans-serif; font-size: 16px; margin: 0px; padding: 0px; letter-spacing: 0px;\">১ সকাল ১০.০০ টা।</span></p><p style=\"margin-right: 0px; margin-left: -1px; padding: 0px; border-radius: 0px;\"><font color=\"#212529\" face=\"Roboto Condensed, SolaimanLipi, sans-serif\"><span style=\"font-size: 16px;\">&nbsp; &nbsp; • অনলাইনে আবেদনপত্র পূরণ ও পরীক্ষার ফি জমাদানের শেষ তারিখঃ ১৮-০৯-২০</span></font><span style=\"color: rgb(33, 37, 41); font-family: &quot;Roboto Condensed&quot;, SolaimanLipi, sans-serif; font-size: 16px; margin: 0px; padding: 0px; letter-spacing: 0px;\">২</span><span style=\"color: rgb(33, 37, 41); font-family: &quot;Roboto Condensed&quot;, SolaimanLipi, sans-serif; font-size: 16px; margin: 0px; padding: 0px; letter-spacing: 0px;\">১ রাত ১২.০০ টা।</span></p><p style=\"margin-right: 0px; margin-left: -1px; padding: 0px; border-radius: 0px; color: rgb(33, 37, 41); font-family: &quot;Roboto Condensed&quot;, SolaimanLipi, sans-serif; font-size: 16px;\">উক্ত সময়ের মধ্যে User ID প্রাপ্ত প্রার্থীগণ অনলাইনে আবেদনপত্র Submit এর সময় থেকে পরবর্তী ৭২ (বাহাত্তর) ঘণ্টার মধ্যে এসএমএস এর মাধ্যমে পরীক্ষার ফি জমা দিতে পারবেন।</p><p style=\"margin-right: 0px; margin-left: -1px; padding: 0px; border-radius: 0px; color: rgb(33, 37, 41); font-family: &quot;Roboto Condensed&quot;, SolaimanLipi, sans-serif; font-size: 16px;\">খ) অনলাইনে আবেদনপত্রে প্রার্থী তার স্বাক্ষর (দৈর্ঘ্য ৩০০xপ্রস্থ ৮০ pixel. File size maximum 60 kb) ও রঙিন ছবি (দৈর্ঘ্য ৩০০xপ্রস্থ ৩০০ pixel. File size maximum 100 kb) স্ক্যান করে নির্ধারিত স্থানে আপলোড করবেন।</p><p style=\"margin-right: 0px; margin-left: -1px; padding: 0px; border-radius: 0px; color: rgb(33, 37, 41); font-family: &quot;Roboto Condensed&quot;, SolaimanLipi, sans-serif; font-size: 16px;\">গ) অনলাইনে আবেদনপত্রে পূরণকৃত তথ্যই যেহেতু পরবর্তী সকল কার্যক্রমে ব্যবহৃত হবে, সেহেতু অনলাইনে আবেদনপত্র Submit করার পূর্বেই পূরণকৃত সকল তথ্যের সঠিকতা সম্পর্কে প্রার্থী নিজে শতভাগ নিশ্চিত হবেন।&nbsp;</p><p style=\"margin-right: 0px; margin-left: -1px; padding: 0px; border-radius: 0px; color: rgb(33, 37, 41); font-family: &quot;Roboto Condensed&quot;, SolaimanLipi, sans-serif; font-size: 16px;\">ঘ) প্রার্থী অনলাইনে পূরণকৃত আবেদনপত্রের একটি প্রিন্ট কপি পরীক্ষা সংক্রান্ত যে কোন প্রয়োজনের সহায়ক হিসেবে সংরক্ষণ করবেন।</p><p style=\"margin-right: 0px; margin-left: -1px; padding: 0px; border-radius: 0px; color: rgb(33, 37, 41); font-family: &quot;Roboto Condensed&quot;, SolaimanLipi, sans-serif; font-size: 16px;\"><font color=\"#212529\" face=\"Roboto Condensed, SolaimanLipi, sans-serif\" style=\"margin: 0px; padding: 0px;\">ঙ) এসএমএস প্রেরনের নিয়মাবলি ও পরিখার ফি প্রদানঃ অনলাইন আবেদনপত্র (Application Form) যথাযথভাবে পূরণ করে নির্দেশনা মতে ছবি এবং Signature upload করে আবেদনপত্র Submit করা সম্পন্ন হলে কম্পিউটারে ছবিসহ Application preview দেখা যাবে । নির্ভুলভাবে আবেদনপত্র Submit করা সম্পন্ন হলে প্রার্থী একটি User ID, ছবি এবং স্বাক্ষরযুক্ত Application\'s copy পাবেন । উক্ত Application\'s copy প্রার্থী প্রিন্ট অথবা Download করে সংরক্ষন করবেন । Applicant\'s কপিতে একটি User ID নম্বর দেওয়া থাকবে এবং User ID নম্বর ব্যাবহার করে প্রার্থী নিম্নোক্ত পদ্ধতিতে যে কোন Teletalk pre-paid mobile নম্বরের মাধ্যমে ০২ (দুই)টি এসএমএস করে পরীক্ষার ফি বাবদ ০১ হতে ০৪ নং ক্রমিকে বর্ণিত প্রতিটি পদের জন্য ৭০০/- (সাতশত) টাকা, ০৫ হতে ০৭ নং ক্রমিকে বর্ণিত প্রতিটি পদের জন্য ৫০০/- (পাঁচশত) টাকা&nbsp; এবং ০৮ নং ক্রমিকে বর্ণিত প্রতিটি পদের জন্য ১০০/- (একশত) টাকা (অফেরতযোগ্য) অনধিক ৭২ (বাহাত্তর) ঘণ্টার মধ্যে জমা দিবেন । এখানে বিশেষভাবে উল্লেখ্য যে, \"অনলাইনে আবেদনপত্রের সকল অংশ পূরণ করে Submit করা হলেও পরীক্ষার ফি জমা না দেয়া পর্যন্ত অনলাইনে আবেদনপত্র কোন অবস্থাতেই গৃহীত হবে না ।\"</font></p><p style=\"margin-right: 0px; margin-left: -1px; padding: 0px; border-radius: 0px; color: rgb(33, 37, 41); font-family: &quot;Roboto Condensed&quot;, SolaimanLipi, sans-serif; font-size: 16px;\"><font color=\"#212529\" face=\"Roboto Condensed, SolaimanLipi, sans-serif\" style=\"margin: 0px; padding: 0px;\">প্রথম SMS:BSC&lt;space&gt;User ID লিখে send করতে হবে ১৬২২২ নম্বরে ।</font></p><p style=\"margin-right: 0px; margin-left: -1px; padding: 0px; border-radius: 0px; color: rgb(33, 37, 41); font-family: &quot;Roboto Condensed&quot;, SolaimanLipi, sans-serif; font-size: 16px;\"><font color=\"#212529\" face=\"Roboto Condensed, SolaimanLipi, sans-serif\" style=\"margin: 0px; padding: 0px;\">দ্বিতীয় SMS:BSC&lt;space&gt;Yes&lt;space&gt;PIN লিখে send করতে হবে ১৬২২২ নম্বরে । দ্বিতীয় SMS টি&nbsp; পাঠানোর পর ফিরতি SMS এর Password পাবেন । এই Password টি প্রবেশ পত্র Download এর জন্য সংরক্ষণ করবেন ।</font></p><p style=\"margin-right: 0px; margin-left: -1px; padding: 0px; border-radius: 0px; color: rgb(33, 37, 41); font-family: &quot;Roboto Condensed&quot;, SolaimanLipi, sans-serif; font-size: 16px;\"><span style=\"margin: 0px; padding: 0px; letter-spacing: 0px;\">চ) প্রবেশপত্র প্রাপ্তির বিষয়টি http://bsc.teletalk.com.bd ওয়েবসাইটে এবং&nbsp; &nbsp;পার্থীর মোবাইল ফোনে এসএমএস এর মাধ্যমে (শুধু যোগ্য পার্থীদের) যথাসময়ে জানানো হবে । অনলাইনে আবেদনপত্রে পার্থীর&nbsp; প্রদত্ত মোবাইল ফোনে পরীক্ষা সংক্রান্ত যাবতীয় যোগাযোগ সম্পন্ন করা হবে বিধায় উক্ত নম্বরতি সারবখনিক সচল রাখা, SMS Read করা এবং প্রাপ্ত নির্দেশনা তাৎক্ষনিক অনুসরন করা বাঞ্ছনীয় ।</span><br style=\"margin: 0px; padding: 0px;\"></p><p style=\"margin-right: 0px; margin-left: -1px; padding: 0px; border-radius: 0px; color: rgb(33, 37, 41); font-family: &quot;Roboto Condensed&quot;, SolaimanLipi, sans-serif; font-size: 16px;\"><font color=\"#212529\" face=\"Roboto Condensed, SolaimanLipi, sans-serif\" style=\"margin: 0px; padding: 0px;\">ছ) এসএমএস - এ প্রেরিত User ID এবং পাসওয়ার্ড ব্যাবহার করে পরবর্তীতে রোল নম্বর, পদের নাম, ছবি, পরীক্ষার তারিখ, সময় ও ভেনুর নাম ইত্যাদি সম্বলিত প্রবেশপত্র&nbsp; পার্থী Download পূর্বক প্রিন্ট (সম্ভব হলে রঙ্গিন) করে নিবেন । পার্থী এই&nbsp; প্রবেশপত্র লিখিত পরীক্ষায় অংশগ্রহনের সময়ে এবং উত্তীর্ণ হলে মৌখিক পরীক্ষার সময়ে অবশ্যই প্রদশন করবেন । প্রবেশ পত্র Download এর তারিখ পরবর্তী SMS এর মাধ্যমে জানানো হবে ।</font></p><p style=\"margin-right: 0px; margin-left: -1px; padding: 0px; border-radius: 0px; color: rgb(33, 37, 41); font-family: &quot;Roboto Condensed&quot;, SolaimanLipi, sans-serif; font-size: 16px;\"><font color=\"#212529\" face=\"Roboto Condensed, SolaimanLipi, sans-serif\" style=\"margin: 0px; padding: 0px;\">জ)&nbsp; শুধুমাত্র টেলিটক প্রি- পেইড মোবাইল ফোন থেকে পার্থীগন নিম্নবর্ণিত এসএমএস পদ্ধতি অনুসরন করে নিজ নিজ User ID এবং&nbsp; পাসওয়ার্ড পুনরুধার করতে পারবেন ।</font></p><p style=\"margin-right: 0px; margin-left: -1px; padding: 0px; border-radius: 0px; color: rgb(33, 37, 41); font-family: &quot;Roboto Condensed&quot;, SolaimanLipi, sans-serif; font-size: 16px;\"><font color=\"#212529\" face=\"Roboto Condensed, SolaimanLipi, sans-serif\" style=\"margin: 0px; padding: 0px;\">i) User ID জানা থাকলে BSC&lt;space&gt;Help&lt;space&gt;User&lt;space&gt;User ID &amp; send to 16222.</font></p><p style=\"margin-right: 0px; margin-left: -1px; padding: 0px; border-radius: 0px; color: rgb(33, 37, 41); font-family: &quot;Roboto Condensed&quot;, SolaimanLipi, sans-serif; font-size: 16px;\"><font color=\"#212529\" face=\"Roboto Condensed, SolaimanLipi, sans-serif\" style=\"margin: 0px; padding: 0px;\">ii)PIN Number জানা থাকলে BSC&lt;space&gt;Help&lt;space&gt;PIN&lt;space&gt;PIN No &amp; send to 16222.</font></p><p style=\"margin-right: 0px; margin-left: -1px; padding: 0px; border-radius: 0px; color: rgb(33, 37, 41); font-family: &quot;Roboto Condensed&quot;, SolaimanLipi, sans-serif; font-size: 16px;\"><font color=\"#212529\" face=\"Roboto Condensed, SolaimanLipi, sans-serif\" style=\"margin: 0px; padding: 0px;\">Example: BSC Help PIN 12345678 &amp; send to 16222.</font></p>',1,'বাংলাদেশ শিপিং কর্পোরেশন,বিএসসি ভবন, সল্টগোলা রোড, চট্টগ্রাম।',NULL,NULL,NULL,'2021-08-19 10:44:55','2021-08-29 18:10:13',NULL),(14,'সহকারী ব্যবস্থাপক (শপস্)',NULL,0,1,21,NULL,NULL,NULL,NULL,'3477',1,'সহকারী-ব্যবস্থাপক--শপস্-','2021-08-19','2021-09-18','<p><font color=\"#212529\" face=\"Roboto Condensed, SolaimanLipi, sans-serif\"><span style=\"font-size: 16px;\">বাংলাদেশ শিপিং কর্পোরেশনে সহকারী ব্যবস্থাপক (শপস্)&nbsp;এর নিম্নলিখিত শুন্য পদে সরাসরি নিয়োগের লক্ষ্যে যোগ্যতাসম্পন্ন বাংলাদেশের স্থায়ী নাগরিকদের নিকট হতে অনলাইনে দরখাস্ত আহবান করা যাচ্ছে। পূরনযোগ্য পদের নাম, শিক্ষাগত যোগ্যতা ও অন্যান্য তথ্যের বিবরণ নিম্নরূপঃ</span></font><br></p>',NULL,NULL,0,'',1,NULL,NULL,'35500','67010',1,NULL,NULL,NULL,'<p style=\"margin-right: 0px; margin-left: 0px; padding: 0px; border-top-right-radius: 0px; border-bottom-right-radius: 0px;\"><font color=\"#212529\" face=\"Roboto Condensed, SolaimanLipi, sans-serif\"><span style=\"font-size: 16px;\">ক) এ বিজ্ঞপ্তির অধীনে আগ্রহী প্রার্থীগণকে অনলাইনে আবেদন করতে হবে। সে লক্ষ্যে http://job.bsc.gov.bd এই ওয়েবসাইটে বাংলাদেশ শিপিং কর্পোরেশন কর্তৃক নির্ধারিত আবেদনপত্র পূরণ করে অন লাইনে রেজিস্ট্রেশন কার্যক্রম এবং ফি জমা প্রদান করতে হবে। আবেদনের সময়সীমা নিম্নরূপঃ-</span></font></p><p style=\"margin-right: 0px; margin-left: 0px; padding: 0px; border-top-right-radius: 0px; border-bottom-right-radius: 0px;\"><span style=\"font-size: 16px; color: rgb(33, 37, 41); font-family: &quot;Roboto Condensed&quot;, SolaimanLipi, sans-serif; letter-spacing: 0px;\">&nbsp; &nbsp; • অনলাইনে আবেদনপত্র পূরণ ও পরীক্ষার ফি জমাদান শুরুর তারিখঃ ১৯-০৮-২০২১ সকাল ১০.০০ টা।</span></p><p style=\"margin-right: 0px; margin-left: 0px; padding: 0px; border-top-right-radius: 0px; border-bottom-right-radius: 0px;\"><font color=\"#212529\" face=\"Roboto Condensed, SolaimanLipi, sans-serif\"><span style=\"font-size: 16px;\">&nbsp; &nbsp; • অনলাইনে আবেদনপত্র পূরণ ও পরীক্ষার ফি জমাদানের শেষ তারিখঃ ১৮-০৯-২০২১ রাত ১২.০০ টা।</span></font></p><p style=\"margin-right: 0px; margin-left: 0px; padding: 0px; border-top-right-radius: 0px; border-bottom-right-radius: 0px;\"><span style=\"font-size: 16px; color: rgb(33, 37, 41); font-family: &quot;Roboto Condensed&quot;, SolaimanLipi, sans-serif; letter-spacing: 0px;\">উক্ত সময়ের মধ্যে User ইমেইল ও পাসওয়ার্ড&nbsp; এর মাধ্যমে লগিন করে প্রাপ্ত প্রার্থীগণ অনলাইনে আবেদনপত্র Submit এর সময় থেকে পরবর্তী ৪৮&nbsp; ঘণ্টার মধ্যে&nbsp; পরীক্ষার ফি জমা দিতে পারবেন। প্রার্থীগণ নতুন হলে অবশই আগে রেজিস্ট্রেশান করে নিতে হবে ।</span><br></p><p style=\"margin-right: 0px; margin-left: 0px; padding: 0px; border-top-right-radius: 0px; border-bottom-right-radius: 0px;\"><span style=\"font-size: 16px; color: rgb(33, 37, 41); font-family: &quot;Roboto Condensed&quot;, SolaimanLipi, sans-serif; letter-spacing: 0px;\">খ) অনলাইনে আবেদনপত্রে প্রার্থী তার বিস্তারিত তথ্য, স্বাক্ষর (দৈর্ঘ্য ৩০০xপ্রস্থ ৮০ pixel. File size maximum 60 kb) ও রঙিন ছবি (দৈর্ঘ্য ৩০০xপ্রস্থ ৩০০ pixel. File size maximum 100 kb) স্ক্যান করে নির্ধারিত স্থানে আপলোড করবেন।</span><br></p><p style=\"margin-right: 0px; margin-left: 0px; padding: 0px; border-top-right-radius: 0px; border-bottom-right-radius: 0px;\"><span style=\"font-size: 16px; color: rgb(33, 37, 41); font-family: &quot;Roboto Condensed&quot;, SolaimanLipi, sans-serif; letter-spacing: 0px;\">গ) অনলাইনে আবেদনপত্রে পূরণকৃত তথ্যই যেহেতু পরবর্তী সকল কার্যক্রমে ব্যবহৃত হবে, সেহেতু অনলাইনে আবেদনপত্র Submit করার পূর্বেই পূরণকৃত সকল তথ্যের সঠিকতা সম্পর্কে প্রার্থী নিজে শতভাগ নিশ্চিত হবেন।&nbsp;</span><br></p><p style=\"margin-right: 0px; margin-left: 0px; padding: 0px; border-top-right-radius: 0px; border-bottom-right-radius: 0px;\"><span style=\"font-size: 16px; color: rgb(33, 37, 41); font-family: &quot;Roboto Condensed&quot;, SolaimanLipi, sans-serif; letter-spacing: 0px;\">ঘ) প্রার্থী অনলাইনে পূরণকৃত আবেদনপত্রের একটি প্রিন্ট কপি পরীক্ষা সংক্রান্ত যে কোন প্রয়োজনের সহায়ক হিসেবে সংরক্ষণ করবেন।</span><br></p><p style=\"margin-right: 0px; margin-left: 0px; padding: 0px; border-top-right-radius: 0px; border-bottom-right-radius: 0px;\"><span style=\"font-size: 16px; color: rgb(33, 37, 41); font-family: &quot;Roboto Condensed&quot;, SolaimanLipi, sans-serif; letter-spacing: 0px;\">ঙ) পরীক্ষার ফি জমা দেওয়ার নিয়মাবলিঃ</span><br></p><p style=\"margin-right: 0px; margin-left: 0px; padding: 0px; border-top-right-radius: 0px; border-bottom-right-radius: 0px;\"><font color=\"#212529\" face=\"Roboto Condensed, SolaimanLipi, sans-serif\"><span style=\"font-size: 16px;\">&nbsp;অনলাইন এ আবেদন করার পর আবেদনকৃত চাকরির জন্য ৪৮&nbsp; ঘণ্টার মধ্যে&nbsp; পরীক্ষার ফি অনলাইনে Ekpay এর মাধ্যমে জমা দিতে পারবেন । ৪৮&nbsp; ঘণ্টার মধ্যে জমা দিতে না পারলে আবেদনটি বাতিল হয়ে যাবে।</span></font></p>','<p style=\"margin-right: 0px; margin-left: 0px; padding: 0px; border-top-right-radius: 0px; border-bottom-right-radius: 0px; color: rgb(33, 37, 41); font-family: &quot;Roboto Condensed&quot;, SolaimanLipi, sans-serif; font-size: 16px;\">ক) এ বিজ্ঞপ্তির অধীনে আগ্রহী প্রার্থীগণকে অনলাইনে আবেদন করতে হবে। সে লক্ষ্যে http://bsc.teletalk.com.bd এই ওয়েবসাইটে বাংলাদেশ শিপিং কর্পোরেশন কর্তৃক নির্ধারিত আবেদনপত্র পূরণ করে অন লাইনে রেজিস্ট্রেশন কার্যক্রম এবং ফি জমা প্রদান করতে হবে। আবেদনের সময়সীমা নিম্নরূপঃ-</p><p style=\"margin-right: 0px; margin-left: -1px; padding: 0px; border-radius: 0px;\"><font color=\"#212529\" face=\"Roboto Condensed, SolaimanLipi, sans-serif\"><span style=\"font-size: 16px;\">&nbsp; &nbsp; • অনলাইনে আবেদনপত্র পূরণ ও পরীক্ষার ফি জমাদান শুরুর তারিখঃ&nbsp;৩</span></font><span style=\"color: rgb(33, 37, 41); font-family: &quot;Roboto Condensed&quot;, SolaimanLipi, sans-serif; font-size: 16px; letter-spacing: 0px;\">১-০</span><font color=\"#212529\" face=\"Roboto Condensed, SolaimanLipi, sans-serif\"><span style=\"font-size: 16px;\">৭</span></font><span style=\"color: rgb(33, 37, 41); font-family: &quot;Roboto Condensed&quot;, SolaimanLipi, sans-serif; font-size: 16px; letter-spacing: 0px;\">-২০</span><span style=\"color: rgb(33, 37, 41); font-family: &quot;Roboto Condensed&quot;, SolaimanLipi, sans-serif; font-size: 16px; letter-spacing: 0px;\">২</span><span style=\"color: rgb(33, 37, 41); font-family: &quot;Roboto Condensed&quot;, SolaimanLipi, sans-serif; font-size: 16px; letter-spacing: 0px;\">১ সকাল ১০.০০ টা।</span></p><p style=\"margin-right: 0px; margin-left: -1px; padding: 0px; border-radius: 0px; color: rgb(33, 37, 41); font-family: &quot;Roboto Condensed&quot;, SolaimanLipi, sans-serif; font-size: 16px;\">&nbsp; &nbsp; • অনলাইনে আবেদনপত্র পূরণ ও পরীক্ষার ফি জমাদানের শেষ তারিখঃ ৩<span style=\"letter-spacing: 0px;\">১</span>-০৮-২০<span style=\"letter-spacing: 0px;\">২</span><span style=\"letter-spacing: 0px;\">১ রাত ১২.০০ টা।</span></p><p style=\"margin-right: 0px; margin-left: -1px; padding: 0px; border-radius: 0px; color: rgb(33, 37, 41); font-family: &quot;Roboto Condensed&quot;, SolaimanLipi, sans-serif; font-size: 16px;\">উক্ত সময়ের মধ্যে User ID প্রাপ্ত প্রার্থীগণ অনলাইনে আবেদনপত্র Submit এর সময় থেকে পরবর্তী ৭২ (বাহাত্তর) ঘণ্টার মধ্যে এসএমএস এর মাধ্যমে পরীক্ষার ফি জমা দিতে পারবেন।</p><p style=\"margin-right: 0px; margin-left: -1px; padding: 0px; border-radius: 0px; color: rgb(33, 37, 41); font-family: &quot;Roboto Condensed&quot;, SolaimanLipi, sans-serif; font-size: 16px;\">খ) অনলাইনে আবেদনপত্রে প্রার্থী তার স্বাক্ষর (দৈর্ঘ্য ৩০০xপ্রস্থ ৮০ pixel. File size maximum 60 kb) ও রঙিন ছবি (দৈর্ঘ্য ৩০০xপ্রস্থ ৩০০ pixel. File size maximum 100 kb) স্ক্যান করে নির্ধারিত স্থানে আপলোড করবেন।</p><p style=\"margin-right: 0px; margin-left: -1px; padding: 0px; border-radius: 0px; color: rgb(33, 37, 41); font-family: &quot;Roboto Condensed&quot;, SolaimanLipi, sans-serif; font-size: 16px;\">গ) অনলাইনে আবেদনপত্রে পূরণকৃত তথ্যই যেহেতু পরবর্তী সকল কার্যক্রমে ব্যবহৃত হবে, সেহেতু অনলাইনে আবেদনপত্র Submit করার পূর্বেই পূরণকৃত সকল তথ্যের সঠিকতা সম্পর্কে প্রার্থী নিজে শতভাগ নিশ্চিত হবেন।&nbsp;</p><p style=\"margin-right: 0px; margin-left: -1px; padding: 0px; border-top-left-radius: 0px; border-bottom-left-radius: 0px; color: rgb(33, 37, 41); font-family: &quot;Roboto Condensed&quot;, SolaimanLipi, sans-serif; font-size: 16px;\">ঘ) প্রার্থী অনলাইনে পূরণকৃত আবেদনপত্রের একটি প্রিন্ট কপি পরীক্ষা সংক্রান্ত যে কোন প্রয়োজনের সহায়ক হিসেবে সংরক্ষণ করবেন।</p><p style=\"margin-right: 0px; margin-left: -1px; padding: 0px; border-top-left-radius: 0px; border-bottom-left-radius: 0px;\"><font color=\"#212529\" face=\"Roboto Condensed, SolaimanLipi, sans-serif\"><span style=\"font-size: 16px;\">ঙ) এসএমএস প্রেরনের নিয়মাবলি ও পরিখার ফি প্রদানঃ অনলাইন আবেদনপত্র (Application Form) যথাযথভাবে পূরণ করে নির্দেশনা মতে ছবি এবং Signature upload করে আবেদনপত্র Submit করা সম্পন্ন হলে কম্পিউটারে ছবিসহ Application preview দেখা যাবে । নির্ভুলভাবে আবেদনপত্র Submit করা সম্পন্ন হলে প্রার্থী একটি User ID, ছবি এবং স্বাক্ষরযুক্ত Application\'s copy পাবেন । উক্ত Application\'s copy প্রার্থী প্রিন্ট অথবা Download করে সংরক্ষন করবেন । Applicant\'s কপিতে একটি User ID নম্বর দেওয়া থাকবে এবং User ID নম্বর ব্যাবহার করে প্রার্থী নিম্নোক্ত পদ্ধতিতে যে কোন Teletalk pre-paid mobile নম্বরের মাধ্যমে ০২ (দুই)টি এসএমএস করে পরীক্ষার ফি বাবদ ০১ হতে ০৪ নং ক্রমিকে বর্ণিত প্রতিটি পদের জন্য ৭০০/- (সাতশত) টাকা, ০৫ হতে ০৭ নং ক্রমিকে বর্ণিত প্রতিটি পদের জন্য ৫০০/- (পাঁচশত) টাকা&nbsp; এবং ০৮ নং ক্রমিকে বর্ণিত প্রতিটি পদের জন্য ১০০/- (একশত) টাকা (অফেরতযোগ্য) অনধিক ৭২ (বাহাত্তর) ঘণ্টার মধ্যে জমা দিবেন । এখানে বিশেষভাবে উল্লেখ্য যে, \"অনলাইনে আবেদনপত্রের সকল অংশ পূরণ করে Submit করা হলেও পরীক্ষার ফি জমা না দেয়া পর্যন্ত অনলাইনে আবেদনপত্র কোন অবস্থাতেই গৃহীত হবে না ।\"</span></font></p><p style=\"margin-right: 0px; margin-left: -1px; padding: 0px; border-top-left-radius: 0px; border-bottom-left-radius: 0px;\"><font color=\"#212529\" face=\"Roboto Condensed, SolaimanLipi, sans-serif\"><span style=\"font-size: 16px;\">প্রথম SMS:BSC&lt;space&gt;User ID লিখে send করতে হবে ১৬২২২ নম্বরে ।</span></font></p><p style=\"margin-right: 0px; margin-left: -1px; padding: 0px; border-top-left-radius: 0px; border-bottom-left-radius: 0px;\"><font color=\"#212529\" face=\"Roboto Condensed, SolaimanLipi, sans-serif\"><span style=\"font-size: 16px;\">দ্বিতীয় SMS:BSC&lt;space&gt;Yes&lt;space&gt;PIN লিখে send করতে হবে ১৬২২২ নম্বরে । দ্বিতীয় SMS টি&nbsp; পাঠানোর পর ফিরতি SMS এর Password পাবেন । এই Password টি প্রবেশ পত্র Download এর জন্য সংরক্ষণ করবেন ।</span></font></p><p style=\"margin-right: 0px; margin-left: -1px; padding: 0px; border-top-left-radius: 0px; border-bottom-left-radius: 0px;\"><span style=\"font-size: 16px; color: rgb(33, 37, 41); font-family: &quot;Roboto Condensed&quot;, SolaimanLipi, sans-serif; letter-spacing: 0px;\">চ) প্রবেশপত্র প্রাপ্তির বিষয়টি http://bsc.teletalk.com.bd ওয়েবসাইটে এবং&nbsp; &nbsp;পার্থীর মোবাইল ফোনে এসএমএস এর মাধ্যমে (শুধু যোগ্য পার্থীদের) যথাসময়ে জানানো হবে । অনলাইনে আবেদনপত্রে পার্থীর&nbsp; প্রদত্ত মোবাইল ফোনে পরীক্ষা সংক্রান্ত যাবতীয় যোগাযোগ সম্পন্ন করা হবে বিধায় উক্ত নম্বরতি সারবখনিক সচল রাখা, SMS Read করা এবং প্রাপ্ত নির্দেশনা তাৎক্ষনিক অনুসরন করা বাঞ্ছনীয় ।</span><br></p><p style=\"margin-right: 0px; margin-left: -1px; padding: 0px; border-top-left-radius: 0px; border-bottom-left-radius: 0px;\"><font color=\"#212529\" face=\"Roboto Condensed, SolaimanLipi, sans-serif\"><span style=\"font-size: 16px;\">ছ) এসএমএস - এ প্রেরিত User ID এবং পাসওয়ার্ড ব্যাবহার করে পরবর্তীতে রোল নম্বর, পদের নাম, ছবি, পরীক্ষার তারিখ, সময় ও ভেনুর নাম ইত্যাদি সম্বলিত প্রবেশপত্র&nbsp; পার্থী Download পূর্বক প্রিন্ট (সম্ভব হলে রঙ্গিন) করে নিবেন । পার্থী এই&nbsp; প্রবেশপত্র লিখিত পরীক্ষায় অংশগ্রহনের সময়ে এবং উত্তীর্ণ হলে মৌখিক পরীক্ষার সময়ে অবশ্যই প্রদশন করবেন । প্রবেশ পত্র Download এর তারিখ পরবর্তী SMS এর মাধ্যমে জানানো হবে ।</span></font></p><p style=\"margin-right: 0px; margin-left: -1px; padding: 0px; border-top-left-radius: 0px; border-bottom-left-radius: 0px;\"><font color=\"#212529\" face=\"Roboto Condensed, SolaimanLipi, sans-serif\"><span style=\"font-size: 16px;\">জ)&nbsp; শুধুমাত্র টেলিটক প্রি- পেইড মোবাইল ফোন থেকে পার্থীগন নিম্নবর্ণিত এসএমএস পদ্ধতি অনুসরন করে নিজ নিজ User ID এবং&nbsp; পাসওয়ার্ড পুনরুধার করতে পারবেন ।</span></font></p><p style=\"margin-right: 0px; margin-left: -1px; padding: 0px; border-top-left-radius: 0px; border-bottom-left-radius: 0px;\"><font color=\"#212529\" face=\"Roboto Condensed, SolaimanLipi, sans-serif\"><span style=\"font-size: 16px;\">i) User ID জানা থাকলে BSC&lt;space&gt;Help&lt;space&gt;User&lt;space&gt;User ID &amp; send to 16222.</span></font></p><p style=\"margin-right: 0px; margin-left: -1px; padding: 0px; border-top-left-radius: 0px; border-bottom-left-radius: 0px;\"><font color=\"#212529\" face=\"Roboto Condensed, SolaimanLipi, sans-serif\"><span style=\"font-size: 16px;\">ii)PIN Number জানা থাকলে BSC&lt;space&gt;Help&lt;space&gt;PIN&lt;space&gt;PIN No &amp; send to 16222.</span></font></p><p style=\"margin-right: 0px; margin-left: -1px; padding: 0px; border-top-left-radius: 0px; border-bottom-left-radius: 0px;\"><font color=\"#212529\" face=\"Roboto Condensed, SolaimanLipi, sans-serif\"><span style=\"font-size: 16px;\">Example: BSC Help PIN 12345678 &amp; send to 16222.</span></font></p><div><br></div>',1,'বাংলাদেশ শিপিং কর্পোরেশন,বিএসসি ভবন, সল্টগোলা রোড, চট্টগ্রাম।',NULL,NULL,NULL,'2021-08-19 10:59:53','2021-08-22 11:55:06',NULL),(15,'একাউন্টেন্ট',NULL,0,0,18,'HR','Hr Head','/storage/uploads/dept_signatures/1/1630237442.jpg',1,'6134',4,'একাউন্টেন্ট','2021-08-19','2021-09-18','<p><font color=\"#212529\" face=\"Roboto Condensed, SolaimanLipi, sans-serif\"><span style=\"font-size: 16px;\">বাংলাদেশ শিপিং কর্পোরেশনে একাউন্টেন্ট&nbsp;এর নিম্নলিখিত শুন্য পদে সরাসরি নিয়োগের লক্ষ্যে যোগ্যতাসম্পন্ন বাংলাদেশের স্থায়ী নাগরিকদের নিকট হতে অনলাইনে দরখাস্ত আহবান করা যাচ্ছে। পূরনযোগ্য পদের নাম, শিক্ষাগত যোগ্যতা ও অন্যান্য তথ্যের বিবরণ নিম্নরূপঃ</span></font><br></p>',NULL,NULL,1,'1',1,NULL,NULL,'১৬০০০','৩৮৬৪০',1,NULL,NULL,NULL,'<p style=\"margin-right: 0px; margin-left: 0px; padding: 0px; border-top-right-radius: 0px; border-bottom-right-radius: 0px;\"><font color=\"#212529\" face=\"Roboto Condensed, SolaimanLipi, sans-serif\"><span style=\"font-size: 16px;\">ক) এ বিজ্ঞপ্তির অধীনে আগ্রহী প্রার্থীগণকে অনলাইনে আবেদন করতে হবে। সে লক্ষ্যে http://job.bsc.gov.bd এই ওয়েবসাইটে বাংলাদেশ শিপিং কর্পোরেশন কর্তৃক নির্ধারিত আবেদনপত্র পূরণ করে অন লাইনে রেজিস্ট্রেশন কার্যক্রম এবং ফি জমা প্রদান করতে হবে। আবেদনের সময়সীমা নিম্নরূপঃ-</span></font></p><p style=\"margin-right: 0px; margin-left: 0px; padding: 0px; border-top-right-radius: 0px; border-bottom-right-radius: 0px;\"><span style=\"font-size: 16px; color: rgb(33, 37, 41); font-family: &quot;Roboto Condensed&quot;, SolaimanLipi, sans-serif; letter-spacing: 0px;\">&nbsp; &nbsp; • অনলাইনে আবেদনপত্র পূরণ ও পরীক্ষার ফি জমাদান শুরুর তারিখঃ ১৯-০৮-২০২১ সকাল ১০.০০ টা।</span></p><p style=\"margin-right: 0px; margin-left: 0px; padding: 0px; border-top-right-radius: 0px; border-bottom-right-radius: 0px;\"><font color=\"#212529\" face=\"Roboto Condensed, SolaimanLipi, sans-serif\"><span style=\"font-size: 16px;\">&nbsp; &nbsp; • অনলাইনে আবেদনপত্র পূরণ ও পরীক্ষার ফি জমাদানের শেষ তারিখঃ ১৮-০৯-২০২১ রাত ১২.০০ টা।</span></font></p><p style=\"margin-right: 0px; margin-left: 0px; padding: 0px; border-top-right-radius: 0px; border-bottom-right-radius: 0px;\"><span style=\"font-size: 16px; color: rgb(33, 37, 41); font-family: &quot;Roboto Condensed&quot;, SolaimanLipi, sans-serif; letter-spacing: 0px;\">উক্ত সময়ের মধ্যে User ইমেইল ও পাসওয়ার্ড&nbsp; এর মাধ্যমে লগিন করে প্রাপ্ত প্রার্থীগণ অনলাইনে আবেদনপত্র Submit এর সময় থেকে পরবর্তী ৪৮&nbsp; ঘণ্টার মধ্যে&nbsp; পরীক্ষার ফি জমা দিতে পারবেন। প্রার্থীগণ নতুন হলে অবশই আগে রেজিস্ট্রেশান করে নিতে হবে ।</span><br></p><p style=\"margin-right: 0px; margin-left: 0px; padding: 0px; border-top-right-radius: 0px; border-bottom-right-radius: 0px;\"><span style=\"font-size: 16px; color: rgb(33, 37, 41); font-family: &quot;Roboto Condensed&quot;, SolaimanLipi, sans-serif; letter-spacing: 0px;\">খ) অনলাইনে আবেদনপত্রে প্রার্থী তার বিস্তারিত তথ্য, স্বাক্ষর (দৈর্ঘ্য ৩০০xপ্রস্থ ৮০ pixel. File size maximum 60 kb) ও রঙিন ছবি (দৈর্ঘ্য ৩০০xপ্রস্থ ৩০০ pixel. File size maximum 100 kb) স্ক্যান করে নির্ধারিত স্থানে আপলোড করবেন।</span><br></p><p style=\"margin-right: 0px; margin-left: 0px; padding: 0px; border-top-right-radius: 0px; border-bottom-right-radius: 0px;\"><span style=\"font-size: 16px; color: rgb(33, 37, 41); font-family: &quot;Roboto Condensed&quot;, SolaimanLipi, sans-serif; letter-spacing: 0px;\">গ) অনলাইনে আবেদনপত্রে পূরণকৃত তথ্যই যেহেতু পরবর্তী সকল কার্যক্রমে ব্যবহৃত হবে, সেহেতু অনলাইনে আবেদনপত্র Submit করার পূর্বেই পূরণকৃত সকল তথ্যের সঠিকতা সম্পর্কে প্রার্থী নিজে শতভাগ নিশ্চিত হবেন।&nbsp;</span><br></p><p style=\"margin-right: 0px; margin-left: 0px; padding: 0px; border-top-right-radius: 0px; border-bottom-right-radius: 0px;\"><span style=\"font-size: 16px; color: rgb(33, 37, 41); font-family: &quot;Roboto Condensed&quot;, SolaimanLipi, sans-serif; letter-spacing: 0px;\">ঘ) প্রার্থী অনলাইনে পূরণকৃত আবেদনপত্রের একটি প্রিন্ট কপি পরীক্ষা সংক্রান্ত যে কোন প্রয়োজনের সহায়ক হিসেবে সংরক্ষণ করবেন।</span><br></p><p style=\"margin-right: 0px; margin-left: 0px; padding: 0px; border-top-right-radius: 0px; border-bottom-right-radius: 0px;\"><span style=\"font-size: 16px; color: rgb(33, 37, 41); font-family: &quot;Roboto Condensed&quot;, SolaimanLipi, sans-serif; letter-spacing: 0px;\">ঙ) পরীক্ষার ফি জমা দেওয়ার নিয়মাবলিঃ</span><br></p><p style=\"margin-right: 0px; margin-left: 0px; padding: 0px; border-top-right-radius: 0px; border-bottom-right-radius: 0px;\"><font color=\"#212529\" face=\"Roboto Condensed, SolaimanLipi, sans-serif\"><span style=\"font-size: 16px;\">&nbsp;অনলাইন এ আবেদন করার পর আবেদনকৃত চাকরির জন্য ৪৮&nbsp; ঘণ্টার মধ্যে&nbsp; পরীক্ষার ফি অনলাইনে Ekpay এর মাধ্যমে জমা দিতে পারবেন । ৪৮&nbsp; ঘণ্টার মধ্যে জমা দিতে না পারলে আবেদনটি বাতিল হয়ে যাবে।</span></font></p>','<p style=\"margin-right: 0px; margin-left: 0px; padding: 0px; border-top-right-radius: 0px; border-bottom-right-radius: 0px; color: rgb(33, 37, 41); font-family: &quot;Roboto Condensed&quot;, SolaimanLipi, sans-serif; font-size: 16px;\">ক) এ বিজ্ঞপ্তির অধীনে আগ্রহী প্রার্থীগণকে অনলাইনে আবেদন করতে হবে। সে লক্ষ্যে http://bsc.teletalk.com.bd এই ওয়েবসাইটে বাংলাদেশ শিপিং কর্পোরেশন কর্তৃক নির্ধারিত আবেদনপত্র পূরণ করে অন লাইনে রেজিস্ট্রেশন কার্যক্রম এবং ফি জমা প্রদান করতে হবে। আবেদনের সময়সীমা নিম্নরূপঃ-</p><p style=\"margin-right: 0px; margin-left: -1px; padding: 0px; border-radius: 0px;\"><font color=\"#212529\" face=\"Roboto Condensed, SolaimanLipi, sans-serif\" style=\"color: rgb(33, 37, 41); font-family: &quot;Roboto Condensed&quot;, SolaimanLipi, sans-serif; font-size: 16px; margin: 0px; padding: 0px;\">&nbsp; &nbsp; • অনলাইনে আবেদনপত্র পূরণ ও পরীক্ষার ফি জমাদান শুরুর তারিখঃ&nbsp;</font><span style=\"margin: 0px; padding: 0px;\"><font color=\"#212529\" face=\"Roboto Condensed, SolaimanLipi, sans-serif\"><span style=\"font-size: 16px;\">১৯</span><span style=\"font-size: 16px; letter-spacing: 0px;\">-</span></font></span><span style=\"color: rgb(33, 37, 41); font-family: &quot;Roboto Condensed&quot;, SolaimanLipi, sans-serif; font-size: 16px; margin: 0px; padding: 0px; letter-spacing: 0px;\">০৮-২০</span><span style=\"color: rgb(33, 37, 41); font-family: &quot;Roboto Condensed&quot;, SolaimanLipi, sans-serif; font-size: 16px; margin: 0px; padding: 0px; letter-spacing: 0px;\">২</span><span style=\"color: rgb(33, 37, 41); font-family: &quot;Roboto Condensed&quot;, SolaimanLipi, sans-serif; font-size: 16px; margin: 0px; padding: 0px; letter-spacing: 0px;\">১ সকাল ১০.০০ টা।</span></p><p style=\"margin-right: 0px; margin-left: -1px; padding: 0px; border-radius: 0px;\"><font color=\"#212529\" face=\"Roboto Condensed, SolaimanLipi, sans-serif\"><span style=\"font-size: 16px;\">&nbsp; &nbsp; • অনলাইনে আবেদনপত্র পূরণ ও পরীক্ষার ফি জমাদানের শেষ তারিখঃ ১৮-০৯-২০</span></font><span style=\"color: rgb(33, 37, 41); font-family: &quot;Roboto Condensed&quot;, SolaimanLipi, sans-serif; font-size: 16px; margin: 0px; padding: 0px; letter-spacing: 0px;\">২</span><span style=\"color: rgb(33, 37, 41); font-family: &quot;Roboto Condensed&quot;, SolaimanLipi, sans-serif; font-size: 16px; margin: 0px; padding: 0px; letter-spacing: 0px;\">১ রাত ১২.০০ টা।</span></p><p style=\"margin-right: 0px; margin-left: -1px; padding: 0px; border-radius: 0px; color: rgb(33, 37, 41); font-family: &quot;Roboto Condensed&quot;, SolaimanLipi, sans-serif; font-size: 16px;\">উক্ত সময়ের মধ্যে User ID প্রাপ্ত প্রার্থীগণ অনলাইনে আবেদনপত্র Submit এর সময় থেকে পরবর্তী ৭২ (বাহাত্তর) ঘণ্টার মধ্যে এসএমএস এর মাধ্যমে পরীক্ষার ফি জমা দিতে পারবেন।</p><p style=\"margin-right: 0px; margin-left: -1px; padding: 0px; border-radius: 0px; color: rgb(33, 37, 41); font-family: &quot;Roboto Condensed&quot;, SolaimanLipi, sans-serif; font-size: 16px;\">খ) অনলাইনে আবেদনপত্রে প্রার্থী তার স্বাক্ষর (দৈর্ঘ্য ৩০০xপ্রস্থ ৮০ pixel. File size maximum 60 kb) ও রঙিন ছবি (দৈর্ঘ্য ৩০০xপ্রস্থ ৩০০ pixel. File size maximum 100 kb) স্ক্যান করে নির্ধারিত স্থানে আপলোড করবেন।</p><p style=\"margin-right: 0px; margin-left: -1px; padding: 0px; border-radius: 0px; color: rgb(33, 37, 41); font-family: &quot;Roboto Condensed&quot;, SolaimanLipi, sans-serif; font-size: 16px;\">গ) অনলাইনে আবেদনপত্রে পূরণকৃত তথ্যই যেহেতু পরবর্তী সকল কার্যক্রমে ব্যবহৃত হবে, সেহেতু অনলাইনে আবেদনপত্র Submit করার পূর্বেই পূরণকৃত সকল তথ্যের সঠিকতা সম্পর্কে প্রার্থী নিজে শতভাগ নিশ্চিত হবেন।&nbsp;</p><p style=\"margin-right: 0px; margin-left: -1px; padding: 0px; border-radius: 0px; color: rgb(33, 37, 41); font-family: &quot;Roboto Condensed&quot;, SolaimanLipi, sans-serif; font-size: 16px;\">ঘ) প্রার্থী অনলাইনে পূরণকৃত আবেদনপত্রের একটি প্রিন্ট কপি পরীক্ষা সংক্রান্ত যে কোন প্রয়োজনের সহায়ক হিসেবে সংরক্ষণ করবেন।</p><p style=\"margin-right: 0px; margin-left: -1px; padding: 0px; border-radius: 0px; color: rgb(33, 37, 41); font-family: &quot;Roboto Condensed&quot;, SolaimanLipi, sans-serif; font-size: 16px;\"><font color=\"#212529\" face=\"Roboto Condensed, SolaimanLipi, sans-serif\" style=\"margin: 0px; padding: 0px;\">ঙ) এসএমএস প্রেরনের নিয়মাবলি ও পরিখার ফি প্রদানঃ অনলাইন আবেদনপত্র (Application Form) যথাযথভাবে পূরণ করে নির্দেশনা মতে ছবি এবং Signature upload করে আবেদনপত্র Submit করা সম্পন্ন হলে কম্পিউটারে ছবিসহ Application preview দেখা যাবে । নির্ভুলভাবে আবেদনপত্র Submit করা সম্পন্ন হলে প্রার্থী একটি User ID, ছবি এবং স্বাক্ষরযুক্ত Application\'s copy পাবেন । উক্ত Application\'s copy প্রার্থী প্রিন্ট অথবা Download করে সংরক্ষন করবেন । Applicant\'s কপিতে একটি User ID নম্বর দেওয়া থাকবে এবং User ID নম্বর ব্যাবহার করে প্রার্থী নিম্নোক্ত পদ্ধতিতে যে কোন Teletalk pre-paid mobile নম্বরের মাধ্যমে ০২ (দুই)টি এসএমএস করে পরীক্ষার ফি বাবদ ০১ হতে ০৪ নং ক্রমিকে বর্ণিত প্রতিটি পদের জন্য ৭০০/- (সাতশত) টাকা, ০৫ হতে ০৭ নং ক্রমিকে বর্ণিত প্রতিটি পদের জন্য ৫০০/- (পাঁচশত) টাকা&nbsp; এবং ০৮ নং ক্রমিকে বর্ণিত প্রতিটি পদের জন্য ১০০/- (একশত) টাকা (অফেরতযোগ্য) অনধিক ৭২ (বাহাত্তর) ঘণ্টার মধ্যে জমা দিবেন । এখানে বিশেষভাবে উল্লেখ্য যে, \"অনলাইনে আবেদনপত্রের সকল অংশ পূরণ করে Submit করা হলেও পরীক্ষার ফি জমা না দেয়া পর্যন্ত অনলাইনে আবেদনপত্র কোন অবস্থাতেই গৃহীত হবে না ।\"</font></p><p style=\"margin-right: 0px; margin-left: -1px; padding: 0px; border-radius: 0px; color: rgb(33, 37, 41); font-family: &quot;Roboto Condensed&quot;, SolaimanLipi, sans-serif; font-size: 16px;\"><font color=\"#212529\" face=\"Roboto Condensed, SolaimanLipi, sans-serif\" style=\"margin: 0px; padding: 0px;\">প্রথম SMS:BSC&lt;space&gt;User ID লিখে send করতে হবে ১৬২২২ নম্বরে ।</font></p><p style=\"margin-right: 0px; margin-left: -1px; padding: 0px; border-radius: 0px; color: rgb(33, 37, 41); font-family: &quot;Roboto Condensed&quot;, SolaimanLipi, sans-serif; font-size: 16px;\"><font color=\"#212529\" face=\"Roboto Condensed, SolaimanLipi, sans-serif\" style=\"margin: 0px; padding: 0px;\">দ্বিতীয় SMS:BSC&lt;space&gt;Yes&lt;space&gt;PIN লিখে send করতে হবে ১৬২২২ নম্বরে । দ্বিতীয় SMS টি&nbsp; পাঠানোর পর ফিরতি SMS এর Password পাবেন । এই Password টি প্রবেশ পত্র Download এর জন্য সংরক্ষণ করবেন ।</font></p><p style=\"margin-right: 0px; margin-left: -1px; padding: 0px; border-radius: 0px; color: rgb(33, 37, 41); font-family: &quot;Roboto Condensed&quot;, SolaimanLipi, sans-serif; font-size: 16px;\"><span style=\"margin: 0px; padding: 0px; letter-spacing: 0px;\">চ) প্রবেশপত্র প্রাপ্তির বিষয়টি http://bsc.teletalk.com.bd ওয়েবসাইটে এবং&nbsp; &nbsp;পার্থীর মোবাইল ফোনে এসএমএস এর মাধ্যমে (শুধু যোগ্য পার্থীদের) যথাসময়ে জানানো হবে । অনলাইনে আবেদনপত্রে পার্থীর&nbsp; প্রদত্ত মোবাইল ফোনে পরীক্ষা সংক্রান্ত যাবতীয় যোগাযোগ সম্পন্ন করা হবে বিধায় উক্ত নম্বরতি সারবখনিক সচল রাখা, SMS Read করা এবং প্রাপ্ত নির্দেশনা তাৎক্ষনিক অনুসরন করা বাঞ্ছনীয় ।</span><br style=\"margin: 0px; padding: 0px;\"></p><p style=\"margin-right: 0px; margin-left: -1px; padding: 0px; border-radius: 0px; color: rgb(33, 37, 41); font-family: &quot;Roboto Condensed&quot;, SolaimanLipi, sans-serif; font-size: 16px;\"><font color=\"#212529\" face=\"Roboto Condensed, SolaimanLipi, sans-serif\" style=\"margin: 0px; padding: 0px;\">ছ) এসএমএস - এ প্রেরিত User ID এবং পাসওয়ার্ড ব্যাবহার করে পরবর্তীতে রোল নম্বর, পদের নাম, ছবি, পরীক্ষার তারিখ, সময় ও ভেনুর নাম ইত্যাদি সম্বলিত প্রবেশপত্র&nbsp; পার্থী Download পূর্বক প্রিন্ট (সম্ভব হলে রঙ্গিন) করে নিবেন । পার্থী এই&nbsp; প্রবেশপত্র লিখিত পরীক্ষায় অংশগ্রহনের সময়ে এবং উত্তীর্ণ হলে মৌখিক পরীক্ষার সময়ে অবশ্যই প্রদশন করবেন । প্রবেশ পত্র Download এর তারিখ পরবর্তী SMS এর মাধ্যমে জানানো হবে ।</font></p><p style=\"margin-right: 0px; margin-left: -1px; padding: 0px; border-radius: 0px; color: rgb(33, 37, 41); font-family: &quot;Roboto Condensed&quot;, SolaimanLipi, sans-serif; font-size: 16px;\"><font color=\"#212529\" face=\"Roboto Condensed, SolaimanLipi, sans-serif\" style=\"margin: 0px; padding: 0px;\">জ)&nbsp; শুধুমাত্র টেলিটক প্রি- পেইড মোবাইল ফোন থেকে পার্থীগন নিম্নবর্ণিত এসএমএস পদ্ধতি অনুসরন করে নিজ নিজ User ID এবং&nbsp; পাসওয়ার্ড পুনরুধার করতে পারবেন ।</font></p><p style=\"margin-right: 0px; margin-left: -1px; padding: 0px; border-radius: 0px; color: rgb(33, 37, 41); font-family: &quot;Roboto Condensed&quot;, SolaimanLipi, sans-serif; font-size: 16px;\"><font color=\"#212529\" face=\"Roboto Condensed, SolaimanLipi, sans-serif\" style=\"margin: 0px; padding: 0px;\">i) User ID জানা থাকলে BSC&lt;space&gt;Help&lt;space&gt;User&lt;space&gt;User ID &amp; send to 16222.</font></p><p style=\"margin-right: 0px; margin-left: -1px; padding: 0px; border-radius: 0px; color: rgb(33, 37, 41); font-family: &quot;Roboto Condensed&quot;, SolaimanLipi, sans-serif; font-size: 16px;\"><font color=\"#212529\" face=\"Roboto Condensed, SolaimanLipi, sans-serif\" style=\"margin: 0px; padding: 0px;\">ii)PIN Number জানা থাকলে BSC&lt;space&gt;Help&lt;space&gt;PIN&lt;space&gt;PIN No &amp; send to 16222.</font></p><p style=\"margin-right: 0px; margin-left: -1px; padding: 0px; border-radius: 0px; color: rgb(33, 37, 41); font-family: &quot;Roboto Condensed&quot;, SolaimanLipi, sans-serif; font-size: 16px;\"><font color=\"#212529\" face=\"Roboto Condensed, SolaimanLipi, sans-serif\" style=\"margin: 0px; padding: 0px;\">Example: BSC Help PIN 12345678 &amp; send to 16222.</font></p>',1,'বাংলাদেশ শিপিং কর্পোরেশন,বিএসসি ভবন, সল্টগোলা রোড, চট্টগ্রাম।',NULL,NULL,NULL,'2021-08-19 11:20:38','2021-08-29 17:45:59',NULL),(16,'অডিটর',NULL,0,0,19,NULL,NULL,NULL,NULL,'6954',2,'অডিটর','2021-08-19','2021-09-18','<p><font color=\"#212529\" face=\"Roboto Condensed, SolaimanLipi, sans-serif\"><span style=\"font-size: 16px;\">বাংলাদেশ শিপিং কর্পোরেশনে অডিটর&nbsp;এর নিম্নলিখিত শুন্য পদে সরাসরি নিয়োগের লক্ষ্যে যোগ্যতাসম্পন্ন বাংলাদেশের স্থায়ী নাগরিকদের নিকট হতে অনলাইনে দরখাস্ত আহবান করা যাচ্ছে। পূরনযোগ্য পদের নাম, শিক্ষাগত যোগ্যতা ও অন্যান্য তথ্যের বিবরণ নিম্নরূপঃ</span></font><br></p>',NULL,NULL,1,'1',1,NULL,NULL,'১৬০০০','৩৮৬৪০',1,NULL,NULL,NULL,'<p style=\"margin-right: 0px; margin-left: 0px; padding: 0px; border-top-right-radius: 0px; border-bottom-right-radius: 0px;\"><font color=\"#212529\" face=\"Roboto Condensed, SolaimanLipi, sans-serif\"><span style=\"font-size: 16px;\">ক) এ বিজ্ঞপ্তির অধীনে আগ্রহী প্রার্থীগণকে অনলাইনে আবেদন করতে হবে। সে লক্ষ্যে http://job.bsc.gov.bd এই ওয়েবসাইটে বাংলাদেশ শিপিং কর্পোরেশন কর্তৃক নির্ধারিত আবেদনপত্র পূরণ করে অন লাইনে রেজিস্ট্রেশন কার্যক্রম এবং ফি জমা প্রদান করতে হবে। আবেদনের সময়সীমা নিম্নরূপঃ-</span></font></p><p style=\"margin-right: 0px; margin-left: 0px; padding: 0px; border-top-right-radius: 0px; border-bottom-right-radius: 0px;\"><span style=\"font-size: 16px; color: rgb(33, 37, 41); font-family: &quot;Roboto Condensed&quot;, SolaimanLipi, sans-serif; letter-spacing: 0px;\">&nbsp; &nbsp; • অনলাইনে আবেদনপত্র পূরণ ও পরীক্ষার ফি জমাদান শুরুর তারিখঃ ১৯-০৮-২০২১ সকাল ১০.০০ টা।</span></p><p style=\"margin-right: 0px; margin-left: 0px; padding: 0px; border-top-right-radius: 0px; border-bottom-right-radius: 0px;\"><font color=\"#212529\" face=\"Roboto Condensed, SolaimanLipi, sans-serif\"><span style=\"font-size: 16px;\">&nbsp; &nbsp; • অনলাইনে আবেদনপত্র পূরণ ও পরীক্ষার ফি জমাদানের শেষ তারিখঃ ১৮-০৯-২০২১ রাত ১২.০০ টা।</span></font></p><p style=\"margin-right: 0px; margin-left: 0px; padding: 0px; border-top-right-radius: 0px; border-bottom-right-radius: 0px;\"><span style=\"font-size: 16px; color: rgb(33, 37, 41); font-family: &quot;Roboto Condensed&quot;, SolaimanLipi, sans-serif; letter-spacing: 0px;\">উক্ত সময়ের মধ্যে User ইমেইল ও পাসওয়ার্ড&nbsp; এর মাধ্যমে লগিন করে প্রাপ্ত প্রার্থীগণ অনলাইনে আবেদনপত্র Submit এর সময় থেকে পরবর্তী ৪৮&nbsp; ঘণ্টার মধ্যে&nbsp; পরীক্ষার ফি জমা দিতে পারবেন। প্রার্থীগণ নতুন হলে অবশই আগে রেজিস্ট্রেশান করে নিতে হবে ।</span><br></p><p style=\"margin-right: 0px; margin-left: 0px; padding: 0px; border-top-right-radius: 0px; border-bottom-right-radius: 0px;\"><span style=\"font-size: 16px; color: rgb(33, 37, 41); font-family: &quot;Roboto Condensed&quot;, SolaimanLipi, sans-serif; letter-spacing: 0px;\">খ) অনলাইনে আবেদনপত্রে প্রার্থী তার বিস্তারিত তথ্য, স্বাক্ষর (দৈর্ঘ্য ৩০০xপ্রস্থ ৮০ pixel. File size maximum 60 kb) ও রঙিন ছবি (দৈর্ঘ্য ৩০০xপ্রস্থ ৩০০ pixel. File size maximum 100 kb) স্ক্যান করে নির্ধারিত স্থানে আপলোড করবেন।</span><br></p><p style=\"margin-right: 0px; margin-left: 0px; padding: 0px; border-top-right-radius: 0px; border-bottom-right-radius: 0px;\"><span style=\"font-size: 16px; color: rgb(33, 37, 41); font-family: &quot;Roboto Condensed&quot;, SolaimanLipi, sans-serif; letter-spacing: 0px;\">গ) অনলাইনে আবেদনপত্রে পূরণকৃত তথ্যই যেহেতু পরবর্তী সকল কার্যক্রমে ব্যবহৃত হবে, সেহেতু অনলাইনে আবেদনপত্র Submit করার পূর্বেই পূরণকৃত সকল তথ্যের সঠিকতা সম্পর্কে প্রার্থী নিজে শতভাগ নিশ্চিত হবেন।&nbsp;</span><br></p><p style=\"margin-right: 0px; margin-left: 0px; padding: 0px; border-top-right-radius: 0px; border-bottom-right-radius: 0px;\"><span style=\"font-size: 16px; color: rgb(33, 37, 41); font-family: &quot;Roboto Condensed&quot;, SolaimanLipi, sans-serif; letter-spacing: 0px;\">ঘ) প্রার্থী অনলাইনে পূরণকৃত আবেদনপত্রের একটি প্রিন্ট কপি পরীক্ষা সংক্রান্ত যে কোন প্রয়োজনের সহায়ক হিসেবে সংরক্ষণ করবেন।</span><br></p><p style=\"margin-right: 0px; margin-left: 0px; padding: 0px; border-top-right-radius: 0px; border-bottom-right-radius: 0px;\"><span style=\"font-size: 16px; color: rgb(33, 37, 41); font-family: &quot;Roboto Condensed&quot;, SolaimanLipi, sans-serif; letter-spacing: 0px;\">ঙ) পরীক্ষার ফি জমা দেওয়ার নিয়মাবলিঃ</span><br></p><p style=\"margin-right: 0px; margin-left: 0px; padding: 0px; border-top-right-radius: 0px; border-bottom-right-radius: 0px;\"><font color=\"#212529\" face=\"Roboto Condensed, SolaimanLipi, sans-serif\"><span style=\"font-size: 16px;\">&nbsp;অনলাইন এ আবেদন করার পর আবেদনকৃত চাকরির জন্য ৪৮&nbsp; ঘণ্টার মধ্যে&nbsp; পরীক্ষার ফি অনলাইনে Ekpay এর মাধ্যমে জমা দিতে পারবেন । ৪৮&nbsp; ঘণ্টার মধ্যে জমা দিতে না পারলে আবেদনটি বাতিল হয়ে যাবে।</span></font></p>','<p style=\"margin-right: 0px; margin-left: 0px; padding: 0px; border-top-right-radius: 0px; border-bottom-right-radius: 0px; color: rgb(33, 37, 41); font-family: &quot;Roboto Condensed&quot;, SolaimanLipi, sans-serif; font-size: 16px;\">ক) এ বিজ্ঞপ্তির অধীনে আগ্রহী প্রার্থীগণকে অনলাইনে আবেদন করতে হবে। সে লক্ষ্যে http://bsc.teletalk.com.bd এই ওয়েবসাইটে বাংলাদেশ শিপিং কর্পোরেশন কর্তৃক নির্ধারিত আবেদনপত্র পূরণ করে অন লাইনে রেজিস্ট্রেশন কার্যক্রম এবং ফি জমা প্রদান করতে হবে। আবেদনের সময়সীমা নিম্নরূপঃ-</p><p style=\"margin-right: 0px; margin-left: -1px; padding: 0px; border-radius: 0px;\"><font color=\"#212529\" face=\"Roboto Condensed, SolaimanLipi, sans-serif\" style=\"color: rgb(33, 37, 41); font-family: &quot;Roboto Condensed&quot;, SolaimanLipi, sans-serif; font-size: 16px; margin: 0px; padding: 0px;\">&nbsp; &nbsp; • অনলাইনে আবেদনপত্র পূরণ ও পরীক্ষার ফি জমাদান শুরুর তারিখঃ&nbsp;</font><span style=\"margin: 0px; padding: 0px;\"><font color=\"#212529\" face=\"Roboto Condensed, SolaimanLipi, sans-serif\"><span style=\"font-size: 16px;\">১৯</span><span style=\"font-size: 16px; letter-spacing: 0px;\">-</span></font></span><span style=\"color: rgb(33, 37, 41); font-family: &quot;Roboto Condensed&quot;, SolaimanLipi, sans-serif; font-size: 16px; margin: 0px; padding: 0px; letter-spacing: 0px;\">০৮-২০</span><span style=\"color: rgb(33, 37, 41); font-family: &quot;Roboto Condensed&quot;, SolaimanLipi, sans-serif; font-size: 16px; margin: 0px; padding: 0px; letter-spacing: 0px;\">২</span><span style=\"color: rgb(33, 37, 41); font-family: &quot;Roboto Condensed&quot;, SolaimanLipi, sans-serif; font-size: 16px; margin: 0px; padding: 0px; letter-spacing: 0px;\">১ সকাল ১০.০০ টা।</span></p><p style=\"margin-right: 0px; margin-left: -1px; padding: 0px; border-radius: 0px;\"><font color=\"#212529\" face=\"Roboto Condensed, SolaimanLipi, sans-serif\"><span style=\"font-size: 16px;\">&nbsp; &nbsp; • অনলাইনে আবেদনপত্র পূরণ ও পরীক্ষার ফি জমাদানের শেষ তারিখঃ ১৮-০৯-২০</span></font><span style=\"color: rgb(33, 37, 41); font-family: &quot;Roboto Condensed&quot;, SolaimanLipi, sans-serif; font-size: 16px; margin: 0px; padding: 0px; letter-spacing: 0px;\">২</span><span style=\"color: rgb(33, 37, 41); font-family: &quot;Roboto Condensed&quot;, SolaimanLipi, sans-serif; font-size: 16px; margin: 0px; padding: 0px; letter-spacing: 0px;\">১ রাত ১২.০০ টা।</span></p><p style=\"margin-right: 0px; margin-left: -1px; padding: 0px; border-radius: 0px; color: rgb(33, 37, 41); font-family: &quot;Roboto Condensed&quot;, SolaimanLipi, sans-serif; font-size: 16px;\">উক্ত সময়ের মধ্যে User ID প্রাপ্ত প্রার্থীগণ অনলাইনে আবেদনপত্র Submit এর সময় থেকে পরবর্তী ৭২ (বাহাত্তর) ঘণ্টার মধ্যে এসএমএস এর মাধ্যমে পরীক্ষার ফি জমা দিতে পারবেন।</p><p style=\"margin-right: 0px; margin-left: -1px; padding: 0px; border-radius: 0px; color: rgb(33, 37, 41); font-family: &quot;Roboto Condensed&quot;, SolaimanLipi, sans-serif; font-size: 16px;\">খ) অনলাইনে আবেদনপত্রে প্রার্থী তার স্বাক্ষর (দৈর্ঘ্য ৩০০xপ্রস্থ ৮০ pixel. File size maximum 60 kb) ও রঙিন ছবি (দৈর্ঘ্য ৩০০xপ্রস্থ ৩০০ pixel. File size maximum 100 kb) স্ক্যান করে নির্ধারিত স্থানে আপলোড করবেন।</p><p style=\"margin-right: 0px; margin-left: -1px; padding: 0px; border-radius: 0px; color: rgb(33, 37, 41); font-family: &quot;Roboto Condensed&quot;, SolaimanLipi, sans-serif; font-size: 16px;\">গ) অনলাইনে আবেদনপত্রে পূরণকৃত তথ্যই যেহেতু পরবর্তী সকল কার্যক্রমে ব্যবহৃত হবে, সেহেতু অনলাইনে আবেদনপত্র Submit করার পূর্বেই পূরণকৃত সকল তথ্যের সঠিকতা সম্পর্কে প্রার্থী নিজে শতভাগ নিশ্চিত হবেন।&nbsp;</p><p style=\"margin-right: 0px; margin-left: -1px; padding: 0px; border-radius: 0px; color: rgb(33, 37, 41); font-family: &quot;Roboto Condensed&quot;, SolaimanLipi, sans-serif; font-size: 16px;\">ঘ) প্রার্থী অনলাইনে পূরণকৃত আবেদনপত্রের একটি প্রিন্ট কপি পরীক্ষা সংক্রান্ত যে কোন প্রয়োজনের সহায়ক হিসেবে সংরক্ষণ করবেন।</p><p style=\"margin-right: 0px; margin-left: -1px; padding: 0px; border-radius: 0px; color: rgb(33, 37, 41); font-family: &quot;Roboto Condensed&quot;, SolaimanLipi, sans-serif; font-size: 16px;\"><font color=\"#212529\" face=\"Roboto Condensed, SolaimanLipi, sans-serif\" style=\"margin: 0px; padding: 0px;\">ঙ) এসএমএস প্রেরনের নিয়মাবলি ও পরিখার ফি প্রদানঃ অনলাইন আবেদনপত্র (Application Form) যথাযথভাবে পূরণ করে নির্দেশনা মতে ছবি এবং Signature upload করে আবেদনপত্র Submit করা সম্পন্ন হলে কম্পিউটারে ছবিসহ Application preview দেখা যাবে । নির্ভুলভাবে আবেদনপত্র Submit করা সম্পন্ন হলে প্রার্থী একটি User ID, ছবি এবং স্বাক্ষরযুক্ত Application\'s copy পাবেন । উক্ত Application\'s copy প্রার্থী প্রিন্ট অথবা Download করে সংরক্ষন করবেন । Applicant\'s কপিতে একটি User ID নম্বর দেওয়া থাকবে এবং User ID নম্বর ব্যাবহার করে প্রার্থী নিম্নোক্ত পদ্ধতিতে যে কোন Teletalk pre-paid mobile নম্বরের মাধ্যমে ০২ (দুই)টি এসএমএস করে পরীক্ষার ফি বাবদ ০১ হতে ০৪ নং ক্রমিকে বর্ণিত প্রতিটি পদের জন্য ৭০০/- (সাতশত) টাকা, ০৫ হতে ০৭ নং ক্রমিকে বর্ণিত প্রতিটি পদের জন্য ৫০০/- (পাঁচশত) টাকা&nbsp; এবং ০৮ নং ক্রমিকে বর্ণিত প্রতিটি পদের জন্য ১০০/- (একশত) টাকা (অফেরতযোগ্য) অনধিক ৭২ (বাহাত্তর) ঘণ্টার মধ্যে জমা দিবেন । এখানে বিশেষভাবে উল্লেখ্য যে, \"অনলাইনে আবেদনপত্রের সকল অংশ পূরণ করে Submit করা হলেও পরীক্ষার ফি জমা না দেয়া পর্যন্ত অনলাইনে আবেদনপত্র কোন অবস্থাতেই গৃহীত হবে না ।\"</font></p><p style=\"margin-right: 0px; margin-left: -1px; padding: 0px; border-radius: 0px; color: rgb(33, 37, 41); font-family: &quot;Roboto Condensed&quot;, SolaimanLipi, sans-serif; font-size: 16px;\"><font color=\"#212529\" face=\"Roboto Condensed, SolaimanLipi, sans-serif\" style=\"margin: 0px; padding: 0px;\">প্রথম SMS:BSC&lt;space&gt;User ID লিখে send করতে হবে ১৬২২২ নম্বরে ।</font></p><p style=\"margin-right: 0px; margin-left: -1px; padding: 0px; border-radius: 0px; color: rgb(33, 37, 41); font-family: &quot;Roboto Condensed&quot;, SolaimanLipi, sans-serif; font-size: 16px;\"><font color=\"#212529\" face=\"Roboto Condensed, SolaimanLipi, sans-serif\" style=\"margin: 0px; padding: 0px;\">দ্বিতীয় SMS:BSC&lt;space&gt;Yes&lt;space&gt;PIN লিখে send করতে হবে ১৬২২২ নম্বরে । দ্বিতীয় SMS টি&nbsp; পাঠানোর পর ফিরতি SMS এর Password পাবেন । এই Password টি প্রবেশ পত্র Download এর জন্য সংরক্ষণ করবেন ।</font></p><p style=\"margin-right: 0px; margin-left: -1px; padding: 0px; border-radius: 0px; color: rgb(33, 37, 41); font-family: &quot;Roboto Condensed&quot;, SolaimanLipi, sans-serif; font-size: 16px;\"><span style=\"margin: 0px; padding: 0px; letter-spacing: 0px;\">চ) প্রবেশপত্র প্রাপ্তির বিষয়টি http://bsc.teletalk.com.bd ওয়েবসাইটে এবং&nbsp; &nbsp;পার্থীর মোবাইল ফোনে এসএমএস এর মাধ্যমে (শুধু যোগ্য পার্থীদের) যথাসময়ে জানানো হবে । অনলাইনে আবেদনপত্রে পার্থীর&nbsp; প্রদত্ত মোবাইল ফোনে পরীক্ষা সংক্রান্ত যাবতীয় যোগাযোগ সম্পন্ন করা হবে বিধায় উক্ত নম্বরতি সারবখনিক সচল রাখা, SMS Read করা এবং প্রাপ্ত নির্দেশনা তাৎক্ষনিক অনুসরন করা বাঞ্ছনীয় ।</span><br style=\"margin: 0px; padding: 0px;\"></p><p style=\"margin-right: 0px; margin-left: -1px; padding: 0px; border-radius: 0px; color: rgb(33, 37, 41); font-family: &quot;Roboto Condensed&quot;, SolaimanLipi, sans-serif; font-size: 16px;\"><font color=\"#212529\" face=\"Roboto Condensed, SolaimanLipi, sans-serif\" style=\"margin: 0px; padding: 0px;\">ছ) এসএমএস - এ প্রেরিত User ID এবং পাসওয়ার্ড ব্যাবহার করে পরবর্তীতে রোল নম্বর, পদের নাম, ছবি, পরীক্ষার তারিখ, সময় ও ভেনুর নাম ইত্যাদি সম্বলিত প্রবেশপত্র&nbsp; পার্থী Download পূর্বক প্রিন্ট (সম্ভব হলে রঙ্গিন) করে নিবেন । পার্থী এই&nbsp; প্রবেশপত্র লিখিত পরীক্ষায় অংশগ্রহনের সময়ে এবং উত্তীর্ণ হলে মৌখিক পরীক্ষার সময়ে অবশ্যই প্রদশন করবেন । প্রবেশ পত্র Download এর তারিখ পরবর্তী SMS এর মাধ্যমে জানানো হবে ।</font></p><p style=\"margin-right: 0px; margin-left: -1px; padding: 0px; border-radius: 0px; color: rgb(33, 37, 41); font-family: &quot;Roboto Condensed&quot;, SolaimanLipi, sans-serif; font-size: 16px;\"><font color=\"#212529\" face=\"Roboto Condensed, SolaimanLipi, sans-serif\" style=\"margin: 0px; padding: 0px;\">জ)&nbsp; শুধুমাত্র টেলিটক প্রি- পেইড মোবাইল ফোন থেকে পার্থীগন নিম্নবর্ণিত এসএমএস পদ্ধতি অনুসরন করে নিজ নিজ User ID এবং&nbsp; পাসওয়ার্ড পুনরুধার করতে পারবেন ।</font></p><p style=\"margin-right: 0px; margin-left: -1px; padding: 0px; border-radius: 0px; color: rgb(33, 37, 41); font-family: &quot;Roboto Condensed&quot;, SolaimanLipi, sans-serif; font-size: 16px;\"><font color=\"#212529\" face=\"Roboto Condensed, SolaimanLipi, sans-serif\" style=\"margin: 0px; padding: 0px;\">i) User ID জানা থাকলে BSC&lt;space&gt;Help&lt;space&gt;User&lt;space&gt;User ID &amp; send to 16222.</font></p><p style=\"margin-right: 0px; margin-left: -1px; padding: 0px; border-radius: 0px; color: rgb(33, 37, 41); font-family: &quot;Roboto Condensed&quot;, SolaimanLipi, sans-serif; font-size: 16px;\"><font color=\"#212529\" face=\"Roboto Condensed, SolaimanLipi, sans-serif\" style=\"margin: 0px; padding: 0px;\">ii)PIN Number জানা থাকলে BSC&lt;space&gt;Help&lt;space&gt;PIN&lt;space&gt;PIN No &amp; send to 16222.</font></p><p style=\"margin-right: 0px; margin-left: -1px; padding: 0px; border-radius: 0px; color: rgb(33, 37, 41); font-family: &quot;Roboto Condensed&quot;, SolaimanLipi, sans-serif; font-size: 16px;\"><font color=\"#212529\" face=\"Roboto Condensed, SolaimanLipi, sans-serif\" style=\"margin: 0px; padding: 0px;\">Example: BSC Help PIN 12345678 &amp; send to 16222.</font></p>',1,'বাংলাদেশ শিপিং কর্পোরেশন,বিএসসি ভবন, সল্টগোলা রোড, চট্টগ্রাম।',NULL,NULL,NULL,'2021-08-19 11:39:56','2021-08-23 00:25:54',NULL),(17,'Chief Engineer (Bulk)',NULL,0,1,6,NULL,NULL,NULL,NULL,'8403',NULL,'chief-engineer--bulk-','2021-08-19','2021-09-19','<p>বাংলাদেশ শিপিং কর্পোরেশনে Chief Engineer (Bulk) জাহাজে International Standard অনুযায়ী আকর্ষণীয় বেতনে নিম্নবর্ণিত পদের বিপরীতে প্রয়োজনীয় সংখ্যক চুক্তি ভিত্তিক জাহাজি কর্মকর্তা ও নাবিক নিয়োগের&nbsp; লক্ষ্যে সংশ্লিষ্ট পদে অভিজ্ঞ ও যোগ্যতাসম্পন্ন বাংলাদেশের স্থায়ী নাগরিকের নিকত দরখাস্ত ও সিভি (Curriculum Vitae) আহবান করা যাচ্ছে :<br></p>',NULL,NULL,1,'1',1,NULL,NULL,'6500','8000',2,'<p>Attractive Facilities:&nbsp;</p><ul><li>Brand New Vessel</li><li>First Class Accommodation</li><li>Bangladeshi Food</li><li>National Shipping Company</li></ul>','<p>Attractive Facilities:&nbsp;</p><ul><li>Brand New Vessel</li><li>First Class Accommodation</li><li>Bangladeshi Food</li><li>National Shipping Company</li></ul>',NULL,'<p style=\"margin-right: 0px; margin-left: 0px; padding: 0px; border-top-right-radius: 0px; border-bottom-right-radius: 0px;\"><font color=\"#212529\" face=\"Roboto Condensed, SolaimanLipi, sans-serif\"><span style=\"font-size: 16px;\">ক) এ বিজ্ঞপ্তির অধীনে আগ্রহী প্রার্থীগণকে অনলাইনে আবেদন করতে হবে। সে লক্ষ্যে http://job.bsc.gov.bd এই ওয়েবসাইটে বাংলাদেশ শিপিং কর্পোরেশন কর্তৃক নির্ধারিত আবেদনপত্র পূরণ করে অন লাইনে রেজিস্ট্রেশন কার্যক্রম এবং ফি জমা প্রদান করতে হবে। আবেদনের সময়সীমা নিম্নরূপঃ-</span></font></p><p style=\"margin-right: 0px; margin-left: 0px; padding: 0px; border-top-right-radius: 0px; border-bottom-right-radius: 0px;\"><span style=\"font-size: 16px; color: rgb(33, 37, 41); font-family: &quot;Roboto Condensed&quot;, SolaimanLipi, sans-serif; letter-spacing: 0px;\">&nbsp; &nbsp; • অনলাইনে আবেদনপত্র পূরণ ও পরীক্ষার ফি জমাদান শুরুর তারিখঃ ১৯-০৮-২০২১ সকাল ১০.০০ টা।</span></p><p style=\"margin-right: 0px; margin-left: 0px; padding: 0px; border-top-right-radius: 0px; border-bottom-right-radius: 0px;\"><font color=\"#212529\" face=\"Roboto Condensed, SolaimanLipi, sans-serif\"><span style=\"font-size: 16px;\">&nbsp; &nbsp; • অনলাইনে আবেদনপত্র পূরণ ও পরীক্ষার ফি জমাদানের শেষ তারিখঃ ১৮-০৯-২০২১ রাত ১২.০০ টা।</span></font></p><p style=\"margin-right: 0px; margin-left: 0px; padding: 0px; border-top-right-radius: 0px; border-bottom-right-radius: 0px;\"><span style=\"font-size: 16px; color: rgb(33, 37, 41); font-family: &quot;Roboto Condensed&quot;, SolaimanLipi, sans-serif; letter-spacing: 0px;\">উক্ত সময়ের মধ্যে User ইমেইল ও পাসওয়ার্ড&nbsp; এর মাধ্যমে লগিন করে প্রাপ্ত প্রার্থীগণ অনলাইনে আবেদনপত্র Submit এর সময় থেকে পরবর্তী ৪৮&nbsp; ঘণ্টার মধ্যে&nbsp; পরীক্ষার ফি জমা দিতে পারবেন। প্রার্থীগণ নতুন হলে অবশই আগে রেজিস্ট্রেশান করে নিতে হবে ।</span><br></p><p style=\"margin-right: 0px; margin-left: 0px; padding: 0px; border-top-right-radius: 0px; border-bottom-right-radius: 0px;\"><span style=\"font-size: 16px; color: rgb(33, 37, 41); font-family: &quot;Roboto Condensed&quot;, SolaimanLipi, sans-serif; letter-spacing: 0px;\">খ) অনলাইনে আবেদনপত্রে প্রার্থী তার বিস্তারিত তথ্য, স্বাক্ষর (দৈর্ঘ্য ৩০০xপ্রস্থ ৮০ pixel. File size maximum 60 kb) ও রঙিন ছবি (দৈর্ঘ্য ৩০০xপ্রস্থ ৩০০ pixel. File size maximum 100 kb) স্ক্যান করে নির্ধারিত স্থানে আপলোড করবেন।</span><br></p><p style=\"margin-right: 0px; margin-left: 0px; padding: 0px; border-top-right-radius: 0px; border-bottom-right-radius: 0px;\"><span style=\"font-size: 16px; color: rgb(33, 37, 41); font-family: &quot;Roboto Condensed&quot;, SolaimanLipi, sans-serif; letter-spacing: 0px;\">গ) অনলাইনে আবেদনপত্রে পূরণকৃত তথ্যই যেহেতু পরবর্তী সকল কার্যক্রমে ব্যবহৃত হবে, সেহেতু অনলাইনে আবেদনপত্র Submit করার পূর্বেই পূরণকৃত সকল তথ্যের সঠিকতা সম্পর্কে প্রার্থী নিজে শতভাগ নিশ্চিত হবেন।&nbsp;</span><br></p><p style=\"margin-right: 0px; margin-left: 0px; padding: 0px; border-top-right-radius: 0px; border-bottom-right-radius: 0px;\"><span style=\"font-size: 16px; color: rgb(33, 37, 41); font-family: &quot;Roboto Condensed&quot;, SolaimanLipi, sans-serif; letter-spacing: 0px;\">ঘ) প্রার্থী অনলাইনে পূরণকৃত আবেদনপত্রের একটি প্রিন্ট কপি পরীক্ষা সংক্রান্ত যে কোন প্রয়োজনের সহায়ক হিসেবে সংরক্ষণ করবেন।</span><br></p><p style=\"margin-right: 0px; margin-left: 0px; padding: 0px; border-top-right-radius: 0px; border-bottom-right-radius: 0px;\"><span style=\"font-size: 16px; color: rgb(33, 37, 41); font-family: &quot;Roboto Condensed&quot;, SolaimanLipi, sans-serif; letter-spacing: 0px;\">ঙ) পরীক্ষার ফি জমা দেওয়ার নিয়মাবলিঃ</span><br></p><p style=\"margin-right: 0px; margin-left: 0px; padding: 0px; border-top-right-radius: 0px; border-bottom-right-radius: 0px;\"><font color=\"#212529\" face=\"Roboto Condensed, SolaimanLipi, sans-serif\"><span style=\"font-size: 16px;\">&nbsp;অনলাইন এ আবেদন করার পর আবেদনকৃত চাকরির জন্য ৪৮&nbsp; ঘণ্টার মধ্যে&nbsp; পরীক্ষার ফি অনলাইনে Ekpay এর মাধ্যমে জমা দিতে পারবেন । ৪৮&nbsp; ঘণ্টার মধ্যে জমা দিতে না পারলে আবেদনটি বাতিল হয়ে যাবে।</span></font></p>','<p>আগ্রহী পার্থীগন সরাসরি অথবা ঈ-মেইল (To: gm-spd@bsc.gov.bd, CC: gm-cht@bsc.gov.bd) সিভি প্রেরন করবেন এবং যেকোনো প্রয়োজনে নিম্নোক্ত মোবাইল নম্বর (Telegram Account)-এ যোগাযোগ করতে পারবেন :</p><p>1. Mr. Atiqur Rahman Chowdhury, Assistant Manager - 01615012019</p><p>2. Md. Rajib Hossain, Senior Assistant - 01516115240</p>',1,'বাংলাদেশ শিপিং কর্পোরেশন,বিএসসি ভবন, সল্টগোলা রোড, চট্টগ্রাম।',NULL,NULL,NULL,'2021-08-19 11:48:20','2021-08-22 11:59:25',NULL),(18,'Second Engineer',NULL,0,1,7,NULL,NULL,NULL,NULL,'8944',NULL,'second-engineer','2021-08-19','2021-09-20','<p>বাংলাদেশ শিপিং কর্পোরেশনে Second Engineer জাহাজে International Standard অনুযায়ী আকর্ষণীয় বেতনে নিম্নবর্ণিত পদের বিপরীতে প্রয়োজনীয় সংখ্যক চুক্তি ভিত্তিক জাহাজি কর্মকর্তা ও নাবিক নিয়োগের&nbsp; লক্ষ্যে সংশ্লিষ্ট পদে অভিজ্ঞ ও যোগ্যতাসম্পন্ন বাংলাদেশের স্থায়ী নাগরিকের নিকত দরখাস্ত ও সিভি (Curriculum Vitae) আহবান করা যাচ্ছে :<br></p>',NULL,NULL,0,NULL,1,NULL,NULL,'Negotiable','Negotiable',NULL,'<p>Attractive Facilities:&nbsp;</p><ul><li>Brand New Vessel</li><li>First Class Accommodation</li><li>Bangladeshi Food</li><li>National Shipping Company</li></ul>','<p>Attractive Facilities:&nbsp;</p><ul><li>Brand New Vessel</li><li>First Class Accommodation</li><li>Bangladeshi Food</li><li>National Shipping Company</li></ul>',NULL,'<p style=\"margin-right: 0px; margin-left: 0px; padding: 0px; border-top-right-radius: 0px; border-bottom-right-radius: 0px;\"><font color=\"#212529\" face=\"Roboto Condensed, SolaimanLipi, sans-serif\"><span style=\"font-size: 16px;\">ক) এ বিজ্ঞপ্তির অধীনে আগ্রহী প্রার্থীগণকে অনলাইনে আবেদন করতে হবে। সে লক্ষ্যে http://job.bsc.gov.bd এই ওয়েবসাইটে বাংলাদেশ শিপিং কর্পোরেশন কর্তৃক নির্ধারিত আবেদনপত্র পূরণ করে অন লাইনে রেজিস্ট্রেশন কার্যক্রম এবং ফি জমা প্রদান করতে হবে। আবেদনের সময়সীমা নিম্নরূপঃ-</span></font></p><p style=\"margin-right: 0px; margin-left: 0px; padding: 0px; border-top-right-radius: 0px; border-bottom-right-radius: 0px;\"><span style=\"font-size: 16px; color: rgb(33, 37, 41); font-family: &quot;Roboto Condensed&quot;, SolaimanLipi, sans-serif; letter-spacing: 0px;\">&nbsp; &nbsp; • অনলাইনে আবেদনপত্র পূরণ ও পরীক্ষার ফি জমাদান শুরুর তারিখঃ ১৯-০৮-২০২১ সকাল ১০.০০ টা।</span></p><p style=\"margin-right: 0px; margin-left: 0px; padding: 0px; border-top-right-radius: 0px; border-bottom-right-radius: 0px;\"><font color=\"#212529\" face=\"Roboto Condensed, SolaimanLipi, sans-serif\"><span style=\"font-size: 16px;\">&nbsp; &nbsp; • অনলাইনে আবেদনপত্র পূরণ ও পরীক্ষার ফি জমাদানের শেষ তারিখঃ ১৮-০৯-২০২১ রাত ১২.০০ টা।</span></font></p><p style=\"margin-right: 0px; margin-left: 0px; padding: 0px; border-top-right-radius: 0px; border-bottom-right-radius: 0px;\"><span style=\"font-size: 16px; color: rgb(33, 37, 41); font-family: &quot;Roboto Condensed&quot;, SolaimanLipi, sans-serif; letter-spacing: 0px;\">উক্ত সময়ের মধ্যে User ইমেইল ও পাসওয়ার্ড&nbsp; এর মাধ্যমে লগিন করে প্রাপ্ত প্রার্থীগণ অনলাইনে আবেদনপত্র Submit এর সময় থেকে পরবর্তী ৪৮&nbsp; ঘণ্টার মধ্যে&nbsp; পরীক্ষার ফি জমা দিতে পারবেন। প্রার্থীগণ নতুন হলে অবশই আগে রেজিস্ট্রেশান করে নিতে হবে ।</span><br></p><p style=\"margin-right: 0px; margin-left: 0px; padding: 0px; border-top-right-radius: 0px; border-bottom-right-radius: 0px;\"><span style=\"font-size: 16px; color: rgb(33, 37, 41); font-family: &quot;Roboto Condensed&quot;, SolaimanLipi, sans-serif; letter-spacing: 0px;\">খ) অনলাইনে আবেদনপত্রে প্রার্থী তার বিস্তারিত তথ্য, স্বাক্ষর (দৈর্ঘ্য ৩০০xপ্রস্থ ৮০ pixel. File size maximum 60 kb) ও রঙিন ছবি (দৈর্ঘ্য ৩০০xপ্রস্থ ৩০০ pixel. File size maximum 100 kb) স্ক্যান করে নির্ধারিত স্থানে আপলোড করবেন।</span><br></p><p style=\"margin-right: 0px; margin-left: 0px; padding: 0px; border-top-right-radius: 0px; border-bottom-right-radius: 0px;\"><span style=\"font-size: 16px; color: rgb(33, 37, 41); font-family: &quot;Roboto Condensed&quot;, SolaimanLipi, sans-serif; letter-spacing: 0px;\">গ) অনলাইনে আবেদনপত্রে পূরণকৃত তথ্যই যেহেতু পরবর্তী সকল কার্যক্রমে ব্যবহৃত হবে, সেহেতু অনলাইনে আবেদনপত্র Submit করার পূর্বেই পূরণকৃত সকল তথ্যের সঠিকতা সম্পর্কে প্রার্থী নিজে শতভাগ নিশ্চিত হবেন।&nbsp;</span><br></p><p style=\"margin-right: 0px; margin-left: 0px; padding: 0px; border-top-right-radius: 0px; border-bottom-right-radius: 0px;\"><span style=\"font-size: 16px; color: rgb(33, 37, 41); font-family: &quot;Roboto Condensed&quot;, SolaimanLipi, sans-serif; letter-spacing: 0px;\">ঘ) প্রার্থী অনলাইনে পূরণকৃত আবেদনপত্রের একটি প্রিন্ট কপি পরীক্ষা সংক্রান্ত যে কোন প্রয়োজনের সহায়ক হিসেবে সংরক্ষণ করবেন।</span><br></p><p style=\"margin-right: 0px; margin-left: 0px; padding: 0px; border-top-right-radius: 0px; border-bottom-right-radius: 0px;\"><span style=\"font-size: 16px; color: rgb(33, 37, 41); font-family: &quot;Roboto Condensed&quot;, SolaimanLipi, sans-serif; letter-spacing: 0px;\">ঙ) পরীক্ষার ফি জমা দেওয়ার নিয়মাবলিঃ</span><br></p><p style=\"margin-right: 0px; margin-left: 0px; padding: 0px; border-top-right-radius: 0px; border-bottom-right-radius: 0px;\"><font color=\"#212529\" face=\"Roboto Condensed, SolaimanLipi, sans-serif\"><span style=\"font-size: 16px;\">&nbsp;অনলাইন এ আবেদন করার পর আবেদনকৃত চাকরির জন্য ৪৮&nbsp; ঘণ্টার মধ্যে&nbsp; পরীক্ষার ফি অনলাইনে Ekpay এর মাধ্যমে জমা দিতে পারবেন । ৪৮&nbsp; ঘণ্টার মধ্যে জমা দিতে না পারলে আবেদনটি বাতিল হয়ে যাবে।</span></font></p>','<p>আগ্রহী পার্থীগন সরাসরি অথবা ঈ-মেইল (To: gm-spd@bsc.gov.bd, CC: gm-cht@bsc.gov.bd) সিভি প্রেরন করবেন এবং যেকোনো প্রয়োজনে নিম্নোক্ত মোবাইল নম্বর (Telegram Account)-এ যোগাযোগ করতে পারবেন :</p><p>1. Mr. Atiqur Rahman Chowdhury, Assistant Manager - 01615012019</p><p>2. Md. Rajib Hossain, Senior Assistant - 01516115240</p>',1,'বাংলাদেশ শিপিং কর্পোরেশন,বিএসসি ভবন, সল্টগোলা রোড, চট্টগ্রাম।',NULL,NULL,NULL,'2021-08-19 11:52:55','2021-08-23 00:25:35',NULL),(19,'Electrical Engineer',NULL,0,1,22,NULL,NULL,NULL,NULL,'3590',NULL,'electrical-engineer','2021-08-19','2021-08-20','<p>বাংলাদেশ শিপিং কর্পোরেশনে Electrical Engineer জাহাজে International Standard অনুযায়ী আকর্ষণীয় বেতনে নিম্নবর্ণিত পদের বিপরীতে প্রয়োজনীয় সংখ্যক চুক্তি ভিত্তিক জাহাজি কর্মকর্তা ও নাবিক নিয়োগের&nbsp; লক্ষ্যে সংশ্লিষ্ট পদে অভিজ্ঞ ও যোগ্যতাসম্পন্ন বাংলাদেশের স্থায়ী নাগরিকের নিকত দরখাস্ত ও সিভি (Curriculum Vitae) আহবান করা যাচ্ছে :<br></p>',NULL,NULL,0,NULL,1,NULL,NULL,'Negotiable','Negotiable',NULL,'<p>Attractive Facilities:&nbsp;</p><ul><li>Brand New Vessel</li><li>First Class Accommodation</li><li>Bangladeshi Food</li><li>National Shipping Company</li></ul>','<p>Attractive Facilities:&nbsp;</p><ul><li>Brand New Vessel</li><li>First Class Accommodation</li><li>Bangladeshi Food</li><li>National Shipping Company</li></ul>',NULL,'<p>আগ্রহী পার্থীগন সরাসরি অথবা ঈ-মেইল (To: gm-spd@bsc.gov.bd, CC: gm-cht@bsc.gov.bd) সিভি প্রেরন করবেন এবং যেকোনো প্রয়োজনে নিম্নোক্ত মোবাইল নম্বর (Telegram Account)-এ যোগাযোগ করতে পারবেন :</p><p>1. Mr. Atiqur Rahman Chowdhury, Assistant Manager - 01615012019</p><p>2. Md. Rajib Hossain, Senior Assistant - 01516115240</p>','<p>আগ্রহী পার্থীগন সরাসরি অথবা ঈ-মেইল (To: gm-spd@bsc.gov.bd, CC: gm-cht@bsc.gov.bd) সিভি প্রেরন করবেন এবং যেকোনো প্রয়োজনে নিম্নোক্ত মোবাইল নম্বর (Telegram Account)-এ যোগাযোগ করতে পারবেন :</p><p>1. Mr. Atiqur Rahman Chowdhury, Assistant Manager - 01615012019</p><p>2. Md. Rajib Hossain, Senior Assistant - 01516115240</p>',1,'বাংলাদেশ শিপিং কর্পোরেশন,বিএসসি ভবন, সল্টগোলা রোড, চট্টগ্রাম।',NULL,NULL,NULL,'2021-08-19 12:09:55','2021-08-19 12:09:55',NULL),(20,'একাউন্টেন্ট 2 test  exam','একাউন্টেন্ট 2 test  exam',1,0,18,NULL,NULL,NULL,NULL,'9508',100,'একাউন্টেন্ট-2-test-exam','2021-08-28','2021-10-29','<p>বাংলাদেশ শিপিং কর্পোরেশনে একাউন্টেন্ট এর নিম্নলিখিত শুন্য পদে সরাসরি নিয়োগের লক্ষ্যে যোগ্যতাসম্পন্ন বাংলাদেশের স্থায়ী নাগরিকদের নিকট হতে অনলাইনে দরখাস্ত আহবান করা যাচ্ছে। পূরনযোগ্য পদের নাম, শিক্ষাগত যোগ্যতা ও অন্যান্য তথ্যের বিবরণ নিম্নরূপঃ<br></p>',NULL,NULL,0,'0',1,NULL,NULL,'30000','450000',1,NULL,NULL,NULL,'<p><br><br>ক) এ বিজ্ঞপ্তির অধীনে আগ্রহী প্রার্থীগণকে অনলাইনে আবেদন করতে হবে। সে লক্ষ্যে http://job.bsc.gov.bd এই ওয়েবসাইটে বাংলাদেশ শিপিং কর্পোরেশন কর্তৃক নির্ধারিত আবেদনপত্র পূরণ করে অন লাইনে রেজিস্ট্রেশন কার্যক্রম এবং ফি জমা প্রদান করতে হবে। আবেদনের সময়সীমা নিম্নরূপঃ-<br><br>&nbsp;&nbsp;&nbsp; • অনলাইনে আবেদনপত্র পূরণ ও পরীক্ষার ফি জমাদান শুরুর তারিখঃ ১৯-০৮-২০২১ সকাল ১০.০০ টা।<br><br>&nbsp;&nbsp;&nbsp; • অনলাইনে আবেদনপত্র পূরণ ও পরীক্ষার ফি জমাদানের শেষ তারিখঃ ১৮-০৯-২০২১ রাত ১২.০০ টা।<br><br>উক্ত সময়ের মধ্যে User ইমেইল ও পাসওয়ার্ড&nbsp; এর মাধ্যমে লগিন করে প্রাপ্ত প্রার্থীগণ অনলাইনে আবেদনপত্র Submit এর সময় থেকে পরবর্তী ৪৮&nbsp; ঘণ্টার মধ্যে&nbsp; পরীক্ষার ফি জমা দিতে পারবেন। প্রার্থীগণ নতুন হলে অবশই আগে রেজিস্ট্রেশান করে নিতে হবে ।<br><br>খ) অনলাইনে আবেদনপত্রে প্রার্থী তার বিস্তারিত তথ্য, স্বাক্ষর (দৈর্ঘ্য ৩০০xপ্রস্থ ৮০ pixel. File size maximum 60 kb) ও রঙিন ছবি (দৈর্ঘ্য ৩০০xপ্রস্থ ৩০০ pixel. File size maximum 100 kb) স্ক্যান করে নির্ধারিত স্থানে আপলোড করবেন।<br><br>গ) অনলাইনে আবেদনপত্রে পূরণকৃত তথ্যই যেহেতু পরবর্তী সকল কার্যক্রমে ব্যবহৃত হবে, সেহেতু অনলাইনে আবেদনপত্র Submit করার পূর্বেই পূরণকৃত সকল তথ্যের সঠিকতা সম্পর্কে প্রার্থী নিজে শতভাগ নিশ্চিত হবেন। <br><br>ঘ) প্রার্থী অনলাইনে পূরণকৃত আবেদনপত্রের একটি প্রিন্ট কপি পরীক্ষা সংক্রান্ত যে কোন প্রয়োজনের সহায়ক হিসেবে সংরক্ষণ করবেন।<br><br>ঙ) পরীক্ষার ফি জমা দেওয়ার নিয়মাবলিঃ<br><br>&nbsp;অনলাইন এ আবেদন করার পর আবেদনকৃত চাকরির জন্য ৪৮&nbsp; ঘণ্টার মধ্যে&nbsp; পরীক্ষার ফি অনলাইনে Ekpay এর মাধ্যমে জমা দিতে পারবেন । ৪৮&nbsp; ঘণ্টার মধ্যে জমা দিতে না পারলে আবেদনটি বাতিল হয়ে যাবে।<br><br></p>','<p><br><br>ক) এ বিজ্ঞপ্তির অধীনে আগ্রহী প্রার্থীগণকে অনলাইনে আবেদন করতে হবে। সে লক্ষ্যে http://job.bsc.gov.bd এই ওয়েবসাইটে বাংলাদেশ শিপিং কর্পোরেশন কর্তৃক নির্ধারিত আবেদনপত্র পূরণ করে অন লাইনে রেজিস্ট্রেশন কার্যক্রম এবং ফি জমা প্রদান করতে হবে। আবেদনের সময়সীমা নিম্নরূপঃ-<br><br>&nbsp;&nbsp;&nbsp; • অনলাইনে আবেদনপত্র পূরণ ও পরীক্ষার ফি জমাদান শুরুর তারিখঃ ১৯-০৮-২০২১ সকাল ১০.০০ টা।<br><br>&nbsp;&nbsp;&nbsp; • অনলাইনে আবেদনপত্র পূরণ ও পরীক্ষার ফি জমাদানের শেষ তারিখঃ ১৮-০৯-২০২১ রাত ১২.০০ টা।<br><br>উক্ত সময়ের মধ্যে User ইমেইল ও পাসওয়ার্ড&nbsp; এর মাধ্যমে লগিন করে প্রাপ্ত প্রার্থীগণ অনলাইনে আবেদনপত্র Submit এর সময় থেকে পরবর্তী ৪৮&nbsp; ঘণ্টার মধ্যে&nbsp; পরীক্ষার ফি জমা দিতে পারবেন। প্রার্থীগণ নতুন হলে অবশই আগে রেজিস্ট্রেশান করে নিতে হবে ।<br><br>খ) অনলাইনে আবেদনপত্রে প্রার্থী তার বিস্তারিত তথ্য, স্বাক্ষর (দৈর্ঘ্য ৩০০xপ্রস্থ ৮০ pixel. File size maximum 60 kb) ও রঙিন ছবি (দৈর্ঘ্য ৩০০xপ্রস্থ ৩০০ pixel. File size maximum 100 kb) স্ক্যান করে নির্ধারিত স্থানে আপলোড করবেন।<br><br>গ) অনলাইনে আবেদনপত্রে পূরণকৃত তথ্যই যেহেতু পরবর্তী সকল কার্যক্রমে ব্যবহৃত হবে, সেহেতু অনলাইনে আবেদনপত্র Submit করার পূর্বেই পূরণকৃত সকল তথ্যের সঠিকতা সম্পর্কে প্রার্থী নিজে শতভাগ নিশ্চিত হবেন। <br><br>ঘ) প্রার্থী অনলাইনে পূরণকৃত আবেদনপত্রের একটি প্রিন্ট কপি পরীক্ষা সংক্রান্ত যে কোন প্রয়োজনের সহায়ক হিসেবে সংরক্ষণ করবেন।<br><br>ঙ) পরীক্ষার ফি জমা দেওয়ার নিয়মাবলিঃ<br><br>&nbsp;অনলাইন এ আবেদন করার পর আবেদনকৃত চাকরির জন্য ৪৮&nbsp; ঘণ্টার মধ্যে&nbsp; পরীক্ষার ফি অনলাইনে Ekpay এর মাধ্যমে জমা দিতে পারবেন । ৪৮&nbsp; ঘণ্টার মধ্যে জমা দিতে না পারলে আবেদনটি বাতিল হয়ে যাবে।<br><br></p>',1,'বাংলাদেশ শিপিং কর্পোরেশন,বিএসসি ভবন, সল্টগোলা রোড, চট্টগ্রাম।',NULL,NULL,NULL,'2021-08-28 13:44:20','2021-08-28 13:44:20',NULL);

--
-- Table structure for table `job_education_groups`
--

CREATE TABLE `job_education_groups` (
  `id` bigint(20) NOT NULL AUTO_INCREMENT,
  `job_circular_id` bigint(20) DEFAULT NULL,
  `education_groups_id` bigint(20) DEFAULT NULL,
  `course_need` varchar(500) COLLATE utf8_unicode_ci DEFAULT NULL,
  `created_at` datetime DEFAULT NULL,
  `updated_at` datetime DEFAULT NULL,
  PRIMARY KEY (`id`)
) ENGINE=MyISAM AUTO_INCREMENT=51 DEFAULT CHARSET=utf8 COLLATE=utf8_unicode_ci;

--
-- Dumping data for table `job_education_groups`
--

INSERT INTO `job_education_groups` VALUES (17,9,2,'Bachelor\'s degree','2021-07-30 10:59:18','2021-07-30 10:59:18'),(18,10,1,'Job','2021-07-31 12:20:09','2021-07-31 12:20:09'),(21,11,4,'বিএসসি ইঞ্জিনিয়ারিং ডিগ্রী (মেকানিক্যাল/ নেভাল আর্কিটেকচার) অথবা তৃতীয় শ্রেণীর কম্পিটেন্সী সার্টিফিকেট (ডেক/ মোটর)।','2021-07-31 17:09:40','2021-07-31 17:09:40'),(42,12,4,'Marine Engineering','2021-08-23 00:25:26','2021-08-23 00:25:26'),(50,13,4,'দ্বিতীয় শ্রেণীর সম্মানসহ দ্বিতীয় শ্রেণীর স্নাতকোত্তর ডিগ্রী এবং সংশ্লিষ্ট কাজে ৩ বছরের অভিজ্ঞতা।','2021-08-29 18:12:01','2021-08-29 18:12:01'),(36,14,4,'বিএসসি ইঞ্জিনিয়ারিং ডিগ্রী (মেকানিক্যাল/ ইলেক্ট্রিক্যাল) অথবা সংশ্লিষ্ট কাজে ৩ বছরের অভিজ্ঞতাসহ ডিপ্লোমা-ইন-ইঞ্জিনিয়ারিং (মেকানিক্যাল/ ইলেক্ট্রিক্যাল)।','2021-08-22 11:55:06','2021-08-22 11:55:06'),(48,15,4,'স্নাতক ডিগ্রিসহ সংশ্লিষ্ট কাজে ৫ বছরের অভিজ্ঞতা','2021-08-29 17:45:59','2021-08-29 17:45:59'),(44,16,4,'স্নাতক ডিগ্রিসহ সংশ্লিষ্ট কাজে ৫ বছরের অভিজ্ঞতা','2021-08-23 00:25:54','2021-08-23 00:25:54'),(39,17,4,'Marine Engineering','2021-08-22 11:59:25','2021-08-22 11:59:25'),(43,18,4,'Marine Engineering','2021-08-23 00:25:35','2021-08-23 00:25:35'),(34,19,4,'Marine Engineering','2021-08-19 12:09:55','2021-08-19 12:09:55'),(46,20,4,'mcq','2021-08-28 13:44:20','2021-08-28 13:44:20');

--
-- Table structure for table `migrations`
--

CREATE TABLE `migrations` (
  `id` int(10) unsigned NOT NULL AUTO_INCREMENT,
  `migration` varchar(191) COLLATE utf8mb4_unicode_ci NOT NULL,
  `batch` int(11) NOT NULL,
  PRIMARY KEY (`id`)
) ENGINE=InnoDB AUTO_INCREMENT=4 DEFAULT CHARSET=utf8mb4 COLLATE=utf8mb4_unicode_ci;

--
-- Dumping data for table `migrations`
--

INSERT INTO `migrations` VALUES (1,'2014_10_12_000000_create_users_table',1),(2,'2014_10_12_100000_create_password_resets_table',1),(3,'2019_08_19_000000_create_failed_jobs_table',1);

--
-- Table structure for table `model_has_permissions`
--

CREATE TABLE `model_has_permissions` (
  `permission_id` bigint(20) unsigned NOT NULL,
  `model_type` varchar(191) COLLATE utf8mb4_unicode_ci NOT NULL,
  `model_id` bigint(20) unsigned NOT NULL,
  PRIMARY KEY (`permission_id`,`model_id`,`model_type`),
  KEY `model_has_permissions_model_id_model_type_index` (`model_id`,`model_type`),
  CONSTRAINT `model_has_permissions_permission_id_foreign` FOREIGN KEY (`permission_id`) REFERENCES `permissions` (`id`) ON DELETE CASCADE
) ENGINE=InnoDB DEFAULT CHARSET=utf8mb4 COLLATE=utf8mb4_unicode_ci;

--
-- Dumping data for table `model_has_permissions`
--


--
-- Table structure for table `model_has_roles`
--

CREATE TABLE `model_has_roles` (
  `role_id` bigint(20) unsigned NOT NULL,
  `model_type` varchar(191) COLLATE utf8mb4_unicode_ci NOT NULL,
  `model_id` bigint(20) unsigned NOT NULL,
  PRIMARY KEY (`role_id`,`model_id`,`model_type`),
  KEY `model_has_roles_model_id_model_type_index` (`model_id`,`model_type`),
  CONSTRAINT `model_has_roles_role_id_foreign` FOREIGN KEY (`role_id`) REFERENCES `roles` (`id`) ON DELETE CASCADE
) ENGINE=InnoDB DEFAULT CHARSET=utf8mb4 COLLATE=utf8mb4_unicode_ci;

--
-- Dumping data for table `model_has_roles`
--

INSERT INTO `model_has_roles` VALUES (1,'App\\Models\\User',1),(2,'App\\Models\\User',2),(5,'App\\Models\\User',8),(5,'App\\Models\\User',9),(5,'App\\Models\\User',10),(5,'App\\Models\\User',11),(5,'App\\Models\\User',12),(5,'App\\Models\\User',13),(5,'App\\Models\\User',14),(5,'App\\Models\\User',15),(5,'App\\Models\\User',16),(5,'App\\Models\\User',17),(5,'App\\Models\\User',18),(5,'App\\Models\\User',19),(5,'App\\Models\\User',20),(5,'App\\Models\\User',21),(5,'App\\Models\\User',22),(5,'App\\Models\\User',23),(5,'App\\Models\\User',24),(5,'App\\Models\\User',25),(5,'App\\Models\\User',26),(5,'App\\Models\\User',27),(5,'App\\Models\\User',28),(5,'App\\Models\\User',29),(5,'App\\Models\\User',30),(5,'App\\Models\\User',31),(5,'App\\Models\\User',33),(5,'App\\Models\\User',34),(5,'App\\Models\\User',35),(5,'App\\Models\\User',36),(5,'App\\Models\\User',37);

--
-- Table structure for table `notification_logs`
--

CREATE TABLE `notification_logs` (
  `id` int(11) NOT NULL AUTO_INCREMENT,
  `candidate_id` int(11) DEFAULT NULL,
  `send_by` int(11) DEFAULT NULL,
  `date` date DEFAULT NULL,
  `message` varchar(250) DEFAULT NULL,
  `error_message` varchar(250) DEFAULT NULL,
  `created_at` datetime DEFAULT NULL,
  `updated_at` datetime DEFAULT NULL,
  `deleted_at` datetime DEFAULT NULL,
  PRIMARY KEY (`id`)
) ENGINE=InnoDB DEFAULT CHARSET=latin1;

--
-- Dumping data for table `notification_logs`
--


--
-- Table structure for table `organizations`
--

CREATE TABLE `organizations` (
  `id` int(11) NOT NULL AUTO_INCREMENT,
  `name` varchar(255) NOT NULL,
  `name_bn` varchar(255) DEFAULT NULL,
  `slug` varchar(255) NOT NULL,
  `address` text,
  `phone` varchar(15) NOT NULL,
  `website` varchar(255) DEFAULT NULL,
  `details` text,
  `contact_message` text,
  `logo` varchar(255) DEFAULT NULL,
  `latitude` varchar(100) DEFAULT NULL,
  `longitude` varchar(100) NOT NULL,
  `created_at` datetime DEFAULT CURRENT_TIMESTAMP,
  `updated_at` datetime DEFAULT NULL,
  `deleted_at` datetime DEFAULT NULL,
  PRIMARY KEY (`id`),
  UNIQUE KEY `name` (`name`),
  UNIQUE KEY `slug` (`slug`)
) ENGINE=InnoDB DEFAULT CHARSET=latin1;

--
-- Dumping data for table `organizations`
--


--
-- Table structure for table `otp_verifications`
--

CREATE TABLE `otp_verifications` (
  `id` bigint(20) unsigned NOT NULL AUTO_INCREMENT,
  `user_id` bigint(20) unsigned DEFAULT NULL,
  `phone_number` varchar(191) COLLATE utf8mb4_unicode_ci NOT NULL,
  `code` varchar(191) COLLATE utf8mb4_unicode_ci NOT NULL,
  `status` tinyint(1) NOT NULL DEFAULT '0',
  `expires_at` datetime DEFAULT NULL,
  `created_at` timestamp NULL DEFAULT NULL,
  `updated_at` timestamp NULL DEFAULT NULL,
  PRIMARY KEY (`id`)
) ENGINE=InnoDB AUTO_INCREMENT=13 DEFAULT CHARSET=utf8mb4 COLLATE=utf8mb4_unicode_ci;

--
-- Dumping data for table `otp_verifications`
--

INSERT INTO `otp_verifications` VALUES (1,NULL,'12345678903234','80249',0,'2021-09-02 10:22:40','2021-09-02 04:17:40','2021-09-02 04:17:40'),(2,NULL,'12345678903234','25067',0,'2021-09-02 10:27:40','2021-09-02 04:22:40','2021-09-02 04:22:40'),(3,NULL,'12345678903234','87495',0,'2021-09-02 10:27:53','2021-09-02 04:22:53','2021-09-02 04:22:53'),(4,NULL,'12345678903234','83970',1,'2021-09-02 10:27:54','2021-09-02 04:22:54','2021-09-02 04:25:34'),(5,NULL,'123456789034567','23497',0,'2021-09-02 10:41:40','2021-09-02 04:36:40','2021-09-02 04:36:40'),(6,NULL,'123456789034567','97846',0,'2021-09-02 10:42:34','2021-09-02 04:37:34','2021-09-02 04:37:34'),(7,NULL,'123456789034567','89431',0,'2021-09-02 10:50:19','2021-09-02 04:45:19','2021-09-02 04:45:19'),(8,NULL,'123456789034567','82591',0,'2021-09-02 10:51:16','2021-09-02 04:46:16','2021-09-02 04:46:16'),(9,NULL,'12345678902345','38197',0,'2021-09-02 10:54:44','2021-09-02 04:49:44','2021-09-02 04:49:44'),(10,NULL,'1234567891234','04365',0,'2021-09-02 10:58:13','2021-09-02 04:53:13','2021-09-02 04:53:13'),(11,NULL,'12345678234','13528',0,'2021-09-02 11:01:00','2021-09-02 04:56:00','2021-09-02 04:56:00'),(12,NULL,'098765678456','41067',1,'2021-09-02 11:11:27','2021-09-02 05:06:27','2021-09-02 05:06:59');

--
-- Table structure for table `password_resets`
--

CREATE TABLE `password_resets` (
  `email` varchar(191) COLLATE utf8mb4_unicode_ci NOT NULL,
  `token` varchar(191) COLLATE utf8mb4_unicode_ci NOT NULL,
  `created_at` timestamp NULL DEFAULT NULL,
  KEY `password_resets_email_index` (`email`)
) ENGINE=InnoDB DEFAULT CHARSET=utf8mb4 COLLATE=utf8mb4_unicode_ci;

--
-- Dumping data for table `password_resets`
--


--
-- Table structure for table `permissions`
--

CREATE TABLE `permissions` (
  `id` bigint(20) unsigned NOT NULL AUTO_INCREMENT,
  `name` varchar(191) COLLATE utf8mb4_unicode_ci NOT NULL,
  `guard_name` varchar(191) COLLATE utf8mb4_unicode_ci NOT NULL,
  `created_at` timestamp NULL DEFAULT NULL,
  `updated_at` timestamp NULL DEFAULT NULL,
  PRIMARY KEY (`id`),
  UNIQUE KEY `permissions_name_guard_name_unique` (`name`,`guard_name`)
) ENGINE=InnoDB AUTO_INCREMENT=85 DEFAULT CHARSET=utf8mb4 COLLATE=utf8mb4_unicode_ci;

--
-- Dumping data for table `permissions`
--

INSERT INTO `permissions` VALUES (1,'view_job_menu','web','2021-08-25 10:42:20','2021-08-25 10:42:20'),(2,'view_employee_menu','web','2021-08-25 10:42:43','2021-08-25 10:42:43'),(3,'view_rank_menu','web','2021-08-25 10:43:06','2021-08-25 10:43:06'),(4,'view_exam_menu','web',NULL,NULL),(5,'view_religion_menu','web',NULL,NULL),(6,'view_document_type_menu','web',NULL,NULL),(7,'view_qouta_menu','web',NULL,NULL),(8,'view_job','web',NULL,NULL),(9,'create_job','web',NULL,NULL),(10,'edit_job','web',NULL,NULL),(11,'delete_job','web',NULL,NULL),(12,'view_applied_candidate','web',NULL,NULL),(13,'create_candidate_marking','web',NULL,NULL),(14,'view_candidate_marking','web',NULL,NULL),(15,'view_candidate_selection','web',NULL,NULL),(16,'view_archive_job','web',NULL,NULL),(17,'view_shore_cv','web',NULL,NULL),(18,'view_afloat_cv','web',NULL,NULL),(19,'create_employee','web',NULL,NULL),(20,'view_employee','web',NULL,NULL),(21,'edit_employee','web',NULL,NULL),(22,'delete_employee','web',NULL,NULL),(23,'create_rank','web',NULL,NULL),(24,'view_rank','web',NULL,NULL),(25,'edit_rank','web',NULL,NULL),(26,'delete_rank','web',NULL,NULL),(27,'create_exam','web',NULL,NULL),(28,'view_exam','web',NULL,NULL),(29,'edit_exam','web',NULL,NULL),(30,'delete_exam','web',NULL,NULL),(31,'create_religion','web',NULL,NULL),(32,'view_religion','web',NULL,NULL),(33,'edit_religion','web',NULL,NULL),(34,'delete_religion','web',NULL,NULL),(35,'create_document_type','web',NULL,NULL),(36,'view_document_type','web',NULL,NULL),(37,'edit_document_type','web',NULL,NULL),(38,'delete_document_type','web',NULL,NULL),(39,'view_cv_bank','web',NULL,NULL),(40,'create_qouta','web',NULL,NULL),(41,'view_qouta','web',NULL,NULL),(42,'edit_qouta','web',NULL,NULL),(43,'delete_qouta','web',NULL,NULL),(44,'view_settings','web',NULL,NULL),(45,'view_dashboard','web',NULL,NULL),(82,'view_department','web','2021-08-29 13:55:33','2021-08-29 13:55:33'),(83,'create_department','web','2021-08-29 13:55:51','2021-08-29 13:55:51'),(84,'edit_department','web','2021-08-29 13:56:09','2021-08-29 13:56:09');

--
-- Table structure for table `qoutas`
--

CREATE TABLE `qoutas` (
  `id` int(11) NOT NULL AUTO_INCREMENT,
  `qoutas_name` varchar(250) DEFAULT NULL,
  `qoutas_name_bn` varchar(250) DEFAULT NULL,
  `created_at` datetime DEFAULT NULL,
  `updated_at` datetime DEFAULT NULL,
  `deleted_at` datetime DEFAULT NULL,
  PRIMARY KEY (`id`)
) ENGINE=InnoDB AUTO_INCREMENT=4 DEFAULT CHARSET=latin1;

--
-- Dumping data for table `qoutas`
--

INSERT INTO `qoutas` VALUES (1,'Freedom fighter',NULL,NULL,NULL,NULL),(2,'Tribal',NULL,NULL,NULL,NULL),(3,'Disabled',NULL,NULL,NULL,NULL);

--
-- Table structure for table `ranks`
--

CREATE TABLE `ranks` (
  `id` int(11) NOT NULL AUTO_INCREMENT,
  `emp_type` tinyint(4) DEFAULT NULL,
  `name` varchar(255) NOT NULL,
  `name_bn` varchar(255) DEFAULT NULL,
  `status` tinyint(4) NOT NULL DEFAULT '1' COMMENT '0 = Disable; 1 = Enable;',
  `created_at` datetime DEFAULT CURRENT_TIMESTAMP,
  `updated_at` datetime DEFAULT NULL,
  `deleted_at` datetime DEFAULT NULL,
  PRIMARY KEY (`id`),
  UNIQUE KEY `name` (`name`)
) ENGINE=InnoDB AUTO_INCREMENT=23 DEFAULT CHARSET=latin1;

--
-- Dumping data for table `ranks`
--

INSERT INTO `ranks` VALUES (1,1,'Officers Master','Officers Master',1,'2021-06-13 17:55:58','2021-07-12 10:11:00',NULL),(2,1,'Chief Officer','Chief Officer',1,'2021-06-13 17:56:16','2021-07-12 10:11:02',NULL),(3,1,'Second Officer','Second Officer',1,'2021-06-29 07:17:29','2021-07-12 10:11:16',NULL),(4,1,'Third Officer','Third Officer',1,'2021-07-30 04:38:53',NULL,NULL),(5,1,'Officers Cadet','Officers Cadet',1,'2021-07-30 04:38:53',NULL,NULL),(6,1,'Chief Engineer','Chief Engineer',1,'2021-07-30 04:41:26',NULL,NULL),(7,1,'Second Engineer','Second Engineer',1,'2021-07-30 04:41:27',NULL,NULL),(8,1,'Third Engineer','Third Engineer',1,'2021-07-30 04:41:27',NULL,NULL),(9,1,'Fourth Engineer','Fourth Engineer',1,'2021-07-30 04:41:28',NULL,NULL),(10,1,'Engineering Cadet','Engineering Cadet',1,'2021-07-30 04:41:28',NULL,NULL),(11,1,'Bosun / Coo','Bosun / Coo',1,'2021-07-30 04:41:29',NULL,NULL),(12,1,'Cook','Cook',1,'2021-07-30 04:41:29',NULL,NULL),(13,1,'AB','AB',1,'2021-07-30 04:41:30',NULL,NULL),(14,1,'OS','OS',1,'2021-07-30 04:41:30',NULL,NULL),(15,1,'Oiler','Oiler',1,'2021-07-30 04:41:30',NULL,NULL),(16,0,'General Manager','General Manager',1,'2021-07-30 10:44:34','2021-07-30 10:44:34',NULL),(17,0,'Asstt. General Manager','Asstt. General Manager',1,'2021-07-30 10:45:26','2021-07-30 10:45:26',NULL),(18,0,'Accountant','Accountant',1,'2021-07-30 10:46:33','2021-07-30 10:46:33',NULL),(19,0,'Auditor','Auditor',1,'2021-07-30 10:46:53','2021-07-30 10:46:53',NULL),(20,0,'Senior Assistant','Senior Assistant',1,'2021-07-30 10:47:58','2021-07-30 10:47:58',NULL),(21,0,'Asstt. Manager','Asstt. Manager',1,'2021-07-31 06:47:44',NULL,NULL),(22,1,'Electrical Engineer','Electrical Engineer',1,'2021-08-19 12:07:20','2021-08-19 12:07:20',NULL);

--
-- Table structure for table `religions`
--

CREATE TABLE `religions` (
  `id` bigint(20) unsigned NOT NULL AUTO_INCREMENT,
  `name` varchar(255) CHARACTER SET utf8 NOT NULL,
  `name_bn` varchar(255) CHARACTER SET utf8 DEFAULT NULL,
  `created_at` timestamp NULL DEFAULT NULL,
  `updated_at` timestamp NULL DEFAULT NULL,
  `deleted_at` timestamp NULL DEFAULT NULL,
  PRIMARY KEY (`id`)
) ENGINE=InnoDB AUTO_INCREMENT=5 DEFAULT CHARSET=latin1;

--
-- Dumping data for table `religions`
--

INSERT INTO `religions` VALUES (1,'Islam','ইসলাম','2021-07-01 07:53:09','2021-08-26 17:02:52',NULL),(2,'Hindu','হিন্দু','2021-07-01 07:53:26','2021-07-01 07:53:26',NULL),(3,'Christian','খ্রীষ্টান','2021-07-01 07:53:49','2021-08-26 17:10:01',NULL),(4,'Buddha','বুদ্ধ','2021-07-01 07:54:01','2021-07-01 07:54:01',NULL);

--
-- Table structure for table `role_has_permissions`
--

CREATE TABLE `role_has_permissions` (
  `permission_id` bigint(20) unsigned NOT NULL,
  `role_id` bigint(20) unsigned NOT NULL,
  PRIMARY KEY (`permission_id`,`role_id`),
  KEY `role_has_permissions_role_id_foreign` (`role_id`),
  CONSTRAINT `role_has_permissions_permission_id_foreign` FOREIGN KEY (`permission_id`) REFERENCES `permissions` (`id`) ON DELETE CASCADE,
  CONSTRAINT `role_has_permissions_role_id_foreign` FOREIGN KEY (`role_id`) REFERENCES `roles` (`id`) ON DELETE CASCADE
) ENGINE=InnoDB DEFAULT CHARSET=utf8mb4 COLLATE=utf8mb4_unicode_ci;

--
-- Dumping data for table `role_has_permissions`
--

INSERT INTO `role_has_permissions` VALUES (1,1),(2,1),(3,1),(4,1),(5,1),(6,1),(7,1),(8,1),(9,1),(10,1),(11,1),(12,1),(13,1),(14,1),(15,1),(16,1),(17,1),(18,1),(19,1),(20,1),(21,1),(22,1),(23,1),(24,1),(25,1),(26,1),(27,1),(28,1),(29,1),(30,1),(31,1),(32,1),(33,1),(34,1),(35,1),(36,1),(37,1),(38,1),(39,1),(40,1),(41,1),(42,1),(43,1),(44,1),(45,1),(82,1),(83,1),(84,1);

--
-- Table structure for table `roles`
--

CREATE TABLE `roles` (
  `id` bigint(20) unsigned NOT NULL AUTO_INCREMENT,
  `name` varchar(191) COLLATE utf8mb4_unicode_ci NOT NULL,
  `guard_name` varchar(191) COLLATE utf8mb4_unicode_ci NOT NULL,
  `created_at` timestamp NULL DEFAULT NULL,
  `updated_at` timestamp NULL DEFAULT NULL,
  PRIMARY KEY (`id`),
  UNIQUE KEY `roles_name_guard_name_unique` (`name`,`guard_name`)
) ENGINE=InnoDB AUTO_INCREMENT=6 DEFAULT CHARSET=utf8mb4 COLLATE=utf8mb4_unicode_ci;

--
-- Dumping data for table `roles`
--

INSERT INTO `roles` VALUES (1,'super admin','web','2021-06-29 04:40:55','2021-06-29 04:40:55'),(2,'administrator','web','2021-06-29 04:40:55','2021-06-29 04:40:55'),(3,'shore-employee','web','2021-06-29 04:40:55','2021-06-29 04:40:55'),(4,'afloat-employee','web','2021-06-29 04:40:55','2021-06-29 04:40:55'),(5,'candidate','web','2021-06-29 04:40:55','2021-06-29 04:40:55');

--
-- Table structure for table `sub_ranks`
--

CREATE TABLE `sub_ranks` (
  `id` int(11) NOT NULL AUTO_INCREMENT,
  `name` varchar(255) NOT NULL,
  `name_bn` varchar(255) DEFAULT NULL,
  `rank_id` int(10) unsigned NOT NULL,
  `status` tinyint(3) unsigned NOT NULL DEFAULT '1' COMMENT '0 = Disable; 1 = Enable;',
  `created_at` datetime DEFAULT CURRENT_TIMESTAMP,
  `updated_at` datetime DEFAULT NULL,
  `deleted_at` datetime DEFAULT NULL,
  PRIMARY KEY (`id`)
) ENGINE=InnoDB DEFAULT CHARSET=latin1;

--
-- Dumping data for table `sub_ranks`
--


--
-- Table structure for table `users`
--

CREATE TABLE `users` (
  `id` bigint(20) unsigned NOT NULL AUTO_INCREMENT,
  `name` varchar(191) COLLATE utf8mb4_unicode_ci NOT NULL,
  `email` varchar(191) COLLATE utf8mb4_unicode_ci NOT NULL,
  `service_id` varchar(191) COLLATE utf8mb4_unicode_ci DEFAULT NULL,
  `phone_number` varchar(191) COLLATE utf8mb4_unicode_ci DEFAULT NULL,
  `is_verified` tinyint(1) DEFAULT '0',
  `email_verified_at` timestamp NULL DEFAULT NULL,
  `password` varchar(191) COLLATE utf8mb4_unicode_ci NOT NULL,
  `remember_token` varchar(100) COLLATE utf8mb4_unicode_ci DEFAULT NULL,
  `created_at` timestamp NULL DEFAULT NULL,
  `updated_at` timestamp NULL DEFAULT NULL,
  PRIMARY KEY (`id`),
  UNIQUE KEY `users_email_unique` (`email`),
  UNIQUE KEY `users_service_id_unique` (`service_id`),
  UNIQUE KEY `users_phone_number_unique` (`phone_number`)
) ENGINE=InnoDB AUTO_INCREMENT=38 DEFAULT CHARSET=utf8mb4 COLLATE=utf8mb4_unicode_ci;

--
-- Dumping data for table `users`
--

INSERT INTO `users` VALUES (1,'Super admin','super@admin.com','100',NULL,NULL,'2021-06-28 22:40:54','$2y$10$x0YEtGINJuDLDUIGI3mZ/e9lvLEcvPJE0QkRj0E1kThjAR8oliHoC',NULL,'2021-06-28 22:40:54','2021-06-28 22:40:54'),(2,'administrator','admin@admin.com','101',NULL,NULL,'2021-06-28 22:40:54','$2y$10$mN7RG1yuotQabwizJirgeuen5e6Qd1.y6UQIedwpY14.kjb.wy54.',NULL,'2021-06-28 22:40:54','2021-06-28 22:40:54'),(8,'MD.SHAHRIAR SAGOR','srsagor007@gmail.com','30607','01797245860',1,NULL,'$2y$10$5nxh3JGbdBaP5tHED1VpN.y.AcTGcvZlWFVe1e3S50Oq5lYku7HS.','7roEdJ37kXWSf3RsuMf2wvV26Uu9xkcMJVv6WCzlNfOt5qd51WTNMOknq3iz','2021-08-22 11:48:54','2021-08-31 11:27:29'),(9,'Test candidate','candidate@candidate.com','6243','01747970935',1,NULL,'$2y$10$0qP9nrhTy81Nkel2Kjj5zOZXoyQ0ym16aoxUl88sTs42OlslyPxdG','mZBfgjrhZshzjGFljsHxQwFMTZXLgr9S5ZQkVm8ogqd4yt8mC1hcRHHgMcd6','2021-08-22 12:00:11','2021-08-22 12:00:11'),(10,'MD.SHAHRIAR SAGOR','srsagor91@gmail.com','52457','01863109300',1,NULL,'$2y$10$5Qal4e1KcSXe6Yexk6xeNeuShR8RZSYwOWnBwv5Y/9wYQZ9Ep6Pum','m6WRwXafzdnW1xI2iJ8VIA10RXJTty0iluht7IH2hNg4yD7gaXRFq4k7aPez','2021-08-22 12:06:43','2021-08-22 12:06:43'),(11,'Liza','Liza@gmail.com','76187','01777036224',1,NULL,'$2y$10$d4JwlD3DWfRRh4fmtjz7kuz.OvRyK6PCMynrMB2mVS9bLlS/zh2wG','E0lRNsCaa5hJsVKo0dIyaitvYh2tyVHtc3yRGyx44ivamuDtwdaKTHTMYsiM','2021-08-22 12:43:12','2021-08-23 11:54:02'),(12,'NAHIDA JAHAN','nahida_jahan@yahoo.com','44595','01824166811',1,NULL,'$2y$10$IHSNZJbggnioc6BOkmsTiuBC4d8D9EnT6c6hSg3vxZW.YOkaUKMZC','3fzNi2LDjB1xjD7BesETzNwCiee3ejMqVvO6PU6Xg32RcaHKfaXOV3wucbYF','2021-08-22 20:02:10','2021-08-26 09:09:09'),(13,'Shamim','shamim42062@gmail.com','85839','01674929588',1,NULL,'$2y$10$yjUMdgtBKIKvte26U8N/..A1I3VRvdwtpZ4MPmfJcGGZ1xxy6G3xy','NdwQcDdD6eQV7Lw0ejnV5rUHM64VGfdvjJ1CxyANHTTdCJ1GMI87gDloFGlY','2021-08-24 23:11:46','2021-08-24 23:11:46'),(14,'ZIA UDDIN AHMED EMON','emonzia09@gmail.com','55457','+8801833478740',1,NULL,'$2y$10$5juANEMmoIq2DeaLfzwGAeNy7hyF589FZ6cjJ3DVySoqGhabQl3FC','RH1MxmIXlWxI8Kyao9zqu3hBXEHlNonJqQP65UYyWzTUnEcfVtGm6hNhdyLA','2021-08-25 11:12:28','2021-08-26 14:22:13'),(15,'Rajib','mdrajibhossain484@gmail.com','23982','01516115240',1,NULL,'$2y$10$5WrOrQ/.1CLP2fNzcPsLd.nIwyBv1g2uePq.4mD3Zix06U0iuUGzy','bzwOpv1WrBtTv8lF5tyrJIen7uFfmU0nhpbZvjyJuUFNNZQdUJsNVFpEPR6a','2021-08-25 12:44:12','2021-08-25 12:44:12'),(16,'Dil Mahfuza Taher','dilmahfuza@gmail.com','63397','01751857662',1,NULL,'$2y$10$mQjfjBRg2Vm/2ZN8PtcS4eZ3MtZLxL8/uONoEhHuwy9b.6p6g.1vi','ugJUZL8mAiNOYV9QPNh66C9l2uW99OzN1qFllr3BEThCZNAX8AceYeMogEAF','2021-08-25 13:01:56','2021-08-25 13:01:56'),(17,'MD.ABUL HOSEN','abulhosenlaw@gmail.com','32208','01740153156',1,NULL,'$2y$10$MhWOl9sjUrZhhGO1aAP4YOK20R6rDP7nUjueufHFVtuw6uMWZJ9ZS','DKih4ef0szfgh0OK9j8Uahl7CvM7IGaybJT4JPdYwoi3CONY9erY5ZxRptPQ','2021-08-25 13:03:37','2021-08-25 13:03:37'),(18,'MD ATIQUR RAHAMAN CHOWDHURY','atiqchowdhury.bsc@gmail.com','76509','01746077073',1,NULL,'$2y$10$ff40qgwLjio0GJII1B4Xe.fN1nm5e5iFUMiZ1EJ7MYWoi9/.s3Nme','AqIjzbf7oiOkQTvUKmiVfiraYEjOCS0qXCYGruyuBBaEnFYT8Upx52undzUs','2021-08-25 14:05:21','2021-08-25 14:05:21'),(19,'Md. Shamim Ahmed','shamim.buet.name@gmail.com','63228','01515259122',1,NULL,'$2y$10$7pOLTM8XSmZRLOueL9ALR.I735fNNi/mN7tdSrhJoJSe4NNP8./JO','U97pqNPeYOR09e5QKG6T50YSeU4SPUpfQCYHiqQKFYML1fhC561zZXPh3jt8','2021-08-25 15:06:53','2021-08-25 15:06:53'),(20,'Souha Tasnuva','ofeliasouha@gmail.com','45350','01852771156',1,NULL,'$2y$10$Tr1A06SlvRqSMxIFnt6vZuxoAgsPbXfO6.Si8wFFiyMl6N3zStt3C','kB0KSJuBWDmXVqYyGBAlkRrDuLzAxu8C9VbK20qBpbto4055KPxJDlkJP5kd','2021-08-26 08:59:30','2021-08-26 08:59:30'),(21,'Nahida Jahan','nahida.jahan007@gmail.com','54573','01787323748',1,NULL,'$2y$10$8oK5v/MDlHItBSCcdKpByOM3c6i1.5hXr4Zn58Ur.MnOtyUScfgUq','3ioNfpNJxJg4IDdeyzhsoaW6E7OhaU90JbB9X1suwiP5EPq1GLoKXhZN6uTi','2021-08-26 09:11:49','2021-08-26 09:11:49'),(22,'MD.SHAHRIAR SAGOR','masudparvez0614@gmail.com','86484','01782813906',1,NULL,'$2y$10$KfWF01uXLRTNY1s8y3LekOMAw9qFRnPQIG.11JFOCi0m3Gc4VDS2m','DFf9hEScg9t7Vg3Ny7uVZdJbvMF9pI4BopSgVe7SOxFjhQG4MqJW1TjzdiJ4','2021-08-26 10:35:14','2021-08-26 10:35:14'),(23,'Al Amin','al.amin@gamil.com','34708','01864276125',1,NULL,'$2y$10$QW.IH3/uqnv09TZi5DrE/u.5w5.zBOTKrGfBYcURJC3bYZ6cmNdB2','Ppu1rabPgcj4F8kUQnen0m4owElvXWy1Btf3Q3kDDokx3pYosIjXATiG4ksN','2021-08-26 10:39:36','2021-08-26 10:39:36'),(24,'candidate002','candidate024@candidate.com','22199','0174797093534',1,NULL,'$2y$10$N6E5Qat/SKwx3LxpvYY2n.eZ9GL4xXajcNb5DMHWsLby..b3G0Q2K','y79gxyVJ0F6IhAPMpBeUDae4BNW78g0oIpmpE3bGaPLWcGQb3JqXL6b8q6xB','2021-08-26 10:45:21','2021-08-26 10:45:21'),(25,'candidate02','candidate88@candidate.com','82681','01745679098',1,NULL,'$2y$10$nxVIhTWbwEk1s94qJnpmy.OMH57VnTHzj9Q0WkXqIZ4Pwe7cPtJKa','kRbyJAOSJ8q7XsX6DUwGiBU7BpGq9f9lKq1Q6MqaWLyyb9DC6ptDJ4xDu3B4','2021-08-26 11:35:38','2021-08-26 11:35:38'),(26,'mahabub tp','srsagor0011@gmail.com','43269','01841397297',1,NULL,'$2y$10$lxyUKx6BBjHVKo5ufepP1uikh4zb1J4wovL0RsrWQ5CMPuD2RxNO2','K9CZMMrezYXibBckdP6cehzzscjuAVQOvNRqE1HGwm9zrXnBf9trQGjgnlq4','2021-08-26 11:35:59','2021-08-26 11:35:59'),(27,'Md. Rasel Pradania','rasel.55prodhania@gmail.com','25879','01634703607',1,NULL,'$2y$10$J9ZX0tz9i/iv3ObkakME7.GAssk3X3t85jJcbaP0bYyZuq3TKsQe2','7X8fx4Fa9jOh2ewPUwis8gfKvwAvPjchTh9F6j1beFi4dS1MglE3pOk8SFIP','2021-08-26 15:00:13','2021-08-26 15:00:13'),(28,'K.M. Mahmudur Rahman','mahmudkm2@gmail.com','69708','01714289311',1,NULL,'$2y$10$XYYHtK8myDp6DfthSyaKk.Z0mVwlUfRv3rR.NUPGcPB8VeoXO6pn2','JgOziGeijBep5e1jgBb1SxQhmv8hARczcWcxE6lRy07VzfA6pHmX3TayHIT7','2021-08-26 15:52:49','2021-08-26 15:52:49'),(29,'Nashid Jahan','sasagor0012@gmail.com','16301','01873933253',1,NULL,'$2y$10$gDyrd1e3sdjkrGX97jvKseQo3YpunNABwT0KI/4vbsRWiZX4kydX6','qzZ9ifu72uWXBqMCctwCmY2H6PBOppii4Z3A7VF7S7xB1MYx9d4UPzOFlmHU','2021-08-26 23:10:35','2021-08-26 23:10:35'),(30,'test Candidate','candidate10@candidate.com','99662','01546789063',1,NULL,'$2y$10$XYYHtK8myDp6DfthSyaKk.Z0mVwlUfRv3rR.NUPGcPB8VeoXO6pn2','JyDO9Zc7dNAtPxwTCYJyAi7KoagMkgZ9MUJUTN7tStzvB72vTSIjZCcQpFqq','2021-08-31 17:41:37','2021-08-31 17:41:37'),(31,'candidate02','candidate25@candidate.com','81521','12345678903234',1,NULL,'$2y$10$.E1iLIqmZKKc0r3MGAGmoOjTIDjHs6ss0blf5b2zNo345AUE.DmIe','D8mtSCkFZnxVtKvv57rMvJEfWl41VFAp2G1u0eM7HLlDzoc7h0v4o187liPq','2021-09-02 04:25:34','2021-09-02 05:19:11'),(33,'candidate02','candidate025@candidate.com','2825','123456789034567',1,NULL,'$2y$10$u0fTrCvNvZv5xM1uoeZukeOUcrt9LbeNMYG90SY9c8.VgWglznLEu','8vAD0Gupz5sVJR3UyX0FaXjztpAzJ7ovPvLuwWikQ2zJ77sU1K9hrjIosu0o','2021-09-02 04:48:20','2021-09-02 04:48:20'),(34,'candidate02','candidate026@candidate.com','27143','12345678902345',1,NULL,'$2y$10$5DZs6YFi3vBMnePY1ccFSu9mVckY1KUFsWNbvh0TSSSMoKvgW1Yr.','KEYHj5AorPT5gbHALYi7d5bLYd3DFf7oPFWt4OhHOv9jLHDGEXqMtkj1pVFx','2021-09-02 04:51:57','2021-09-02 04:51:58'),(35,'candidate02','candidate027@candidate.com','88926','1234567891234',1,NULL,'$2y$10$JjAJOQAEM7FuoJAmeX7UvuHchE5hTfmGRfZyq.pik2RWB5wztAU/y','hgNyXE3B5ZXTnNGSEzFPjbSrY8K7fVtP08pk0IvQF6P2q1ttHfiMEWIKfxhi','2021-09-02 04:53:38','2021-09-02 04:53:38'),(36,'candidate02','candidate028@candidate.com','93767','12345678234',1,NULL,'$2y$10$0l.3IwDIeLGoc/eSLvbekuPaUPpnYjkpKTTTFmCawOPQtQMp5NbB2','goG4h4CvXPTOFwrfmr8Wk9zYjQMH6RoAu3dJ4IQLnmKDrXnXQfPxAtgYfUur','2021-09-02 04:57:28','2021-09-02 04:57:28'),(37,'candidate002','candidate029@candidate.com','93449','098765678456',1,NULL,'$2y$10$ZcrDP1Sn3h1zU3v8S18pHeflH66yh8KEy49pMpXGrNOR3eqnIo/h.','NUl9pTYk0mmULiw6n2B97NME5q9vXxQGeyc1cuuR1t7Y9nvCjzskr9xKR3GU','2021-09-02 05:06:59','2021-09-02 05:06:59');


