-- Table structure for table `candidate_afloat_courses`
--

CREATE TABLE `candidate_afloat_courses` (
  `id` int(11) NOT NULL AUTO_INCREMENT,
  `user_id` bigint(20) DEFAULT NULL,
  `candidate_id` bigint(20) DEFAULT NULL,
  `certificate` varchar(255) CHARACTER SET utf8 DEFAULT NULL,
  `number` varchar(255) CHARACTER SET utf8 DEFAULT NULL,
  `issue_date` date DEFAULT NULL,
  `expiry_date` date DEFAULT NULL,
  `created_at` timestamp NULL DEFAULT CURRENT_TIMESTAMP,
  `updated_at` timestamp NULL DEFAULT NULL ON UPDATE CURRENT_TIMESTAMP,
  `deleted_at` timestamp NULL DEFAULT NULL,
  PRIMARY KEY (`id`)
) ENGINE=InnoDB AUTO_INCREMENT=2 DEFAULT CHARSET=utf8mb4 COLLATE=utf8mb4_unicode_ci;

--
-- Dumping data for table `candidate_afloat_courses`
--

INSERT INTO `candidate_afloat_courses` VALUES (1,9,2,'234567','345678','2021-09-01','2021-09-16','2021-09-05 09:05:34','2021-09-05 09:05:34',NULL);

--
-- Table structure for table `candidate_educations`
--

CREATE TABLE `candidate_educations` (
  `id` bigint(20) unsigned NOT NULL AUTO_INCREMENT,
  `candidate_id` bigint(20) unsigned NOT NULL,
  `degree` bigint(20) DEFAULT NULL,
  `exam_id` bigint(20) unsigned DEFAULT NULL COMMENT 'sub exam_id',
  `exam_name` varchar(255) CHARACTER SET utf8 DEFAULT NULL COMMENT 'input exam name',
  `duration` varchar(255) CHARACTER SET utf8 DEFAULT NULL,
  `roll_no` varchar(255) CHARACTER SET utf8 DEFAULT NULL,
  `institution_name` varchar(255) CHARACTER SET utf8 NOT NULL,
  `board` varchar(255) CHARACTER SET utf8 NOT NULL,
  `subject` varchar(255) CHARACTER SET utf8 NOT NULL,
  `year` varchar(10) CHARACTER SET utf8 DEFAULT NULL,
  `result` varchar(10) CHARACTER SET utf8 NOT NULL,
  `current_institution` tinyint(4) NOT NULL DEFAULT '0' COMMENT '0 = No; 1 = Yes	',
  `created_by` bigint(20) unsigned DEFAULT NULL,
  `updated_by` bigint(20) unsigned DEFAULT NULL,
  `deleted_by` bigint(20) DEFAULT NULL,
  `created_at` timestamp NULL DEFAULT CURRENT_TIMESTAMP,
  `updated_at` timestamp NULL DEFAULT NULL,
  `deleted_at` timestamp NULL DEFAULT NULL,
  PRIMARY KEY (`id`)
) ENGINE=InnoDB AUTO_INCREMENT=55 DEFAULT CHARSET=latin1;

--
-- Dumping data for table `candidate_educations`
--

INSERT INTO `candidate_educations` VALUES (20,11,1,NULL,NULL,NULL,NULL,'GUTHUMA K B A AZIZ MODEL HIGH SCHOOL','CUMILLA','SCIENCE','2006','5.00',0,18,18,NULL,'2021-08-25 14:57:02','2021-08-25 14:57:02',NULL),(21,11,2,NULL,NULL,NULL,NULL,'NOTRE DAME COLLEGE','DHAKA','BUSINESS STUDIES','2008','5.00',0,18,18,NULL,'2021-08-25 14:57:02','2021-08-25 14:57:02',NULL),(22,11,4,NULL,NULL,NULL,NULL,'Dhaka University','Dhaka University','Management','2012','3.63',0,18,18,NULL,'2021-08-25 14:57:02','2021-08-25 14:57:02',NULL),(23,11,13,NULL,NULL,NULL,NULL,'Dhaka University','Dhaka University','Human Resource Management','2013','3.65',0,18,18,NULL,'2021-08-25 14:57:02','2021-08-25 14:57:02',NULL),(27,12,4,NULL,NULL,NULL,NULL,'Bangladesh University of Engineering &Technology','BUET','Naval Architecture& Marine Engineering','2017','3.68',0,19,19,NULL,'2021-08-25 15:19:00','2021-08-25 15:19:00',NULL),(28,12,2,NULL,NULL,NULL,NULL,'Gulshan Model Uccha Maddyamik Biddyalay','Dhaka','Science','2011','5.00',0,19,19,NULL,'2021-08-25 15:19:00','2021-08-25 15:19:00',NULL),(29,12,1,NULL,NULL,NULL,NULL,'Abdul Khalaque Memorial High School','Dhaka','Science','2009','5.00',0,19,19,NULL,'2021-08-25 15:19:00','2021-08-25 15:19:00',NULL),(37,16,2,NULL,NULL,NULL,NULL,'DC','Dhaka','Science','2013','4.00',0,23,23,NULL,'2021-08-26 11:05:18','2021-08-26 11:05:18',NULL),(40,20,1,NULL,NULL,NULL,NULL,'Parapur High School','Cumilla','Business Studies','2006','5',0,27,27,NULL,'2021-08-26 15:29:40','2021-08-26 15:29:40',NULL),(43,7,1,NULL,NULL,NULL,NULL,'BANGLADESH NOU BAHINI SCHOOL AND COLLEGE CHATTOGRAM','CHATTOGRAM','SCIENCE','2005','5.00',0,14,14,NULL,'2021-08-26 15:33:26','2021-08-26 15:33:26',NULL),(44,7,2,NULL,NULL,NULL,NULL,'GOVT. HAZI MOHAMMAD MOHSIN COLLEGE, CHATTOGRAM','CHATTOGRAM','SCIENCE','2007','4.40',0,14,14,NULL,'2021-08-26 15:33:26','2021-08-26 15:33:26',NULL),(45,7,4,NULL,NULL,NULL,NULL,'BANGLADESH MARINE ACADEMY,CHATTOGRAM','CHATTOGRAM','MARITIME SCIENCE (ENGINEERING)','2010','1109',0,14,14,NULL,'2021-08-26 15:33:26','2021-08-26 15:33:26',NULL),(46,1,1,NULL,NULL,NULL,NULL,'ddpur','Jossore','SCIENCE','2011','5',0,8,8,NULL,'2021-08-26 15:36:59','2021-08-26 15:36:59',NULL),(47,5,4,NULL,NULL,NULL,NULL,'BUET','Dhaka','CSE','2007','3.35',0,12,12,NULL,'2021-08-26 16:49:47','2021-08-26 16:49:47',NULL),(48,13,2,NULL,NULL,NULL,NULL,'CUET','Chitagong','EEE','2010','3.25',0,20,20,NULL,'2021-08-26 22:12:35','2021-08-26 22:12:35',NULL),(49,17,1,7,NULL,'234','234234','fawjdasjk','wqeqweqw','wdwqqqwe','2013','234324',0,24,24,NULL,'2021-08-29 17:37:09','2021-08-29 17:37:09',NULL),(50,17,4,NULL,'wqeqweqwe','3243',NULL,'qweqweqweqwe','eqweqweqw','wqeqweqwe','2008','24234',0,24,24,NULL,'2021-08-29 17:37:09','2021-08-29 17:37:09',NULL),(51,14,5,NULL,NULL,NULL,NULL,'BUET','Dhaka','CSE','2010','3.35',0,21,21,NULL,'2021-08-29 18:09:20','2021-08-29 18:09:20',NULL),(52,23,2,10,NULL,'234234','234234','23456475','234234','345345','2019','324234',0,30,30,NULL,'2021-08-31 17:43:38','2021-08-31 17:43:38',NULL),(54,2,2,NULL,NULL,'1234567','234567','2345678','234567','345678','2020','23456',0,9,9,NULL,'2021-09-05 09:02:02','2021-09-05 09:02:02',NULL);

--
-- Table structure for table `candidate_experiences`
--

CREATE TABLE `candidate_experiences` (
  `id` bigint(20) unsigned NOT NULL AUTO_INCREMENT,
  `candidate_id` bigint(20) unsigned NOT NULL,
  `job_type` tinyint(3) unsigned DEFAULT NULL COMMENT '0=shore;1=afloat',
  `company_name` varchar(191) COLLATE utf8mb4_unicode_ci DEFAULT NULL,
  `ship_name` varchar(191) COLLATE utf8mb4_unicode_ci DEFAULT NULL,
  `rank_id` bigint(20) unsigned DEFAULT NULL,
  `designation` text COLLATE utf8mb4_unicode_ci COMMENT 'rank_name for shore',
  `is_current` tinyint(1) DEFAULT '0',
  `type` varchar(191) COLLATE utf8mb4_unicode_ci DEFAULT NULL,
  `dwt` varchar(191) COLLATE utf8mb4_unicode_ci DEFAULT NULL,
  `engine_type` varchar(191) COLLATE utf8mb4_unicode_ci DEFAULT NULL,
  `start_date` datetime DEFAULT NULL,
  `end_date` datetime DEFAULT NULL,
  `created_by` bigint(20) unsigned DEFAULT NULL,
  `updated_by` bigint(20) unsigned DEFAULT NULL,
  `deleted_by` bigint(20) unsigned DEFAULT NULL,
  `created_at` timestamp NULL DEFAULT NULL,
  `updated_at` timestamp NULL DEFAULT NULL,
  PRIMARY KEY (`id`)
) ENGINE=InnoDB AUTO_INCREMENT=25 DEFAULT CHARSET=utf8mb4 COLLATE=utf8mb4_unicode_ci;

--
-- Dumping data for table `candidate_experiences`
--

INSERT INTO `candidate_experiences` VALUES (3,11,0,'Mercantile Bank Limited',NULL,NULL,'Executive Officer',NULL,NULL,NULL,NULL,'2015-01-04 00:00:00','2018-07-01 00:00:00',18,18,NULL,'2021-08-25 14:57:02','2021-08-25 14:57:02'),(6,12,0,'Bangladesh Shipping Corporation',NULL,NULL,'Assistant Manager',1,NULL,NULL,NULL,'2018-07-02 00:00:00',NULL,19,19,NULL,'2021-08-25 15:19:00','2021-08-25 15:19:00'),(12,16,0,'CST',NULL,NULL,'Employee',0,NULL,NULL,NULL,'2021-08-01 00:00:00','2021-08-13 00:00:00',23,23,NULL,'2021-08-26 11:05:18','2021-08-26 11:05:18'),(17,7,1,'BSC','M.T.BANGLAR AGRAGOTI',7,NULL,NULL,'OIL/CHEMICAL TANKER','38927','MAN B& W 6S 50 MC C-8.2, 2 STROKE','2020-07-21 00:00:00','2021-03-22 00:00:00',14,14,NULL,'2021-08-26 15:33:26','2021-08-26 15:33:26'),(18,1,1,'cst','cst',15,NULL,0,'dev','test','test','2021-08-01 00:00:00',NULL,8,8,NULL,'2021-08-26 15:36:59','2021-08-28 12:15:57'),(19,5,0,'CST',NULL,NULL,'IT Officer',0,NULL,NULL,NULL,'2918-03-16 00:00:00','2021-08-22 00:00:00',12,12,NULL,'2021-08-26 16:49:47','2021-08-26 16:49:47'),(20,5,1,'Meghna','Meghna Mania',7,NULL,0,'2','23','new','2019-01-23 00:00:00','2020-12-30 00:00:00',12,12,NULL,'2021-08-26 16:49:47','2021-08-26 16:49:47'),(21,13,0,'BSC',NULL,NULL,'HR',NULL,NULL,NULL,NULL,'2020-01-01 00:00:00','2021-08-26 00:00:00',20,20,NULL,'2021-08-26 22:12:35','2021-08-26 22:12:35'),(22,14,1,NULL,'Meghna',7,NULL,0,NULL,NULL,NULL,'2010-02-21 00:00:00','2021-08-26 00:00:00',21,21,NULL,'2021-08-29 18:09:20','2021-08-31 17:46:10'),(23,2,0,'12345678',NULL,NULL,'34567',0,NULL,NULL,NULL,'2021-09-01 00:00:00','2021-09-24 00:00:00',9,9,NULL,'2021-09-02 06:21:32','2021-09-02 08:32:24'),(24,2,1,'345678','2345678',NULL,NULL,0,'23456','3456','3456',NULL,NULL,9,9,NULL,'2021-09-05 09:04:55','2021-09-05 09:06:05');

--
-- Table structure for table `candidate_identity_docs`
--

CREATE TABLE `candidate_identity_docs` (
  `id` int(11) NOT NULL AUTO_INCREMENT,
  `user_id` bigint(20) DEFAULT NULL,
  `candidate_id` bigint(20) DEFAULT NULL,
  `document_type_id` bigint(20) DEFAULT NULL,
  `country_id` bigint(20) DEFAULT NULL,
  `issue_place` varchar(255) CHARACTER SET utf8 DEFAULT NULL,
  `number` varchar(255) CHARACTER SET utf8 DEFAULT NULL,
  `issue_date` date DEFAULT NULL,
  `expiry_date` date DEFAULT NULL,
  `created_at` timestamp NULL DEFAULT CURRENT_TIMESTAMP,
  `updated_at` timestamp NULL DEFAULT NULL ON UPDATE CURRENT_TIMESTAMP,
  `deleted_at` timestamp NULL DEFAULT NULL,
  PRIMARY KEY (`id`)
) ENGINE=InnoDB AUTO_INCREMENT=3 DEFAULT CHARSET=utf8mb4 COLLATE=utf8mb4_unicode_ci;

--
-- Dumping data for table `candidate_identity_docs`
--

INSERT INTO `candidate_identity_docs` VALUES (2,9,2,2,15,'345yu','1234567','2021-09-01','2021-09-23','2021-09-05 09:05:55','2021-09-05 09:05:55',NULL);

--
-- Table structure for table `candidate_job_afloat_courses`
--

CREATE TABLE `candidate_job_afloat_courses` (
  `id` bigint(20) unsigned NOT NULL AUTO_INCREMENT,
  `candidate_id` bigint(20) unsigned NOT NULL,
  `job_id` bigint(20) unsigned NOT NULL,
  `candidate_job_id` bigint(20) unsigned NOT NULL,
  `candidate_afloat_course_id` bigint(20) unsigned NOT NULL,
  `certificate` varchar(255) COLLATE utf8mb4_unicode_ci DEFAULT NULL,
  `number` varchar(255) COLLATE utf8mb4_unicode_ci DEFAULT NULL,
  `issue_date` date DEFAULT NULL,
  `expiry_date` date DEFAULT NULL,
  `created_at` timestamp NULL DEFAULT NULL,
  `updated_at` timestamp NULL DEFAULT NULL,
  PRIMARY KEY (`id`)
) ENGINE=InnoDB AUTO_INCREMENT=6 DEFAULT CHARSET=utf8mb4 COLLATE=utf8mb4_unicode_ci;

--
-- Dumping data for table `candidate_job_afloat_courses`
--

INSERT INTO `candidate_job_afloat_courses` VALUES (1,1,18,46,2,'test','01797245860','2021-08-01','2021-08-30','2021-08-26 15:29:45','2021-08-26 15:29:45'),(2,7,18,47,3,'ADVANCED CHEMICAL TANKER','32.086711','2018-01-11','2024-01-03','2021-08-26 15:33:26','2021-08-26 15:33:26'),(3,1,12,52,2,'test','01797245860','2021-08-01','2021-08-30','2021-08-28 12:15:57','2021-08-28 12:15:57'),(4,1,20,53,2,'test','01797245860','2021-08-01','2021-08-30','2021-08-29 13:04:02','2021-08-29 13:04:02'),(5,1,13,55,2,'test','01797245860','2021-08-01','2021-08-30','2021-08-29 18:08:35','2021-08-29 18:08:35');

--
-- Table structure for table `candidate_job_application_docs`
--

CREATE TABLE `candidate_job_application_docs` (
  `id` int(11) NOT NULL AUTO_INCREMENT,
  `candidate_job_id` int(11) DEFAULT NULL,
  `candidate_id` int(11) DEFAULT NULL,
  `document_type_id` int(11) DEFAULT NULL,
  `attachment` varchar(250) DEFAULT NULL,
  `created_at` datetime DEFAULT NULL,
  `updated_at` datetime DEFAULT NULL,
  `deleted_at` datetime DEFAULT NULL,
  PRIMARY KEY (`id`)
) ENGINE=InnoDB DEFAULT CHARSET=latin1;

--
-- Dumping data for table `candidate_job_application_docs`
--


--
-- Table structure for table `candidate_job_basic_infos`
--

CREATE TABLE `candidate_job_basic_infos` (
  `id` bigint(20) unsigned NOT NULL AUTO_INCREMENT,
  `user_id` bigint(20) unsigned NOT NULL,
  `candidate_id` bigint(20) unsigned NOT NULL,
  `job_id` bigint(20) unsigned NOT NULL,
  `candidate_job_id` bigint(20) unsigned NOT NULL,
  `job_type` varchar(191) COLLATE utf8mb4_unicode_ci NOT NULL COMMENT 'employee_type_status:0=shore;1=afloat',
  `name` varchar(191) COLLATE utf8mb4_unicode_ci NOT NULL,
  `name_bn` varchar(191) COLLATE utf8mb4_unicode_ci DEFAULT NULL,
  `national_id` varchar(191) COLLATE utf8mb4_unicode_ci DEFAULT NULL,
  `birth_certificate_no` varchar(191) COLLATE utf8mb4_unicode_ci DEFAULT NULL,
  `date_of_birth` date DEFAULT NULL,
  `place_of_birth` varchar(191) COLLATE utf8mb4_unicode_ci DEFAULT NULL,
  `father_name` varchar(191) COLLATE utf8mb4_unicode_ci DEFAULT NULL,
  `mother_name` varchar(191) COLLATE utf8mb4_unicode_ci DEFAULT NULL,
  `present_address` text COLLATE utf8mb4_unicode_ci,
  `present_home_road_no` text COLLATE utf8mb4_unicode_ci,
  `present_village` text COLLATE utf8mb4_unicode_ci,
  `present_union` text COLLATE utf8mb4_unicode_ci,
  `present_post_office` text COLLATE utf8mb4_unicode_ci,
  `present_post_code` varchar(191) COLLATE utf8mb4_unicode_ci DEFAULT NULL,
  `present_upazila_id` bigint(20) unsigned DEFAULT NULL,
  `present_zila_id` bigint(20) unsigned DEFAULT NULL,
  `permanent_address` text COLLATE utf8mb4_unicode_ci,
  `permanent_home_road_no` text COLLATE utf8mb4_unicode_ci,
  `permanent_village` text COLLATE utf8mb4_unicode_ci,
  `permanent_union` text COLLATE utf8mb4_unicode_ci,
  `permanent_post_office` text COLLATE utf8mb4_unicode_ci,
  `permanent_post_code` varchar(191) COLLATE utf8mb4_unicode_ci DEFAULT NULL,
  `permanent_upazila_id` bigint(20) unsigned DEFAULT NULL,
  `permanent_zila_id` bigint(20) unsigned DEFAULT NULL,
  `phone_number` varchar(191) COLLATE utf8mb4_unicode_ci DEFAULT NULL,
  `nationality` bigint(20) unsigned DEFAULT NULL,
  `gender` tinyint(3) unsigned DEFAULT NULL,
  `religion_id` tinyint(3) unsigned DEFAULT NULL,
  `profession` varchar(191) COLLATE utf8mb4_unicode_ci DEFAULT NULL,
  `image` text COLLATE utf8mb4_unicode_ci,
  `signature` text COLLATE utf8mb4_unicode_ci,
  `signature_date` date DEFAULT NULL,
  `resume` text COLLATE utf8mb4_unicode_ci,
  `cover_letter` text COLLATE utf8mb4_unicode_ci,
  `spouse_name` varchar(255) CHARACTER SET utf8 DEFAULT NULL,
  `marital_status` varchar(255) CHARACTER SET utf8 DEFAULT NULL,
  `next_of_kin` varchar(255) CHARACTER SET utf8 DEFAULT NULL,
  `sid_no` varchar(255) CHARACTER SET utf8 DEFAULT NULL,
  `passport_no` varchar(255) CHARACTER SET utf8 DEFAULT NULL,
  `last_company` text CHARACTER SET utf8,
  `rank_experience` text CHARACTER SET utf8,
  `cdc_no` varchar(255) CHARACTER SET utf8 DEFAULT NULL,
  `batch` varchar(255) CHARACTER SET utf8 DEFAULT NULL,
  `alternate_number` varchar(255) CHARACTER SET utf8 DEFAULT NULL,
  `last_rank` varchar(255) CHARACTER SET utf8 DEFAULT NULL,
  `created_at` timestamp NULL DEFAULT NULL,
  `updated_at` timestamp NULL DEFAULT NULL,
  `deleted_at` timestamp NULL DEFAULT NULL,
  PRIMARY KEY (`id`)
) ENGINE=InnoDB AUTO_INCREMENT=78 DEFAULT CHARSET=utf8mb4 COLLATE=utf8mb4_unicode_ci;

--
-- Dumping data for table `candidate_job_basic_infos`
--

INSERT INTO `candidate_job_basic_infos` VALUES (3,9,2,17,3,'1','Test candidate','Test candidate','234234',NULL,'2021-08-09',NULL,'ewrewrewr','234234',NULL,'3243242','34234',NULL,'234324',NULL,NULL,NULL,NULL,'3243242','34234',NULL,'234324',NULL,NULL,NULL,NULL,NULL,NULL,NULL,'dasd','candidate-attachments/2-629612166/profile_images/Laravel-Employee-ACR-Upload.png','candidate-attachments/2-629612166/signatures/localhost-localhost-quickrecruit_demo-candidates-phpMyAdmin-5-0-2.png','2021-08-22','candidate-attachments/2-629612166/candidate_resumes/document (2).pdf',NULL,NULL,NULL,NULL,NULL,NULL,NULL,NULL,NULL,NULL,NULL,NULL,'2021-08-22 12:02:45','2021-08-22 12:02:45',NULL),(5,10,3,13,5,'0','MD.SHAHRIAR SAGOR','MD.SHAHRIAR SAGOR','121212121212',NULL,'2021-08-01',NULL,'MD.ISRAIL HOSSAIN','MST.REBEKA SULTANA',NULL,'copy','copy',NULL,'copy','7050',90,11,NULL,'copy','copy',NULL,'copy','7050',90,11,NULL,NULL,NULL,NULL,'copy','candidate-attachments/3-629613532/profile_images/amrit_kumar_saha.jpg','candidate-attachments/3-629613532/signatures/my-Sign.jpg','2021-08-22','candidate-attachments/3-629613532/candidate_resumes/certificate (12).pdf',NULL,NULL,NULL,NULL,NULL,NULL,NULL,NULL,NULL,NULL,NULL,NULL,'2021-08-22 12:25:31','2021-08-22 12:25:31',NULL),(6,10,3,16,6,'0','MD.SHAHRIAR SAGOR','MD.SHAHRIAR SAGOR','121212121212',NULL,'2021-08-01',NULL,'MD.ISRAIL HOSSAIN','MST.REBEKA SULTANA',NULL,'copy','copy',NULL,'copy','7050',90,11,NULL,'copy','copy',NULL,'copy','7050',90,11,NULL,NULL,NULL,NULL,'copy','candidate-attachments/3-629613667/profile_images/amrit_kumar_saha.jpg','candidate-attachments/3-629613667/signatures/my-Sign.jpg','2021-08-22','candidate-attachments/3-629613667/candidate_resumes/certificate (12).pdf',NULL,NULL,NULL,NULL,NULL,NULL,NULL,NULL,NULL,NULL,NULL,NULL,'2021-08-22 12:27:46','2021-08-22 12:27:46',NULL),(7,11,4,13,7,'0','Liza','Liza','12345678','987654321','2021-08-01','Dhaka','AAA','BBB',NULL,'abc','xyz',NULL,'1234','1215',74,10,NULL,'abc','xyz',NULL,'1234','1215',74,10,NULL,19,1,1,'Software Engineer','candidate-attachments/4-629615213/profile_images/female.png','candidate-attachments/4-629615213/signatures/avatar-user.png','2021-08-22','candidate-attachments/4-629615213/candidate_resumes/MD.SHAHRIAR SAGOR _Resume.pdf',NULL,NULL,NULL,NULL,NULL,NULL,NULL,NULL,NULL,NULL,NULL,NULL,'2021-08-22 12:53:32','2021-08-22 12:53:32',NULL),(8,10,3,14,8,'0','MD.SHAHRIAR SAGOR','MD.SHAHRIAR SAGOR','121212121212',NULL,'2021-08-01',NULL,'MD.ISRAIL HOSSAIN','MST.REBEKA SULTANA',NULL,'copy','copy',NULL,'copy','7050',90,11,NULL,'copy','copy',NULL,'copy','7050',90,11,NULL,NULL,NULL,NULL,'copy','candidate-attachments/3-629615240/profile_images/amrit_kumar_saha.jpg','candidate-attachments/3-629615240/signatures/my-Sign.jpg','2021-08-22','candidate-attachments/3-629615240/candidate_resumes/certificate (12).pdf',NULL,NULL,NULL,NULL,NULL,NULL,NULL,NULL,NULL,NULL,NULL,NULL,'2021-08-22 12:53:59','2021-08-22 12:53:59',NULL),(9,9,2,13,9,'0','Test candidate','Test candidate','234234',NULL,'2021-08-09',NULL,'ewrewrewr','234234',NULL,'3243242','34234',NULL,'234324',NULL,NULL,NULL,NULL,'3243242','34234',NULL,'234324',NULL,NULL,NULL,NULL,NULL,NULL,NULL,'dasd','candidate-attachments/2-629632882/profile_images/Laravel-Employee-ACR-Upload.png','candidate-attachments/2-629632882/signatures/localhost-localhost-quickrecruit_demo-candidates-phpMyAdmin-5-0-2.png','2021-08-22','candidate-attachments/2-629632882/candidate_resumes/document (2).pdf',NULL,NULL,NULL,NULL,NULL,NULL,NULL,NULL,NULL,NULL,NULL,NULL,'2021-08-22 17:48:01','2021-08-22 17:48:01',NULL),(10,9,2,18,10,'1','Test candidate','Test candidate','234234',NULL,'2021-08-09',NULL,'ewrewrewr','234234',NULL,'3243242','34234',NULL,'234324',NULL,NULL,NULL,NULL,'3243242','34234',NULL,'234324',NULL,NULL,NULL,NULL,NULL,NULL,NULL,'dasd','candidate-attachments/2-629638461/profile_images/Laravel-Employee-ACR-Upload.png','candidate-attachments/2-629638461/signatures/localhost-localhost-quickrecruit_demo-candidates-phpMyAdmin-5-0-2.png','2021-08-22','candidate-attachments/2-629638461/candidate_resumes/document (2).pdf',NULL,NULL,NULL,NULL,NULL,NULL,NULL,NULL,NULL,NULL,NULL,NULL,'2021-08-22 19:21:00','2021-08-22 19:21:00',NULL),(11,12,5,13,11,'0','NAHIDA JAHAN','NAHIDA JAHAN','3742231669',NULL,'1985-06-09','18','Nazir Ahmed','Jahanara Ahmed',NULL,'50,Al-amin Road','Green Road','12','Newmarket','1205',526,18,NULL,'50,Al-amin Road','Green Road','12','Newmarket','1205',526,18,NULL,19,2,1,'Service','candidate-attachments/5-629641421/profile_images/3R Pic (1).jpg','candidate-attachments/5-629641421/signatures/Doc20001 copy.jpg','2021-08-22','candidate-attachments/5-629641421/candidate_resumes/CV of Nahida Jahan.pdf',NULL,NULL,NULL,NULL,NULL,NULL,NULL,NULL,NULL,NULL,NULL,NULL,'2021-08-22 20:10:20','2021-08-22 20:10:20',NULL),(12,9,2,14,12,'0','Test candidate','Test candidate','234234',NULL,'2021-08-09',NULL,'ewrewrewr','234234',NULL,'3243242','34234',NULL,'234324',NULL,NULL,NULL,NULL,'3243242','34234',NULL,'234324',NULL,NULL,NULL,NULL,NULL,NULL,NULL,'dasd','candidate-attachments/2-629645218/profile_images/Laravel-Employee-ACR-Upload.png','candidate-attachments/2-629645218/signatures/localhost-localhost-quickrecruit_demo-candidates-phpMyAdmin-5-0-2.png','2021-08-22','candidate-attachments/2-629645218/candidate_resumes/document (2).pdf',NULL,NULL,NULL,NULL,NULL,NULL,NULL,NULL,NULL,NULL,NULL,NULL,'2021-08-22 21:13:37','2021-08-22 21:13:37',NULL),(13,12,5,14,13,'0','NAHIDA JAHAN','NAHIDA JAHAN','3742231669',NULL,'1985-06-09','18','Nazir Ahmed','Jahanara Ahmed',NULL,'50,Al-amin Road','Green Road','12','Newmarket','1205',526,18,NULL,'50,Al-amin Road','Green Road','12','Newmarket','1205',526,18,NULL,19,2,1,'Service','candidate-attachments/5-629649869/profile_images/3R Pic (1).jpg','candidate-attachments/5-629649869/signatures/Doc20001 copy.jpg','2021-08-22','candidate-attachments/5-629649869/candidate_resumes/CV of Nahida Jahan.pdf',NULL,NULL,NULL,NULL,NULL,NULL,NULL,NULL,NULL,NULL,NULL,NULL,'2021-08-22 22:31:08','2021-08-22 22:31:08',NULL),(14,12,5,15,14,'0','NAHIDA JAHAN','NAHIDA JAHAN','3742231669',NULL,'1985-06-09','18','Nazir Ahmed','Jahanara Ahmed',NULL,'50,Al-amin Road','Green Road','12','Newmarket','1205',526,18,NULL,'50,Al-amin Road','Green Road','12','Newmarket','1205',526,18,NULL,19,2,1,'Service','candidate-attachments/5-629656756/profile_images/3R Pic (1).jpg','candidate-attachments/5-629656756/signatures/Doc20001 copy.jpg','2021-08-23','candidate-attachments/5-629656756/candidate_resumes/CV of Nahida Jahan.pdf',NULL,NULL,NULL,NULL,NULL,NULL,NULL,NULL,NULL,NULL,NULL,NULL,'2021-08-23 00:25:55','2021-08-23 00:25:55',NULL),(15,9,2,16,15,'0','Test candidate','Test candidate','234234',NULL,'2021-08-09',NULL,'ewrewrewr','234234',NULL,'3243242','34234',NULL,'234324','1205',7,2,NULL,'3243242','34234',NULL,'234324','1205',6,2,NULL,19,0,1,'Head Of Marketing','candidate-attachments/2-629656983/profile_images/Laravel-Employee-ACR-Upload.png','candidate-attachments/2-629656983/signatures/localhost-localhost-quickrecruit_demo-candidates-phpMyAdmin-5-0-2.png','2021-08-23','candidate-attachments/2-629656983/candidate_resumes/document (2).pdf',NULL,NULL,NULL,NULL,NULL,NULL,NULL,NULL,NULL,NULL,NULL,NULL,'2021-08-23 00:29:42','2021-08-23 00:29:42',NULL),(16,11,4,15,16,'0','Liza','Liza','12345678','987654321','2021-08-01','Dhaka','AAA','BBB','xyz','abc','xyz',NULL,'1234','1215',74,10,'abc','abc','xyz',NULL,'1234','1215',74,10,NULL,19,1,1,'Software Engineer','candidate-attachments/4-629695849/profile_images/female.png','candidate-attachments/4-629695849/signatures/avatar-user.png','2021-08-23','candidate-attachments/4-629695849/candidate_resumes/MD.SHAHRIAR SAGOR _Resume.pdf',NULL,NULL,NULL,NULL,NULL,NULL,NULL,NULL,NULL,NULL,NULL,NULL,'2021-08-23 11:17:28','2021-08-23 11:17:28',NULL),(17,11,4,18,17,'1','Liza','Liza','12345678','987654321','2021-08-01','Dhaka','AAA','BBB','xyz','abc','xyz',NULL,'1234','1215',74,10,'abc','abc','xyz',NULL,'1234','1215',74,10,NULL,19,1,1,'Software Engineer','candidate-attachments/4-629707366/profile_images/female.png','candidate-attachments/4-629707366/signatures/avatar-user.png','2021-08-23','candidate-attachments/4-629707366/candidate_resumes/MD.SHAHRIAR SAGOR _Resume.pdf',NULL,NULL,NULL,NULL,NULL,NULL,NULL,NULL,NULL,NULL,NULL,NULL,'2021-08-23 14:29:25','2021-08-23 14:29:25',NULL),(18,12,5,18,18,'1','NAHIDA JAHAN','NAHIDA JAHAN','3742231669',NULL,'1985-06-09','18','Nazir Ahmed','Jahanara Ahmed',NULL,'50,Al-amin Road','Green Road','12','Newmarket','1205',526,18,NULL,'50,Al-amin Road','Green Road','12','Newmarket','1205',526,18,NULL,19,2,1,'Service','candidate-attachments/5-629721430/profile_images/3R Pic (1).jpg','candidate-attachments/5-629721430/signatures/Doc20001 copy.jpg','2021-08-23','candidate-attachments/5-629721430/candidate_resumes/CV of Nahida Jahan.pdf',NULL,NULL,NULL,NULL,NULL,NULL,NULL,NULL,NULL,NULL,NULL,NULL,'2021-08-23 18:23:49','2021-08-23 18:23:49',NULL),(19,9,2,12,19,'1','Test candidate','Test candidate','234234',NULL,'2021-08-09','13','ewrewrewr','234234',NULL,'3243242','34234','234234','234324','1205',7,2,NULL,'3243242','34234','234234','234324','1205',6,2,NULL,19,NULL,1,'Head Of Marketing','candidate-attachments/2-629726549/profile_images/Laravel-Employee-ACR-Upload.png','candidate-attachments/2-629726549/signatures/localhost-localhost-quickrecruit_demo-candidates-phpMyAdmin-5-0-2.png','2021-08-23','candidate-attachments/2-629726549/candidate_resumes/document (2).pdf',NULL,NULL,NULL,NULL,NULL,NULL,NULL,NULL,NULL,NULL,NULL,NULL,'2021-08-23 19:49:08','2021-08-23 19:49:08',NULL),(22,18,11,13,22,'0','MD ATIQUR RAHAMAN CHOWDHURY','MD ATIQUR RAHAMAN CHOWDHURY','3015140776944',NULL,'1989-12-31','Feni','SHAFIQUR RAHMAN CHOWDHURY','FARIDA SULTANA CHY',NULL,'HOUSE-08,ROAD-03','HALISHAHAR,  R/A, K BLOCK',NULL,'HALISHAHAR','4216',600,10,NULL,'CHANGAZI BAZAR ROAD','SOUTH GUTHUMA',NULL,'GUTHUMA','3940',105,13,NULL,19,0,1,'SERVICE','candidate-attachments/11-629881823/profile_images/PIC 300X300.jpg','candidate-attachments/11-629881823/signatures/signature 300X80.jpg','2021-08-25','candidate-attachments/11-629881823/candidate_resumes/MD.ATIQUR RAHAMAN CHOWDHURY-Qatar.pdf',NULL,NULL,NULL,NULL,NULL,NULL,NULL,NULL,NULL,NULL,NULL,NULL,'2021-08-25 14:57:02','2021-08-25 14:57:02',NULL),(24,19,12,13,24,'0','Md. Shamim Ahmed','Md. Shamim Ahmed','19942610457000300',NULL,'1994-05-10','Dhaka','Matbor Ali','Hosneara Begum',NULL,'Professor Villa','Lalkhan Bazar',NULL,'KHULSHI','4225',604,10,NULL,'43/A','Mariali',NULL,'Gazipur Sadar','1700',162,20,NULL,19,0,1,'Service','candidate-attachments/12-629883141/profile_images/300 300.jpg','candidate-attachments/12-629883141/signatures/300 80.jpg','2021-08-25','candidate-attachments/12-629883141/candidate_resumes/Shamim-converted.pdf',NULL,NULL,NULL,NULL,NULL,NULL,NULL,NULL,NULL,NULL,NULL,NULL,'2021-08-25 15:19:00','2021-08-25 15:19:00',NULL),(25,12,5,16,25,'0','NAHIDA JAHAN','NAHIDA JAHAN','3742231669',NULL,'1985-06-09','18','Nazir Ahmed','Jahanara Ahmed',NULL,'50,Al-amin Road','Green Road','12','Newmarket','1205',526,18,NULL,'50,Al-amin Road','Green Road','12','Newmarket','1205',526,18,NULL,19,2,1,'Service','candidate-attachments/5-629884118/profile_images/33522446_1735105919899122_2165348336834445312_n.jpg','candidate-attachments/5-629884118/signatures/Doc20001 copy.jpg','2021-08-25','candidate-attachments/5-629884118/candidate_resumes/CV of Nahida Jahan.pdf',NULL,NULL,NULL,NULL,NULL,NULL,NULL,NULL,NULL,NULL,NULL,NULL,'2021-08-25 15:35:17','2021-08-25 15:35:17',NULL),(27,12,5,12,27,'1','NAHIDA JAHAN','NAHIDA JAHAN','3742231669',NULL,'1985-06-09','18','Nazir Ahmed','Jahanara Ahmed',NULL,'50,Al-amin Road','Green Road','12','Newmarket','1205',526,18,NULL,'50,Al-amin Road','Green Road','12','Newmarket','1205',526,18,NULL,19,2,1,'Service','candidate-attachments/5-629950299/profile_images/33522446_1735105919899122_2165348336834445312_n.jpg','candidate-attachments/5-629950299/signatures/Doc20001 copy.jpg','2021-08-26','candidate-attachments/5-629950299/candidate_resumes/CV of Nahida Jahan.pdf',NULL,NULL,NULL,NULL,NULL,NULL,NULL,NULL,NULL,NULL,NULL,NULL,'2021-08-26 09:58:18','2021-08-26 09:58:18',NULL),(31,9,2,15,31,'0','Test candidate','Test candidate','234234',NULL,'2021-08-09','13','ewrewrewr','234234',NULL,'3243242','34234','234234','234324','1205',7,2,NULL,'3243242','34234','234234','234324','1205',6,2,NULL,19,NULL,1,'Head Of Marketing','candidate-attachments/2-629951724/profile_images/dummy-signature.png','candidate-attachments/2-629951724/signatures/screencapture-localhost-bsc-job-portal-public-job-circulars-create-2021-06-13-16_39_23.png','2021-08-26',NULL,NULL,NULL,NULL,NULL,NULL,NULL,NULL,NULL,NULL,NULL,NULL,NULL,'2021-08-26 10:22:03','2021-08-26 10:22:03',NULL),(32,8,1,14,32,'0','MD.SHAHRIAR SAGOR','MD.SHAHRIAR SAGOR','199550133390050',NULL,'1995-05-25','kushtia','MD.ISRAIL HOSSAIN','MST.REBEKA SULTANA',NULL,'Daulatpur Hospital Road','Daulatpur Hospital Road',NULL,'Daulatpu','7050',307,40,NULL,'Daulatpur Hospital Road','Daulatpur Hospital Road',NULL,'Daulatpu','7050',307,40,NULL,19,0,1,'no','candidate-attachments/1-629952014/profile_images/my_pic.jpg','candidate-attachments/1-629952014/signatures/my-Sign_new.jpg','2021-08-26','candidate-attachments/1-629952014/candidate_resumes/My CV.pdf',NULL,NULL,NULL,NULL,NULL,NULL,NULL,NULL,NULL,NULL,NULL,NULL,'2021-08-26 10:26:53','2021-08-26 10:26:53',NULL),(33,8,1,15,33,'0','MD.SHAHRIAR SAGOR','MD.SHAHRIAR SAGOR','199550133390050',NULL,'1995-05-25','kushtia','MD.ISRAIL HOSSAIN','MST.REBEKA SULTANA',NULL,'Daulatpur Hospital Road','Daulatpur Hospital Road','Daulatpur','Daulatpu','7050',307,40,NULL,'Daulatpur Hospital Road','Daulatpur Hospital Road','Daulatpur','Daulatpu','7050',307,40,NULL,19,0,1,'no','candidate-attachments/1-629952286/profile_images/2014-1-60-007 (1).jpg','candidate-attachments/1-629952286/signatures/my-Sign_new.jpg','2021-08-26','candidate-attachments/1-629952286/candidate_resumes/My CV.pdf',NULL,NULL,NULL,NULL,NULL,NULL,NULL,NULL,NULL,NULL,NULL,NULL,'2021-08-26 10:31:25','2021-08-26 10:31:25',NULL),(34,22,15,15,34,'0','MD.SHAHRIAR SAGOR','MD.SHAHRIAR SAGOR','199550133390050',NULL,'2000-03-26','kushtia','MD.ISRAIL HOSSAIN','MST.REBEKA SULTANA',NULL,'Daulatpur Hospital Road','Daulatpur Hospital Road',NULL,'dpur','7050',307,40,NULL,'Daulatpur Hospital Road','Daulatpur Hospital Road',NULL,'dpur','7050',307,40,NULL,19,0,1,'ok','candidate-attachments/15-629952806/profile_images/2014-1-60-007 (1).jpg','candidate-attachments/15-629952806/signatures/my-Sign_new.jpg','2021-08-26','candidate-attachments/15-629952806/candidate_resumes/My CV.pdf',NULL,NULL,NULL,NULL,NULL,NULL,NULL,NULL,NULL,NULL,NULL,NULL,'2021-08-26 10:40:05','2021-08-26 10:40:05',NULL),(35,21,14,13,35,'0','Nahida Jahan','Nahida Jahan','3742231669',NULL,'1985-06-09','11','Nazir Ahmed','Jahanara Ahmed',NULL,'50,Al-amin Road','Green Road','12','Newmarket','1205',72,10,NULL,'50,Al-amin Rpad','Green Road','12','NewMatket','1205',101,12,NULL,19,2,1,'business','candidate-attachments/14-629953157/profile_images/Popup_banner_(Zakat).png','candidate-attachments/14-629953157/signatures/Doc20001 copy.jpg','2021-08-26','candidate-attachments/14-629953157/candidate_resumes/CV of Nahida Jahan.pdf',NULL,NULL,NULL,NULL,NULL,NULL,NULL,NULL,NULL,NULL,NULL,NULL,'2021-08-26 10:45:56','2021-08-26 10:45:56',NULL),(36,24,17,13,36,'0','candidate002','candidate002','234234234','32423423','2021-08-11',NULL,'324234324','2323432423',NULL,'324324234','234234234',NULL,'34234324','2e2321',19,3,NULL,'324324234','234234234',NULL,'34234324','2e2321',19,3,NULL,NULL,NULL,NULL,'2141234124','candidate-attachments/17-629953213/profile_images/screencapture-localhost-bsc-job-portal-public-candidate-profile-review-2021-06-28-10_28_35.png','candidate-attachments/17-629953213/signatures/dummy-signature.png','2021-08-26','candidate-attachments/17-629953213/candidate_resumes/A Mobile Base Application for Cataract and Conjuvities Detection.pdf',NULL,NULL,NULL,NULL,NULL,NULL,NULL,NULL,NULL,NULL,NULL,NULL,'2021-08-26 10:46:52','2021-08-26 10:46:52',NULL),(37,23,16,16,37,'0','Al Amin','Al Amin','012345678',NULL,'2000-01-01','11','Aaa','Bbb',NULL,'abc','xyz','123','456','789',518,18,NULL,'wee','qwe','345','543','654',87,11,NULL,19,1,1,'Employee','candidate-attachments/16-629953545/profile_images/male-avatar.jpg','candidate-attachments/16-629953545/signatures/BSC jp.jpg','2021-08-26','candidate-attachments/16-629953545/candidate_resumes/pdfview.pdf',NULL,NULL,NULL,NULL,NULL,NULL,NULL,NULL,NULL,NULL,NULL,NULL,'2021-08-26 10:52:24','2021-08-26 10:52:24',NULL),(38,22,15,14,38,'0','MD.SHAHRIAR SAGOR','MD.SHAHRIAR SAGOR','199550133390050',NULL,'2000-03-26','kushtia','MD.ISRAIL HOSSAIN','MST.REBEKA SULTANA',NULL,'Daulatpur Hospital Road','Daulatpur Hospital Road',NULL,'dpur','7050',307,40,NULL,'Daulatpur Hospital Road','Daulatpur Hospital Road',NULL,'dpur','7050',307,40,NULL,19,0,1,'ok','candidate-attachments/15-629954155/profile_images/2014-1-60-007 (1).jpg','candidate-attachments/15-629954155/signatures/my-Sign_new.jpg','2021-08-26','candidate-attachments/15-629954155/candidate_resumes/My CV.pdf',NULL,NULL,NULL,NULL,NULL,NULL,NULL,NULL,NULL,NULL,NULL,NULL,'2021-08-26 11:02:34','2021-08-26 11:02:34',NULL),(39,22,15,12,39,'1','MD.SHAHRIAR SAGOR','MD.SHAHRIAR SAGOR','199550133390050',NULL,'2000-03-26','kushtia','MD.ISRAIL HOSSAIN','MST.REBEKA SULTANA',NULL,'Daulatpur Hospital Road','Daulatpur Hospital Road',NULL,'dpur','7050',307,40,NULL,'Daulatpur Hospital Road','Daulatpur Hospital Road',NULL,'dpur','7050',307,40,NULL,19,0,1,'ok','candidate-attachments/15-629954638/profile_images/2014-1-60-007 (1).jpg','candidate-attachments/15-629954638/signatures/my-Sign_new.jpg','2021-08-26','candidate-attachments/15-629954638/candidate_resumes/My CV.pdf',NULL,NULL,NULL,NULL,NULL,NULL,NULL,NULL,NULL,NULL,NULL,NULL,'2021-08-26 11:10:37','2021-08-26 11:10:37',NULL),(40,21,14,14,40,'0','Nahida Jahan','Nahida Jahan','3742231669',NULL,'1985-06-09','11','Nazir Ahmed','Jahanara Ahmed',NULL,'50,Al-amin Road','Green Road','12','Newmarket','1205',72,10,NULL,'50,Al-amin Road','Green Road','12','Newmarket','1205',72,10,NULL,19,2,1,'business','candidate-attachments/14-629955907/profile_images/Popup_banner_(Zakat).png','candidate-attachments/14-629955907/signatures/Doc20001 copy.jpg','2021-08-26',NULL,NULL,NULL,NULL,NULL,NULL,NULL,NULL,NULL,NULL,NULL,NULL,NULL,'2021-08-26 11:31:46','2021-08-26 11:31:46',NULL),(41,22,15,13,41,'0','MD.SHAHRIAR SAGOR','MD.SHAHRIAR SAGOR','199550133390050',NULL,'2000-03-26','kushtia','MD.ISRAIL HOSSAIN','MST.REBEKA SULTANA',NULL,'Daulatpur Hospital Road','Daulatpur Hospital Road',NULL,'dpur','7050',307,40,NULL,'Daulatpur Hospital Road','Daulatpur Hospital Road',NULL,'dpur','7050',307,40,NULL,19,NULL,1,'ok','candidate-attachments/15-629956026/profile_images/2014-1-60-007 (1).jpg','candidate-attachments/15-629956026/signatures/my-Sign_new.jpg','2021-08-26','candidate-attachments/15-629956026/candidate_resumes/My CV.pdf',NULL,NULL,NULL,NULL,NULL,NULL,NULL,NULL,NULL,NULL,NULL,NULL,'2021-08-26 11:33:45','2021-08-26 11:33:45',NULL),(42,21,14,16,42,'0','Nahida Jahan','Nahida Jahan','3742231669',NULL,'1985-06-09','11','Nazir Ahmed','Jahanara Ahmed',NULL,'50,Al-amin Road','Green Road','12','Newmarket','1205',72,10,NULL,'50,Al-amin Road','Green Road','12','Newmarket','1205',72,10,NULL,19,2,1,'business','candidate-attachments/14-629956068/profile_images/Popup_banner_(Zakat).png','candidate-attachments/14-629956068/signatures/Doc20001 copy.jpg','2021-08-26',NULL,NULL,NULL,NULL,NULL,NULL,NULL,NULL,NULL,NULL,NULL,NULL,NULL,'2021-08-26 11:34:27','2021-08-26 11:34:27',NULL),(43,25,18,14,43,'0','candidate02','candidate02','24234234',NULL,'2021-08-10',NULL,'234234','234234',NULL,'324234','3242343',NULL,'2455435345',NULL,NULL,NULL,NULL,'324234','3242343',NULL,'2455435345',NULL,NULL,NULL,NULL,NULL,NULL,NULL,'234234',NULL,NULL,NULL,NULL,NULL,NULL,NULL,NULL,NULL,NULL,NULL,NULL,NULL,NULL,NULL,NULL,'2021-08-26 11:36:31','2021-08-26 11:36:31',NULL),(44,26,19,14,44,'0','MD.SHAHRIAR SAGOR','MD.SHAHRIAR SAGOR','199550133390050',NULL,'2021-08-02',NULL,'Md.Fozrul Huq','Mst. Rehana Akter',NULL,'Daulatpur Hospital Road','Daulatpur Hospital Road',NULL,'ok','7050',212,27,NULL,'Daulatpur Hospital Road','Daulatpur Hospital Road',NULL,'ok','7050',212,27,NULL,19,0,1,'ok','candidate-attachments/19-629956252/profile_images/amrit_kumar_saha.jpg',NULL,NULL,NULL,NULL,NULL,NULL,NULL,NULL,NULL,NULL,NULL,NULL,NULL,NULL,NULL,'2021-08-26 11:37:31','2021-08-26 11:37:31',NULL),(45,27,20,13,45,'0','Md. Rasel Pradania','Md. Rasel Pradania','1314955497528',NULL,'2010-01-07','Chandpur','Md. Abdul Hai Pradnia','Parul Begum',NULL,'Sana Gazi Sarder Bari','Orpur',NULL,'Syedpur Bazar','3610',59,9,NULL,'Sana Gazi Sarder Bari','Orpur',NULL,'Syedpur Bazar','3610',59,9,NULL,21,0,1,'Service','candidate-attachments/20-629970181/profile_images/Photo SB.jpg','candidate-attachments/20-629970181/signatures/Signeture_New1 (1).jpg','2021-08-26','candidate-attachments/20-629970181/candidate_resumes/new_nid_form_2.pdf',NULL,NULL,NULL,NULL,NULL,NULL,NULL,NULL,NULL,NULL,NULL,NULL,'2021-08-26 15:29:40','2021-08-26 15:29:40',NULL),(46,8,1,18,46,'1','MD.SHAHRIAR SAGOR','MD.SHAHRIAR SAGOR','199550133390050',NULL,'1995-05-25','kushtia','MD.ISRAIL HOSSAIN','MST.REBEKA SULTANA',NULL,'Daulatpur Hospital Road','Daulatpur Hospital Road','Daulatpur','Daulatpu','7050',307,40,NULL,'Daulatpur Hospital Road','Daulatpur Hospital Road','Daulatpur','Daulatpu','7050',307,40,NULL,19,0,1,'no','candidate-attachments/1-629970186/profile_images/2014-1-60-007 (1).jpg','candidate-attachments/1-629970186/signatures/my-Sign_new.jpg','2021-08-26','candidate-attachments/1-629970186/candidate_resumes/My CV.pdf',NULL,NULL,NULL,NULL,NULL,NULL,NULL,NULL,NULL,NULL,NULL,NULL,'2021-08-26 15:29:45','2021-08-26 15:29:45',NULL),(47,14,7,18,47,'1','ZIA UDDIN AHMED EMON','ZIA UDDIN AHMED EMON','6443162414',NULL,'1990-11-15','CHATTOGRAM','MOHAMMAD MOHIUDDIN CHOWDHURY','SHAHINA AKTHER',NULL,'AHMED KABIR PASCAR BARI','AMIRABAD',NULL,'JOYNOB KABIR ACADEMY','4396',70,10,NULL,'AHMED KABIR PASCAR BARI','AMIRABAD',NULL,'JOYNOB KABIR ACADEMY','4396',69,10,NULL,19,0,1,'MARINE ENGINEER','candidate-attachments/7-629970407/profile_images/Untitled-2.jpg','candidate-attachments/7-629970407/signatures/resize1578556389975.jpg','2021-08-26','candidate-attachments/7-629970407/candidate_resumes/ADVANCED CHEMICAL.pdf',NULL,NULL,NULL,NULL,NULL,NULL,NULL,NULL,NULL,NULL,NULL,NULL,'2021-08-26 15:33:26','2021-08-26 15:33:26',NULL),(48,27,20,16,48,'0','Md. Rasel Pradania','Md. Rasel Pradania','1314955497528',NULL,'2010-01-07','Chandpur','Md. Abdul Hai Pradnia','Parul Begum',NULL,'Sana Gazi Sarder Bari','Orpur',NULL,'Syedpur Bazar','3610',59,9,NULL,'Sana Gazi Sarder Bari','Orpur',NULL,'Syedpur Bazar','3610',59,9,NULL,21,NULL,1,'Service','candidate-attachments/20-629970533/profile_images/Photo SB.jpg','candidate-attachments/20-629970533/signatures/Signeture_New1 (1).jpg','2021-08-26','candidate-attachments/20-629970533/candidate_resumes/new_nid_form_2.pdf',NULL,NULL,NULL,NULL,NULL,NULL,NULL,NULL,NULL,NULL,NULL,NULL,'2021-08-26 15:35:32','2021-08-26 15:35:32',NULL),(49,25,18,12,49,'1','candidate02',NULL,'24234234','21421','2021-08-10',NULL,'234234','234234',NULL,NULL,NULL,NULL,NULL,NULL,NULL,NULL,NULL,NULL,NULL,NULL,NULL,NULL,NULL,NULL,NULL,NULL,NULL,NULL,NULL,'candidate-attachments/49-629973776/candidate_images/user-32.png',NULL,NULL,'candidate-attachments/49-629973776/candidate_resumes/my_admit_card (6).pdf',NULL,NULL,NULL,NULL,'qwewqewqe','12312312','qweqweqw','qwreqweeqw',NULL,'3ewqewqre','234214214123213','241242','2021-08-26 16:29:35','2021-08-26 16:29:35',NULL),(50,25,18,17,50,'1','candidate02','candidate02','24234234','21421','2021-08-10',NULL,'234234','234234',NULL,'324234','3242343',NULL,'2455435345',NULL,NULL,NULL,NULL,'324234','3242343',NULL,'2455435345',NULL,NULL,NULL,NULL,NULL,NULL,NULL,'234234','candidate-attachments/18-629976966/profile_images/user-32.png',NULL,NULL,'candidate-attachments/18-629976966/candidate_resumes/my_admit_card (6).pdf',NULL,NULL,NULL,NULL,NULL,NULL,NULL,NULL,NULL,NULL,NULL,NULL,'2021-08-26 17:22:45','2021-08-26 17:22:45',NULL),(51,20,13,13,51,'0','Souha Tasnuva','Souha Tasnuva','3742231669','03456723456','1985-06-09','Dhaka','Nazir Ahmed','Jahanara Ahmed',NULL,'50,Al-amin Road','Green Road',NULL,'Anowara','1000',64,10,NULL,'50,Al-amin Road','Green Road',NULL,'Anowara','1000',64,10,NULL,19,1,1,'Service','candidate-attachments/13-629994356/profile_images/137105247_3787926584561749_1842889945028202750_n.jpg','candidate-attachments/13-629994356/signatures/101885089_954667271644244_5769108509240445636_n (1).jpg','2021-08-26','candidate-attachments/13-629994356/candidate_resumes/SOUHA_TASNUVA_CV.pdf',NULL,NULL,NULL,NULL,NULL,NULL,NULL,NULL,NULL,NULL,NULL,NULL,'2021-08-26 22:12:35','2021-08-26 22:12:35',NULL),(52,8,1,12,52,'1','MD.SHAHRIAR SAGOR','MD.SHAHRIAR SAGOR','199550133390050',NULL,'1995-05-25','kushtia','MD.ISRAIL HOSSAIN','MST.REBEKA SULTANA',NULL,'Daulatpur Hospital Road','Daulatpur Hospital Road','Daulatpur','Daulatpu','7050',307,40,NULL,'Daulatpur Hospital Road','Daulatpur Hospital Road','Daulatpur','Daulatpu','7050',307,40,NULL,19,0,1,'no','candidate-attachments/1-630131358/profile_images/2014-1-60-007 (1).jpg',NULL,NULL,NULL,NULL,NULL,NULL,NULL,NULL,NULL,NULL,NULL,NULL,NULL,NULL,NULL,'2021-08-28 12:15:57','2021-08-28 12:15:57',NULL),(53,8,1,20,53,'0','MD.SHAHRIAR SAGOR','MD.SHAHRIAR SAGOR','199550133390050',NULL,'1995-05-25','kushtia','MD.ISRAIL HOSSAIN','MST.REBEKA SULTANA',NULL,'Daulatpur Hospital Road','Daulatpur Hospital Road','Daulatpur','Daulatpu','7050',307,40,NULL,'Daulatpur Hospital Road','Daulatpur Hospital Road','Daulatpur','Daulatpu','7050',307,40,NULL,19,0,1,'no','candidate-attachments/1-630220643/profile_images/2014-1-60-007 (1).jpg','candidate-attachments/1-630220643/signatures/IMG_0001.jpg','2021-08-29','candidate-attachments/1-630220643/candidate_resumes/my_admit_card (8).pdf',NULL,NULL,NULL,NULL,NULL,NULL,NULL,NULL,NULL,NULL,NULL,NULL,'2021-08-29 13:04:02','2021-08-29 13:04:02',NULL),(54,24,17,18,54,'1','candidate002','candidate002','234234234','32423423','2021-08-11',NULL,'324234324','2323432423',NULL,'324324234','234234234',NULL,'34234324','2e2321',19,3,NULL,'324324234','234234234',NULL,'34234324','2e2321',19,3,NULL,NULL,NULL,NULL,'2141234124','candidate-attachments/17-630237030/profile_images/screencapture-localhost-bsc-job-portal-public-candidate-profile-review-2021-06-28-10_28_35.png','candidate-attachments/17-630237030/signatures/dummy-signature.png','2021-08-29','candidate-attachments/17-630237030/candidate_resumes/A Mobile Base Application for Cataract and Conjuvities Detection.pdf',NULL,'Looce','1',NULL,NULL,NULL,NULL,NULL,NULL,NULL,NULL,NULL,'2021-08-29 17:37:09','2021-08-29 17:37:09',NULL),(55,8,1,13,55,'0','MD.SHAHRIAR SAGOR','MD.SHAHRIAR SAGOR','199550133390050',NULL,'1995-05-25','kushtia','MD.ISRAIL HOSSAIN','MST.REBEKA SULTANA',NULL,'Daulatpur Hospital Road','Daulatpur Hospital Road','Daulatpur','Daulatpu','7050',307,40,NULL,'Daulatpur Hospital Road','Daulatpur Hospital Road','Daulatpur','Daulatpu','7050',307,40,NULL,19,0,1,'no','candidate-attachments/1-630238916/profile_images/2014-1-60-007 (1).jpg','candidate-attachments/1-630238916/signatures/my-Sign_new.jpg','2021-08-29','candidate-attachments/1-630238916/candidate_resumes/my_admit_card (8).pdf',NULL,'',NULL,NULL,NULL,NULL,NULL,NULL,NULL,NULL,NULL,NULL,'2021-08-29 18:08:35','2021-08-29 18:08:35',NULL),(56,21,14,18,56,'1','Nahida Jahan',NULL,'3742231669','03456723456','1985-06-09','Dhaka','Nazir Ahmed','Jahanara Ahmed',NULL,NULL,NULL,NULL,NULL,NULL,NULL,NULL,NULL,NULL,NULL,NULL,NULL,NULL,NULL,NULL,NULL,NULL,NULL,NULL,NULL,'candidate-attachments/56-630400308/candidate_images/33522446_1735105919899122_2165348336834445312_n.jpg',NULL,NULL,'candidate-attachments/56-630400308/candidate_resumes/CV of Nahida Jahan.pdf',NULL,NULL,NULL,'123','123','BJ0808566','CST',NULL,'032','13','01787323748','Second Officer','2021-08-31 14:58:27','2021-08-31 14:58:27',NULL),(57,30,23,13,57,'0','test Candidate','test Candidate','324536789',NULL,'2021-08-10',NULL,'435678345345345345435','345345',NULL,'2345675743','5467543',NULL,'23544635',NULL,11,2,NULL,'2345675743','5467543',NULL,'23544635',NULL,11,2,NULL,17,0,1,'e3245678','candidate-attachments/23-630410281/profile_images/user-32.png','candidate-attachments/23-630410281/signatures/dummysignature.png','2021-08-31',NULL,NULL,'',NULL,NULL,NULL,NULL,NULL,NULL,NULL,NULL,NULL,NULL,'2021-08-31 17:44:40','2021-08-31 17:44:40',NULL),(58,30,23,12,58,'1','test Candidate',NULL,'324536789','21421','2021-08-10','52321','435678345345345345435','345345',NULL,NULL,NULL,NULL,NULL,NULL,NULL,NULL,NULL,NULL,NULL,NULL,NULL,NULL,NULL,NULL,NULL,NULL,NULL,NULL,NULL,'candidate-attachments/58-630411256/candidate_images/dummysignature.png',NULL,NULL,'candidate-attachments/58-630411256/candidate_resumes/my-profile (1).pdf',NULL,NULL,NULL,'12412424','234234','2131241234',NULL,'23424234',NULL,'3ewqewqre','234214214123213','13131231','2021-08-31 18:00:55','2021-08-31 18:00:55',NULL),(59,30,23,12,58,'1','test Candidate',NULL,'324536789','21421','2021-08-10','52321','435678345345345345435','345345',NULL,NULL,NULL,NULL,NULL,NULL,NULL,NULL,NULL,NULL,NULL,NULL,NULL,NULL,NULL,NULL,NULL,NULL,NULL,NULL,NULL,'candidate-attachments/58-630411279/candidate_images/dummysignature.png',NULL,NULL,'candidate-attachments/58-630411279/candidate_resumes/my-profile (1).pdf',NULL,NULL,NULL,'12412424','234234','2131241234',NULL,'23424234',NULL,'3ewqewqre','234214214123213','13131231','2021-08-31 18:01:18','2021-08-31 18:01:18',NULL),(60,30,23,16,59,'0','test Candidate','test Candidate','324536789','21421','2021-08-10','52321','435678345345345345435','345345',NULL,'2345675743','5467543',NULL,'23544635',NULL,11,2,NULL,'2345675743','5467543',NULL,'23544635',NULL,11,2,NULL,17,0,1,'e3245678','candidate-attachments/23-630411937/profile_images/user-32.png','candidate-attachments/23-630411937/signatures/dummysignature.png','2021-08-31','candidate-attachments/23-630411937/candidate_resumes/my-profile (1).pdf',NULL,'',NULL,NULL,NULL,NULL,NULL,NULL,NULL,NULL,NULL,NULL,'2021-08-31 18:12:16','2021-08-31 18:12:16',NULL),(61,30,23,18,60,'1','test Candidate','test Candidate','324536789','21421','2021-08-10','52321','435678345345345345435','345345',NULL,'2345675743','5467543',NULL,'23544635',NULL,11,2,NULL,'2345675743','5467543',NULL,'23544635',NULL,11,2,NULL,17,1,1,'e3245678','candidate-attachments/23-630571803/profile_images/user-32.png','candidate-attachments/23-630571803/signatures/dummysignature.png','2021-09-02',NULL,NULL,'',NULL,NULL,NULL,NULL,NULL,NULL,NULL,NULL,NULL,NULL,'2021-09-02 08:36:42','2021-09-02 08:36:42',NULL),(62,30,23,17,61,'1','test Candidate','test Candidate','324536789','21421','2021-08-10','52321','435678345345345345435','345345',NULL,'2345675743','5467543',NULL,'23544635',NULL,11,2,NULL,'2345675743','5467543',NULL,'23544635',NULL,11,2,NULL,17,1,1,'e3245678','candidate-attachments/23-630572557/profile_images/user-32.png','candidate-attachments/23-630572557/signatures/dummysignature.png','2021-09-02',NULL,NULL,'',NULL,NULL,NULL,NULL,NULL,NULL,NULL,NULL,NULL,NULL,'2021-09-02 08:49:16','2021-09-02 08:49:16',NULL),(63,30,23,20,62,'0','test Candidate','test Candidate','324536789','21421','2021-08-10','52321','435678345345345345435','345345',NULL,'2345675743','5467543',NULL,'23544635',NULL,11,2,NULL,'2345675743','5467543',NULL,'23544635',NULL,11,2,NULL,17,1,1,'e3245678','candidate-attachments/23-630572630/profile_images/user-32.png','candidate-attachments/23-630572630/signatures/dummysignature.png','2021-09-02',NULL,NULL,'',NULL,NULL,NULL,NULL,NULL,NULL,NULL,NULL,NULL,NULL,'2021-09-02 08:50:29','2021-09-02 08:50:29',NULL),(64,30,23,18,60,'1','test Candidate','test Candidate','324536789','21421','2021-08-10','52321','435678345345345345435','345345',NULL,'2345675743','5467543',NULL,'23544635',NULL,11,2,NULL,'2345675743','5467543',NULL,'23544635',NULL,11,2,NULL,17,1,1,'e3245678','candidate-attachments/23-630573127/profile_images/user-32.png','candidate-attachments/23-630573127/signatures/dummysignature.png','2021-09-02',NULL,NULL,'',NULL,NULL,NULL,NULL,NULL,NULL,NULL,NULL,NULL,NULL,'2021-09-02 08:58:46','2021-09-02 08:58:46',NULL),(65,30,23,18,60,'1','test Candidate','test Candidate','324536789','21421','2021-08-10','52321','435678345345345345435','345345',NULL,'2345675743','5467543',NULL,'23544635',NULL,11,2,NULL,'2345675743','5467543',NULL,'23544635',NULL,11,2,NULL,17,1,1,'e3245678','candidate-attachments/23-630573162/profile_images/user-32.png','candidate-attachments/23-630573162/signatures/dummysignature.png','2021-09-02',NULL,NULL,'',NULL,NULL,NULL,NULL,NULL,NULL,NULL,NULL,NULL,NULL,'2021-09-02 08:59:21','2021-09-02 08:59:21',NULL),(70,28,21,18,67,'1','K.M. Mahmudur Rahman',NULL,'2345678',NULL,'2021-09-07',NULL,'123456789','12345678',NULL,NULL,NULL,NULL,NULL,NULL,NULL,NULL,NULL,NULL,NULL,NULL,NULL,NULL,NULL,NULL,NULL,NULL,NULL,NULL,NULL,'candidate-attachments/67-630577495/candidate_images/28.jpg',NULL,NULL,'candidate-attachments/67-630577495/candidate_resumes/2021_07_08_11-50-28_am.pdf',NULL,NULL,NULL,NULL,NULL,NULL,NULL,NULL,NULL,NULL,NULL,NULL,'2021-09-02 10:11:34','2021-09-02 10:11:34',NULL),(71,28,21,17,68,'1','K.M. Mahmudur Rahman',NULL,'2345678',NULL,'2021-09-07',NULL,'123456789','12345678',NULL,NULL,NULL,NULL,NULL,NULL,NULL,NULL,NULL,NULL,NULL,NULL,NULL,NULL,NULL,NULL,NULL,NULL,NULL,NULL,NULL,'candidate-attachments/68-630577526/candidate_images/85.jpg',NULL,NULL,'candidate-attachments/68-630577526/candidate_resumes/A Mobile Base Application for Cataract and Conjuvities Detection.pdf',NULL,NULL,NULL,NULL,NULL,NULL,NULL,NULL,NULL,NULL,NULL,NULL,'2021-09-02 10:12:05','2021-09-02 10:12:05',NULL),(72,28,21,17,68,'1','K.M. Mahmudur Rahman',NULL,'2345678',NULL,'2021-09-07',NULL,'123456789','12345678',NULL,NULL,NULL,NULL,NULL,NULL,NULL,NULL,NULL,NULL,NULL,NULL,NULL,NULL,NULL,NULL,NULL,NULL,NULL,NULL,NULL,'candidate-attachments/68-630577583/candidate_images/85.jpg',NULL,NULL,'candidate-attachments/68-630577583/candidate_resumes/2021_07_08_11-34-08_am.pdf',NULL,NULL,NULL,NULL,NULL,NULL,NULL,NULL,NULL,NULL,NULL,NULL,'2021-09-02 10:13:02','2021-09-02 10:13:02',NULL),(73,28,21,17,68,'1','K.M. Mahmudur Rahman',NULL,'2345678',NULL,'2021-09-07',NULL,'123456789','12345678',NULL,NULL,NULL,NULL,NULL,NULL,NULL,NULL,NULL,NULL,NULL,NULL,NULL,NULL,NULL,NULL,NULL,NULL,NULL,NULL,NULL,'candidate-attachments/68-630577680/candidate_images/28.jpg',NULL,NULL,'candidate-attachments/68-630577680/candidate_resumes/2021_07_08_11-34-08_am.pdf',NULL,NULL,NULL,NULL,NULL,NULL,NULL,NULL,NULL,NULL,NULL,NULL,'2021-09-02 10:14:39','2021-09-02 10:14:39',NULL),(74,28,21,17,68,'1','K.M. Mahmudur Rahman',NULL,'2345678',NULL,'2021-09-07',NULL,'123456789','12345678',NULL,NULL,NULL,NULL,NULL,NULL,NULL,NULL,NULL,NULL,NULL,NULL,NULL,NULL,NULL,NULL,NULL,NULL,NULL,NULL,NULL,'candidate-attachments/68-630577729/candidate_images/85.jpg',NULL,NULL,'candidate-attachments/68-630577729/candidate_resumes/2021_07_08_11-50-28_am.pdf',NULL,NULL,NULL,NULL,NULL,NULL,NULL,NULL,NULL,NULL,NULL,NULL,'2021-09-02 10:15:28','2021-09-02 10:15:28',NULL),(75,28,21,17,68,'1','K.M. Mahmudur Rahman',NULL,'2345678',NULL,'2021-09-07',NULL,'123456789','12345678',NULL,NULL,NULL,NULL,NULL,NULL,NULL,NULL,NULL,NULL,NULL,NULL,NULL,NULL,NULL,NULL,NULL,NULL,NULL,NULL,NULL,'candidate-attachments/68-630577767/candidate_images/85.jpg',NULL,NULL,'candidate-attachments/68-630577767/candidate_resumes/2021_07_08_11-50-28_am.pdf',NULL,NULL,NULL,NULL,NULL,NULL,NULL,NULL,NULL,NULL,NULL,NULL,'2021-09-02 10:16:06','2021-09-02 10:16:06',NULL),(76,28,21,14,69,'1','K.M. Mahmudur Rahman',NULL,'2345678',NULL,'2021-09-07',NULL,'123456789','12345678',NULL,NULL,NULL,NULL,NULL,NULL,NULL,NULL,NULL,NULL,NULL,NULL,NULL,NULL,NULL,NULL,NULL,NULL,NULL,NULL,NULL,'candidate-attachments/69-630577994/candidate_images/85.jpg',NULL,NULL,'candidate-attachments/69-630577994/candidate_resumes/2021_07_08_11-34-08_am.pdf',NULL,NULL,NULL,NULL,NULL,NULL,NULL,NULL,NULL,NULL,NULL,NULL,'2021-09-02 10:19:53','2021-09-02 10:19:53',NULL),(77,28,21,13,70,'1','K.M. Mahmudur Rahman','K.M. Mahmudur Rahman','2345678',NULL,'2021-09-07',NULL,'123456789','12345678',NULL,'23456789','34567890',NULL,'2345678',NULL,9,2,NULL,'23456789','34567890',NULL,'2345678',NULL,9,2,NULL,NULL,NULL,NULL,NULL,'candidate-attachments/21-630581233/profile_images/85.jpg',NULL,NULL,'candidate-attachments/21-630581233/candidate_resumes/2021_07_08_11-34-08_am.pdf',NULL,'',NULL,'12345678','wertyui','23456789','34r5tyu','2345678','werty7ui','3456789',NULL,'3456789','2021-09-02 11:13:52','2021-09-02 11:13:52',NULL);

--
-- Table structure for table `candidate_job_educations`
--

CREATE TABLE `candidate_job_educations` (
  `id` bigint(20) unsigned NOT NULL AUTO_INCREMENT,
  `candidate_id` bigint(20) unsigned NOT NULL,
  `candidate_job_id` bigint(20) unsigned NOT NULL,
  `job_id` bigint(20) unsigned NOT NULL,
  `candidate_education_id` bigint(20) unsigned NOT NULL,
  `degree` bigint(20) unsigned DEFAULT NULL COMMENT 'exam_id',
  `exam_id` bigint(20) unsigned DEFAULT NULL COMMENT 'sub exam_id',
  `exam_name` varchar(255) CHARACTER SET utf8 DEFAULT NULL COMMENT 'input exam name',
  `duration` varchar(255) CHARACTER SET utf8 DEFAULT NULL,
  `roll_no` varchar(255) CHARACTER SET utf8 DEFAULT NULL,
  `institution_name` text COLLATE utf8mb4_unicode_ci,
  `board` varchar(191) COLLATE utf8mb4_unicode_ci DEFAULT NULL,
  `subject` text COLLATE utf8mb4_unicode_ci,
  `year` varchar(191) COLLATE utf8mb4_unicode_ci DEFAULT NULL,
  `result` varchar(191) COLLATE utf8mb4_unicode_ci DEFAULT NULL,
  `current_institution` tinyint(1) NOT NULL DEFAULT '0',
  `created_at` timestamp NULL DEFAULT NULL,
  `updated_at` timestamp NULL DEFAULT NULL,
  `deleted_at` timestamp NULL DEFAULT NULL,
  PRIMARY KEY (`id`)
) ENGINE=InnoDB AUTO_INCREMENT=34 DEFAULT CHARSET=utf8mb4 COLLATE=utf8mb4_unicode_ci;

--
-- Dumping data for table `candidate_job_educations`
--

INSERT INTO `candidate_job_educations` VALUES (1,5,11,13,1,4,NULL,NULL,NULL,NULL,'BUET','Dhaka','CSE','2007','3.35',0,'2021-08-22 20:10:20','2021-08-22 20:10:20',NULL),(2,5,13,14,1,4,NULL,NULL,NULL,NULL,'BUET','Dhaka','CSE','2007','3.35',0,'2021-08-22 22:31:08','2021-08-22 22:31:08',NULL),(3,5,14,15,1,4,NULL,NULL,NULL,NULL,'BUET','Dhaka','CSE','2007','3.35',0,'2021-08-23 00:25:55','2021-08-23 00:25:55',NULL),(4,5,18,18,1,4,NULL,NULL,NULL,NULL,'BUET','Dhaka','CSE','2007','3.35',0,'2021-08-23 18:23:49','2021-08-23 18:23:49',NULL),(5,11,22,13,20,1,NULL,NULL,NULL,NULL,'GUTHUMA K B A AZIZ MODEL HIGH SCHOOL','CUMILLA','SCIENCE','2006','5.00',0,'2021-08-25 14:57:02','2021-08-25 14:57:02',NULL),(6,11,22,13,21,2,NULL,NULL,NULL,NULL,'NOTRE DAME COLLEGE','DHAKA','BUSINESS STUDIES','2008','5.00',0,'2021-08-25 14:57:02','2021-08-25 14:57:02',NULL),(7,11,22,13,22,4,NULL,NULL,NULL,NULL,'Dhaka University','Dhaka University','Management','2012','3.63',0,'2021-08-25 14:57:02','2021-08-25 14:57:02',NULL),(8,11,22,13,23,13,NULL,NULL,NULL,NULL,'Dhaka University','Dhaka University','Human Resource Management','2013','3.65',0,'2021-08-25 14:57:02','2021-08-25 14:57:02',NULL),(9,12,24,13,27,4,NULL,NULL,NULL,NULL,'Bangladesh University of Engineering &Technology','BUET','Naval Architecture& Marine Engineering','2017','3.68',0,'2021-08-25 15:19:00','2021-08-25 15:19:00',NULL),(10,12,24,13,28,2,NULL,NULL,NULL,NULL,'Gulshan Model Uccha Maddyamik Biddyalay','Dhaka','Science','2011','5.00',0,'2021-08-25 15:19:00','2021-08-25 15:19:00',NULL),(11,12,24,13,29,1,NULL,NULL,NULL,NULL,'Abdul Khalaque Memorial High School','Dhaka','Science','2009','5.00',0,'2021-08-25 15:19:00','2021-08-25 15:19:00',NULL),(12,5,25,16,1,4,NULL,NULL,NULL,NULL,'BUET','Dhaka','CSE','2007','3.35',0,'2021-08-25 15:35:17','2021-08-25 15:35:17',NULL),(13,5,27,12,1,4,NULL,NULL,NULL,NULL,'BUET','Dhaka','CSE','2007','3.35',0,'2021-08-26 09:58:18','2021-08-26 09:58:18',NULL),(14,14,35,13,34,5,NULL,NULL,NULL,NULL,'BUET','Dhaka','CSE','2010','3.35',0,'2021-08-26 10:45:56','2021-08-26 10:45:56',NULL),(15,14,40,14,38,5,NULL,NULL,NULL,NULL,'BUET','Dhaka','CSE','2010','3.35',0,'2021-08-26 11:31:46','2021-08-26 11:31:46',NULL),(16,14,42,16,38,5,NULL,NULL,NULL,NULL,'BUET','Dhaka','CSE','2010','3.35',0,'2021-08-26 11:34:27','2021-08-26 11:34:27',NULL),(17,20,45,13,40,1,NULL,NULL,NULL,NULL,'Parapur High School','Cumilla','Business Studies','2006','5',0,'2021-08-26 15:29:40','2021-08-26 15:29:40',NULL),(18,1,46,18,41,1,NULL,NULL,NULL,NULL,'ddpur','Jossore','SCIENCE','2011','5',0,'2021-08-26 15:29:45','2021-08-26 15:29:45',NULL),(19,7,47,18,43,1,NULL,NULL,NULL,NULL,'BANGLADESH NOU BAHINI SCHOOL AND COLLEGE CHATTOGRAM','CHATTOGRAM','SCIENCE','2005','5.00',0,'2021-08-26 15:33:26','2021-08-26 15:33:26',NULL),(20,7,47,18,44,2,NULL,NULL,NULL,NULL,'GOVT. HAZI MOHAMMAD MOHSIN COLLEGE, CHATTOGRAM','CHATTOGRAM','SCIENCE','2007','4.40',0,'2021-08-26 15:33:26','2021-08-26 15:33:26',NULL),(21,7,47,18,45,4,NULL,NULL,NULL,NULL,'BANGLADESH MARINE ACADEMY,CHATTOGRAM','CHATTOGRAM','MARITIME SCIENCE (ENGINEERING)','2010','1109',0,'2021-08-26 15:33:26','2021-08-26 15:33:26',NULL),(22,20,48,16,40,1,NULL,NULL,NULL,NULL,'Parapur High School','Cumilla','Business Studies','2006','5',0,'2021-08-26 15:35:32','2021-08-26 15:35:32',NULL),(23,13,51,13,48,2,NULL,NULL,NULL,NULL,'CUET','Chitagong','EEE','2010','3.25',0,'2021-08-26 22:12:35','2021-08-26 22:12:35',NULL),(24,1,52,12,46,1,NULL,NULL,NULL,NULL,'ddpur','Jossore','SCIENCE','2011','5',0,'2021-08-28 12:15:57','2021-08-28 12:15:57',NULL),(25,1,53,20,46,1,NULL,NULL,NULL,NULL,'ddpur','Jossore','SCIENCE','2011','5',0,'2021-08-29 13:04:02','2021-08-29 13:04:02',NULL),(26,17,54,18,49,1,7,NULL,'234','234234','fawjdasjk','wqeqweqw','wdwqqqwe','2013','234324',0,'2021-08-29 17:37:09','2021-08-29 17:37:09',NULL),(27,17,54,18,50,4,NULL,'wqeqweqwe','3243',NULL,'qweqweqweqwe','eqweqweqw','wqeqweqwe','2008','24234',0,'2021-08-29 17:37:09','2021-08-29 17:37:09',NULL),(28,1,55,13,46,1,NULL,NULL,NULL,NULL,'ddpur','Jossore','SCIENCE','2011','5',0,'2021-08-29 18:08:35','2021-08-29 18:08:35',NULL),(29,23,57,13,52,2,10,NULL,'234234','234234','23456475','234234','345345','2019','324234',0,'2021-08-31 17:44:40','2021-08-31 17:44:40',NULL),(30,23,59,16,52,2,10,NULL,'234234','234234','23456475','234234','345345','2019','324234',0,'2021-08-31 18:12:16','2021-08-31 18:12:16',NULL),(31,23,60,18,52,2,10,NULL,'234234','234234','23456475','234234','345345','2019','324234',0,'2021-09-02 08:36:42','2021-09-02 08:36:42',NULL),(32,23,61,17,52,2,10,NULL,'234234','234234','23456475','234234','345345','2019','324234',0,'2021-09-02 08:49:16','2021-09-02 08:49:16',NULL),(33,23,62,20,52,2,10,NULL,'234234','234234','23456475','234234','345345','2019','324234',0,'2021-09-02 08:50:29','2021-09-02 08:50:29',NULL);

--
-- Table structure for table `candidate_job_experiences`
--

CREATE TABLE `candidate_job_experiences` (
  `id` bigint(20) unsigned NOT NULL AUTO_INCREMENT,
  `candidate_id` bigint(20) unsigned NOT NULL,
  `job_id` bigint(20) unsigned NOT NULL,
  `candidate_job_id` bigint(20) unsigned NOT NULL,
  `candidate_experience_id` bigint(20) unsigned NOT NULL,
  `job_type` tinyint(3) unsigned DEFAULT NULL COMMENT '0=shore;1=afloat',
  `company_name` varchar(191) COLLATE utf8mb4_unicode_ci DEFAULT NULL,
  `ship_name` varchar(191) COLLATE utf8mb4_unicode_ci DEFAULT NULL,
  `rank_id` bigint(20) unsigned DEFAULT NULL,
  `designation` text COLLATE utf8mb4_unicode_ci COMMENT 'rank_name for shore',
  `is_current` tinyint(1) DEFAULT '0',
  `type` varchar(191) COLLATE utf8mb4_unicode_ci DEFAULT NULL,
  `dwt` varchar(191) COLLATE utf8mb4_unicode_ci DEFAULT NULL,
  `engine_type` varchar(191) COLLATE utf8mb4_unicode_ci DEFAULT NULL,
  `start_date` datetime DEFAULT NULL,
  `end_date` datetime DEFAULT NULL,
  `created_at` timestamp NULL DEFAULT NULL,
  `updated_at` timestamp NULL DEFAULT NULL,
  PRIMARY KEY (`id`)
) ENGINE=InnoDB AUTO_INCREMENT=13 DEFAULT CHARSET=utf8mb4 COLLATE=utf8mb4_unicode_ci;

--
-- Dumping data for table `candidate_job_experiences`
--

INSERT INTO `candidate_job_experiences` VALUES (1,5,13,11,1,0,'CST',NULL,NULL,'IT Officer',0,NULL,NULL,NULL,'2918-03-16 00:00:00','2021-08-22 00:00:00','2021-08-22 20:10:20','2021-08-22 20:10:20'),(2,5,14,13,1,0,'CST',NULL,NULL,'IT Officer',0,NULL,NULL,NULL,'2918-03-16 00:00:00','2021-08-22 00:00:00','2021-08-22 22:31:08','2021-08-22 22:31:08'),(3,5,15,14,1,0,'CST',NULL,NULL,'IT Officer',0,NULL,NULL,NULL,'2918-03-16 00:00:00','2021-08-22 00:00:00','2021-08-23 00:25:55','2021-08-23 00:25:55'),(4,5,18,18,2,1,'Meghna','Meghna Mania',7,NULL,NULL,'2','23','new','2019-01-23 00:00:00','2020-12-30 00:00:00','2021-08-23 18:23:49','2021-08-23 18:23:49'),(5,11,13,22,3,0,'Mercantile Bank Limited',NULL,NULL,'Executive Officer',NULL,NULL,NULL,NULL,'2015-01-04 00:00:00','2018-07-01 00:00:00','2021-08-25 14:57:02','2021-08-25 14:57:02'),(6,12,13,24,6,0,'Bangladesh Shipping Corporation',NULL,NULL,'Assistant Manager',1,NULL,NULL,NULL,'2018-07-02 00:00:00',NULL,'2021-08-25 15:19:00','2021-08-25 15:19:00'),(7,5,16,25,1,0,'CST',NULL,NULL,'IT Officer',0,NULL,NULL,NULL,'2918-03-16 00:00:00','2021-08-22 00:00:00','2021-08-25 15:35:17','2021-08-25 15:35:17'),(8,5,12,27,2,1,'Meghna','Meghna Mania',7,NULL,0,'2','23','new','2019-01-23 00:00:00','2020-12-30 00:00:00','2021-08-26 09:58:18','2021-08-26 09:58:18'),(9,1,18,46,15,1,'cst','cst',15,NULL,1,'dev','test','test','2021-08-01 00:00:00',NULL,'2021-08-26 15:29:45','2021-08-26 15:29:45'),(10,7,18,47,17,1,'BSC','M.T.BANGLAR AGRAGOTI',7,NULL,NULL,'OIL/CHEMICAL TANKER','38927','MAN B& W 6S 50 MC C-8.2, 2 STROKE','2020-07-21 00:00:00','2021-03-22 00:00:00','2021-08-26 15:33:26','2021-08-26 15:33:26'),(11,13,13,51,21,0,'BSC',NULL,NULL,'HR',NULL,NULL,NULL,NULL,'2020-01-01 00:00:00','2021-08-26 00:00:00','2021-08-26 22:12:35','2021-08-26 22:12:35'),(12,1,12,52,18,1,'cst','cst',15,NULL,0,'dev','test','test','2021-08-01 00:00:00',NULL,'2021-08-28 12:15:57','2021-08-28 12:15:57');

--
-- Table structure for table `candidate_job_identity_documents`
--

CREATE TABLE `candidate_job_identity_documents` (
  `id` bigint(20) unsigned NOT NULL AUTO_INCREMENT,
  `candidate_id` bigint(20) unsigned NOT NULL,
  `job_id` bigint(20) unsigned NOT NULL,
  `candidate_job_id` bigint(20) unsigned NOT NULL,
  `candidate_identity_doc_id` bigint(20) unsigned NOT NULL,
  `document_type_id` bigint(20) unsigned DEFAULT NULL,
  `country_id` bigint(20) unsigned DEFAULT NULL,
  `number` varchar(255) COLLATE utf8mb4_unicode_ci DEFAULT NULL,
  `issue_date` date DEFAULT NULL,
  `issue_place` varchar(255) COLLATE utf8mb4_unicode_ci DEFAULT NULL,
  `expiry_date` date DEFAULT NULL,
  `created_at` timestamp NULL DEFAULT NULL,
  `updated_at` timestamp NULL DEFAULT NULL,
  PRIMARY KEY (`id`)
) ENGINE=InnoDB AUTO_INCREMENT=6 DEFAULT CHARSET=utf8mb4 COLLATE=utf8mb4_unicode_ci;

--
-- Dumping data for table `candidate_job_identity_documents`
--

INSERT INTO `candidate_job_identity_documents` VALUES (1,5,18,18,1,4,19,'1824166811','2018-02-02','Dhaka','2023-02-01','2021-08-23 18:23:49','2021-08-23 18:23:49'),(2,5,16,25,1,4,19,'1824166811','2018-02-02','Dhaka','2023-02-01','2021-08-25 15:35:17','2021-08-25 15:35:17'),(3,5,12,27,1,4,19,'1824166811','2018-02-02','Dhaka','2023-02-01','2021-08-26 09:58:18','2021-08-26 09:58:18'),(4,7,18,47,4,1,19,'C/O/5967','2019-12-24','CHATTOGRAM','2029-12-23','2021-08-26 15:33:26','2021-08-26 15:33:26'),(5,7,18,47,5,3,136,'01000373EII','2018-03-09','MALAYSIA','2023-03-08','2021-08-26 15:33:26','2021-08-26 15:33:26');

--
-- Table structure for table `candidate_job_qualifications`
--

CREATE TABLE `candidate_job_qualifications` (
  `id` bigint(20) unsigned NOT NULL AUTO_INCREMENT,
  `candidate_id` bigint(20) unsigned NOT NULL,
  `job_id` bigint(20) unsigned NOT NULL,
  `candidate_job_id` bigint(20) unsigned NOT NULL,
  `candidate_qualification_id` bigint(20) unsigned NOT NULL,
  `job_type` tinyint(3) unsigned DEFAULT NULL COMMENT '0=shore;1=afloat',
  `details` text COLLATE utf8mb4_unicode_ci NOT NULL,
  `created_at` timestamp NULL DEFAULT NULL,
  `updated_at` timestamp NULL DEFAULT NULL,
  PRIMARY KEY (`id`)
) ENGINE=InnoDB AUTO_INCREMENT=13 DEFAULT CHARSET=utf8mb4 COLLATE=utf8mb4_unicode_ci;

--
-- Dumping data for table `candidate_job_qualifications`
--

INSERT INTO `candidate_job_qualifications` VALUES (1,5,13,11,1,NULL,'ITIL/PMP','2021-08-22 20:10:20','2021-08-22 20:10:20'),(2,5,14,13,1,NULL,'ITIL/PMP','2021-08-22 22:31:08','2021-08-22 22:31:08'),(3,5,15,14,1,NULL,'ITIL/PMP','2021-08-23 00:25:55','2021-08-23 00:25:55'),(4,5,16,25,1,NULL,'ITIL/PMP','2021-08-25 15:35:17','2021-08-25 15:35:17'),(5,14,13,35,3,NULL,'Merrien Certificate','2021-08-26 10:45:56','2021-08-26 10:45:56'),(6,15,12,39,7,1,'ok','2021-08-26 11:10:37','2021-08-26 11:10:37'),(7,14,14,40,8,NULL,'Merrien Certificate','2021-08-26 11:31:46','2021-08-26 11:31:46'),(8,14,16,42,8,NULL,'Merrien Certificate','2021-08-26 11:34:27','2021-08-26 11:34:27'),(9,1,18,46,11,1,'test','2021-08-26 15:29:45','2021-08-26 15:29:45'),(10,13,13,51,15,0,'PMP','2021-08-26 22:12:35','2021-08-26 22:12:35'),(11,1,20,53,13,NULL,'test','2021-08-29 13:04:02','2021-08-29 13:04:02'),(12,1,13,55,13,NULL,'test','2021-08-29 18:08:35','2021-08-29 18:08:35');

--
-- Table structure for table `candidate_job_quotas`
--

CREATE TABLE `candidate_job_quotas` (
  `id` bigint(20) unsigned NOT NULL AUTO_INCREMENT,
  `candidate_job_id` bigint(20) unsigned NOT NULL,
  `candidate_id` bigint(20) unsigned NOT NULL,
  `job_id` bigint(20) unsigned NOT NULL,
  `candidate_quota_id` bigint(20) unsigned NOT NULL,
  `quota_name` text COLLATE utf8mb4_unicode_ci NOT NULL,
  `created_at` timestamp NULL DEFAULT NULL,
  `updated_at` timestamp NULL DEFAULT NULL,
  PRIMARY KEY (`id`)
) ENGINE=InnoDB AUTO_INCREMENT=30 DEFAULT CHARSET=utf8mb4 COLLATE=utf8mb4_unicode_ci;

--
-- Dumping data for table `candidate_job_quotas`
--

INSERT INTO `candidate_job_quotas` VALUES (1,3,2,17,1,'Freedom fighter','2021-08-22 12:02:45','2021-08-22 12:02:45'),(2,9,2,13,1,'Freedom fighter','2021-08-22 17:48:01','2021-08-22 17:48:01'),(3,10,2,18,1,'Freedom fighter','2021-08-22 19:21:00','2021-08-22 19:21:00'),(4,12,2,14,1,'Freedom fighter','2021-08-22 21:13:37','2021-08-22 21:13:37'),(5,15,2,16,1,'Freedom fighter','2021-08-23 00:29:42','2021-08-23 00:29:42'),(6,19,2,12,1,'Freedom fighter','2021-08-23 19:49:08','2021-08-23 19:49:08'),(7,31,2,15,1,'Freedom fighter','2021-08-26 10:22:03','2021-08-26 10:22:03'),(8,34,15,15,3,'Freedom fighter','2021-08-26 10:40:05','2021-08-26 10:40:05'),(9,36,17,13,4,'Freedom fighter','2021-08-26 10:46:52','2021-08-26 10:46:52'),(10,38,15,14,3,'Freedom fighter','2021-08-26 11:02:34','2021-08-26 11:02:34'),(11,39,15,12,3,'Freedom fighter','2021-08-26 11:10:37','2021-08-26 11:10:37'),(12,41,15,13,3,'Freedom fighter','2021-08-26 11:33:45','2021-08-26 11:33:45'),(13,48,20,16,5,'Freedom fighter','2021-08-26 15:35:32','2021-08-26 15:35:32'),(14,50,18,17,6,'Freedom fighter','2021-08-26 17:22:45','2021-08-26 17:22:45'),(15,53,1,20,7,'Freedom fighter','2021-08-29 13:04:02','2021-08-29 13:04:02'),(16,54,17,18,4,'Freedom fighter','2021-08-29 17:37:09','2021-08-29 17:37:09'),(17,55,1,13,7,'Freedom fighter','2021-08-29 18:08:35','2021-08-29 18:08:35'),(18,59,23,16,8,'Freedom fighter','2021-08-31 18:12:16','2021-08-31 18:12:16'),(19,59,23,16,9,'Tribal','2021-08-31 18:12:16','2021-08-31 18:12:16'),(20,59,23,16,10,'Disabled','2021-08-31 18:12:16','2021-08-31 18:12:16'),(21,60,23,18,8,'Freedom fighter','2021-09-02 08:36:42','2021-09-02 08:36:42'),(22,60,23,18,9,'Tribal','2021-09-02 08:36:42','2021-09-02 08:36:42'),(23,60,23,18,10,'Disabled','2021-09-02 08:36:42','2021-09-02 08:36:42'),(24,61,23,17,8,'Freedom fighter','2021-09-02 08:49:16','2021-09-02 08:49:16'),(25,61,23,17,9,'Tribal','2021-09-02 08:49:16','2021-09-02 08:49:16'),(26,61,23,17,10,'Disabled','2021-09-02 08:49:16','2021-09-02 08:49:16'),(27,62,23,20,8,'Freedom fighter','2021-09-02 08:50:29','2021-09-02 08:50:29'),(28,62,23,20,9,'Tribal','2021-09-02 08:50:29','2021-09-02 08:50:29'),(29,62,23,20,10,'Disabled','2021-09-02 08:50:29','2021-09-02 08:50:29');

--
-- Table structure for table `candidate_jobs`
--

CREATE TABLE `candidate_jobs` (
  `id` int(11) NOT NULL AUTO_INCREMENT,
  `candidate_id` int(11) DEFAULT NULL,
  `job_id` int(11) DEFAULT NULL,
  `apply_date` datetime DEFAULT NULL,
  `payment_status` tinyint(4) DEFAULT NULL,
  `application_status` tinyint(4) DEFAULT NULL,
  `pay_order_number` varchar(250) DEFAULT NULL,
  `pay_order_date` date DEFAULT NULL,
  `divisional_candidate` tinyint(4) DEFAULT NULL,
  `notification_status` tinyint(4) DEFAULT NULL,
  `selection_status` tinyint(4) DEFAULT '0',
  `has_own_cv` tinyint(1) DEFAULT NULL COMMENT 'if applied with own cv',
  `created_at` datetime DEFAULT NULL,
  `updated_at` datetime DEFAULT NULL,
  `deleted_at` datetime DEFAULT NULL,
  PRIMARY KEY (`id`)
) ENGINE=InnoDB AUTO_INCREMENT=71 DEFAULT CHARSET=latin1;

--
-- Dumping data for table `candidate_jobs`
--

INSERT INTO `candidate_jobs` VALUES (3,2,17,'2021-08-22 12:02:45',1,1,NULL,NULL,0,NULL,0,NULL,'2021-08-22 12:02:45','2021-08-23 15:00:59',NULL),(5,3,13,'2021-08-22 12:25:31',NULL,1,NULL,NULL,0,NULL,0,NULL,'2021-08-22 12:25:31','2021-08-22 12:25:31',NULL),(6,3,16,'2021-08-22 12:27:46',NULL,1,NULL,NULL,0,NULL,0,NULL,'2021-08-22 12:27:46','2021-08-22 12:27:46',NULL),(7,4,13,'2021-08-22 12:53:32',NULL,1,NULL,NULL,0,NULL,0,NULL,'2021-08-22 12:53:32','2021-08-22 12:53:32',NULL),(8,3,14,'2021-08-22 12:53:59',NULL,1,NULL,NULL,0,NULL,0,NULL,'2021-08-22 12:53:59','2021-08-22 12:53:59',NULL),(9,2,13,'2021-08-22 17:48:01',NULL,1,NULL,NULL,0,NULL,0,NULL,'2021-08-22 17:48:01','2021-08-22 17:48:01',NULL),(10,2,18,'2021-08-22 19:21:00',1,1,NULL,NULL,0,NULL,0,NULL,'2021-08-22 19:21:00','2021-08-23 01:28:49',NULL),(11,5,13,'2021-08-22 20:10:20',NULL,1,NULL,NULL,1,NULL,0,NULL,'2021-08-22 20:10:20','2021-08-22 20:10:20',NULL),(12,2,14,'2021-08-22 21:13:37',2,1,NULL,NULL,0,NULL,0,NULL,'2021-08-22 21:13:37','2021-08-22 21:32:30',NULL),(13,5,14,'2021-08-22 22:31:08',NULL,1,NULL,NULL,1,NULL,0,NULL,'2021-08-22 22:31:08','2021-08-22 22:31:08',NULL),(14,5,15,'2021-08-23 00:25:55',NULL,1,NULL,NULL,1,NULL,0,NULL,'2021-08-23 00:25:55','2021-08-23 00:25:55',NULL),(15,2,16,'2021-08-23 00:29:42',1,1,NULL,NULL,1,NULL,0,NULL,'2021-08-23 00:29:42','2021-08-23 00:31:06',NULL),(16,4,15,'2021-08-23 11:17:28',1,1,NULL,NULL,0,NULL,0,NULL,'2021-08-23 11:17:28','2021-08-23 16:24:14',NULL),(17,4,18,'2021-08-23 14:29:25',1,1,NULL,NULL,0,NULL,4,NULL,'2021-08-23 14:29:25','2021-08-26 16:16:55',NULL),(18,5,18,'2021-08-23 18:23:49',1,1,NULL,NULL,1,NULL,0,NULL,'2021-08-23 18:23:49','2021-08-23 18:25:07',NULL),(19,2,12,'2021-08-23 19:49:08',2,1,NULL,NULL,1,NULL,0,NULL,'2021-08-23 19:49:08','2021-08-23 19:50:26',NULL),(22,11,13,'2021-08-25 14:57:02',1,1,NULL,NULL,1,NULL,0,NULL,'2021-08-25 14:57:02','2021-08-25 15:00:19',NULL),(24,12,13,'2021-08-25 15:19:00',1,1,NULL,NULL,0,NULL,0,NULL,'2021-08-25 15:19:00','2021-08-25 15:22:17',NULL),(25,5,16,'2021-08-25 15:35:17',1,1,NULL,NULL,1,NULL,0,NULL,'2021-08-25 15:35:17','2021-08-25 15:36:35',NULL),(27,5,12,'2021-08-26 09:58:18',NULL,1,NULL,NULL,1,NULL,0,NULL,'2021-08-26 09:58:18','2021-08-26 09:58:18',NULL),(31,2,15,'2021-08-26 10:22:03',1,1,NULL,NULL,0,NULL,0,NULL,'2021-08-26 10:22:03','2021-08-26 10:23:27',NULL),(32,1,14,'2021-08-26 10:26:53',1,1,NULL,NULL,0,NULL,0,NULL,'2021-08-26 10:26:53','2021-08-26 10:27:53',NULL),(33,1,15,'2021-08-26 10:31:25',1,1,NULL,NULL,0,NULL,0,NULL,'2021-08-26 10:31:25','2021-08-26 10:33:24',NULL),(34,15,15,'2021-08-26 10:40:05',1,1,NULL,NULL,0,NULL,0,NULL,'2021-08-26 10:40:05','2021-08-26 10:41:23',NULL),(35,14,13,'2021-08-26 10:45:56',NULL,1,NULL,NULL,1,NULL,0,NULL,'2021-08-26 10:45:56','2021-08-26 10:45:56',NULL),(36,17,13,'2021-08-26 10:46:52',1,1,NULL,NULL,0,NULL,0,NULL,'2021-08-26 10:46:52','2021-08-26 11:00:44',NULL),(37,16,16,'2021-08-26 10:52:24',1,1,NULL,NULL,0,NULL,0,NULL,'2021-08-26 10:52:24','2021-08-26 10:56:11',NULL),(38,15,14,'2021-08-26 11:02:34',1,1,NULL,NULL,0,NULL,0,NULL,'2021-08-26 11:02:34','2021-08-26 11:04:57',NULL),(39,15,12,'2021-08-26 11:10:37',1,1,NULL,NULL,0,NULL,0,NULL,'2021-08-26 11:10:37','2021-08-26 11:12:04',NULL),(40,14,14,'2021-08-26 11:31:46',NULL,1,NULL,NULL,1,NULL,0,NULL,'2021-08-26 11:31:46','2021-08-26 11:31:46',NULL),(41,15,13,'2021-08-26 11:33:45',NULL,1,NULL,NULL,0,NULL,0,NULL,'2021-08-26 11:33:45','2021-08-26 11:33:45',NULL),(42,14,16,'2021-08-26 11:34:27',NULL,1,NULL,NULL,1,NULL,0,NULL,'2021-08-26 11:34:27','2021-08-26 11:34:27',NULL),(43,18,14,'2021-08-26 11:36:31',NULL,1,NULL,NULL,0,NULL,0,NULL,'2021-08-26 11:36:31','2021-08-26 11:36:31',NULL),(44,19,14,'2021-08-26 11:37:31',1,1,NULL,NULL,0,NULL,0,NULL,'2021-08-26 11:37:31','2021-08-26 11:39:54',NULL),(45,20,13,'2021-08-26 15:29:40',1,1,NULL,NULL,0,NULL,1,NULL,'2021-08-26 15:29:40','2021-08-26 16:09:24',NULL),(46,1,18,'2021-08-26 15:29:45',NULL,1,NULL,NULL,0,NULL,0,NULL,'2021-08-26 15:29:45','2021-08-26 15:29:45',NULL),(47,7,18,'2021-08-26 15:33:26',1,1,NULL,NULL,1,NULL,2,NULL,'2021-08-26 15:33:26','2021-08-26 16:09:40',NULL),(48,20,16,'2021-08-26 15:35:32',1,1,NULL,NULL,0,NULL,0,NULL,'2021-08-26 15:35:32','2021-08-26 15:36:48',NULL),(49,18,12,'2021-08-26 16:29:35',NULL,1,NULL,NULL,0,NULL,0,1,'2021-08-26 16:29:35','2021-08-26 16:29:35',NULL),(50,18,17,'2021-08-26 17:22:45',NULL,1,NULL,NULL,0,NULL,0,0,'2021-08-26 17:22:45','2021-08-26 17:22:45',NULL),(51,13,13,'2021-08-26 22:12:35',NULL,1,NULL,NULL,1,NULL,0,0,'2021-08-26 22:12:35','2021-08-26 22:12:35',NULL),(52,1,12,'2021-08-28 12:15:57',NULL,1,NULL,NULL,0,NULL,0,0,'2021-08-28 12:15:57','2021-08-28 12:15:57',NULL),(53,1,20,'2021-08-29 13:04:02',NULL,1,NULL,NULL,0,NULL,0,0,'2021-08-29 13:04:02','2021-08-29 13:04:02',NULL),(54,17,18,'2021-08-29 17:37:09',NULL,1,NULL,NULL,0,NULL,0,0,'2021-08-29 17:37:09','2021-08-29 17:37:09',NULL),(55,1,13,'2021-08-29 18:08:35',NULL,1,NULL,NULL,0,NULL,0,0,'2021-08-29 18:08:35','2021-08-29 18:08:35',NULL),(56,14,18,'2021-08-31 14:58:27',NULL,1,NULL,NULL,0,NULL,0,1,'2021-08-31 14:58:27','2021-08-31 14:58:27',NULL),(57,23,13,'2021-08-31 17:44:40',NULL,1,NULL,NULL,0,NULL,0,0,'2021-08-31 17:44:40','2021-08-31 17:44:40',NULL),(58,23,12,'2021-08-31 18:00:55',NULL,1,NULL,NULL,0,NULL,0,1,'2021-08-31 18:00:55','2021-08-31 18:01:18',NULL),(59,23,16,'2021-08-31 18:12:16',1,1,NULL,NULL,0,NULL,0,0,'2021-08-31 18:12:16','2021-08-31 18:12:16',NULL),(60,23,18,'2021-09-02 14:36:42',4,1,NULL,NULL,0,NULL,0,0,'2021-09-02 14:36:42','2021-09-02 14:59:21',NULL),(61,23,17,'2021-09-02 14:49:16',NULL,1,NULL,NULL,0,NULL,0,0,'2021-09-02 14:49:16','2021-09-02 14:49:16',NULL),(62,23,20,'2021-09-02 14:50:29',4,1,NULL,NULL,0,NULL,0,0,'2021-09-02 14:50:29','2021-09-02 14:50:29',NULL),(67,21,18,'2021-09-02 16:11:34',4,1,NULL,NULL,0,NULL,0,1,'2021-09-02 16:11:34','2021-09-02 16:11:34',NULL),(68,21,17,'2021-09-02 16:12:05',NULL,1,NULL,NULL,0,NULL,0,1,'2021-09-02 16:12:05','2021-09-02 16:16:06',NULL),(69,21,14,'2021-09-02 16:19:53',4,1,NULL,NULL,0,NULL,0,1,'2021-09-02 16:19:53','2021-09-02 16:19:53',NULL),(70,21,13,'2021-09-02 17:13:52',NULL,1,NULL,NULL,0,NULL,0,0,'2021-09-02 17:13:52','2021-09-02 17:13:52',NULL);

--
-- Table structure for table `candidate_markings`
--

CREATE TABLE `candidate_markings` (
  `id` int(11) NOT NULL AUTO_INCREMENT,
  `candidate_job_id` bigint(20) DEFAULT NULL,
  `job_id` bigint(20) DEFAULT NULL,
  `mcq` int(11) DEFAULT NULL,
  `written` int(11) DEFAULT NULL,
  `viva` int(11) DEFAULT NULL,
  `created_at` datetime DEFAULT NULL,
  `updated_at` datetime DEFAULT NULL,
  `deleted_at` datetime DEFAULT NULL,
  PRIMARY KEY (`id`)
) ENGINE=InnoDB DEFAULT CHARSET=utf8mb4 COLLATE=utf8mb4_unicode_ci;

--
-- Dumping data for table `candidate_markings`
--


--
-- Table structure for table `candidate_payment_logs`
--

CREATE TABLE `candidate_payment_logs` (
  `id` bigint(20) unsigned NOT NULL AUTO_INCREMENT,
  `candidate_id` bigint(20) unsigned NOT NULL,
  `user_id` bigint(20) unsigned NOT NULL,
  `job_id` bigint(20) unsigned DEFAULT NULL,
  `payment_id` bigint(20) unsigned DEFAULT NULL,
  `trnx_id` varchar(255) DEFAULT NULL,
  `trnx_amt` double NOT NULL,
  `trnx_currency` varchar(20) DEFAULT NULL,
  `payment_status` tinyint(3) unsigned DEFAULT NULL COMMENT 'payment_status_comment'' => ''0 =>Merchant API Initiation, 1 => Token Requested, 2 => Token Retrieve, 3 => Redirected, 4 => Successful, 5 => IPN Info Posted, 6 => Transaction Completed',
  `raw_response` text CHARACTER SET utf8,
  `created_at` timestamp NULL DEFAULT CURRENT_TIMESTAMP,
  `updated_at` timestamp NULL DEFAULT NULL,
  `deleted_at` timestamp NULL DEFAULT NULL,
  PRIMARY KEY (`id`),
  UNIQUE KEY `trnx_id` (`trnx_id`)
) ENGINE=InnoDB AUTO_INCREMENT=34 DEFAULT CHARSET=latin1;

--
-- Dumping data for table `candidate_payment_logs`
--

INSERT INTO `candidate_payment_logs` VALUES (4,2,9,18,1,'629638465',10,'BDT',NULL,'POST /api/ekpay/ipn/receive-ipn HTTP/1.1\r\nAccept:         application/xml, text/xml, application/json, application/*+xml, application/*+json\r\nCache-Control:  no-cache\r\nConnection:     keep-alive\r\nContent-Length: 1203\r\nContent-Type:   application/json;charset=UTF-8\r\nHost:           job.bsc.gov.bd\r\nPragma:         no-cache\r\nUser-Agent:     Java/1.8.0_275\r\n\r\n{\"secure_token\":\"eyJhbGciOiJIUzUxMiJ9.eyJzdWIiOiJic2NfcGF5bWVudCIsImF1dGgiOiJST0xFX01FUkNIQU5UIiwiZXhwIjoxNjI5NjY4NDY1fQ.Pfaum0zAnqr4MyRr5gP2X_dD9Wslv3kdbsPza92GcJFCcRayQO7nxtgEaI8wWPlKNRyH_NYDb6OkMvVOCTzCSw\",\"msg_code\":\"1022\",\"msg_det\":\"Transaction canceled\",\"req_timestamp\":\"2021-08-22 19:24:35 GMT+06:00\",\"basic_Info\":{\"mer_reg_id\":\"bsc_payment\",\"ipn_info\":\"3,job@bsc.gov.bd,http://job.bsc.gov.bd/api/ekpay/ipn/receive-ipn\",\"redirect_to\":\"http://job.bsc.gov.bd/cancel/payment\",\"dgtl_sign\":\"WEB\",\"ord_desc\":\"Payment For The Post of Second Engineer\",\"remarks\":\"\"},\"cust_info\":{\"cust_id\":\"9\",\"cust_name\":\"Test candidate\",\"cust_mobo_no\":\"+8801787578526\",\"cust_email\":\"candidate@candidate.com\",\"cust_mail_addr\":null},\"scroll_no\":null,\"trnx_info\":{\"trnx_amt\":\"10.00\",\"trnx_id\":\"210822192105fb969\",\"mer_trnx_id\":\"629638465\",\"curr\":\"BDT\",\"pi_trnx_id\":\"101202123419265302\",\"pi_charge\":\"0.13\",\"ekpay_charge\":\"0.00\",\"pi_discount\":\"0.0\",\"discount\":\"0.00\",\"promo_discount\":\"0.0\",\"total_ser_chrg\":\"0.13\",\"total_pabl_amt\":\"10.13\"},\"pi_det_info\":{\"pay_timestamp\":\" 22-08-2021 07:24:35 PM\",\"pi_name\":\"BBL\",\"pi_type\":\"BBL\",\"pi_number\":\"NOTHING PROVIDED\",\"pi_gateway\":\"BBL-cdbbl\",\"card_holder_name\":\"NOTHING PROVIDED\"}}','2021-08-22 19:24:35','2021-08-22 19:24:35',NULL),(6,2,9,18,2,'629638862',10,'BDT',NULL,'POST /api/ekpay/ipn/receive-ipn HTTP/1.1\r\nAccept:         application/xml, text/xml, application/json, application/*+xml, application/*+json\r\nCache-Control:  no-cache\r\nConnection:     keep-alive\r\nContent-Length: 1203\r\nContent-Type:   application/json;charset=UTF-8\r\nHost:           job.bsc.gov.bd\r\nPragma:         no-cache\r\nUser-Agent:     Java/1.8.0_275\r\n\r\n{\"secure_token\":\"eyJhbGciOiJIUzUxMiJ9.eyJzdWIiOiJic2NfcGF5bWVudCIsImF1dGgiOiJST0xFX01FUkNIQU5UIiwiZXhwIjoxNjI5NjY4ODYyfQ.T5ggeCR6LrH9g3YxzEJ7ML29-BRzZ4lBFWVe4m2is1vlJj9ytkQEwMf1Dt0M1it-j9BTqoor9jspTL7zltBHMw\",\"msg_code\":\"1022\",\"msg_det\":\"Transaction canceled\",\"req_timestamp\":\"2021-08-22 19:28:02 GMT+06:00\",\"basic_Info\":{\"mer_reg_id\":\"bsc_payment\",\"ipn_info\":\"3,job@bsc.gov.bd,http://job.bsc.gov.bd/api/ekpay/ipn/receive-ipn\",\"redirect_to\":\"http://job.bsc.gov.bd/cancel/payment\",\"dgtl_sign\":\"WEB\",\"ord_desc\":\"Payment For The Post of Second Engineer\",\"remarks\":\"\"},\"cust_info\":{\"cust_id\":\"9\",\"cust_name\":\"Test candidate\",\"cust_mobo_no\":\"+8801787578526\",\"cust_email\":\"candidate@candidate.com\",\"cust_mail_addr\":null},\"scroll_no\":null,\"trnx_info\":{\"trnx_amt\":\"10.00\",\"trnx_id\":\"21082219274278ba3\",\"mer_trnx_id\":\"629638862\",\"curr\":\"BDT\",\"pi_trnx_id\":\"101202123480560987\",\"pi_charge\":\"0.13\",\"ekpay_charge\":\"0.00\",\"pi_discount\":\"0.0\",\"discount\":\"0.00\",\"promo_discount\":\"0.0\",\"total_ser_chrg\":\"0.13\",\"total_pabl_amt\":\"10.13\"},\"pi_det_info\":{\"pay_timestamp\":\" 22-08-2021 07:28:02 PM\",\"pi_name\":\"BBL\",\"pi_type\":\"BBL\",\"pi_number\":\"NOTHING PROVIDED\",\"pi_gateway\":\"BBL-cdbbl\",\"card_holder_name\":\"NOTHING PROVIDED\"}}','2021-08-22 19:28:03','2021-08-22 19:28:03',NULL),(7,2,9,14,6,'629646336',10,'BDT',NULL,'POST /api/ekpay/ipn/receive-ipn HTTP/1.1\r\nAccept:         application/xml, text/xml, application/json, application/*+xml, application/*+json\r\nCache-Control:  no-cache\r\nConnection:     keep-alive\r\nContent-Length: 1252\r\nContent-Type:   application/json;charset=UTF-8\r\nHost:           job.bsc.gov.bd\r\nPragma:         no-cache\r\nUser-Agent:     Java/1.8.0_275\r\n\r\n{\"secure_token\":\"eyJhbGciOiJIUzUxMiJ9.eyJzdWIiOiJic2NfcGF5bWVudCIsImF1dGgiOiJST0xFX01FUkNIQU5UIiwiZXhwIjoxNjI5Njc2MzM2fQ.yZZF4pUIfZLdJNSiJYkEhR9Ttqenb8-QCo_s2SvNeyZmwOLAYqWMBoZw0ODiT5T0LuVaUkM4eSNh0KqgyfeWRQ\",\"msg_code\":\"1022\",\"msg_det\":\"Transaction canceled\",\"req_timestamp\":\"2021-08-22 21:32:29 GMT+06:00\",\"basic_Info\":{\"mer_reg_id\":\"bsc_payment\",\"ipn_info\":\"3,job@bsc.gov.bd,http://job.bsc.gov.bd/api/ekpay/ipn/receive-ipn\",\"redirect_to\":\"http://job.bsc.gov.bd/cancel/payment\",\"dgtl_sign\":\"WEB\",\"ord_desc\":\"Payment For The Post of সহকারী ব্যবস্থাপক (শপস্)\",\"remarks\":\"\"},\"cust_info\":{\"cust_id\":\"9\",\"cust_name\":\"Test candidate\",\"cust_mobo_no\":\"+8801787578526\",\"cust_email\":\"candidate@candidate.com\",\"cust_mail_addr\":null},\"scroll_no\":null,\"trnx_info\":{\"trnx_amt\":\"10.00\",\"trnx_id\":\"2108222132160f09b\",\"mer_trnx_id\":\"629646336\",\"curr\":\"BDT\",\"pi_trnx_id\":\"101202123476826811\",\"pi_charge\":\"0.13\",\"ekpay_charge\":\"0.00\",\"pi_discount\":\"0.0\",\"discount\":\"0.00\",\"promo_discount\":\"0.0\",\"total_ser_chrg\":\"0.13\",\"total_pabl_amt\":\"10.13\"},\"pi_det_info\":{\"pay_timestamp\":\" 22-08-2021 09:32:29 PM\",\"pi_name\":\"BBL\",\"pi_type\":\"BBL\",\"pi_number\":\"NOTHING PROVIDED\",\"pi_gateway\":\"BBL-cdbbl\",\"card_holder_name\":\"NOTHING PROVIDED\"}}','2021-08-22 21:32:30','2021-08-22 21:32:30',NULL),(8,2,9,16,10,'629656994',1,'BDT',NULL,'POST /api/ekpay/ipn/receive-ipn HTTP/1.1\r\nAccept:         application/xml, text/xml, application/json, application/*+xml, application/*+json\r\nCache-Control:  no-cache\r\nConnection:     keep-alive\r\nContent-Length: 1214\r\nContent-Type:   application/json;charset=UTF-8\r\nHost:           job.bsc.gov.bd\r\nPragma:         no-cache\r\nUser-Agent:     Java/1.8.0_275\r\n\r\n{\"secure_token\":\"eyJhbGciOiJIUzUxMiJ9.eyJzdWIiOiJic2NfcGF5bWVudCIsImF1dGgiOiJST0xFX01FUkNIQU5UIiwiZXhwIjoxNjI5Njg2OTkzfQ.K1i-k3BmdyKyoDJwprWdkaNagOO7bxWSBoQB4eRcwc-693WT3MZT2cPaNhqvaUeoF65awIUO6yIl-3c8rlxIGA\",\"msg_code\":\"1020\",\"msg_det\":\"Transaction completed successfully\",\"req_timestamp\":\"2021-08-23 00:31:05 GMT+06:00\",\"basic_Info\":{\"mer_reg_id\":\"bsc_payment\",\"ipn_info\":\"3,job@bsc.gov.bd,http://job.bsc.gov.bd/api/ekpay/ipn/receive-ipn\",\"redirect_to\":\"http://job.bsc.gov.bd/success/payment\",\"dgtl_sign\":\"WEB\",\"ord_desc\":\"Payment For The Post of অডিটর\",\"remarks\":\"\"},\"cust_info\":{\"cust_id\":\"9\",\"cust_name\":\"Test candidate\",\"cust_mobo_no\":\"+8801787578526\",\"cust_email\":\"candidate@candidate.com\",\"cust_mail_addr\":null},\"scroll_no\":null,\"trnx_info\":{\"trnx_amt\":\"1.00\",\"trnx_id\":\"2108230029537d751\",\"mer_trnx_id\":\"629656994\",\"curr\":\"BDT\",\"pi_trnx_id\":\"8HN9PYEW31\",\"pi_charge\":\"0.00\",\"ekpay_charge\":\"0.00\",\"pi_discount\":\"0.0\",\"discount\":\"0.00\",\"promo_discount\":\"0.0\",\"total_ser_chrg\":\"0.0\",\"total_pabl_amt\":\"1.00\"},\"pi_det_info\":{\"pay_timestamp\":\" 23-08-2021 12:31:05 AM\",\"pi_name\":\"bKash\",\"pi_type\":\"bkash\",\"pi_number\":\"NOTHING PROVIDED\",\"pi_gateway\":\"bKash-msbksh\",\"card_holder_name\":\"NOTHING PROVIDED\"}}','2021-08-23 00:31:06','2021-08-23 00:31:06',NULL),(9,2,9,18,12,'629660475',1,'BDT',NULL,'POST /api/ekpay/ipn/receive-ipn HTTP/1.1\r\nAccept:         application/xml, text/xml, application/json, application/*+xml, application/*+json\r\nCache-Control:  no-cache\r\nConnection:     keep-alive\r\nContent-Length: 1214\r\nContent-Type:   application/json;charset=UTF-8\r\nHost:           job.bsc.gov.bd\r\nPragma:         no-cache\r\nUser-Agent:     Java/1.8.0_275\r\n\r\n{\"secure_token\":\"eyJhbGciOiJIUzUxMiJ9.eyJzdWIiOiJic2NfcGF5bWVudCIsImF1dGgiOiJST0xFX01FUkNIQU5UIiwiZXhwIjoxNjI5NjkwNDc1fQ.gzT6P0P_d8lSccbga4bhhIy0R5g-_bVXK-4Caai30ttkFXzYuGXZ-FPha4lLzseWjB5O_ND2_vdCIllJunhhoA\",\"msg_code\":\"1020\",\"msg_det\":\"Transaction completed successfully\",\"req_timestamp\":\"2021-08-23 01:28:48 GMT+06:00\",\"basic_Info\":{\"mer_reg_id\":\"bsc_payment\",\"ipn_info\":\"3,job@bsc.gov.bd,http://job.bsc.gov.bd/api/ekpay/ipn/receive-ipn\",\"redirect_to\":\"http://job.bsc.gov.bd/success/payment\",\"dgtl_sign\":\"WEB\",\"ord_desc\":\"Payment For The Post of Second Engineer\",\"remarks\":\"\"},\"cust_info\":{\"cust_id\":\"9\",\"cust_name\":\"Test candidate\",\"cust_mobo_no\":\"+8801256893214\",\"cust_email\":\"candidate@candidate.com\",\"cust_mail_addr\":null},\"scroll_no\":null,\"trnx_info\":{\"trnx_amt\":\"1.00\",\"trnx_id\":\"210823012755bc3be\",\"mer_trnx_id\":\"629660475\",\"curr\":\"BDT\",\"pi_trnx_id\":\"8HN2PYPQSO\",\"pi_charge\":\"0.00\",\"ekpay_charge\":\"0.00\",\"pi_discount\":\"0.0\",\"discount\":\"0.00\",\"promo_discount\":\"0.0\",\"total_ser_chrg\":\"0.0\",\"total_pabl_amt\":\"1.00\"},\"pi_det_info\":{\"pay_timestamp\":\" 23-08-2021 01:28:48 AM\",\"pi_name\":\"bKash\",\"pi_type\":\"bkash\",\"pi_number\":\"NOTHING PROVIDED\",\"pi_gateway\":\"bKash-msbksh\",\"card_holder_name\":\"NOTHING PROVIDED\"}}','2021-08-23 01:28:49','2021-08-23 01:28:49',NULL),(10,2,9,17,16,'1629701283536',10,'BDT',NULL,'POST /api/ekpay/ipn/receive-ipn HTTP/1.1\r\nAccept:         application/xml, text/xml, application/json, application/*+xml, application/*+json\r\nCache-Control:  no-cache\r\nConnection:     keep-alive\r\nContent-Length: 1158\r\nContent-Type:   application/json;charset=UTF-8\r\nHost:           job.bsc.gov.bd\r\nPragma:         no-cache\r\nUser-Agent:     Java/1.8.0_275\r\n\r\n{\"secure_token\":\"eyJhbGciOiJIUzUxMiJ9.eyJzdWIiOiJic2NfcGF5bWVudCIsImF1dGgiOiJST0xFX01FUkNIQU5UIiwiZXhwIjoxNjI5NzMxMjg0fQ.dw9Biz11n3EGui4_35rYUZIzgG34O3SU8JMfQoKEF6BqQZ0XT6RsFsnMLKVbdYvxyfR_Zq3vD_v2Gy1sTc-k-A\",\"msg_code\":\"1022\",\"msg_det\":\"Transaction canceled\",\"req_timestamp\":\"2021-08-23 12:48:42 GMT+06:00\",\"basic_Info\":{\"mer_reg_id\":\"bsc_payment\",\"ipn_info\":\"3,job@bsc.gov.bd,http://job.bsc.gov.bd/api/ekpay/ipn/receive-ipn\",\"redirect_to\":\"http://job.bsc.gov.bd/cancel/payment\",\"dgtl_sign\":\"WEB\",\"ord_desc\":\"Payment For The Post of Chief Engineer (Bulk)\",\"remarks\":\"\"},\"cust_info\":{\"cust_id\":\"9\",\"cust_name\":\"Test candidate\",\"cust_mobo_no\":\"+8801747970935\",\"cust_email\":\"candidate@candidate.com\",\"cust_mail_addr\":null},\"scroll_no\":null,\"trnx_info\":{\"trnx_amt\":\"10.00\",\"trnx_id\":\"21082312480498a7c\",\"mer_trnx_id\":\"1629701283536\",\"curr\":\"BDT\",\"pi_trnx_id\":\"\",\"pi_charge\":\"0.00\",\"ekpay_charge\":\"0.00\",\"pi_discount\":\"0.0\",\"discount\":\"0.00\",\"promo_discount\":\"0.0\",\"total_ser_chrg\":\"0.0\",\"total_pabl_amt\":\"10.00\"},\"pi_det_info\":{\"pay_timestamp\":\" 23-08-2021 12:48:42 PM\",\"pi_name\":\"\",\"pi_type\":\"\",\"pi_number\":\"\",\"pi_gateway\":\"Nagad-msngd\",\"card_holder_name\":\"\"}}','2021-08-23 12:48:43','2021-08-23 12:48:43',NULL),(11,2,9,17,26,'1629708611606',1,'BDT',NULL,'POST /api/ekpay/ipn/receive-ipn HTTP/1.1\r\nAccept:         application/xml, text/xml, application/json, application/*+xml, application/*+json\r\nCache-Control:  no-cache\r\nConnection:     keep-alive\r\nContent-Length: 1165\r\nContent-Type:   application/json;charset=UTF-8\r\nHost:           job.bsc.gov.bd\r\nPragma:         no-cache\r\nUser-Agent:     Java/1.8.0_275\r\n\r\n{\"secure_token\":\"eyJhbGciOiJIUzUxMiJ9.eyJzdWIiOiJic2NfcGF5bWVudCIsImF1dGgiOiJST0xFX01FUkNIQU5UIiwiZXhwIjoxNjI5NzM4NjEyfQ.TfDpCjMvo2i5FTf-TvvoPBBEsYR2xloINtCONZIEnuv0Kws2qPLQAW9r-SruY8cQdGCDcA4ANZjTOysjVBry1w\",\"msg_code\":\"1022\",\"msg_det\":\"Transaction canceled\",\"req_timestamp\":\"2021-08-23 14:50:47 GMT+06:00\",\"basic_Info\":{\"mer_reg_id\":\"bsc_payment\",\"ipn_info\":\"3,job@bsc.gov.bd,http://job.bsc.gov.bd/api/ekpay/ipn/receive-ipn\",\"redirect_to\":\"http://job.bsc.gov.bd/cancel/payment\",\"dgtl_sign\":\"WEB\",\"ord_desc\":\"Payment For The Post of \",\"remarks\":\"\"},\"cust_info\":{\"cust_id\":\"9\",\"cust_name\":\"Test candidate\",\"cust_mobo_no\":\"+8801747970935\",\"cust_email\":\"candidate@candidate.com\",\"cust_mail_addr\":null},\"scroll_no\":null,\"trnx_info\":{\"trnx_amt\":\"1.00\",\"trnx_id\":\"2108231450121eb90\",\"mer_trnx_id\":\"1629708611606\",\"curr\":\"BDT\",\"pi_trnx_id\":null,\"pi_charge\":\"0.00\",\"ekpay_charge\":\"0.00\",\"pi_discount\":\"0.0\",\"discount\":\"0.00\",\"promo_discount\":\"0.0\",\"total_ser_chrg\":\"0.0\",\"total_pabl_amt\":\"1.00\"},\"pi_det_info\":{\"pay_timestamp\":\" 23-08-2021 02:50:47 PM\",\"pi_name\":\"Nagad\",\"pi_type\":\"nagad\",\"pi_number\":null,\"pi_gateway\":\"Nagad-msngd\",\"card_holder_name\":\"NOTHING PROVIDED\"}}','2021-08-23 14:50:53','2021-08-23 14:50:53',NULL),(12,2,9,17,28,'162970920055',1,'BDT',NULL,'POST /api/ekpay/ipn/receive-ipn HTTP/1.1\r\nAccept:         application/xml, text/xml, application/json, application/*+xml, application/*+json\r\nCache-Control:  no-cache\r\nConnection:     keep-alive\r\nContent-Length: 1194\r\nContent-Type:   application/json;charset=UTF-8\r\nHost:           job.bsc.gov.bd\r\nPragma:         no-cache\r\nUser-Agent:     Java/1.8.0_275\r\n\r\n{\"secure_token\":\"eyJhbGciOiJIUzUxMiJ9.eyJzdWIiOiJic2NfcGF5bWVudCIsImF1dGgiOiJST0xFX01FUkNIQU5UIiwiZXhwIjoxNjI5NzM5MjAxfQ.2GlS0rzkxXAFQ-CDMkRkY1Ij5oWYlP1PE5gRXU_ZiKBge3KLKc7E4UWsEYlGK52Pa4LhjbpC9EAAB2R8uPS0xw\",\"msg_code\":\"1020\",\"msg_det\":\"Transaction completed successfully\",\"req_timestamp\":\"2021-08-23 15:00:59 GMT+06:00\",\"basic_Info\":{\"mer_reg_id\":\"bsc_payment\",\"ipn_info\":\"3,job@bsc.gov.bd,http://job.bsc.gov.bd/api/ekpay/ipn/receive-ipn\",\"redirect_to\":\"http://job.bsc.gov.bd/success/payment\",\"dgtl_sign\":\"WEB\",\"ord_desc\":\"Payment For The Post of \",\"remarks\":\"\"},\"cust_info\":{\"cust_id\":\"9\",\"cust_name\":\"Test candidate\",\"cust_mobo_no\":\"+8801747970935\",\"cust_email\":\"candidate@candidate.com\",\"cust_mail_addr\":null},\"scroll_no\":null,\"trnx_info\":{\"trnx_amt\":\"1.00\",\"trnx_id\":\"21082315000171ee4\",\"mer_trnx_id\":\"162970920055\",\"curr\":\"BDT\",\"pi_trnx_id\":\"70V80Y0Z\",\"pi_charge\":\"0.00\",\"ekpay_charge\":\"0.00\",\"pi_discount\":\"0.0\",\"discount\":\"0.00\",\"promo_discount\":\"0.0\",\"total_ser_chrg\":\"0.0\",\"total_pabl_amt\":\"1.00\"},\"pi_det_info\":{\"pay_timestamp\":\" 23-08-2021 03:00:59 PM\",\"pi_name\":\"Nagad\",\"pi_type\":\"nagad\",\"pi_number\":\"017****0935\",\"pi_gateway\":\"Nagad-msngd\",\"card_holder_name\":\"NOTHING PROVIDED\"}}','2021-08-23 15:00:59','2021-08-23 15:00:59',NULL),(13,4,11,18,31,'1629713781480',1,'BDT',NULL,'POST /api/ekpay/ipn/receive-ipn HTTP/1.1\r\nAccept:         application/xml, text/xml, application/json, application/*+xml, application/*+json\r\nCache-Control:  no-cache\r\nConnection:     keep-alive\r\nContent-Length: 1186\r\nContent-Type:   application/json;charset=UTF-8\r\nHost:           job.bsc.gov.bd\r\nPragma:         no-cache\r\nUser-Agent:     Java/1.8.0_275\r\n\r\n{\"secure_token\":\"eyJhbGciOiJIUzUxMiJ9.eyJzdWIiOiJic2NfcGF5bWVudCIsImF1dGgiOiJST0xFX01FUkNIQU5UIiwiZXhwIjoxNjI5NzQzNzgxfQ.x82kEQ82s_eetclF15WhTE1ACNlOf76VPxE8G-zrU-2Apds0MMhcYOfaOAriaPss-lFvIC65gvQCvayOrMrOqQ\",\"msg_code\":\"1020\",\"msg_det\":\"Transaction completed successfully\",\"req_timestamp\":\"2021-08-23 16:17:20 GMT+06:00\",\"basic_Info\":{\"mer_reg_id\":\"bsc_payment\",\"ipn_info\":\"3,job@bsc.gov.bd,http://job.bsc.gov.bd/api/ekpay/ipn/receive-ipn\",\"redirect_to\":\"http://job.bsc.gov.bd/success/payment\",\"dgtl_sign\":\"WEB\",\"ord_desc\":\"Payment For The Post of \",\"remarks\":\"\"},\"cust_info\":{\"cust_id\":\"11\",\"cust_name\":\"Liza\",\"cust_mobo_no\":\"+8801777036224\",\"cust_email\":\"Liza@gmail.com\",\"cust_mail_addr\":\"abc\"},\"scroll_no\":null,\"trnx_info\":{\"trnx_amt\":\"1.00\",\"trnx_id\":\"210823161621e7f49\",\"mer_trnx_id\":\"1629713781480\",\"curr\":\"BDT\",\"pi_trnx_id\":\"8HN1QBO4UL\",\"pi_charge\":\"0.00\",\"ekpay_charge\":\"0.00\",\"pi_discount\":\"0.0\",\"discount\":\"0.00\",\"promo_discount\":\"0.0\",\"total_ser_chrg\":\"0.0\",\"total_pabl_amt\":\"1.00\"},\"pi_det_info\":{\"pay_timestamp\":\" 23-08-2021 04:17:20 PM\",\"pi_name\":\"bKash\",\"pi_type\":\"bkash\",\"pi_number\":\"NOTHING PROVIDED\",\"pi_gateway\":\"bKash-msbksh\",\"card_holder_name\":\"NOTHING PROVIDED\"}}','2021-08-23 16:17:21','2021-08-23 16:17:21',NULL),(14,4,11,15,33,'1629713985611',1,'BDT',NULL,'POST /api/ekpay/ipn/receive-ipn HTTP/1.1\r\nAccept:         application/xml, text/xml, application/json, application/*+xml, application/*+json\r\nCache-Control:  no-cache\r\nConnection:     keep-alive\r\nContent-Length: 1148\r\nContent-Type:   application/json;charset=UTF-8\r\nHost:           job.bsc.gov.bd\r\nPragma:         no-cache\r\nUser-Agent:     Java/1.8.0_275\r\n\r\n{\"secure_token\":\"eyJhbGciOiJIUzUxMiJ9.eyJzdWIiOiJic2NfcGF5bWVudCIsImF1dGgiOiJST0xFX01FUkNIQU5UIiwiZXhwIjoxNjI5NzQzOTg5fQ.dpkwvmLrj_Qb2RRQoyPVOOF8oQisr-FNfbFAT0k0RFUl85iEKz-jRCTdkHEhs93Plv3kRW-nXK-KYvjPyo55BQ\",\"msg_code\":\"1022\",\"msg_det\":\"Transaction canceled\",\"req_timestamp\":\"2021-08-23 16:21:29 GMT+06:00\",\"basic_Info\":{\"mer_reg_id\":\"bsc_payment\",\"ipn_info\":\"3,job@bsc.gov.bd,http://job.bsc.gov.bd/api/ekpay/ipn/receive-ipn\",\"redirect_to\":\"http://job.bsc.gov.bd/cancel/payment\",\"dgtl_sign\":\"WEB\",\"ord_desc\":\"Payment For The Post of \",\"remarks\":\"\"},\"cust_info\":{\"cust_id\":\"11\",\"cust_name\":\"Liza\",\"cust_mobo_no\":\"+8801777036224\",\"cust_email\":\"Liza@gmail.com\",\"cust_mail_addr\":\"abc\"},\"scroll_no\":null,\"trnx_info\":{\"trnx_amt\":\"1.00\",\"trnx_id\":\"21082316194966426\",\"mer_trnx_id\":\"1629713985611\",\"curr\":\"BDT\",\"pi_trnx_id\":null,\"pi_charge\":\"0.00\",\"ekpay_charge\":\"0.00\",\"pi_discount\":\"0.0\",\"discount\":\"0.00\",\"promo_discount\":\"0.0\",\"total_ser_chrg\":\"0.0\",\"total_pabl_amt\":\"1.00\"},\"pi_det_info\":{\"pay_timestamp\":\" 23-08-2021 04:21:29 PM\",\"pi_name\":\"Nagad\",\"pi_type\":\"nagad\",\"pi_number\":null,\"pi_gateway\":\"Nagad-msngd\",\"card_holder_name\":\"NOTHING PROVIDED\"}}','2021-08-23 16:21:35','2021-08-23 16:21:35',NULL),(15,4,11,15,34,'1629714121907',1,'BDT',NULL,'POST /api/ekpay/ipn/receive-ipn HTTP/1.1\r\nAccept:         application/xml, text/xml, application/json, application/*+xml, application/*+json\r\nCache-Control:  no-cache\r\nConnection:     keep-alive\r\nContent-Length: 1178\r\nContent-Type:   application/json;charset=UTF-8\r\nHost:           job.bsc.gov.bd\r\nPragma:         no-cache\r\nUser-Agent:     Java/1.8.0_275\r\n\r\n{\"secure_token\":\"eyJhbGciOiJIUzUxMiJ9.eyJzdWIiOiJic2NfcGF5bWVudCIsImF1dGgiOiJST0xFX01FUkNIQU5UIiwiZXhwIjoxNjI5NzQ0MTIyfQ.vPx2zkfZ-0nbV26-O_oxAN_QrV_9lYMIkzbDjACthcqtR7plbR7ILT7jFvOiqiWMIxH52OkrTw7VIyzHylac5w\",\"msg_code\":\"1020\",\"msg_det\":\"Transaction completed successfully\",\"req_timestamp\":\"2021-08-23 16:24:13 GMT+06:00\",\"basic_Info\":{\"mer_reg_id\":\"bsc_payment\",\"ipn_info\":\"3,job@bsc.gov.bd,http://job.bsc.gov.bd/api/ekpay/ipn/receive-ipn\",\"redirect_to\":\"http://job.bsc.gov.bd/success/payment\",\"dgtl_sign\":\"WEB\",\"ord_desc\":\"Payment For The Post of \",\"remarks\":\"\"},\"cust_info\":{\"cust_id\":\"11\",\"cust_name\":\"Liza\",\"cust_mobo_no\":\"+8801777036224\",\"cust_email\":\"Liza@gmail.com\",\"cust_mail_addr\":\"abc\"},\"scroll_no\":null,\"trnx_info\":{\"trnx_amt\":\"1.00\",\"trnx_id\":\"210823162202c463f\",\"mer_trnx_id\":\"1629714121907\",\"curr\":\"BDT\",\"pi_trnx_id\":\"70V83P14\",\"pi_charge\":\"0.00\",\"ekpay_charge\":\"0.00\",\"pi_discount\":\"0.0\",\"discount\":\"0.00\",\"promo_discount\":\"0.0\",\"total_ser_chrg\":\"0.0\",\"total_pabl_amt\":\"1.00\"},\"pi_det_info\":{\"pay_timestamp\":\" 23-08-2021 04:24:13 PM\",\"pi_name\":\"Nagad\",\"pi_type\":\"nagad\",\"pi_number\":\"017****6224\",\"pi_gateway\":\"Nagad-msngd\",\"card_holder_name\":\"NOTHING PROVIDED\"}}','2021-08-23 16:24:14','2021-08-23 16:24:14',NULL),(16,5,12,18,35,'1629721436904',1,'BDT',NULL,'POST /api/ekpay/ipn/receive-ipn HTTP/1.1\r\nAccept:         application/xml, text/xml, application/json, application/*+xml, application/*+json\r\nCache-Control:  no-cache\r\nConnection:     keep-alive\r\nContent-Length: 1201\r\nContent-Type:   application/json;charset=UTF-8\r\nHost:           job.bsc.gov.bd\r\nPragma:         no-cache\r\nUser-Agent:     Java/1.8.0_275\r\n\r\n{\"secure_token\":\"eyJhbGciOiJIUzUxMiJ9.eyJzdWIiOiJic2NfcGF5bWVudCIsImF1dGgiOiJST0xFX01FUkNIQU5UIiwiZXhwIjoxNjI5NzUxNDM3fQ.i2vTUP-md_SUBD0FlxtdUJVrjX5itoOqHZI3Z-6w085C3bBqx1tqgUOwChFgEr2aNngVHdxAOfVKbHLTG3YJ8Q\",\"msg_code\":\"1020\",\"msg_det\":\"Transaction completed successfully\",\"req_timestamp\":\"2021-08-23 18:25:06 GMT+06:00\",\"basic_Info\":{\"mer_reg_id\":\"bsc_payment\",\"ipn_info\":\"3,job@bsc.gov.bd,http://job.bsc.gov.bd/api/ekpay/ipn/receive-ipn\",\"redirect_to\":\"http://job.bsc.gov.bd/success/payment\",\"dgtl_sign\":\"WEB\",\"ord_desc\":\"Payment For The Post of \",\"remarks\":\"\"},\"cust_info\":{\"cust_id\":\"12\",\"cust_name\":\"NAHIDA JAHAN\",\"cust_mobo_no\":\"+8801824166811\",\"cust_email\":\"nahida_jahan@yahoo.com\",\"cust_mail_addr\":null},\"scroll_no\":null,\"trnx_info\":{\"trnx_amt\":\"1.00\",\"trnx_id\":\"210823182357fa28f\",\"mer_trnx_id\":\"1629721436904\",\"curr\":\"BDT\",\"pi_trnx_id\":\"8HN6QFGQ9E\",\"pi_charge\":\"0.00\",\"ekpay_charge\":\"0.00\",\"pi_discount\":\"0.0\",\"discount\":\"0.00\",\"promo_discount\":\"0.0\",\"total_ser_chrg\":\"0.0\",\"total_pabl_amt\":\"1.00\"},\"pi_det_info\":{\"pay_timestamp\":\" 23-08-2021 06:25:06 PM\",\"pi_name\":\"bKash\",\"pi_type\":\"bkash\",\"pi_number\":\"NOTHING PROVIDED\",\"pi_gateway\":\"bKash-msbksh\",\"card_holder_name\":\"NOTHING PROVIDED\"}}','2021-08-23 18:25:07','2021-08-23 18:25:07',NULL),(17,2,9,12,42,'1629726582438',1,'BDT',NULL,'POST /api/ekpay/ipn/receive-ipn HTTP/1.1\r\nAccept:         application/xml, text/xml, application/json, application/*+xml, application/*+json\r\nCache-Control:  no-cache\r\nConnection:     keep-alive\r\nContent-Length: 1165\r\nContent-Type:   application/json;charset=UTF-8\r\nHost:           job.bsc.gov.bd\r\nPragma:         no-cache\r\nUser-Agent:     Java/1.8.0_275\r\n\r\n{\"secure_token\":\"eyJhbGciOiJIUzUxMiJ9.eyJzdWIiOiJic2NfcGF5bWVudCIsImF1dGgiOiJST0xFX01FUkNIQU5UIiwiZXhwIjoxNjI5NzU2NTgyfQ.GPhdD73WFdimZmDW02VlPXYZOmNom9TpugyCPJCdS_So2CjTcTGK8o2bGT6HAjxZf_Fc1uDsf6VeAc-hu4-B9w\",\"msg_code\":\"1022\",\"msg_det\":\"Transaction canceled\",\"req_timestamp\":\"2021-08-23 19:50:25 GMT+06:00\",\"basic_Info\":{\"mer_reg_id\":\"bsc_payment\",\"ipn_info\":\"3,job@bsc.gov.bd,http://job.bsc.gov.bd/api/ekpay/ipn/receive-ipn\",\"redirect_to\":\"http://job.bsc.gov.bd/cancel/payment\",\"dgtl_sign\":\"WEB\",\"ord_desc\":\"Payment For The Post of \",\"remarks\":\"\"},\"cust_info\":{\"cust_id\":\"9\",\"cust_name\":\"Test candidate\",\"cust_mobo_no\":\"+8801747970935\",\"cust_email\":\"candidate@candidate.com\",\"cust_mail_addr\":null},\"scroll_no\":null,\"trnx_info\":{\"trnx_amt\":\"1.00\",\"trnx_id\":\"210823194942b92c9\",\"mer_trnx_id\":\"1629726582438\",\"curr\":\"BDT\",\"pi_trnx_id\":null,\"pi_charge\":\"0.00\",\"ekpay_charge\":\"0.00\",\"pi_discount\":\"0.0\",\"discount\":\"0.00\",\"promo_discount\":\"0.0\",\"total_ser_chrg\":\"0.0\",\"total_pabl_amt\":\"1.00\"},\"pi_det_info\":{\"pay_timestamp\":\" 23-08-2021 07:50:25 PM\",\"pi_name\":\"Nagad\",\"pi_type\":\"nagad\",\"pi_number\":null,\"pi_gateway\":\"Nagad-msngd\",\"card_holder_name\":\"NOTHING PROVIDED\"}}','2021-08-23 19:50:26','2021-08-23 19:50:26',NULL),(18,11,18,13,45,'1629881899378',1,'BDT',NULL,'POST /api/ekpay/ipn/receive-ipn HTTP/1.1\r\nAccept:         application/xml, text/xml, application/json, application/*+xml, application/*+json\r\nCache-Control:  no-cache\r\nConnection:     keep-alive\r\nContent-Length: 1221\r\nContent-Type:   application/json;charset=UTF-8\r\nHost:           job.bsc.gov.bd\r\nPragma:         no-cache\r\nUser-Agent:     Java/1.8.0_275\r\n\r\n{\"secure_token\":\"eyJhbGciOiJIUzUxMiJ9.eyJzdWIiOiJic2NfcGF5bWVudCIsImF1dGgiOiJST0xFX01FUkNIQU5UIiwiZXhwIjoxNjI5OTExOTAwfQ.dy6iJFEc-l2J0a4KULon18L-PCjdl36iQgLgHVQFIKciv2G0FqN-O5jtHs0DQDulMOz5-Bdp_CHHH2-I9t3qMQ\",\"msg_code\":\"1020\",\"msg_det\":\"Transaction completed successfully\",\"req_timestamp\":\"2021-08-25 15:00:19 GMT+06:00\",\"basic_Info\":{\"mer_reg_id\":\"bsc_payment\",\"ipn_info\":\"3,job@bsc.gov.bd,http://job.bsc.gov.bd/api/ekpay/ipn/receive-ipn\",\"redirect_to\":\"http://job.bsc.gov.bd/success/payment\",\"dgtl_sign\":\"WEB\",\"ord_desc\":\"Payment For The Post of \",\"remarks\":\"\"},\"cust_info\":{\"cust_id\":\"18\",\"cust_name\":\"MD ATIQUR RAHAMAN CHOWDHURY\",\"cust_mobo_no\":\"+8801746077073\",\"cust_email\":\"atiqchowdhury.bsc@gmail.com\",\"cust_mail_addr\":null},\"scroll_no\":null,\"trnx_info\":{\"trnx_amt\":\"1.00\",\"trnx_id\":\"21082514582099893\",\"mer_trnx_id\":\"1629881899378\",\"curr\":\"BDT\",\"pi_trnx_id\":\"8HP6RUVQIO\",\"pi_charge\":\"0.00\",\"ekpay_charge\":\"0.00\",\"pi_discount\":\"0.0\",\"discount\":\"0.00\",\"promo_discount\":\"0.0\",\"total_ser_chrg\":\"0.0\",\"total_pabl_amt\":\"1.00\"},\"pi_det_info\":{\"pay_timestamp\":\" 25-08-2021 03:00:19 PM\",\"pi_name\":\"bKash\",\"pi_type\":\"bkash\",\"pi_number\":\"NOTHING PROVIDED\",\"pi_gateway\":\"bKash-msbksh\",\"card_holder_name\":\"NOTHING PROVIDED\"}}','2021-08-25 15:00:19','2021-08-25 15:00:19',NULL),(19,12,19,13,46,'1629883189271',1,'BDT',NULL,'POST /api/ekpay/ipn/receive-ipn HTTP/1.1\r\nAccept:         application/xml, text/xml, application/json, application/*+xml, application/*+json\r\nCache-Control:  no-cache\r\nConnection:     keep-alive\r\nContent-Length: 1171\r\nContent-Type:   application/json;charset=UTF-8\r\nHost:           job.bsc.gov.bd\r\nPragma:         no-cache\r\nUser-Agent:     Java/1.8.0_275\r\n\r\n{\"secure_token\":\"eyJhbGciOiJIUzUxMiJ9.eyJzdWIiOiJic2NfcGF5bWVudCIsImF1dGgiOiJST0xFX01FUkNIQU5UIiwiZXhwIjoxNjI5OTEzMTkwfQ.Ng0r72_-0RTgiqwG-08nfUA3_0nloQ2nZhCh2GA-CBaO4n1Q8OW9x5hvNS5U-6NEgiY13Rr1sVsslWpmp8ZiQw\",\"msg_code\":\"1022\",\"msg_det\":\"Transaction canceled\",\"req_timestamp\":\"2021-08-25 15:20:52 GMT+06:00\",\"basic_Info\":{\"mer_reg_id\":\"bsc_payment\",\"ipn_info\":\"3,job@bsc.gov.bd,http://job.bsc.gov.bd/api/ekpay/ipn/receive-ipn\",\"redirect_to\":\"http://job.bsc.gov.bd/cancel/payment\",\"dgtl_sign\":\"WEB\",\"ord_desc\":\"Payment For The Post of \",\"remarks\":\"\"},\"cust_info\":{\"cust_id\":\"19\",\"cust_name\":\"Md. Shamim Ahmed\",\"cust_mobo_no\":\"+8801515259122\",\"cust_email\":\"shamim.buet.name@gmail.com\",\"cust_mail_addr\":null},\"scroll_no\":null,\"trnx_info\":{\"trnx_amt\":\"1.00\",\"trnx_id\":\"21082515195012185\",\"mer_trnx_id\":\"1629883189271\",\"curr\":\"BDT\",\"pi_trnx_id\":null,\"pi_charge\":\"0.00\",\"ekpay_charge\":\"0.00\",\"pi_discount\":\"0.0\",\"discount\":\"0.00\",\"promo_discount\":\"0.0\",\"total_ser_chrg\":\"0.0\",\"total_pabl_amt\":\"1.00\"},\"pi_det_info\":{\"pay_timestamp\":\" 25-08-2021 03:20:52 PM\",\"pi_name\":\"Nagad\",\"pi_type\":\"nagad\",\"pi_number\":null,\"pi_gateway\":\"Nagad-msngd\",\"card_holder_name\":\"NOTHING PROVIDED\"}}','2021-08-25 15:20:53','2021-08-25 15:20:53',NULL),(20,12,19,13,47,'1629883264619',1,'BDT',NULL,'POST /api/ekpay/ipn/receive-ipn HTTP/1.1\r\nAccept:         application/xml, text/xml, application/json, application/*+xml, application/*+json\r\nCache-Control:  no-cache\r\nConnection:     keep-alive\r\nContent-Length: 1201\r\nContent-Type:   application/json;charset=UTF-8\r\nHost:           job.bsc.gov.bd\r\nPragma:         no-cache\r\nUser-Agent:     Java/1.8.0_275\r\n\r\n{\"secure_token\":\"eyJhbGciOiJIUzUxMiJ9.eyJzdWIiOiJic2NfcGF5bWVudCIsImF1dGgiOiJST0xFX01FUkNIQU5UIiwiZXhwIjoxNjI5OTEzMjY1fQ.fR7MWa9c_mIPRYTTse9EgPqAmZETNAxVsQ4_4HGmOKGydUBB8Zf_AK1allIU3d_mCnrMo9LjVfSuEaj-JXTdQw\",\"msg_code\":\"1020\",\"msg_det\":\"Transaction completed successfully\",\"req_timestamp\":\"2021-08-25 15:22:17 GMT+06:00\",\"basic_Info\":{\"mer_reg_id\":\"bsc_payment\",\"ipn_info\":\"3,job@bsc.gov.bd,http://job.bsc.gov.bd/api/ekpay/ipn/receive-ipn\",\"redirect_to\":\"http://job.bsc.gov.bd/success/payment\",\"dgtl_sign\":\"WEB\",\"ord_desc\":\"Payment For The Post of \",\"remarks\":\"\"},\"cust_info\":{\"cust_id\":\"19\",\"cust_name\":\"Md. Shamim Ahmed\",\"cust_mobo_no\":\"+8801515259122\",\"cust_email\":\"shamim.buet.name@gmail.com\",\"cust_mail_addr\":null},\"scroll_no\":null,\"trnx_info\":{\"trnx_amt\":\"1.00\",\"trnx_id\":\"210825152105fe8dd\",\"mer_trnx_id\":\"1629883264619\",\"curr\":\"BDT\",\"pi_trnx_id\":\"70VABBJL\",\"pi_charge\":\"0.00\",\"ekpay_charge\":\"0.00\",\"pi_discount\":\"0.0\",\"discount\":\"0.00\",\"promo_discount\":\"0.0\",\"total_ser_chrg\":\"0.0\",\"total_pabl_amt\":\"1.00\"},\"pi_det_info\":{\"pay_timestamp\":\" 25-08-2021 03:22:17 PM\",\"pi_name\":\"Nagad\",\"pi_type\":\"nagad\",\"pi_number\":\"015****9122\",\"pi_gateway\":\"Nagad-msngd\",\"card_holder_name\":\"NOTHING PROVIDED\"}}','2021-08-25 15:22:17','2021-08-25 15:22:17',NULL),(21,5,12,16,48,'1629884123569',1,'BDT',NULL,'POST /api/ekpay/ipn/receive-ipn HTTP/1.1\r\nAccept:         application/xml, text/xml, application/json, application/*+xml, application/*+json\r\nCache-Control:  no-cache\r\nConnection:     keep-alive\r\nContent-Length: 1201\r\nContent-Type:   application/json;charset=UTF-8\r\nHost:           job.bsc.gov.bd\r\nPragma:         no-cache\r\nUser-Agent:     Java/1.8.0_275\r\n\r\n{\"secure_token\":\"eyJhbGciOiJIUzUxMiJ9.eyJzdWIiOiJic2NfcGF5bWVudCIsImF1dGgiOiJST0xFX01FUkNIQU5UIiwiZXhwIjoxNjI5OTE0MTI0fQ.Lfn0zaIwVFdyMAvkZR-myW4o7Lv1LYZ5ZvOB_3JouS8JNdJRHcT1qCtqI0P-eFyW_EZK0KWk0yVdIPvIn0SI2g\",\"msg_code\":\"1020\",\"msg_det\":\"Transaction completed successfully\",\"req_timestamp\":\"2021-08-25 15:36:34 GMT+06:00\",\"basic_Info\":{\"mer_reg_id\":\"bsc_payment\",\"ipn_info\":\"3,job@bsc.gov.bd,http://job.bsc.gov.bd/api/ekpay/ipn/receive-ipn\",\"redirect_to\":\"http://job.bsc.gov.bd/success/payment\",\"dgtl_sign\":\"WEB\",\"ord_desc\":\"Payment For The Post of \",\"remarks\":\"\"},\"cust_info\":{\"cust_id\":\"12\",\"cust_name\":\"NAHIDA JAHAN\",\"cust_mobo_no\":\"+8801824166811\",\"cust_email\":\"nahida_jahan@yahoo.com\",\"cust_mail_addr\":null},\"scroll_no\":null,\"trnx_info\":{\"trnx_amt\":\"1.00\",\"trnx_id\":\"2108251535240a4a6\",\"mer_trnx_id\":\"1629884123569\",\"curr\":\"BDT\",\"pi_trnx_id\":\"8HP7RVQ6JD\",\"pi_charge\":\"0.00\",\"ekpay_charge\":\"0.00\",\"pi_discount\":\"0.0\",\"discount\":\"0.00\",\"promo_discount\":\"0.0\",\"total_ser_chrg\":\"0.0\",\"total_pabl_amt\":\"1.00\"},\"pi_det_info\":{\"pay_timestamp\":\" 25-08-2021 03:36:34 PM\",\"pi_name\":\"bKash\",\"pi_type\":\"bkash\",\"pi_number\":\"NOTHING PROVIDED\",\"pi_gateway\":\"bKash-msbksh\",\"card_holder_name\":\"NOTHING PROVIDED\"}}','2021-08-25 15:36:35','2021-08-25 15:36:35',NULL),(22,2,9,15,50,'1629951741717',1,'BDT',NULL,'POST /api/ekpay/ipn/receive-ipn HTTP/1.1\r\nAccept:         application/xml, text/xml, application/json, application/*+xml, application/*+json\r\nCache-Control:  no-cache\r\nConnection:     keep-alive\r\nContent-Length: 1203\r\nContent-Type:   application/json;charset=UTF-8\r\nHost:           job.bsc.gov.bd\r\nPragma:         no-cache\r\nUser-Agent:     Java/1.8.0_275\r\n\r\n{\"secure_token\":\"eyJhbGciOiJIUzUxMiJ9.eyJzdWIiOiJic2NfcGF5bWVudCIsImF1dGgiOiJST0xFX01FUkNIQU5UIiwiZXhwIjoxNjI5OTgxNzQyfQ.Ewci_CW_QDDgwr-Dx0ibc7mBpwtqwvxfA7rY4taubMwHLZ74zhLhnX1QFOYFQSv51mXyOY8l7Uu5_Op84Pug6w\",\"msg_code\":\"1020\",\"msg_det\":\"Transaction completed successfully\",\"req_timestamp\":\"2021-08-26 10:23:26 GMT+06:00\",\"basic_Info\":{\"mer_reg_id\":\"bsc_payment\",\"ipn_info\":\"3,job@bsc.gov.bd,http://job.bsc.gov.bd/api/ekpay/ipn/receive-ipn\",\"redirect_to\":\"http://job.bsc.gov.bd/success/payment\",\"dgtl_sign\":\"WEB\",\"ord_desc\":\"Payment For The Post of \",\"remarks\":\"\"},\"cust_info\":{\"cust_id\":\"9\",\"cust_name\":\"Test candidate\",\"cust_mobo_no\":\"+8801747970935\",\"cust_email\":\"candidate@candidate.com\",\"cust_mail_addr\":null},\"scroll_no\":null,\"trnx_info\":{\"trnx_amt\":\"1.00\",\"trnx_id\":\"210826102222d74a2\",\"mer_trnx_id\":\"1629951741717\",\"curr\":\"BDT\",\"pi_trnx_id\":\"8HQ0SF0AKC\",\"pi_charge\":\"0.00\",\"ekpay_charge\":\"0.00\",\"pi_discount\":\"0.0\",\"discount\":\"0.00\",\"promo_discount\":\"0.0\",\"total_ser_chrg\":\"0.0\",\"total_pabl_amt\":\"1.00\"},\"pi_det_info\":{\"pay_timestamp\":\" 26-08-2021 10:23:26 AM\",\"pi_name\":\"bKash\",\"pi_type\":\"bkash\",\"pi_number\":\"NOTHING PROVIDED\",\"pi_gateway\":\"bKash-msbksh\",\"card_holder_name\":\"NOTHING PROVIDED\"}}','2021-08-26 10:23:27','2021-08-26 10:23:27',NULL),(23,1,8,14,51,'1629952017131',1,'BDT',NULL,'POST /api/ekpay/ipn/receive-ipn HTTP/1.1\r\nAccept:         application/xml, text/xml, application/json, application/*+xml, application/*+json\r\nCache-Control:  no-cache\r\nConnection:     keep-alive\r\nContent-Length: 1203\r\nContent-Type:   application/json;charset=UTF-8\r\nHost:           job.bsc.gov.bd\r\nPragma:         no-cache\r\nUser-Agent:     Java/1.8.0_275\r\n\r\n{\"secure_token\":\"eyJhbGciOiJIUzUxMiJ9.eyJzdWIiOiJic2NfcGF5bWVudCIsImF1dGgiOiJST0xFX01FUkNIQU5UIiwiZXhwIjoxNjI5OTgyMDE4fQ.O85kvgrsd2FLWx995yNfCOR83W8v8rFAyxMhrbZxKTSH6sftccwCpojne9b6Xn-60i6X4Z1GpLYSTp7EfB5--Q\",\"msg_code\":\"1020\",\"msg_det\":\"Transaction completed successfully\",\"req_timestamp\":\"2021-08-26 10:27:53 GMT+06:00\",\"basic_Info\":{\"mer_reg_id\":\"bsc_payment\",\"ipn_info\":\"3,job@bsc.gov.bd,http://job.bsc.gov.bd/api/ekpay/ipn/receive-ipn\",\"redirect_to\":\"http://job.bsc.gov.bd/success/payment\",\"dgtl_sign\":\"WEB\",\"ord_desc\":\"Payment For The Post of \",\"remarks\":\"\"},\"cust_info\":{\"cust_id\":\"8\",\"cust_name\":\"MD.SHAHRIAR SAGOR\",\"cust_mobo_no\":\"+8801797245860\",\"cust_email\":\"srsagor007@gmail.com\",\"cust_mail_addr\":null},\"scroll_no\":null,\"trnx_info\":{\"trnx_amt\":\"1.00\",\"trnx_id\":\"21082610265804320\",\"mer_trnx_id\":\"1629952017131\",\"curr\":\"BDT\",\"pi_trnx_id\":\"8HQ2SF4Z8M\",\"pi_charge\":\"0.00\",\"ekpay_charge\":\"0.00\",\"pi_discount\":\"0.0\",\"discount\":\"0.00\",\"promo_discount\":\"0.0\",\"total_ser_chrg\":\"0.0\",\"total_pabl_amt\":\"1.00\"},\"pi_det_info\":{\"pay_timestamp\":\" 26-08-2021 10:27:53 AM\",\"pi_name\":\"bKash\",\"pi_type\":\"bkash\",\"pi_number\":\"NOTHING PROVIDED\",\"pi_gateway\":\"bKash-msbksh\",\"card_holder_name\":\"NOTHING PROVIDED\"}}','2021-08-26 10:27:53','2021-08-26 10:27:53',NULL),(24,1,8,15,52,'1629952291688',1,'BDT',NULL,'POST /api/ekpay/ipn/receive-ipn HTTP/1.1\r\nAccept:         application/xml, text/xml, application/json, application/*+xml, application/*+json\r\nCache-Control:  no-cache\r\nConnection:     keep-alive\r\nContent-Length: 1203\r\nContent-Type:   application/json;charset=UTF-8\r\nHost:           job.bsc.gov.bd\r\nPragma:         no-cache\r\nUser-Agent:     Java/1.8.0_275\r\n\r\n{\"secure_token\":\"eyJhbGciOiJIUzUxMiJ9.eyJzdWIiOiJic2NfcGF5bWVudCIsImF1dGgiOiJST0xFX01FUkNIQU5UIiwiZXhwIjoxNjI5OTgyMjkyfQ.JI6RcSH1P2CkgMTBlHgEm09zuPjoeGVXioG-7rCRSt5EBxUMXPRj748qkRTJxT_u5wILK1wwsxbUlauO6J4ZEg\",\"msg_code\":\"1020\",\"msg_det\":\"Transaction completed successfully\",\"req_timestamp\":\"2021-08-26 10:33:23 GMT+06:00\",\"basic_Info\":{\"mer_reg_id\":\"bsc_payment\",\"ipn_info\":\"3,job@bsc.gov.bd,http://job.bsc.gov.bd/api/ekpay/ipn/receive-ipn\",\"redirect_to\":\"http://job.bsc.gov.bd/success/payment\",\"dgtl_sign\":\"WEB\",\"ord_desc\":\"Payment For The Post of \",\"remarks\":\"\"},\"cust_info\":{\"cust_id\":\"8\",\"cust_name\":\"MD.SHAHRIAR SAGOR\",\"cust_mobo_no\":\"+8801797245860\",\"cust_email\":\"srsagor007@gmail.com\",\"cust_mail_addr\":null},\"scroll_no\":null,\"trnx_info\":{\"trnx_amt\":\"1.00\",\"trnx_id\":\"2108261031328153d\",\"mer_trnx_id\":\"1629952291688\",\"curr\":\"BDT\",\"pi_trnx_id\":\"8HQ1SFAUP3\",\"pi_charge\":\"0.00\",\"ekpay_charge\":\"0.00\",\"pi_discount\":\"0.0\",\"discount\":\"0.00\",\"promo_discount\":\"0.0\",\"total_ser_chrg\":\"0.0\",\"total_pabl_amt\":\"1.00\"},\"pi_det_info\":{\"pay_timestamp\":\" 26-08-2021 10:33:23 AM\",\"pi_name\":\"bKash\",\"pi_type\":\"bkash\",\"pi_number\":\"NOTHING PROVIDED\",\"pi_gateway\":\"bKash-msbksh\",\"card_holder_name\":\"NOTHING PROVIDED\"}}','2021-08-26 10:33:24','2021-08-26 10:33:24',NULL),(25,15,22,15,53,'1629952818585',1,'BDT',NULL,'POST /api/ekpay/ipn/receive-ipn HTTP/1.1\r\nAccept:         application/xml, text/xml, application/json, application/*+xml, application/*+json\r\nCache-Control:  no-cache\r\nConnection:     keep-alive\r\nContent-Length: 1209\r\nContent-Type:   application/json;charset=UTF-8\r\nHost:           job.bsc.gov.bd\r\nPragma:         no-cache\r\nUser-Agent:     Java/1.8.0_275\r\n\r\n{\"secure_token\":\"eyJhbGciOiJIUzUxMiJ9.eyJzdWIiOiJic2NfcGF5bWVudCIsImF1dGgiOiJST0xFX01FUkNIQU5UIiwiZXhwIjoxNjI5OTgyODE5fQ.rsLxxCZgh0vSa5f1LB6OHV0XH9kOQ-VK_r9sxzW23eHrJ7zMGA0gjLiKkzcOB2MmUGbo74Dn8MXmt4A_K_S9HQ\",\"msg_code\":\"1020\",\"msg_det\":\"Transaction completed successfully\",\"req_timestamp\":\"2021-08-26 10:41:22 GMT+06:00\",\"basic_Info\":{\"mer_reg_id\":\"bsc_payment\",\"ipn_info\":\"3,job@bsc.gov.bd,http://job.bsc.gov.bd/api/ekpay/ipn/receive-ipn\",\"redirect_to\":\"http://job.bsc.gov.bd/success/payment\",\"dgtl_sign\":\"WEB\",\"ord_desc\":\"Payment For The Post of \",\"remarks\":\"\"},\"cust_info\":{\"cust_id\":\"22\",\"cust_name\":\"MD.SHAHRIAR SAGOR\",\"cust_mobo_no\":\"+8801782813906\",\"cust_email\":\"masudparvez0614@gmail.com\",\"cust_mail_addr\":null},\"scroll_no\":null,\"trnx_info\":{\"trnx_amt\":\"1.00\",\"trnx_id\":\"210826104019bccca\",\"mer_trnx_id\":\"1629952818585\",\"curr\":\"BDT\",\"pi_trnx_id\":\"8HQ6SFJTPK\",\"pi_charge\":\"0.00\",\"ekpay_charge\":\"0.00\",\"pi_discount\":\"0.0\",\"discount\":\"0.00\",\"promo_discount\":\"0.0\",\"total_ser_chrg\":\"0.0\",\"total_pabl_amt\":\"1.00\"},\"pi_det_info\":{\"pay_timestamp\":\" 26-08-2021 10:41:22 AM\",\"pi_name\":\"bKash\",\"pi_type\":\"bkash\",\"pi_number\":\"NOTHING PROVIDED\",\"pi_gateway\":\"bKash-msbksh\",\"card_holder_name\":\"NOTHING PROVIDED\"}}','2021-08-26 10:41:23','2021-08-26 10:41:23',NULL),(26,16,23,16,55,'1629953693956',1,'BDT',NULL,'POST /api/ekpay/ipn/receive-ipn HTTP/1.1\r\nAccept:         application/xml, text/xml, application/json, application/*+xml, application/*+json\r\nCache-Control:  no-cache\r\nConnection:     keep-alive\r\nContent-Length: 1191\r\nContent-Type:   application/json;charset=UTF-8\r\nHost:           job.bsc.gov.bd\r\nPragma:         no-cache\r\nUser-Agent:     Java/1.8.0_275\r\n\r\n{\"secure_token\":\"eyJhbGciOiJIUzUxMiJ9.eyJzdWIiOiJic2NfcGF5bWVudCIsImF1dGgiOiJST0xFX01FUkNIQU5UIiwiZXhwIjoxNjI5OTgzNjkzfQ.a4xRtQqrRuesQD-Y8CzF8DOA49eh8oqkynT1enBQQIYvAVTelK-2Wza6mXRWyJ7lMHkXM5Y98Aikre7LXVvpeA\",\"msg_code\":\"1020\",\"msg_det\":\"Transaction completed successfully\",\"req_timestamp\":\"2021-08-26 10:56:11 GMT+06:00\",\"basic_Info\":{\"mer_reg_id\":\"bsc_payment\",\"ipn_info\":\"3,job@bsc.gov.bd,http://job.bsc.gov.bd/api/ekpay/ipn/receive-ipn\",\"redirect_to\":\"http://job.bsc.gov.bd/success/payment\",\"dgtl_sign\":\"WEB\",\"ord_desc\":\"Payment For The Post of \",\"remarks\":\"\"},\"cust_info\":{\"cust_id\":\"23\",\"cust_name\":\"Al Amin\",\"cust_mobo_no\":\"+8801864276125\",\"cust_email\":\"al.amin@gamil.com\",\"cust_mail_addr\":null},\"scroll_no\":null,\"trnx_info\":{\"trnx_amt\":\"1.00\",\"trnx_id\":\"210826105453a6c66\",\"mer_trnx_id\":\"1629953693956\",\"curr\":\"BDT\",\"pi_trnx_id\":\"8HQ9SG10EZ\",\"pi_charge\":\"0.00\",\"ekpay_charge\":\"0.00\",\"pi_discount\":\"0.0\",\"discount\":\"0.00\",\"promo_discount\":\"0.0\",\"total_ser_chrg\":\"0.0\",\"total_pabl_amt\":\"1.00\"},\"pi_det_info\":{\"pay_timestamp\":\" 26-08-2021 10:56:11 AM\",\"pi_name\":\"bKash\",\"pi_type\":\"bkash\",\"pi_number\":\"NOTHING PROVIDED\",\"pi_gateway\":\"bKash-msbksh\",\"card_holder_name\":\"NOTHING PROVIDED\"}}','2021-08-26 10:56:11','2021-08-26 10:56:11',NULL),(27,17,24,13,56,'1629953979823',1,'BDT',NULL,'POST /api/ekpay/ipn/receive-ipn HTTP/1.1\r\nAccept:         application/xml, text/xml, application/json, application/*+xml, application/*+json\r\nCache-Control:  no-cache\r\nConnection:     keep-alive\r\nContent-Length: 1197\r\nContent-Type:   application/json;charset=UTF-8\r\nHost:           job.bsc.gov.bd\r\nPragma:         no-cache\r\nUser-Agent:     Java/1.8.0_275\r\n\r\n{\"secure_token\":\"eyJhbGciOiJIUzUxMiJ9.eyJzdWIiOiJic2NfcGF5bWVudCIsImF1dGgiOiJST0xFX01FUkNIQU5UIiwiZXhwIjoxNjI5OTgzOTgwfQ.8z4lFIj24aF5abI8u3KGndZTlV1Nj1CS_1ZI09gHo4ueKLG8pAKiDw6aYnfmNfHCwov4rFr2XCo91ZOfTIXJXg\",\"msg_code\":\"1020\",\"msg_det\":\"Transaction completed successfully\",\"req_timestamp\":\"2021-08-26 11:00:43 GMT+06:00\",\"basic_Info\":{\"mer_reg_id\":\"bsc_payment\",\"ipn_info\":\"3,job@bsc.gov.bd,http://job.bsc.gov.bd/api/ekpay/ipn/receive-ipn\",\"redirect_to\":\"http://job.bsc.gov.bd/success/payment\",\"dgtl_sign\":\"WEB\",\"ord_desc\":\"Payment For The Post of \",\"remarks\":\"\"},\"cust_info\":{\"cust_id\":\"24\",\"cust_name\":\"candidate002\",\"cust_mobo_no\":\"+8801747970935\",\"cust_email\":\"candidate024@candidate.com\",\"cust_mail_addr\":null},\"scroll_no\":null,\"trnx_info\":{\"trnx_amt\":\"1.00\",\"trnx_id\":\"21082610594019915\",\"mer_trnx_id\":\"1629953979823\",\"curr\":\"BDT\",\"pi_trnx_id\":\"70VB5R3X\",\"pi_charge\":\"0.00\",\"ekpay_charge\":\"0.00\",\"pi_discount\":\"0.0\",\"discount\":\"0.00\",\"promo_discount\":\"0.0\",\"total_ser_chrg\":\"0.0\",\"total_pabl_amt\":\"1.00\"},\"pi_det_info\":{\"pay_timestamp\":\" 26-08-2021 11:00:43 AM\",\"pi_name\":\"Nagad\",\"pi_type\":\"nagad\",\"pi_number\":\"017****0935\",\"pi_gateway\":\"Nagad-msngd\",\"card_holder_name\":\"NOTHING PROVIDED\"}}','2021-08-26 11:00:44','2021-08-26 11:00:44',NULL),(28,15,22,14,57,'1629954226443',1,'BDT',NULL,'POST /api/ekpay/ipn/receive-ipn HTTP/1.1\r\nAccept:         application/xml, text/xml, application/json, application/*+xml, application/*+json\r\nCache-Control:  no-cache\r\nConnection:     keep-alive\r\nContent-Length: 1209\r\nContent-Type:   application/json;charset=UTF-8\r\nHost:           job.bsc.gov.bd\r\nPragma:         no-cache\r\nUser-Agent:     Java/1.8.0_275\r\n\r\n{\"secure_token\":\"eyJhbGciOiJIUzUxMiJ9.eyJzdWIiOiJic2NfcGF5bWVudCIsImF1dGgiOiJST0xFX01FUkNIQU5UIiwiZXhwIjoxNjI5OTg0MjI3fQ.-HNmwLyR9JoijWhMAqq4oaipUMyNNp_-tTXdTu9DSnL8ELZcJiHKzYUo0VF3gT4M_zuRVTvtnb3CVbfAnG522A\",\"msg_code\":\"1020\",\"msg_det\":\"Transaction completed successfully\",\"req_timestamp\":\"2021-08-26 11:04:56 GMT+06:00\",\"basic_Info\":{\"mer_reg_id\":\"bsc_payment\",\"ipn_info\":\"3,job@bsc.gov.bd,http://job.bsc.gov.bd/api/ekpay/ipn/receive-ipn\",\"redirect_to\":\"http://job.bsc.gov.bd/success/payment\",\"dgtl_sign\":\"WEB\",\"ord_desc\":\"Payment For The Post of \",\"remarks\":\"\"},\"cust_info\":{\"cust_id\":\"22\",\"cust_name\":\"MD.SHAHRIAR SAGOR\",\"cust_mobo_no\":\"+8801782813906\",\"cust_email\":\"masudparvez0614@gmail.com\",\"cust_mail_addr\":null},\"scroll_no\":null,\"trnx_info\":{\"trnx_amt\":\"1.00\",\"trnx_id\":\"21082611034764ca9\",\"mer_trnx_id\":\"1629954226443\",\"curr\":\"BDT\",\"pi_trnx_id\":\"8HQ7SGBB15\",\"pi_charge\":\"0.00\",\"ekpay_charge\":\"0.00\",\"pi_discount\":\"0.0\",\"discount\":\"0.00\",\"promo_discount\":\"0.0\",\"total_ser_chrg\":\"0.0\",\"total_pabl_amt\":\"1.00\"},\"pi_det_info\":{\"pay_timestamp\":\" 26-08-2021 11:04:56 AM\",\"pi_name\":\"bKash\",\"pi_type\":\"bkash\",\"pi_number\":\"NOTHING PROVIDED\",\"pi_gateway\":\"bKash-msbksh\",\"card_holder_name\":\"NOTHING PROVIDED\"}}','2021-08-26 11:04:57','2021-08-26 11:04:57',NULL),(29,15,22,12,58,'1629954641266',1,'BDT',NULL,'POST /api/ekpay/ipn/receive-ipn HTTP/1.1\r\nAccept:         application/xml, text/xml, application/json, application/*+xml, application/*+json\r\nCache-Control:  no-cache\r\nConnection:     keep-alive\r\nContent-Length: 1209\r\nContent-Type:   application/json;charset=UTF-8\r\nHost:           job.bsc.gov.bd\r\nPragma:         no-cache\r\nUser-Agent:     Java/1.8.0_275\r\n\r\n{\"secure_token\":\"eyJhbGciOiJIUzUxMiJ9.eyJzdWIiOiJic2NfcGF5bWVudCIsImF1dGgiOiJST0xFX01FUkNIQU5UIiwiZXhwIjoxNjI5OTg0NjQyfQ.PLF46G3Mx12t-5CbeVybVt0cDSZhwAJRb2ko0WD0-SJddE2NTGGYoW3S6sWvGin23bC4-qD60261lIMCw8Yd6w\",\"msg_code\":\"1020\",\"msg_det\":\"Transaction completed successfully\",\"req_timestamp\":\"2021-08-26 11:12:03 GMT+06:00\",\"basic_Info\":{\"mer_reg_id\":\"bsc_payment\",\"ipn_info\":\"3,job@bsc.gov.bd,http://job.bsc.gov.bd/api/ekpay/ipn/receive-ipn\",\"redirect_to\":\"http://job.bsc.gov.bd/success/payment\",\"dgtl_sign\":\"WEB\",\"ord_desc\":\"Payment For The Post of \",\"remarks\":\"\"},\"cust_info\":{\"cust_id\":\"22\",\"cust_name\":\"MD.SHAHRIAR SAGOR\",\"cust_mobo_no\":\"+8801782813906\",\"cust_email\":\"masudparvez0614@gmail.com\",\"cust_mail_addr\":null},\"scroll_no\":null,\"trnx_info\":{\"trnx_amt\":\"1.00\",\"trnx_id\":\"210826111042886ab\",\"mer_trnx_id\":\"1629954641266\",\"curr\":\"BDT\",\"pi_trnx_id\":\"8HQ1SGJVBB\",\"pi_charge\":\"0.00\",\"ekpay_charge\":\"0.00\",\"pi_discount\":\"0.0\",\"discount\":\"0.00\",\"promo_discount\":\"0.0\",\"total_ser_chrg\":\"0.0\",\"total_pabl_amt\":\"1.00\"},\"pi_det_info\":{\"pay_timestamp\":\" 26-08-2021 11:12:03 AM\",\"pi_name\":\"bKash\",\"pi_type\":\"bkash\",\"pi_number\":\"NOTHING PROVIDED\",\"pi_gateway\":\"bKash-msbksh\",\"card_holder_name\":\"NOTHING PROVIDED\"}}','2021-08-26 11:12:04','2021-08-26 11:12:04',NULL),(30,19,26,14,61,'1629956339233',1,'BDT',NULL,'POST /api/ekpay/ipn/receive-ipn HTTP/1.1\r\nAccept:         application/xml, text/xml, application/json, application/*+xml, application/*+json\r\nCache-Control:  no-cache\r\nConnection:     keep-alive\r\nContent-Length: 1205\r\nContent-Type:   application/json;charset=UTF-8\r\nHost:           job.bsc.gov.bd\r\nPragma:         no-cache\r\nUser-Agent:     Java/1.8.0_275\r\n\r\n{\"secure_token\":\"eyJhbGciOiJIUzUxMiJ9.eyJzdWIiOiJic2NfcGF5bWVudCIsImF1dGgiOiJST0xFX01FUkNIQU5UIiwiZXhwIjoxNjI5OTg2MzQwfQ.hA91iZxAAJYS5KMUJAYKmedAYQA5uMGXCXuoVhUfhlD5gLA31vSMhobycFYJBbDQerYaRIDQpddtLPqW5P4T-w\",\"msg_code\":\"1020\",\"msg_det\":\"Transaction completed successfully\",\"req_timestamp\":\"2021-08-26 11:39:53 GMT+06:00\",\"basic_Info\":{\"mer_reg_id\":\"bsc_payment\",\"ipn_info\":\"3,job@bsc.gov.bd,http://job.bsc.gov.bd/api/ekpay/ipn/receive-ipn\",\"redirect_to\":\"http://job.bsc.gov.bd/success/payment\",\"dgtl_sign\":\"WEB\",\"ord_desc\":\"Payment For The Post of \",\"remarks\":\"\"},\"cust_info\":{\"cust_id\":\"26\",\"cust_name\":\"MD.SHAHRIAR SAGOR\",\"cust_mobo_no\":\"+8801841397297\",\"cust_email\":\"srsagor0011@gmail.com\",\"cust_mail_addr\":null},\"scroll_no\":null,\"trnx_info\":{\"trnx_amt\":\"1.00\",\"trnx_id\":\"210826113900171c0\",\"mer_trnx_id\":\"1629956339233\",\"curr\":\"BDT\",\"pi_trnx_id\":\"8HQ0SHGS9W\",\"pi_charge\":\"0.00\",\"ekpay_charge\":\"0.00\",\"pi_discount\":\"0.0\",\"discount\":\"0.00\",\"promo_discount\":\"0.0\",\"total_ser_chrg\":\"0.0\",\"total_pabl_amt\":\"1.00\"},\"pi_det_info\":{\"pay_timestamp\":\" 26-08-2021 11:39:53 AM\",\"pi_name\":\"bKash\",\"pi_type\":\"bkash\",\"pi_number\":\"NOTHING PROVIDED\",\"pi_gateway\":\"bKash-msbksh\",\"card_holder_name\":\"NOTHING PROVIDED\"}}','2021-08-26 11:39:54','2021-08-26 11:39:54',NULL),(31,20,27,13,62,'162997019332',1,'BDT',NULL,'POST /api/ekpay/ipn/receive-ipn HTTP/1.1\r\nAccept:         application/xml, text/xml, application/json, application/*+xml, application/*+json\r\nCache-Control:  no-cache\r\nConnection:     keep-alive\r\nContent-Length: 1211\r\nContent-Type:   application/json;charset=UTF-8\r\nHost:           job.bsc.gov.bd\r\nPragma:         no-cache\r\nUser-Agent:     Java/1.8.0_275\r\n\r\n{\"secure_token\":\"eyJhbGciOiJIUzUxMiJ9.eyJzdWIiOiJic2NfcGF5bWVudCIsImF1dGgiOiJST0xFX01FUkNIQU5UIiwiZXhwIjoxNjMwMDAwMTk0fQ.QxaF9zDImqMkLhfTf6Up0rIHnjRe1zymWB5Fmtw4qGqV60AcJk4FSdtzLgiLlHuMREmYiniqZ8SCZjms5YabPA\",\"msg_code\":\"1020\",\"msg_det\":\"Transaction completed successfully\",\"req_timestamp\":\"2021-08-26 15:31:07 GMT+06:00\",\"basic_Info\":{\"mer_reg_id\":\"bsc_payment\",\"ipn_info\":\"3,job@bsc.gov.bd,http://job.bsc.gov.bd/api/ekpay/ipn/receive-ipn\",\"redirect_to\":\"http://job.bsc.gov.bd/success/payment\",\"dgtl_sign\":\"WEB\",\"ord_desc\":\"Payment For The Post of \",\"remarks\":\"\"},\"cust_info\":{\"cust_id\":\"27\",\"cust_name\":\"Md. Rasel Pradania\",\"cust_mobo_no\":\"+8801634703607\",\"cust_email\":\"rasel.55prodhania@gmail.com\",\"cust_mail_addr\":null},\"scroll_no\":null,\"trnx_info\":{\"trnx_amt\":\"1.00\",\"trnx_id\":\"21082615295429565\",\"mer_trnx_id\":\"162997019332\",\"curr\":\"BDT\",\"pi_trnx_id\":\"8HQ8SNNSLK\",\"pi_charge\":\"0.00\",\"ekpay_charge\":\"0.00\",\"pi_discount\":\"0.0\",\"discount\":\"0.00\",\"promo_discount\":\"0.0\",\"total_ser_chrg\":\"0.0\",\"total_pabl_amt\":\"1.00\"},\"pi_det_info\":{\"pay_timestamp\":\" 26-08-2021 03:31:07 PM\",\"pi_name\":\"bKash\",\"pi_type\":\"bkash\",\"pi_number\":\"NOTHING PROVIDED\",\"pi_gateway\":\"bKash-msbksh\",\"card_holder_name\":\"NOTHING PROVIDED\"}}','2021-08-26 15:31:09','2021-08-26 15:31:09',NULL),(32,20,27,16,64,'1629970538707',1,'BDT',NULL,'POST /api/ekpay/ipn/receive-ipn HTTP/1.1\r\nAccept:         application/xml, text/xml, application/json, application/*+xml, application/*+json\r\nCache-Control:  no-cache\r\nConnection:     keep-alive\r\nContent-Length: 1212\r\nContent-Type:   application/json;charset=UTF-8\r\nHost:           job.bsc.gov.bd\r\nPragma:         no-cache\r\nUser-Agent:     Java/1.8.0_275\r\n\r\n{\"secure_token\":\"eyJhbGciOiJIUzUxMiJ9.eyJzdWIiOiJic2NfcGF5bWVudCIsImF1dGgiOiJST0xFX01FUkNIQU5UIiwiZXhwIjoxNjMwMDAwNTM5fQ.vq3Bm75v_7GhkGIcAxX22sfaUrO6MTKWchu0OaVc8SGPEl_f9cdhvDcZlumcQdxdvZTYKXPzcxa8u02kFFSJgw\",\"msg_code\":\"1020\",\"msg_det\":\"Transaction completed successfully\",\"req_timestamp\":\"2021-08-26 15:36:47 GMT+06:00\",\"basic_Info\":{\"mer_reg_id\":\"bsc_payment\",\"ipn_info\":\"3,job@bsc.gov.bd,http://job.bsc.gov.bd/api/ekpay/ipn/receive-ipn\",\"redirect_to\":\"http://job.bsc.gov.bd/success/payment\",\"dgtl_sign\":\"WEB\",\"ord_desc\":\"Payment For The Post of \",\"remarks\":\"\"},\"cust_info\":{\"cust_id\":\"27\",\"cust_name\":\"Md. Rasel Pradania\",\"cust_mobo_no\":\"+8801634703607\",\"cust_email\":\"rasel.55prodhania@gmail.com\",\"cust_mail_addr\":null},\"scroll_no\":null,\"trnx_info\":{\"trnx_amt\":\"1.00\",\"trnx_id\":\"210826153539a2191\",\"mer_trnx_id\":\"1629970538707\",\"curr\":\"BDT\",\"pi_trnx_id\":\"8HQ1SNSL29\",\"pi_charge\":\"0.00\",\"ekpay_charge\":\"0.00\",\"pi_discount\":\"0.0\",\"discount\":\"0.00\",\"promo_discount\":\"0.0\",\"total_ser_chrg\":\"0.0\",\"total_pabl_amt\":\"1.00\"},\"pi_det_info\":{\"pay_timestamp\":\" 26-08-2021 03:36:47 PM\",\"pi_name\":\"bKash\",\"pi_type\":\"bkash\",\"pi_number\":\"NOTHING PROVIDED\",\"pi_gateway\":\"bKash-msbksh\",\"card_holder_name\":\"NOTHING PROVIDED\"}}','2021-08-26 15:36:48','2021-08-26 15:36:48',NULL),(33,7,14,18,63,'1629970425717',1,'BDT',NULL,'POST /api/ekpay/ipn/receive-ipn HTTP/1.1\r\nAccept:         application/xml, text/xml, application/json, application/*+xml, application/*+json\r\nCache-Control:  no-cache\r\nConnection:     keep-alive\r\nContent-Length: 1213\r\nContent-Type:   application/json;charset=UTF-8\r\nHost:           job.bsc.gov.bd\r\nPragma:         no-cache\r\nUser-Agent:     Java/1.8.0_275\r\n\r\n{\"secure_token\":\"eyJhbGciOiJIUzUxMiJ9.eyJzdWIiOiJic2NfcGF5bWVudCIsImF1dGgiOiJST0xFX01FUkNIQU5UIiwiZXhwIjoxNjMwMDAwNDI2fQ.bxPXtIXBDZfQGyNhUxY8bU9aSUiMD7nJVpgrddRg2PH6WbEBT07U-BwghXHV4235JdVD5YlaGVUmqsNPETP9Fg\",\"msg_code\":\"1020\",\"msg_det\":\"Transaction completed successfully\",\"req_timestamp\":\"2021-08-26 15:36:52 GMT+06:00\",\"basic_Info\":{\"mer_reg_id\":\"bsc_payment\",\"ipn_info\":\"3,job@bsc.gov.bd,http://job.bsc.gov.bd/api/ekpay/ipn/receive-ipn\",\"redirect_to\":\"http://job.bsc.gov.bd/success/payment\",\"dgtl_sign\":\"WEB\",\"ord_desc\":\"Payment For The Post of \",\"remarks\":\"\"},\"cust_info\":{\"cust_id\":\"14\",\"cust_name\":\"ZIA UDDIN AHMED EMON\",\"cust_mobo_no\":\"+8801833478740\",\"cust_email\":\"emonzia09@gmail.com\",\"cust_mail_addr\":null},\"scroll_no\":null,\"trnx_info\":{\"trnx_amt\":\"1.00\",\"trnx_id\":\"210826153346d8ebd\",\"mer_trnx_id\":\"1629970425717\",\"curr\":\"BDT\",\"pi_trnx_id\":\"7a3faeca20354400\",\"pi_charge\":\"0.01\",\"ekpay_charge\":\"0.00\",\"pi_discount\":\"0.0\",\"discount\":\"0.00\",\"promo_discount\":\"0.0\",\"total_ser_chrg\":\"0.01\",\"total_pabl_amt\":\"1.01\"},\"pi_det_info\":{\"pay_timestamp\":\" 26-08-2021 03:36:52 PM\",\"pi_name\":\"EBL\",\"pi_type\":\"master\",\"pi_number\":\"467922xxxxxx7620\",\"pi_gateway\":\"EBL-cdebl\",\"card_holder_name\":\"ZIA+UDDIN+AHMED+EMON\"}}','2021-08-26 15:36:52','2021-08-26 15:36:52',NULL);

--
-- Table structure for table `candidate_qualifications`
--

CREATE TABLE `candidate_qualifications` (
  `id` bigint(20) unsigned NOT NULL AUTO_INCREMENT,
  `candidate_id` bigint(20) unsigned NOT NULL,
  `job_type` tinyint(3) unsigned DEFAULT NULL COMMENT '0=shore;1=afloat',
  `details` text COLLATE utf8mb4_unicode_ci NOT NULL,
  `created_by` bigint(20) unsigned DEFAULT NULL,
  `updated_by` bigint(20) unsigned DEFAULT NULL,
  `deleted_by` bigint(20) unsigned DEFAULT NULL,
  `created_at` timestamp NULL DEFAULT NULL,
  `updated_at` timestamp NULL DEFAULT NULL,
  PRIMARY KEY (`id`)
) ENGINE=InnoDB AUTO_INCREMENT=17 DEFAULT CHARSET=utf8mb4 COLLATE=utf8mb4_unicode_ci;

--
-- Dumping data for table `candidate_qualifications`
--

INSERT INTO `candidate_qualifications` VALUES (6,16,NULL,'Yes',23,23,NULL,'2021-08-26 11:05:18','2021-08-26 11:05:18'),(9,15,NULL,'ok',22,22,NULL,'2021-08-26 12:42:54','2021-08-26 12:42:54'),(13,1,NULL,'test',8,8,NULL,'2021-08-26 15:36:59','2021-08-26 15:36:59'),(14,5,NULL,'ITIL/PMP',12,12,NULL,'2021-08-26 16:49:47','2021-08-26 16:49:47'),(15,13,0,'PMP',20,20,NULL,'2021-08-26 22:12:35','2021-08-26 22:12:35'),(16,14,NULL,'Merrien Certificate',21,21,NULL,'2021-08-29 18:09:20','2021-08-29 18:09:20');

--
-- Table structure for table `candidate_quotas`
--

CREATE TABLE `candidate_quotas` (
  `id` int(11) NOT NULL AUTO_INCREMENT,
  `candidate_id` int(11) NOT NULL,
  `qouta_id` int(11) NOT NULL,
  `created_at` datetime DEFAULT NULL,
  `updated_at` datetime DEFAULT NULL,
  `deleted_at` datetime DEFAULT NULL,
  PRIMARY KEY (`id`)
) ENGINE=InnoDB AUTO_INCREMENT=12 DEFAULT CHARSET=latin1;

--
-- Dumping data for table `candidate_quotas`
--

INSERT INTO `candidate_quotas` VALUES (1,2,1,'2021-08-22 12:02:45','2021-08-22 12:02:45',NULL),(3,15,1,'2021-08-26 10:40:05','2021-08-26 10:40:05',NULL),(4,17,1,'2021-08-26 10:46:52','2021-08-26 10:46:52',NULL),(5,20,1,'2021-08-26 15:35:32','2021-08-26 15:35:32',NULL),(6,18,1,'2021-08-26 17:22:45','2021-08-26 17:22:45',NULL),(7,1,1,'2021-08-29 13:04:02','2021-08-29 13:04:02',NULL),(8,23,1,'2021-08-31 18:11:48','2021-08-31 18:11:48',NULL),(9,23,2,'2021-08-31 18:11:48','2021-08-31 18:11:48',NULL),(10,23,3,'2021-08-31 18:11:48','2021-08-31 18:11:48',NULL),(11,2,2,'2021-09-05 15:02:37','2021-09-05 15:02:37',NULL);

--
-- Table structure for table `candidates`
--

CREATE TABLE `candidates` (
  `id` int(11) NOT NULL AUTO_INCREMENT,
  `user_id` int(11) DEFAULT NULL,
  `candidate_type` tinyint(3) unsigned DEFAULT NULL COMMENT '0 = Shore; 1 = Afloat;',
  `name` varchar(250) CHARACTER SET utf8 DEFAULT NULL,
  `name_bn` varchar(250) DEFAULT NULL,
  `national_id` varchar(250) DEFAULT NULL,
  `birth_certificate_no` varchar(250) DEFAULT NULL,
  `date_of_birth` date DEFAULT NULL,
  `place_of_birth` varchar(255) DEFAULT NULL,
  `father_name` varchar(250) DEFAULT NULL,
  `mother_name` varchar(250) DEFAULT NULL,
  `present_address` text,
  `present_home_road_no` text,
  `present_village` text,
  `present_union` text,
  `present_post_office` text,
  `present_post_code` varchar(255) DEFAULT NULL,
  `present_upazila_id` int(11) DEFAULT NULL,
  `present_zila_id` int(11) DEFAULT NULL,
  `permanent_address` text,
  `permanent_home_road_no` varchar(255) DEFAULT NULL,
  `permanent_village` varchar(255) DEFAULT NULL,
  `permanent_union` varchar(255) DEFAULT NULL,
  `permanent_post_office` varchar(255) DEFAULT NULL,
  `permanent_post_code` varchar(255) DEFAULT NULL,
  `permanent_upazila_id` int(11) DEFAULT NULL,
  `permanent_zila_id` int(11) DEFAULT NULL,
  `phone_number` varchar(100) DEFAULT NULL,
  `nationality` int(11) DEFAULT NULL,
  `gender` int(11) DEFAULT NULL,
  `religion_id` int(11) DEFAULT NULL,
  `profession` varchar(200) DEFAULT NULL,
  `additional_qualification` varchar(255) DEFAULT NULL,
  `experience_details` text,
  `image` varchar(250) DEFAULT NULL,
  `signature` varchar(250) DEFAULT NULL,
  `signature_date` date DEFAULT NULL,
  `resume` varchar(250) DEFAULT NULL,
  `cover_letter` varchar(259) DEFAULT NULL,
  `spouse_name` varchar(255) CHARACTER SET utf8 DEFAULT NULL,
  `marital_status` varchar(255) CHARACTER SET utf8 DEFAULT NULL,
  `next_of_kin` varchar(255) CHARACTER SET utf8 DEFAULT NULL,
  `sid_no` varchar(255) CHARACTER SET utf8 DEFAULT NULL,
  `passport_no` varchar(255) CHARACTER SET utf8 DEFAULT NULL,
  `last_company` text CHARACTER SET utf8,
  `rank_experience` text CHARACTER SET utf8,
  `cdc_no` varchar(255) CHARACTER SET utf8 DEFAULT NULL,
  `batch` varchar(255) CHARACTER SET utf8 DEFAULT NULL,
  `alternate_number` varchar(255) CHARACTER SET utf8 DEFAULT NULL,
  `last_rank` varchar(255) CHARACTER SET utf8 DEFAULT NULL,
  `created_at` datetime DEFAULT NULL,
  `updated_at` datetime DEFAULT NULL,
  `deleted_at` datetime DEFAULT NULL,
  PRIMARY KEY (`id`)
) ENGINE=InnoDB AUTO_INCREMENT=33 DEFAULT CHARSET=latin1;

--
-- Dumping data for table `candidates`
--

INSERT INTO `candidates` VALUES (1,8,NULL,'MD.SHAHRIAR SAGOR','MD.SHAHRIAR SAGOR','199550133390050',NULL,'1995-05-25','kushtia','MD.ISRAIL HOSSAIN','MST.REBEKA SULTANA',NULL,'Daulatpur Hospital Road','Daulatpur Hospital Road','Daulatpur','Daulatpu','7050',307,40,NULL,'Daulatpur Hospital Road','Daulatpur Hospital Road','Daulatpur','Daulatpu','7050',307,40,'01797245860',19,0,1,'no',NULL,NULL,'profile_images/2014-1-60-007 (1).jpg','signatures/my-Sign_new.jpg','2021-08-26','candidate_resumes/my_admit_card (8).pdf',NULL,'',NULL,NULL,NULL,NULL,NULL,NULL,NULL,NULL,NULL,NULL,'2021-08-22 11:48:54','2021-08-29 18:08:35',NULL),(2,9,NULL,'Test candidate','Test candidate','234234','12345678904567','2021-08-09','13','ewrewrewr','234234',NULL,'3243242','34234','234234','234324','1205',12,2,NULL,'3243242','34234','234234','234324','1205',12,2,'01747970935',19,NULL,1,NULL,NULL,NULL,'profile_images/28.jpg','signatures/dummysignature.png','2021-08-23','candidate_resumes/A Mobile Base Application for Cataract and Conjuvities Detection.pdf',NULL,'',NULL,NULL,NULL,'23456y7uiop2345678',NULL,'fghjjhgfdsf','3456789',NULL,NULL,NULL,'2021-08-22 12:00:11','2021-09-08 10:07:35',NULL),(3,10,NULL,'MD.SHAHRIAR SAGOR','MD.SHAHRIAR SAGOR','121212121212',NULL,'2021-08-01',NULL,'MD.ISRAIL HOSSAIN','MST.REBEKA SULTANA',NULL,'copy','copy',NULL,'copy','7050',90,11,NULL,'copy','copy',NULL,'copy','7050',90,11,'01863109300',NULL,NULL,NULL,'copy',NULL,NULL,'profile_images/amrit_kumar_saha.jpg','signatures/my-Sign.jpg',NULL,'candidate_resumes/certificate (12).pdf',NULL,NULL,NULL,NULL,NULL,NULL,NULL,NULL,NULL,NULL,NULL,NULL,'2021-08-22 12:06:43','2021-08-22 12:25:31',NULL),(4,11,NULL,'Liza','Liza','12345678',NULL,'2021-08-01','Dhaka','AAA','BBB','xyz','abc','xyz','123','1234','1215',74,10,'abc','abc','xyz','345','1234','1215',74,10,'01777036224',19,1,1,'Software Engineer',NULL,NULL,'profile_images/female.png','signatures/processed (1).jpeg','2021-08-31','candidate_resumes/MD.SHAHRIAR SAGOR _Resume.pdf',NULL,NULL,NULL,NULL,NULL,NULL,NULL,NULL,NULL,NULL,NULL,NULL,'2021-08-22 12:43:12','2021-08-31 15:18:11',NULL),(5,12,NULL,'NAHIDA JAHAN','NAHIDA JAHAN','3742231669',NULL,'1985-06-09','18','Nazir Ahmed','Jahanara Ahmed',NULL,'50,Al-amin Road','Green Road','12','Newmarket','1205',526,18,NULL,'50,Al-amin Road','Green Road','12','Newmarket','1205',526,18,'01824166811',19,2,1,'Service',NULL,NULL,'profile_images/33522446_1735105919899122_2165348336834445312_n.jpg','signatures/Doc20001 copy.jpg','2021-08-26','candidate_resumes/CV of Nahida Jahan.pdf',NULL,NULL,NULL,NULL,NULL,NULL,NULL,NULL,NULL,NULL,NULL,NULL,'2021-08-22 20:02:10','2021-08-26 16:49:47',NULL),(6,13,NULL,'Shamim','Shamim',NULL,NULL,NULL,NULL,NULL,NULL,NULL,NULL,NULL,NULL,NULL,NULL,NULL,NULL,NULL,NULL,NULL,NULL,NULL,NULL,NULL,NULL,'01674929588',NULL,NULL,NULL,NULL,NULL,NULL,'profile_images/300 300.jpg','signatures/300 80.jpg',NULL,'candidate_resumes/CV_Joytu Chowdhury_3rd or 4th mate (1).pdf',NULL,NULL,NULL,NULL,NULL,NULL,NULL,NULL,NULL,NULL,NULL,NULL,'2021-08-24 23:11:46','2021-08-25 15:03:08',NULL),(7,14,NULL,'ZIA UDDIN AHMED EMON','ZIA UDDIN AHMED EMON','6443162414',NULL,'1990-11-15','CHATTOGRAM','MOHAMMAD MOHIUDDIN CHOWDHURY','SHAHINA AKTHER',NULL,'AHMED KABIR PASCAR BARI','AMIRABAD',NULL,'JOYNOB KABIR ACADEMY','4396',70,10,NULL,'AHMED KABIR PASCAR BARI','AMIRABAD',NULL,'JOYNOB KABIR ACADEMY','4396',69,10,'+8801833478740',19,0,1,'MARINE ENGINEER',NULL,NULL,'profile_images/Untitled-2.jpg','signatures/resize1578556389975.jpg',NULL,'candidate_resumes/ADVANCED CHEMICAL.pdf',NULL,NULL,NULL,NULL,NULL,NULL,NULL,NULL,NULL,NULL,NULL,NULL,'2021-08-25 11:12:28','2021-08-26 15:33:26',NULL),(8,15,NULL,'Rajib','Rajib','123586',NULL,'1992-08-12','28','x','y',NULL,'a','b','c','d','1240',225,28,NULL,'a','b','c','d','1240',225,28,'01516115240',19,1,1,'Service',NULL,NULL,NULL,NULL,'2021-08-25',NULL,NULL,NULL,NULL,NULL,NULL,NULL,NULL,NULL,NULL,NULL,NULL,NULL,'2021-08-25 12:44:12','2021-08-25 14:15:44',NULL),(9,16,NULL,'Dil Mahfuza Taher','Dil Mahfuza Taher',NULL,NULL,NULL,NULL,NULL,NULL,NULL,NULL,NULL,NULL,NULL,NULL,NULL,NULL,NULL,NULL,NULL,NULL,NULL,NULL,NULL,NULL,'01751857662',NULL,NULL,NULL,NULL,NULL,NULL,'profile_images/Picture Kona.jpg','signatures/5.jpg',NULL,'candidate_resumes/PASSPORT COPY.pdf',NULL,NULL,NULL,NULL,NULL,NULL,NULL,NULL,NULL,NULL,NULL,NULL,'2021-08-25 13:01:56','2021-08-25 13:38:21',NULL),(10,17,NULL,'MD.ABUL HOSEN','MD.ABUL HOSEN',NULL,NULL,NULL,NULL,NULL,NULL,NULL,NULL,NULL,NULL,NULL,NULL,NULL,NULL,NULL,NULL,NULL,NULL,NULL,NULL,NULL,NULL,'01740153156',NULL,NULL,NULL,NULL,NULL,NULL,'profile_images/70503195_433705613909747_3516265432900173824_n.jpg','signatures/IMG_0002.jpg',NULL,NULL,NULL,NULL,NULL,NULL,NULL,NULL,NULL,NULL,NULL,NULL,NULL,NULL,'2021-08-25 13:03:37','2021-08-25 14:12:36',NULL),(11,18,NULL,'MD ATIQUR RAHAMAN CHOWDHURY','MD ATIQUR RAHAMAN CHOWDHURY','3015140776944',NULL,'1989-12-31','Feni','SHAFIQUR RAHMAN CHOWDHURY','FARIDA SULTANA CHY',NULL,'HOUSE-08,ROAD-03','HALISHAHAR,  R/A, K BLOCK',NULL,'HALISHAHAR','4216',600,10,NULL,'CHANGAZI BAZAR ROAD','SOUTH GUTHUMA',NULL,'GUTHUMA','3940',105,13,'01746077073',19,0,1,'SERVICE',NULL,NULL,'profile_images/PIC 300X300.jpg','signatures/signature 300X80.jpg',NULL,'candidate_resumes/MD.ATIQUR RAHAMAN CHOWDHURY-Qatar.pdf',NULL,NULL,NULL,NULL,NULL,NULL,NULL,NULL,NULL,NULL,NULL,NULL,'2021-08-25 14:05:21','2021-08-25 14:57:02',NULL),(12,19,NULL,'Md. Shamim Ahmed','Md. Shamim Ahmed','19942610457000300',NULL,'1994-05-10','Dhaka','Matbor Ali','Hosneara Begum',NULL,'Professor Villa','Lalkhan Bazar',NULL,'KHULSHI','4225',604,10,NULL,'43/A','Mariali',NULL,'Gazipur Sadar','1700',162,20,'01515259122',19,0,1,'Service',NULL,NULL,'profile_images/300 300.jpg','signatures/300 80.jpg',NULL,'candidate_resumes/Shamim-converted.pdf',NULL,NULL,NULL,NULL,NULL,NULL,NULL,NULL,NULL,NULL,NULL,NULL,'2021-08-25 15:06:53','2021-08-25 15:19:00',NULL),(13,20,NULL,'Souha Tasnuva','Souha Tasnuva','3742231669','03456723456','1985-06-09','Dhaka','Nazir Ahmed','Jahanara Ahmed',NULL,'50,Al-amin Road','Green Road',NULL,'Anowara','1000',64,10,NULL,'50,Al-amin Road','Green Road',NULL,'Anowara','1000',64,10,'01852771156',19,1,1,'Service',NULL,NULL,'profile_images/137105247_3787926584561749_1842889945028202750_n.jpg','signatures/101885089_954667271644244_5769108509240445636_n (1).jpg',NULL,'candidate_resumes/SOUHA_TASNUVA_CV.pdf',NULL,NULL,NULL,NULL,NULL,NULL,NULL,NULL,NULL,NULL,NULL,NULL,'2021-08-26 08:59:30','2021-08-26 22:12:35',NULL),(14,21,NULL,'Nahida Jahan','Nahida Jahan','3742231669','03456723456','1985-06-09','Dhaka','Nazir Ahmed','Jahanara Ahmed',NULL,'50,Al-amin Road','Green Road','12','Newmarket','1205',72,10,NULL,'50,Al-amin Road','Green Road','12','Newmarket','1205',72,10,'01787323748',19,2,1,'business',NULL,NULL,'profile_images/33522446_1735105919899122_2165348336834445312_n.jpg','signatures/Doc20001 copy.jpg','2021-08-29','candidate_resumes/CV of Nahida Jahan.pdf',NULL,'',NULL,'123','123','BJ0808566','CST',NULL,'032','13','01787323748','Second Officer','2021-08-26 09:11:49','2021-08-31 17:46:10',NULL),(15,22,NULL,'MD.SHAHRIAR SAGOR','MD.SHAHRIAR SAGOR','199550133390050',NULL,'2000-03-26','13','MD.ISRAIL HOSSAIN','MST.REBEKA SULTANA',NULL,'Daulatpur Hospital Road','Daulatpur Hospital Road','Daulatpur','dpur','7050',307,40,NULL,'Daulatpur Hospital Road','Daulatpur Hospital Road','Daulatpur','dpur','7050',307,40,'01782813906',19,1,1,'ok',NULL,NULL,'profile_images/2014-1-60-007 (1).jpg','signatures/my-Sign_new.jpg','2021-08-26','candidate_resumes/My CV.pdf',NULL,NULL,NULL,NULL,NULL,NULL,NULL,NULL,NULL,NULL,NULL,NULL,'2021-08-26 10:35:14','2021-08-26 12:42:54',NULL),(16,23,NULL,'Al Amin','Al Amin','012345678',NULL,'2000-01-01','11','Aaa','Bbb',NULL,'abc','xyz','123','456','789',518,18,NULL,'wee','qwe','345','543','654',87,11,'01864276125',19,1,1,'Employee',NULL,NULL,'profile_images/male-avatar.jpg','signatures/BSC jp.jpg','2021-08-26','candidate_resumes/pdfview.pdf',NULL,NULL,NULL,NULL,NULL,NULL,NULL,NULL,NULL,NULL,NULL,NULL,'2021-08-26 10:39:36','2021-08-26 10:52:13',NULL),(17,24,NULL,'candidate002','candidate002','234234234','32423423','2021-08-11',NULL,'324234324','2323432423',NULL,'324324234','234234234',NULL,'34234324','2e2321',19,3,NULL,'324324234','234234234',NULL,'34234324','2e2321',19,3,'01747970935',NULL,NULL,NULL,'2141234124',NULL,NULL,'profile_images/screencapture-localhost-bsc-job-portal-public-candidate-profile-review-2021-06-28-10_28_35.png','signatures/dummy-signature.png',NULL,'candidate_resumes/A Mobile Base Application for Cataract and Conjuvities Detection.pdf',NULL,'Looce','1',NULL,NULL,NULL,NULL,NULL,NULL,NULL,NULL,NULL,'2021-08-26 10:45:21','2021-08-29 17:37:09',NULL),(18,25,NULL,'candidate02','candidate02','24234234','21421','2021-08-10',NULL,'234234','234234',NULL,'324234','3242343',NULL,'2455435345',NULL,NULL,NULL,NULL,'324234','3242343',NULL,'2455435345',NULL,NULL,NULL,'01745679098',NULL,NULL,NULL,'234234',NULL,NULL,'profile_images/user-32.png',NULL,NULL,'candidate_resumes/my_admit_card (6).pdf',NULL,NULL,NULL,NULL,'qwewqewqe','12312312','qweqweqw','qwreqweeqw',NULL,'3ewqewqre','234214214123213','241242','2021-08-26 11:35:38','2021-08-26 16:30:55',NULL),(19,26,NULL,'MD.SHAHRIAR SAGOR','MD.SHAHRIAR SAGOR','199550133390050',NULL,'2021-08-02',NULL,'Md.Fozrul Huq','Mst. Rehana Akter',NULL,'Daulatpur Hospital Road','Daulatpur Hospital Road',NULL,'ok','7050',212,27,NULL,'Daulatpur Hospital Road','Daulatpur Hospital Road',NULL,'ok','7050',212,27,'01841397297',19,0,1,'ok',NULL,NULL,'profile_images/amrit_kumar_saha.jpg',NULL,NULL,NULL,NULL,NULL,NULL,NULL,NULL,NULL,NULL,NULL,NULL,NULL,NULL,NULL,'2021-08-26 11:35:59','2021-08-26 11:37:31',NULL),(20,27,NULL,'Md. Rasel Pradania','Md. Rasel Pradania','1314955497528',NULL,'2010-01-07','Chandpur','Md. Abdul Hai Pradnia','Parul Begum',NULL,'Sana Gazi Sarder Bari','Orpur',NULL,'Syedpur Bazar','3610',59,9,NULL,'Sana Gazi Sarder Bari','Orpur',NULL,'Syedpur Bazar','3610',59,9,'01634703607',21,NULL,1,'Service',NULL,NULL,'profile_images/Photo SB.jpg','signatures/Signeture_New1 (1).jpg',NULL,'candidate_resumes/new_nid_form_2.pdf',NULL,NULL,NULL,NULL,NULL,NULL,NULL,NULL,NULL,NULL,NULL,NULL,'2021-08-26 15:00:13','2021-08-26 15:35:32',NULL),(21,28,NULL,'K.M. Mahmudur Rahman','K.M. Mahmudur Rahman','2345678',NULL,'2021-09-07',NULL,'123456789','12345678',NULL,'23456789','34567890',NULL,'2345678',NULL,9,2,NULL,'23456789','34567890',NULL,'2345678',NULL,9,2,'01714289311',NULL,NULL,NULL,NULL,NULL,NULL,'profile_images/85.jpg',NULL,NULL,'candidate_resumes/2021_07_08_11-34-08_am.pdf',NULL,'',NULL,'12345678','wertyui','23456789','34r5tyu','2345678','werty7ui','3456789',NULL,'3456789','2021-08-26 15:52:49','2021-09-02 17:13:47',NULL),(22,29,NULL,'Nashid Jahan','Nashid Jahan',NULL,NULL,NULL,NULL,NULL,NULL,NULL,NULL,NULL,NULL,NULL,NULL,NULL,NULL,NULL,NULL,NULL,NULL,NULL,NULL,NULL,NULL,'01873933253',NULL,NULL,NULL,NULL,NULL,NULL,NULL,NULL,NULL,NULL,NULL,NULL,NULL,NULL,NULL,NULL,NULL,NULL,NULL,NULL,NULL,NULL,'2021-08-26 23:10:35','2021-08-26 23:10:35',NULL),(23,30,NULL,'test Candidate','test Candidate','324536789','21421','2021-08-10','52321','435678345345345345435','345345',NULL,'2345675743','5467543',NULL,'23544635',NULL,11,2,NULL,'2345675743','5467543',NULL,'23544635',NULL,11,2,'01546789063',17,1,1,'e3245678',NULL,NULL,'profile_images/user-32.png','signatures/dummysignature.png',NULL,'candidate_resumes/my-profile (1).pdf',NULL,'',NULL,'12412424','234234','2131241234',NULL,'23424234',NULL,'3ewqewqre','234214214123213','13131231','2021-08-31 17:41:37','2021-09-02 14:36:31',NULL),(24,31,NULL,'candidate02','candidate02',NULL,NULL,NULL,NULL,NULL,NULL,NULL,NULL,NULL,NULL,NULL,NULL,NULL,NULL,NULL,NULL,NULL,NULL,NULL,NULL,NULL,NULL,'12345678903234',NULL,NULL,NULL,NULL,NULL,NULL,NULL,NULL,NULL,NULL,NULL,NULL,NULL,NULL,NULL,NULL,NULL,NULL,NULL,NULL,NULL,NULL,'2021-09-02 10:25:34','2021-09-02 10:25:34',NULL),(28,33,NULL,'candidate02','candidate02',NULL,NULL,NULL,NULL,NULL,NULL,NULL,NULL,NULL,NULL,NULL,NULL,NULL,NULL,NULL,NULL,NULL,NULL,NULL,NULL,NULL,NULL,'123456789034567',NULL,NULL,NULL,NULL,NULL,NULL,NULL,NULL,NULL,NULL,NULL,NULL,NULL,NULL,NULL,NULL,NULL,NULL,NULL,NULL,NULL,NULL,'2021-09-02 10:48:20','2021-09-02 10:48:20',NULL),(29,34,NULL,'candidate02','candidate02',NULL,NULL,NULL,NULL,NULL,NULL,NULL,NULL,NULL,NULL,NULL,NULL,NULL,NULL,NULL,NULL,NULL,NULL,NULL,NULL,NULL,NULL,'12345678902345',NULL,NULL,NULL,NULL,NULL,NULL,NULL,NULL,NULL,NULL,NULL,NULL,NULL,NULL,NULL,NULL,NULL,NULL,NULL,NULL,NULL,NULL,'2021-09-02 10:51:57','2021-09-02 10:51:57',NULL),(30,35,NULL,'candidate02','candidate02',NULL,NULL,NULL,NULL,NULL,NULL,NULL,NULL,NULL,NULL,NULL,NULL,NULL,NULL,NULL,NULL,NULL,NULL,NULL,NULL,NULL,NULL,'1234567891234',NULL,NULL,NULL,NULL,NULL,NULL,NULL,NULL,NULL,NULL,NULL,NULL,NULL,NULL,NULL,NULL,NULL,NULL,NULL,NULL,NULL,NULL,'2021-09-02 10:53:38','2021-09-02 10:53:38',NULL),(31,36,NULL,'candidate02','candidate02',NULL,NULL,NULL,NULL,NULL,NULL,NULL,NULL,NULL,NULL,NULL,NULL,NULL,NULL,NULL,NULL,NULL,NULL,NULL,NULL,NULL,NULL,'12345678234',NULL,NULL,NULL,NULL,NULL,NULL,NULL,NULL,NULL,NULL,NULL,NULL,NULL,NULL,NULL,NULL,NULL,NULL,NULL,NULL,NULL,NULL,'2021-09-02 10:57:28','2021-09-02 10:57:28',NULL),(32,37,NULL,'candidate002','candidate002',NULL,NULL,NULL,NULL,NULL,NULL,NULL,NULL,NULL,NULL,NULL,NULL,NULL,NULL,NULL,NULL,NULL,NULL,NULL,NULL,NULL,NULL,'098765678456',NULL,NULL,NULL,NULL,NULL,NULL,NULL,NULL,NULL,NULL,NULL,NULL,NULL,NULL,NULL,NULL,NULL,NULL,NULL,NULL,NULL,NULL,'2021-09-02 11:06:59','2021-09-02 11:06:59',NULL);

--
-- Table structure for table `countries`
--

CREATE TABLE `countries` (
  `id` bigint(20) unsigned NOT NULL AUTO_INCREMENT,
  `country_name` varchar(191) COLLATE utf8mb4_unicode_ci DEFAULT NULL,
  `country_name_bn` varchar(200) COLLATE utf8mb4_unicode_ci DEFAULT NULL,
  `country_code` varchar(191) COLLATE utf8mb4_unicode_ci DEFAULT NULL,
  `created_at` timestamp NULL DEFAULT NULL,
  `updated_at` timestamp NULL DEFAULT NULL,
  `deleted_at` timestamp NULL DEFAULT NULL,
  PRIMARY KEY (`id`)
) ENGINE=InnoDB AUTO_INCREMENT=253 DEFAULT CHARSET=utf8mb4 COLLATE=utf8mb4_unicode_ci;

--
-- Dumping data for table `countries`
--

INSERT INTO `countries` VALUES (1,'Afghanistan','Afghanistan','AS',NULL,NULL,NULL),(2,'Aland Islands','Aland Islands','EU',NULL,NULL,NULL),(3,'Albania','Albania','EU',NULL,NULL,NULL),(4,'Algeria','Algeria','AF',NULL,NULL,NULL),(5,'American Samoa','American Samoa','OC',NULL,NULL,NULL),(6,'Andorra','Andorra','EU',NULL,NULL,NULL),(7,'Angola','Angola','AF',NULL,NULL,NULL),(8,'Anguilla','Anguilla','NA',NULL,NULL,NULL),(9,'Antarctica','Antarctica','AN',NULL,NULL,NULL),(10,'Antigua and Barbuda','Antigua and Barbuda','NA',NULL,NULL,NULL),(11,'Argentina','Argentina','SA',NULL,NULL,NULL),(12,'Armenia','Armenia','AS',NULL,NULL,NULL),(13,'Aruba','Aruba','NA',NULL,NULL,NULL),(14,'Australia','Australia','OC',NULL,NULL,NULL),(15,'Austria','Austria','EU',NULL,NULL,NULL),(16,'Azerbaijan','Azerbaijan','AS',NULL,NULL,NULL),(17,'Bahamas','Bahamas','NA',NULL,NULL,NULL),(18,'Bahrain','Bahrain','AS',NULL,NULL,NULL),(19,'Bangladesh','Bangladesh','AS',NULL,NULL,NULL),(20,'Barbados','Barbados','NA',NULL,NULL,NULL),(21,'Belarus','Belarus','EU',NULL,NULL,NULL),(22,'Belgium','Belgium','EU',NULL,NULL,NULL),(23,'Belize','Belize','NA',NULL,NULL,NULL),(24,'Benin','Benin','AF',NULL,NULL,NULL),(25,'Bermuda','Bermuda','NA',NULL,NULL,NULL),(26,'Bhutan','Bhutan','AS',NULL,NULL,NULL),(27,'Bolivia','Bolivia','SA',NULL,NULL,NULL),(28,'Bonaire, Sint Eustatius and Saba','Bonaire, Sint Eustatius and Saba','NA',NULL,NULL,NULL),(29,'Bosnia and Herzegovina','Bosnia and Herzegovina','EU',NULL,NULL,NULL),(30,'Botswana','Botswana','AF',NULL,NULL,NULL),(31,'Bouvet Island','Bouvet Island','AN',NULL,NULL,NULL),(32,'Brazil','Brazil','SA',NULL,NULL,NULL),(33,'British Indian Ocean Territory','British Indian Ocean Territory','AS',NULL,NULL,NULL),(34,'Brunei Darussalam','Brunei Darussalam','AS',NULL,NULL,NULL),(35,'Bulgaria','Bulgaria','EU',NULL,NULL,NULL),(36,'Burkina Faso','Burkina Faso','AF',NULL,NULL,NULL),(37,'Burundi','Burundi','AF',NULL,NULL,NULL),(38,'Cambodia','Cambodia','AS',NULL,NULL,NULL),(39,'Cameroon','Cameroon','AF',NULL,NULL,NULL),(40,'Canada','Canada','NA',NULL,NULL,NULL),(41,'Cape Verde','Cape Verde','AF',NULL,NULL,NULL),(42,'Cayman Islands','Cayman Islands','NA',NULL,NULL,NULL),(43,'Central African Republic','Central African Republic','AF',NULL,NULL,NULL),(44,'Chad','Chad','AF',NULL,NULL,NULL),(45,'Chile','Chile','SA',NULL,NULL,NULL),(46,'China','China','AS',NULL,NULL,NULL),(47,'Christmas Island','Christmas Island','AS',NULL,NULL,NULL),(48,'Cocos (Keeling) Islands','Cocos (Keeling) Islands','AS',NULL,NULL,NULL),(49,'Colombia','Colombia','SA',NULL,NULL,NULL),(50,'Comoros','Comoros','AF',NULL,NULL,NULL),(51,'Congo','Congo','AF',NULL,NULL,NULL),(52,'Congo, Democratic Republic of the Congo','Congo, Democratic Republic of the Congo','AF',NULL,NULL,NULL),(53,'Cook Islands','Cook Islands','OC',NULL,NULL,NULL),(54,'Costa Rica','Costa Rica','NA',NULL,NULL,NULL),(55,'Cote D\'Ivoire','Cote D\'Ivoire','AF',NULL,NULL,NULL),(56,'Croatia','Croatia','EU',NULL,NULL,NULL),(57,'Cuba','Cuba','NA',NULL,NULL,NULL),(58,'Curacao','Curacao','NA',NULL,NULL,NULL),(59,'Cyprus','Cyprus','AS',NULL,NULL,NULL),(60,'Czech Republic','Czech Republic','EU',NULL,NULL,NULL),(61,'Denmark','Denmark','EU',NULL,NULL,NULL),(62,'Djibouti','Djibouti','AF',NULL,NULL,NULL),(63,'Dominica','Dominica','NA',NULL,NULL,NULL),(64,'Dominican Republic','Dominican Republic','NA',NULL,NULL,NULL),(65,'Ecuador','Ecuador','SA',NULL,NULL,NULL),(66,'Egypt','Egypt','AF',NULL,NULL,NULL),(67,'El Salvador','El Salvador','NA',NULL,NULL,NULL),(68,'Equatorial Guinea','Equatorial Guinea','AF',NULL,NULL,NULL),(69,'Eritrea','Eritrea','AF',NULL,NULL,NULL),(70,'Estonia','Estonia','EU',NULL,NULL,NULL),(71,'Ethiopia','Ethiopia','AF',NULL,NULL,NULL),(72,'Falkland Islands (Malvinas)','Falkland Islands (Malvinas)','SA',NULL,NULL,NULL),(73,'Faroe Islands','Faroe Islands','EU',NULL,NULL,NULL),(74,'Fiji','Fiji','OC',NULL,NULL,NULL),(75,'Finland','Finland','EU',NULL,NULL,NULL),(76,'France','France','EU',NULL,NULL,NULL),(77,'French Guiana','French Guiana','SA',NULL,NULL,NULL),(78,'French Polynesia','French Polynesia','OC',NULL,NULL,NULL),(79,'French Southern Territories','French Southern Territories','AN',NULL,NULL,NULL),(80,'Gabon','Gabon','AF',NULL,NULL,NULL),(81,'Gambia','Gambia','AF',NULL,NULL,NULL),(82,'Georgia','Georgia','AS',NULL,NULL,NULL),(83,'Germany','Germany','EU',NULL,NULL,NULL),(84,'Ghana','Ghana','AF',NULL,NULL,NULL),(85,'Gibraltar','Gibraltar','EU',NULL,NULL,NULL),(86,'Greece','Greece','EU',NULL,NULL,NULL),(87,'Greenland','Greenland','NA',NULL,NULL,NULL),(88,'Grenada','Grenada','NA',NULL,NULL,NULL),(89,'Guadeloupe','Guadeloupe','NA',NULL,NULL,NULL),(90,'Guam','Guam','OC',NULL,NULL,NULL),(91,'Guatemala','Guatemala','NA',NULL,NULL,NULL),(92,'Guernsey','Guernsey','EU',NULL,NULL,NULL),(93,'Guinea','Guinea','AF',NULL,NULL,NULL),(94,'Guinea-Bissau','Guinea-Bissau','AF',NULL,NULL,NULL),(95,'Guyana','Guyana','SA',NULL,NULL,NULL),(96,'Haiti','Haiti','NA',NULL,NULL,NULL),(97,'Heard Island and Mcdonald Islands','Heard Island and Mcdonald Islands','AN',NULL,NULL,NULL),(98,'Holy See (Vatican City State)','Holy See (Vatican City State)','EU',NULL,NULL,NULL),(99,'Honduras','Honduras','NA',NULL,NULL,NULL),(100,'Hong Kong','Hong Kong','AS',NULL,NULL,NULL),(101,'Hungary','Hungary','EU',NULL,NULL,NULL),(102,'Iceland','Iceland','EU',NULL,NULL,NULL),(103,'India','India','AS',NULL,NULL,NULL),(104,'Indonesia','Indonesia','AS',NULL,NULL,NULL),(105,'Iran, Islamic Republic of','Iran, Islamic Republic of','AS',NULL,NULL,NULL),(106,'Iraq','Iraq','AS',NULL,NULL,NULL),(107,'Ireland','Ireland','EU',NULL,NULL,NULL),(108,'Isle of Man','Isle of Man','EU',NULL,NULL,NULL),(109,'Israel','Israel','AS',NULL,NULL,NULL),(110,'Italy','Italy','EU',NULL,NULL,NULL),(111,'Jamaica','Jamaica','NA',NULL,NULL,NULL),(112,'Japan','Japan','AS',NULL,NULL,NULL),(113,'Jersey','Jersey','EU',NULL,NULL,NULL),(114,'Jordan','Jordan','AS',NULL,NULL,NULL),(115,'Kazakhstan','Kazakhstan','AS',NULL,NULL,NULL),(116,'Kenya','Kenya','AF',NULL,NULL,NULL),(117,'Kiribati','Kiribati','OC',NULL,NULL,NULL),(118,'Korea, Democratic People\'s Republic of','Korea, Democratic People\'s Republic of','AS',NULL,NULL,NULL),(119,'Korea, Republic of','Korea, Republic of','AS',NULL,NULL,NULL),(120,'Kosovo','Kosovo','EU',NULL,NULL,NULL),(121,'Kuwait','Kuwait','AS',NULL,NULL,NULL),(122,'Kyrgyzstan','Kyrgyzstan','AS',NULL,NULL,NULL),(123,'Lao People\'s Democratic Republic','Lao People\'s Democratic Republic','AS',NULL,NULL,NULL),(124,'Latvia','Latvia','EU',NULL,NULL,NULL),(125,'Lebanon','Lebanon','AS',NULL,NULL,NULL),(126,'Lesotho','Lesotho','AF',NULL,NULL,NULL),(127,'Liberia','Liberia','AF',NULL,NULL,NULL),(128,'Libyan Arab Jamahiriya','Libyan Arab Jamahiriya','AF',NULL,NULL,NULL),(129,'Liechtenstein','Liechtenstein','EU',NULL,NULL,NULL),(130,'Lithuania','Lithuania','EU',NULL,NULL,NULL),(131,'Luxembourg','Luxembourg','EU',NULL,NULL,NULL),(132,'Macao','Macao','AS',NULL,NULL,NULL),(133,'Macedonia, the Former Yugoslav Republic of','Macedonia, the Former Yugoslav Republic of','EU',NULL,NULL,NULL),(134,'Madagascar','Madagascar','AF',NULL,NULL,NULL),(135,'Malawi','Malawi','AF',NULL,NULL,NULL),(136,'Malaysia','Malaysia','AS',NULL,NULL,NULL),(137,'Maldives','Maldives','AS',NULL,NULL,NULL),(138,'Mali','Mali','AF',NULL,NULL,NULL),(139,'Malta','Malta','EU',NULL,NULL,NULL),(140,'Marshall Islands','Marshall Islands','OC',NULL,NULL,NULL),(141,'Martinique','Martinique','NA',NULL,NULL,NULL),(142,'Mauritania','Mauritania','AF',NULL,NULL,NULL),(143,'Mauritius','Mauritius','AF',NULL,NULL,NULL),(144,'Mayotte','Mayotte','AF',NULL,NULL,NULL),(145,'Mexico','Mexico','NA',NULL,NULL,NULL),(146,'Micronesia, Federated States of','Micronesia, Federated States of','OC',NULL,NULL,NULL),(147,'Moldova, Republic of','Moldova, Republic of','EU',NULL,NULL,NULL),(148,'Monaco','Monaco','EU',NULL,NULL,NULL),(149,'Mongolia','Mongolia','AS',NULL,NULL,NULL),(150,'Montenegro','Montenegro','EU',NULL,NULL,NULL),(151,'Montserrat','Montserrat','NA',NULL,NULL,NULL),(152,'Morocco','Morocco','AF',NULL,NULL,NULL),(153,'Mozambique','Mozambique','AF',NULL,NULL,NULL),(154,'Myanmar','Myanmar','AS',NULL,NULL,NULL),(155,'Namibia','Namibia','AF',NULL,NULL,NULL),(156,'Nauru','Nauru','OC',NULL,NULL,NULL),(157,'Nepal','Nepal','AS',NULL,NULL,NULL),(158,'Netherlands','Netherlands','EU',NULL,NULL,NULL),(159,'Netherlands Antilles','Netherlands Antilles','NA',NULL,NULL,NULL),(160,'New Caledonia','New Caledonia','OC',NULL,NULL,NULL),(161,'New Zealand','New Zealand','OC',NULL,NULL,NULL),(162,'Nicaragua','Nicaragua','NA',NULL,NULL,NULL),(163,'Niger','Niger','AF',NULL,NULL,NULL),(164,'Nigeria','Nigeria','AF',NULL,NULL,NULL),(165,'Niue','Niue','OC',NULL,NULL,NULL),(166,'Norfolk Island','Norfolk Island','OC',NULL,NULL,NULL),(167,'Northern Mariana Islands','Northern Mariana Islands','OC',NULL,NULL,NULL),(168,'Norway','Norway','EU',NULL,NULL,NULL),(169,'Oman','Oman','AS',NULL,NULL,NULL),(170,'Pakistan','Pakistan','AS',NULL,NULL,NULL),(171,'Palau','Palau','OC',NULL,NULL,NULL),(172,'Palestinian Territory, Occupied','Palestinian Territory, Occupied','AS',NULL,NULL,NULL),(173,'Panama','Panama','NA',NULL,NULL,NULL),(174,'Papua New Guinea','Papua New Guinea','OC',NULL,NULL,NULL),(175,'Paraguay','Paraguay','SA',NULL,NULL,NULL),(176,'Peru','Peru','SA',NULL,NULL,NULL),(177,'Philippines','Philippines','AS',NULL,NULL,NULL),(178,'Pitcairn','Pitcairn','OC',NULL,NULL,NULL),(179,'Poland','Poland','EU',NULL,NULL,NULL),(180,'Portugal','Portugal','EU',NULL,NULL,NULL),(181,'Puerto Rico','Puerto Rico','NA',NULL,NULL,NULL),(182,'Qatar','Qatar','AS',NULL,NULL,NULL),(183,'Reunion','Reunion','AF',NULL,NULL,NULL),(184,'Romania','Romania','EU',NULL,NULL,NULL),(185,'Russian Federation','Russian Federation','AS',NULL,NULL,NULL),(186,'Rwanda','Rwanda','AF',NULL,NULL,NULL),(187,'Saint Barthelemy','Saint Barthelemy','NA',NULL,NULL,NULL),(188,'Saint Helena','Saint Helena','AF',NULL,NULL,NULL),(189,'Saint Kitts and Nevis','Saint Kitts and Nevis','NA',NULL,NULL,NULL),(190,'Saint Lucia','Saint Lucia','NA',NULL,NULL,NULL),(191,'Saint Martin','Saint Martin','NA',NULL,NULL,NULL),(192,'Saint Pierre and Miquelon','Saint Pierre and Miquelon','NA',NULL,NULL,NULL),(193,'Saint Vincent and the Grenadines','Saint Vincent and the Grenadines','NA',NULL,NULL,NULL),(194,'Samoa','Samoa','OC',NULL,NULL,NULL),(195,'San Marino','San Marino','EU',NULL,NULL,NULL),(196,'Sao Tome and Principe','Sao Tome and Principe','AF',NULL,NULL,NULL),(197,'Saudi Arabia','Saudi Arabia','AS',NULL,NULL,NULL),(198,'Senegal','Senegal','AF',NULL,NULL,NULL),(199,'Serbia','Serbia','EU',NULL,NULL,NULL),(200,'Serbia and Montenegro','Serbia and Montenegro','EU',NULL,NULL,NULL),(201,'Seychelles','Seychelles','AF',NULL,NULL,NULL),(202,'Sierra Leone','Sierra Leone','AF',NULL,NULL,NULL),(203,'Singapore','Singapore','AS',NULL,NULL,NULL),(204,'Sint Maarten','Sint Maarten','NA',NULL,NULL,NULL),(205,'Slovakia','Slovakia','EU',NULL,NULL,NULL),(206,'Slovenia','Slovenia','EU',NULL,NULL,NULL),(207,'Solomon Islands','Solomon Islands','OC',NULL,NULL,NULL),(208,'Somalia','Somalia','AF',NULL,NULL,NULL),(209,'South Africa','South Africa','AF',NULL,NULL,NULL),(210,'South Georgia and the South Sandwich Islands','South Georgia and the South Sandwich Islands','AN',NULL,NULL,NULL),(211,'South Sudan','South Sudan','AF',NULL,NULL,NULL),(212,'Spain','Spain','EU',NULL,NULL,NULL),(213,'Sri Lanka','Sri Lanka','AS',NULL,NULL,NULL),(214,'Sudan','Sudan','AF',NULL,NULL,NULL),(215,'Suriname','Suriname','SA',NULL,NULL,NULL),(216,'Svalbard and Jan Mayen','Svalbard and Jan Mayen','EU',NULL,NULL,NULL),(217,'Swaziland','Swaziland','AF',NULL,NULL,NULL),(218,'Sweden','Sweden','EU',NULL,NULL,NULL),(219,'Switzerland','Switzerland','EU',NULL,NULL,NULL),(220,'Syrian Arab Republic','Syrian Arab Republic','AS',NULL,NULL,NULL),(221,'Taiwan, Province of China','Taiwan, Province of China','AS',NULL,NULL,NULL),(222,'Tajikistan','Tajikistan','AS',NULL,NULL,NULL),(223,'Tanzania, United Republic of','Tanzania, United Republic of','AF',NULL,NULL,NULL),(224,'Thailand','Thailand','AS',NULL,NULL,NULL),(225,'Timor-Leste','Timor-Leste','AS',NULL,NULL,NULL),(226,'Togo','Togo','AF',NULL,NULL,NULL),(227,'Tokelau','Tokelau','OC',NULL,NULL,NULL),(228,'Tonga','Tonga','OC',NULL,NULL,NULL),(229,'Trinidad and Tobago','Trinidad and Tobago','NA',NULL,NULL,NULL),(230,'Tunisia','Tunisia','AF',NULL,NULL,NULL),(231,'Turkey','Turkey','AS',NULL,NULL,NULL),(232,'Turkmenistan','Turkmenistan','AS',NULL,NULL,NULL),(233,'Turks and Caicos Islands','Turks and Caicos Islands','NA',NULL,NULL,NULL),(234,'Tuvalu','Tuvalu','OC',NULL,NULL,NULL),(235,'Uganda','Uganda','AF',NULL,NULL,NULL),(236,'Ukraine','Ukraine','EU',NULL,NULL,NULL),(237,'United Arab Emirates','United Arab Emirates','AS',NULL,NULL,NULL),(238,'United Kingdom','United Kingdom','EU',NULL,NULL,NULL),(239,'United States','United States','NA',NULL,NULL,NULL),(240,'United States Minor Outlying Islands','United States Minor Outlying Islands','NA',NULL,NULL,NULL),(241,'Uruguay','Uruguay','SA',NULL,NULL,NULL),(242,'Uzbekistan','Uzbekistan','AS',NULL,NULL,NULL),(243,'Vanuatu','Vanuatu','OC',NULL,NULL,NULL),(244,'Venezuela','Venezuela','SA',NULL,NULL,NULL),(245,'Viet Nam','Viet Nam','AS',NULL,NULL,NULL),(246,'Virgin Islands, British','Virgin Islands, British','NA',NULL,NULL,NULL),(247,'Virgin Islands, U.s.','Virgin Islands, U.s.','NA',NULL,NULL,NULL),(248,'Wallis and Futuna','Wallis and Futuna','OC',NULL,NULL,NULL),(249,'Western Sahara','Western Sahara','AF',NULL,NULL,NULL),(250,'Yemen','Yemen','AS',NULL,NULL,NULL),(251,'Zambia','Zambia','AF',NULL,NULL,NULL),(252,'Zimbabwe','Zimbabwe','AF',NULL,NULL,NULL);

--
-- Table structure for table `currencies`
--

CREATE TABLE `currencies` (
  `id` int(11) NOT NULL AUTO_INCREMENT,
  `name` varchar(255) NOT NULL,
  `name_bn` varchar(255) DEFAULT NULL,
  `short_code` varchar(255) NOT NULL,
  `flag` varchar(255) DEFAULT NULL,
  `status` tinyint(4) NOT NULL DEFAULT '1' COMMENT '0 = Disable; 1 = Enable;',
  `created_at` datetime DEFAULT CURRENT_TIMESTAMP,
  `updated_at` datetime DEFAULT NULL,
  `deleted_at` datetime DEFAULT NULL,
  PRIMARY KEY (`id`),
  UNIQUE KEY `name` (`name`),
  UNIQUE KEY `short_code` (`short_code`)
) ENGINE=InnoDB AUTO_INCREMENT=3 DEFAULT CHARSET=latin1;

--
-- Dumping data for table `currencies`
--

INSERT INTO `currencies` VALUES (1,'Bangladeshi Taka','Bangladesh Taka','BDT',NULL,1,'2021-06-13 17:57:13','2021-06-13 17:57:13',NULL),(2,'USD','USD','USD',NULL,1,'2021-07-31 12:16:11',NULL,NULL);

--
-- Table structure for table `departments`
--

CREATE TABLE `departments` (
  `id` int(11) NOT NULL AUTO_INCREMENT,
  `dept_name` varchar(255) COLLATE utf8mb4_unicode_ci DEFAULT NULL,
  `dept_head_name` varchar(255) COLLATE utf8mb4_unicode_ci DEFAULT NULL,
  `dept_signature` varchar(255) COLLATE utf8mb4_unicode_ci DEFAULT NULL,
  `created_at` datetime DEFAULT NULL,
  `updated_at` datetime DEFAULT NULL,
  PRIMARY KEY (`id`)
) ENGINE=InnoDB AUTO_INCREMENT=2 DEFAULT CHARSET=utf8mb4 COLLATE=utf8mb4_unicode_ci;

--
-- Dumping data for table `departments`
--

INSERT INTO `departments` VALUES (1,'HR','Hr Head','/storage/uploads/dept_signatures/1/1630237442.jpg','2021-08-29 17:44:02','2021-08-29 17:44:02');

--
-- Table structure for table `document_types`
--

CREATE TABLE `document_types` (
  `id` int(11) NOT NULL AUTO_INCREMENT,
  `document_name` varchar(190) DEFAULT NULL,
  `status` tinyint(4) DEFAULT NULL,
  `created_by` int(11) DEFAULT NULL,
  `updated_by` int(11) DEFAULT NULL,
  `deleted_by` int(11) DEFAULT NULL,
  `created_at` datetime DEFAULT NULL,
  `updated_at` datetime DEFAULT NULL,
  `deleted_at` datetime DEFAULT NULL,
  PRIMARY KEY (`id`)
) ENGINE=InnoDB AUTO_INCREMENT=7 DEFAULT CHARSET=latin1;

--
-- Dumping data for table `document_types`
--

INSERT INTO `document_types` VALUES (1,'SEAMAN BOOK',1,1,NULL,NULL,'2021-08-21 10:08:31','2021-08-21 10:08:31',NULL),(2,'PASSPORT',1,1,NULL,NULL,'2021-08-21 10:08:31','2021-08-21 10:08:31',NULL),(3,'COC (III/II/I)',1,1,NULL,NULL,'2021-08-21 10:08:31','2021-08-21 10:08:31',NULL),(4,'NID',1,1,NULL,NULL,'2021-08-21 10:08:31','2021-08-21 10:08:31',NULL),(5,'SID',1,1,NULL,NULL,'2021-08-21 10:08:31','2021-08-21 10:08:31',NULL),(6,'E-TIN',1,1,NULL,NULL,'2021-08-21 10:08:31','2021-08-21 10:08:31',NULL);

--
-- Table structure for table `education_groups`
--

CREATE TABLE `education_groups` (
  `id` bigint(20) NOT NULL AUTO_INCREMENT,
  `name_bn` varchar(200) COLLATE utf8_unicode_ci DEFAULT NULL,
  `name` varchar(200) COLLATE utf8_unicode_ci DEFAULT NULL,
  `created_at` datetime DEFAULT NULL,
  `updated_at` datetime DEFAULT NULL,
  PRIMARY KEY (`id`)
) ENGINE=InnoDB AUTO_INCREMENT=6 DEFAULT CHARSET=utf8 COLLATE=utf8_unicode_ci;

--
-- Dumping data for table `education_groups`
--

INSERT INTO `education_groups` VALUES (1,NULL,'JSC/8Pass',NULL,NULL),(2,NULL,'Secondary',NULL,NULL),(3,NULL,'Higher Secondary',NULL,NULL),(4,NULL,'Bachelor Degree',NULL,NULL),(5,NULL,'Masters Degree',NULL,NULL);

--
-- Table structure for table `emp_acrs`
--

CREATE TABLE `emp_acrs` (
  `id` int(10) unsigned NOT NULL AUTO_INCREMENT,
  `user_id` bigint(20) unsigned NOT NULL,
  `file` varchar(255) DEFAULT NULL,
  `acr_date` date DEFAULT NULL,
  `has_remark` tinyint(3) unsigned NOT NULL DEFAULT '0' COMMENT '0 = No; 1 = Yes;',
  `remark_type` tinyint(3) unsigned DEFAULT NULL COMMENT '0 = Bad; 1 = Good;',
  `remark` text,
  `remark_by` bigint(20) unsigned NOT NULL,
  `created_by` bigint(20) unsigned NOT NULL,
  `updated_by` bigint(20) unsigned NOT NULL,
  `created_at` datetime DEFAULT NULL,
  `updated_at` datetime DEFAULT NULL,
  `deleted_at` datetime DEFAULT NULL,
  PRIMARY KEY (`id`)
) ENGINE=InnoDB DEFAULT CHARSET=latin1;

--
-- Dumping data for table `emp_acrs`
--


--
-- Table structure for table `emp_education_infos`
--

CREATE TABLE `emp_education_infos` (
  `id` bigint(20) unsigned NOT NULL AUTO_INCREMENT,
  `candidate_id` bigint(20) unsigned DEFAULT NULL,
  `degree_name` varchar(191) COLLATE utf8mb4_unicode_ci DEFAULT NULL,
  `inistution_name` varchar(191) COLLATE utf8mb4_unicode_ci DEFAULT NULL,
  `board` varchar(191) COLLATE utf8mb4_unicode_ci DEFAULT NULL,
  `subject` varchar(191) COLLATE utf8mb4_unicode_ci DEFAULT NULL,
  `year` varchar(191) COLLATE utf8mb4_unicode_ci DEFAULT NULL,
  `result` varchar(191) COLLATE utf8mb4_unicode_ci DEFAULT NULL,
  `created_by` bigint(20) unsigned DEFAULT NULL,
  `updated_by` bigint(20) unsigned DEFAULT NULL,
  `deleted_by` bigint(20) unsigned DEFAULT NULL,
  `created_at` timestamp NULL DEFAULT NULL,
  `updated_at` timestamp NULL DEFAULT NULL,
  `deleted_at` timestamp NULL DEFAULT NULL,
  PRIMARY KEY (`id`)
) ENGINE=InnoDB DEFAULT CHARSET=utf8mb4 COLLATE=utf8mb4_unicode_ci;

--
-- Dumping data for table `emp_education_infos`
--


--
-- Table structure for table `exam_education_groups`
--

CREATE TABLE `exam_education_groups` (
  `id` bigint(20) NOT NULL AUTO_INCREMENT,
  `exam_id` bigint(20) DEFAULT NULL,
  `education_group_id` bigint(20) DEFAULT NULL,
  `created_at` datetime DEFAULT NULL,
  `updated_at` datetime DEFAULT NULL,
  PRIMARY KEY (`id`)
) ENGINE=InnoDB AUTO_INCREMENT=11 DEFAULT CHARSET=latin1;

--
-- Dumping data for table `exam_education_groups`
--

INSERT INTO `exam_education_groups` VALUES (1,6,1,NULL,NULL),(2,7,1,NULL,NULL),(3,8,1,NULL,NULL),(4,1,2,NULL,NULL),(5,9,2,NULL,NULL),(6,10,2,NULL,NULL),(7,11,2,NULL,NULL),(8,12,4,NULL,NULL),(9,13,5,NULL,NULL),(10,14,3,NULL,NULL);

--
-- Table structure for table `exams`
--

CREATE TABLE `exams` (
  `id` bigint(20) unsigned NOT NULL AUTO_INCREMENT,
  `name` varchar(255) CHARACTER SET utf8 NOT NULL,
  `name_bn` varchar(255) CHARACTER SET utf8 DEFAULT NULL,
  `parent_id` bigint(20) unsigned DEFAULT NULL,
  `created_at` timestamp NULL DEFAULT NULL,
  `updated_at` timestamp NULL DEFAULT NULL,
  `deleted_at` timestamp NULL DEFAULT NULL,
  PRIMARY KEY (`id`),
  UNIQUE KEY `name` (`name`)
) ENGINE=InnoDB AUTO_INCREMENT=16 DEFAULT CHARSET=latin1;

--
-- Dumping data for table `exams`
--

INSERT INTO `exams` VALUES (1,'8 Pass & Equivalent',NULL,NULL,NULL,NULL,NULL),(2,'SSC & Equivalent','এস এস শি',NULL,'2021-06-29 07:18:25','2021-06-29 07:21:45',NULL),(3,'HSC & Equivalent','এইচ এস ছি',NULL,'2021-06-29 07:19:01','2021-06-29 11:24:38',NULL),(4,'Graduate','বি এস ছি',NULL,'2021-06-29 07:20:55','2021-06-29 11:23:38',NULL),(5,'Post Graduate','এম এস ছি',NULL,'2021-06-29 07:21:14','2021-06-29 11:30:38',NULL),(7,'JSC',NULL,1,NULL,NULL,NULL),(8,'JDC',NULL,1,NULL,NULL,NULL),(9,'O Level',NULL,2,NULL,NULL,NULL),(10,'Dakhil (Madrasah)',NULL,2,NULL,NULL,NULL),(11,'SSC (Vocational)',NULL,2,NULL,NULL,NULL),(15,'HSC',NULL,3,NULL,NULL,NULL);

--
-- Table structure for table `experiences`
--

CREATE TABLE `experiences` (
  `id` bigint(20) unsigned NOT NULL AUTO_INCREMENT,
  `candidate_id` bigint(20) unsigned DEFAULT NULL,
  `company_name` varchar(191) COLLATE utf8mb4_unicode_ci DEFAULT NULL,
  `ship_name` varchar(191) COLLATE utf8mb4_unicode_ci DEFAULT NULL,
  `rank` bigint(20) DEFAULT NULL,
  `type` varchar(191) COLLATE utf8mb4_unicode_ci DEFAULT NULL,
  `dwt` varchar(191) COLLATE utf8mb4_unicode_ci DEFAULT NULL,
  `engine_type` varchar(191) COLLATE utf8mb4_unicode_ci DEFAULT NULL,
  `start_date` date DEFAULT NULL,
  `end_date` date DEFAULT NULL,
  `created_by` bigint(20) unsigned DEFAULT NULL,
  `updated_by` bigint(20) unsigned DEFAULT NULL,
  `deleted_by` bigint(20) unsigned DEFAULT NULL,
  `created_at` timestamp NULL DEFAULT NULL,
  `updated_at` timestamp NULL DEFAULT NULL,
  `deleted_at` timestamp NULL DEFAULT NULL,
  PRIMARY KEY (`id`)
) ENGINE=InnoDB AUTO_INCREMENT=2 DEFAULT CHARSET=utf8mb4 COLLATE=utf8mb4_unicode_ci;

--
-- Dumping data for table `experiences`
--

INSERT INTO `experiences` VALUES (1,1,'cst','cst',1,'dev','koksa','klal','2021-06-09','2021-06-16',4,NULL,NULL,'2021-06-06 07:30:15','2021-06-06 07:30:15',NULL);

--
-- Table structure for table `failed_jobs`
--

CREATE TABLE `failed_jobs` (
  `id` bigint(20) unsigned NOT NULL AUTO_INCREMENT,
  `uuid` varchar(191) COLLATE utf8mb4_unicode_ci NOT NULL,
  `connection` text COLLATE utf8mb4_unicode_ci NOT NULL,
  `queue` text COLLATE utf8mb4_unicode_ci NOT NULL,
  `payload` longtext COLLATE utf8mb4_unicode_ci NOT NULL,
  `exception` longtext COLLATE utf8mb4_unicode_ci NOT NULL,
  `failed_at` timestamp NOT NULL DEFAULT CURRENT_TIMESTAMP,
  PRIMARY KEY (`id`),
  UNIQUE KEY `failed_jobs_uuid_unique` (`uuid`)
) ENGINE=InnoDB DEFAULT CHARSET=utf8mb4 COLLATE=utf8mb4_unicode_ci;

--
-- Dumping data for table `failed_jobs`
--


--
-- Table structure for table `geo_districts`
--

CREATE TABLE `geo_districts` (
  `id` int(10) unsigned NOT NULL AUTO_INCREMENT,
  `geo_division_id` tinyint(3) unsigned NOT NULL,
  `division_bbs_code` tinyint(3) unsigned NOT NULL,
  `district_name_eng` varchar(50) COLLATE utf8mb4_unicode_ci NOT NULL,
  `district_name_bng` varchar(100) COLLATE utf8mb4_unicode_ci NOT NULL,
  `bbs_code` varchar(4) COLLATE utf8mb4_unicode_ci NOT NULL,
  `map_lat` varchar(191) COLLATE utf8mb4_unicode_ci DEFAULT NULL,
  `map_lng` varchar(191) COLLATE utf8mb4_unicode_ci DEFAULT NULL,
  `map_path` text COLLATE utf8mb4_unicode_ci,
  `map_path_new` text COLLATE utf8mb4_unicode_ci,
  `map_text_transform` text COLLATE utf8mb4_unicode_ci,
  `status` tinyint(4) NOT NULL DEFAULT '3' COMMENT '0=Pending, 1=Delete, 2=Inactive, 3=active, 4=PreviousActive',
  `created_by` int(11) NOT NULL,
  `modified_by` int(11) NOT NULL,
  `created_at` datetime DEFAULT NULL,
  `updated_at` datetime DEFAULT '2015-05-02 00:00:00',
  PRIMARY KEY (`id`),
  KEY `geo_districts_geo_division_id_foreign` (`geo_division_id`)
) ENGINE=InnoDB AUTO_INCREMENT=65 DEFAULT CHARSET=utf8mb4 COLLATE=utf8mb4_unicode_ci;

--
-- Dumping data for table `geo_districts`
--

INSERT INTO `geo_districts` VALUES (1,1,10,'BARGUNA','বরগুনা','04','34.87675264717151','-96.85198698666875','M762.41 1229.04l6.54 0.64l-0.65 3.22l6.54 -1.93v0.00 -1.29l3.92 -2.57l4.58 1.93l-1.31 5.15l-4.58 0.64l-4.58 6.44l1.96 5.15l-1.31 3.86l-6.54 1.29l-2.62 4.51l-0.65 5.15l1.96 2.57l5.88 -5.79l3.27 -1.29l2.61 1.29l11.11 0.65l0.65 4.50l-6.54 6.44l-1.96 3.86l4.58 2.57v0.00 3.86l-4.58 7.72l-3.92 4.50v0.00 9.65l-6.54 7.72l0.65 7.08l-5.88 1.93l-5.23 3.22l-5.88 -1.29l-4.58 -3.86l-8.50 -1.93l1.96 -3.22l-2.61 -3.22c0.00 0.00 -2.61 -7.08 0.65 -7.08s7.84 -2.57 7.84 -2.57l-4.58 -1.93l-4.58 -0.65l0.65 -6.44l3.27 -3.86l-1.96 -3.22l-1.96 4.50l-3.27 0.65l-0.65 4.50l1.96 1.93l-3.27 3.86l-5.23 -8.37l-1.31 -6.44v0.00 -9.01l0.00 0.00l6.54 -3.22l3.27 -3.86l2.61 1.29l4.58 -9.65l1.96 -5.15l-1.31 -5.79l6.54 0.64l4.58 -5.79l3.92 -2.57l0.65 -5.15L762.41 1229.04L762.41 1229.04z','M372.1,782.1c0.4-1.2,1.3-3.1,2.1-4c0.9-1.1,2.1-1.3,3.2-2.2c0.8-0.7,1.4-1.9,1.9-2.8c1.3-2.3,1.2-5,1.2-7.8\r\nc0-1.5-0.1-2.6,0.7-3.9c0.9-1.5,2.3-2.1,3.3-0.2c0.5,1.1,0.3,3.1,0.8,4.3c0.5,1.2,1.3,2.1,1.9,3.3c2.5-0.4,4-5.3,6.7-2.6\r\nc1,1,0.7,3,2.3,3.4c1.3,0.4,3.2-0.9,4.3-1.4c2.7-1.3,4.5-3,5.6-6c1.2-3.2,1.2-6,0.4-9.1c-0.4-1.6-0.7-2.9-1.7-4.1\r\nc-1-1.2-2-2-2.5-3.9c-0.9-3.5,3.8-4.4,2.3-8.3c-0.6-1.6-2.3-2.1-3.1-3.3c-0.8-1.1-0.3-3.3-1.8-3.8c-2.3-0.9-4.7,5.6-8.1,1.8\r\nc-1.8-2-1.1-6.8-4.8-7.4c-4.1-0.7-4.3,3.9-4.1,6.4c0.1,1.4,0,3.3-1.4,4.3c-2.1,1.6-2.5-0.3-4.1-1.2c-1.7-1-2.5-0.2-3.4-2.5\r\nc-0.6-1.5-0.2-3.5-1-4.7c-1-1.6-1.8-1.4-1.8-3.8c0-1.6,0.3-3.6,1.5-4.7c1.2-1.1,2.3-0.7,2.6-2.9c0.2-1.8-0.1-2.8,0.6-4.6\r\nc1.1-2.6,2.3-5.3,4-7.7c1.6-2.2,3.4-4.6,5.2-6.5c-0.1-0.4,0-0.9-0.1-1.2c-0.5-0.7-0.8-0.8-1.5-1.2c-0.7-0.5-1.5-0.9-2.3-1.1\r\nc-1.6,1.1-2.4,2.3-2.8,5c-0.6,3.3-3.3,5.2-5.8,7c-2,1.5-5.5,3.4-7,5.6c-1.7,2.5-1.4,5.6-5,6.6c-0.9,0.3-1.5,0.2-1.9-0.1\r\nc-0.4,2.9-1.5,5-3.9,6.9c-5.8,4.5-2.9,11.7-6.4,17.1c-2.7,1.1-2.1-3.2-4.7-2.2c-1.6,0.6-1,4.3-1.9,5.8c-0.8,1.4-2.9,3.4-4.7,4.2\r\nc0.6,1.8,1.1,3.7,1,5.8c-0.3,5.2,0.2,7.4,2.7,11.9c2.3,4,2.2,7.5,2.5,11.7c0.2,2.1,0,4.4,0.9,6.3c0.9,2,2.8,3.1,4.1,4.7\r\nc1.4,1.7,3.2,10.9,5.2,3.8c0.6-2.2,0.2-4.5,1-6.6c0.8-2,2.1-4,3-6c1.8-3.7,3.3-7.5,3.7-11.5c0.5-5-2.7-9.2,0.7-13.8\r\nc1.2-1.6,2.9-2.8,4.1-4.4c1-1.5,2.3-5.8,3.6-6.2c0.8,3.9-2.1,7.7-4.2,10.9c-2.8,4.5-0.9,7.5-0.8,12.1c0.2,4.3-3.2,7.4-3.2,11.8\r\nc0,2.5,0.1,4.2-0.7,6.6c-0.3,1-2.4,4.2-1.9,5.2c0.1,0.2,0.2,0.5,0.3,0.8c3.6,0.3,6.6-2.9,9.8-4.6c0.2-0.2,0.4-0.4,0.6-0.6\r\nC371.2,784.9,371.6,783.8,372.1,782.1z','1 0 0 1 345.7 760.2999',1,1,1,'2012-05-02 00:00:00','2012-05-02 00:00:00'),(2,1,10,'BARISAL','বরিশাল','06','36.000279854608614','-95.88014916327032','M761.41 1229.62l6.01 -3.19l6.01 -2.73l1.85 -5.01h2.77 0.00l0.93 -1.36l5.55 1.36l0.92 -3.19h3.24 0.00l-0.46 -2.73l-5.55 -0.91l1.39 -2.73l2.31 0.46l-0.46 -2.27l-7.40 -0.91l-1.85 -2.27l-3.70 -0.46l0.46 -2.73l1.85 -1.36l-4.16 -5.01h-3.23 0.00l-1.85 -2.27l-6.01 3.64l-7.39 -1.36l-0.46 -1.82h-1.85 0.00l-2.77 -4.55h-3.23 0.00l0.46 -4.55l-2.77 -3.64v0.00 -5.46l4.16 -4.55l0.46 -2.27l4.16 -2.28l0.92 -2.27l4.16 -0.45v0.00 -5.46l5.55 0.46l1.85 -2.73l2.31 0.91l-0.46 10.92l6.47 2.73l3.70 -0.91l2.31 -1.36l2.77 1.82l1.39 -3.19l5.55 -2.73l6.47 1.37l6.47 3.64l4.62 4.10l5.55 2.27l5.55 2.28l4.16 3.64l2.77 6.37l-2.77 3.19l-4.62 2.27l-7.86 5.46l-4.16 4.10l-0.46 3.19l-5.55 0.91l3.24 5.01l-1.39 3.64l0.46 4.10l1.85 2.73l-5.55 0.46l-5.08 2.73v0.00 3.19l-0.93 3.19l-3.23 -0.91l-2.77 -0.46l-6.01 -2.73l-3.23 1.82l-0.46 2.28l-5.55 2.27l-0.46 -4.10L761.41 1229.62L761.41 1229.62z','M429.8,623.5c-1.4,2.4-3.7,0.4-5.2,1.7c-1.8,1.6,1.8,2.9,3,4c2,1.8,5.2,8,8.7,6.4c2.6-1.2,0.7-3.2-0.1-4.9\r\nc-1.2-2.9,0.1-2.6,1.5-4.7c3.3-4.8-0.6-9.1-5.4-5.4c-1.3,1-1.9,2.6-3.2,3.4 M422.7,634.8c0.7-3.6-5.5-6.9-8.3-3.9c-2.8,3,2.2,8.4,1.2,12.2c-1.1,4.2-4.7,5.6-3,10.4\r\nc0.9,2.4,2.5,10.1,5.8,9.4c7.5-1.6-0.8-16.5,8.5-17.9c1.6-0.2,3.4,0.6,4.7-0.7c1-1,1-4.2,0.2-5.2\r\nC429.5,636.2,424.8,637.8,422.7,634.8 M453.2,649.1c1.7-0.8,2.8,2.2,1.4,3.3c-1.3,0.9-4.7-0.2-6-0.6c-4.3-1.5-7.6-0.1-9.7,4.2\r\nc-1.6,3.4-5.3,6.5-5.2,10.2c0,1.2,0.8,4.9-1.4,5.2c-2.2,0.4-2.8-3.9-3-5.2c-0.4-2.5-0.3-3.2,0.5-5.5c0.5-1.6,0.4-3.6,1.2-5.1\r\nc1.4-2.5,2.4-1.6,2.2-4.5c-0.2-2.6-1.1-2.9,1.6-4.1c3-1.4,6.6-3.2,9.9-3c1.7,0.1,3.5,0.7,4.7,1.6c1.4,1,2.3,2.8,4.1,3.4 M446.3,630.1c2.1-0.5,3.2,3.8,4.3,5.3c1.3,1.8,4.5,3.1,3.6,6c-1,3.4-3.8-1.8-5.1-3.1\r\nc-1.3-1.3-1.6-0.7-2.3-2.7c-0.6-1.4-0.6-3-1.3-4.3c0.4-0.2,0.7-0.5,1.1-0.6 M438.6,603.4c-0.1-0.3-0.1-0.5-0.2-0.8c-1.1,0.2-2.1,0.3-2.8,0c-0.6-0.2-1.3-1.7-1.8-2.1\r\nc-0.7-0.6-1.8-1.1-2.7-1.6c-0.9-0.5-1.7-1-2.6-1.4c-0.4,0.2-1.1,0.4-2.1,0.8c-1.8,0.8-3.1,1.8-5.3,1.9c-2.8,0.1-3.4,0.1-5.7,1.8\r\nc-1.1,0.8-4,2.9-5.5,2.7c-1.7-0.2-2.4-2.9-3.6-4.2c-2-2.2-4.8-2.6-7.5-3.5c-0.3,0.3-0.8,0.5-1.3,0.7c-2.4,0.9-4.2-0.2-5.1,2.9\r\nc-0.8,2.8,1,3.4,1.6,5.5c1.6,5-4.5,4.7-7.6,4.7c-2.5,0-3.7,0.4-5.8-0.9c-1.8-1.1-2.8-2.3-5-2.6c-3.3-0.5-9.2,0.8-12.3-1.4\r\nc-0.4-0.3-0.5-0.2-1,0c0-0.1,0-0.3,0-0.4c-0.8,0.4-1.7,0.9-2.3,1.5c-1.5,1.5-2,3.6-3.8,4.9c-1.6,1.2-3.6,1.2-5.2,2.3\r\nc-1.7,1.2-2.6,2.8-4.9,3.5c-2.1,0.6-4.7,0.1-6.6,0.9c-1.6,0.7-3.3,2.6-4.5,3.8c-1.7,1.7-3.1,3.3-4.8,4.4c2.6,1.5,5.1,1,6.5,4.4\r\nc0.4,1,0.5,1.6,0.8,2c0.3,0.4,0.8,0.7,1.8,1.1c1.4,0.4,2.9,0.9,4.3,1.2c2.9,0.6,6.5-1.4,9,0.6c2.2,1.7,3.2,4,6,5.3\r\nc1.3,0.6,2.6,0.9,3.9,1.6c1.4,0.8,1.7,1.6,2.9,2.5c1.1,0.8,2.1,1.1,3,1.1c1.6,0,3.2-0.9,5.2-1.5c1.6-0.5,2.7-0.6,4.1,0.7\r\nc1.1,1.1,1.1,2.7,2.7,3.3c1.6,0.6,2.9,0.1,4.3,1.2c1.1,0.9,1.5,2.4,2.5,3.3c1.8,1.6,5.5,3.6,8,3.2c2.2-0.4,4.5-2.1,6.9-0.3\r\nc2,1.5,0.5,4.1,0.2,6c-0.2,1.2-0.2,2.3-0.3,3.5c0,1.1,0.6,2.1,0.6,2.9c-0.1,1.7-2.9,3.4-2.5,4.8c-1.5,1.7-3.5,2.9-5.3,4.1\r\nc-1.8,1.2-3.1,3-4.7,4.4c-1.8,1.5-3.9,2.7-5.4,4.5c-1.1,1.2-5.4,4.2-4.9,6c0.3,0,0.6,0.1,0.9,0.2c0.8,0.2,1.6,0.6,2.3,1.1\r\nc0.7,0.5,1,0.5,1.5,1.2c0.2,0.3,0.1,0.8,0.1,1.2c0,0.2,0.1,0.3,0.2,0.5c2.1,2.1,5.1-0.9,6.4-2.1c3.3-3.1,4.5-1,7.3,1.3\r\nc2.5,2,5.8,0.1,8.8-0.2c3.2-0.3,5.8-0.3,7.2-3.5c0.7-1.6,0.6-3.4,1-4.9c0.9-3.2,4.1-6.1,7.6-6.1c1.7,0,2.8,0.8,4.3-0.5\r\nc0.5-0.4,0.9-0.9,1.2-1.4c1.4-2.4-0.2-5-2.1-7.1c-2.2-2.3-5.2-2.9-8.1-4.1c-2.6-1-4.8-3-6.2-5.5c-3-5.4-6.6-11.2-4.3-17.3\r\nc1.1-2.9,1.4-6.5,0.1-9.6c-1.2-3-3.8-4.7-1.9-8.1c1.7-2.9,4.7-2.8,7.5-3.7c3.5-1.1,3.3-3.7,4.7-6.4c0.6-1.2,1.4-3,2.4-3.9\r\nc1.4-1.2,2.7-0.5,4.3-0.8c1.4-0.3,2.4-1.4,3.9-1.7c1.6-0.4,3.4,0,5-0.4c2.8-0.7,5.1-2.9,4.6-6C438.8,604.2,438.8,603.8,438.6,603.4\r\nL438.6,603.4C438.6,603.4,438.6,603.4,438.6,603.4z','1 0 0 1 368.5106 632.7006',1,1,1,'2012-05-02 00:00:00','2012-05-02 00:00:00'),(3,1,10,'BHOLA','ভোলা','09','35.31295646162979','-94.40085314738911','M807.51 1277.31l5.88 -6.44l5.23 -7.72l0.65 -11.58l-0.65 -8.37l-2.61 -7.08l-2.61 -7.08v0.00 -7.08l-4.58 -3.86l-4.58 -5.15l0.65 -5.79l3.92 -6.44l5.88 -3.22l2.61 -3.22l9.15 -0.64l1.96 7.08l3.92 14.16l6.54 7.72l4.58 5.79l2.62 3.86l-0.65 7.08l-1.96 1.93v0.00 8.37l-2.61 5.79l-1.31 4.50l-1.31 5.79v0.00 5.79v0.00 4.50l-4.58 3.22l-2.61 5.15l-7.84 2.57l-0.65 3.86l-3.92 1.93l-5.23 3.22c0.00 0.00 -1.96 -0.64 -1.96 -3.22s-1.96 -5.79 -1.96 -5.79l3.27 -4.50L807.51 1277.31L807.51 1277.31z','M443.3,661.8c-3.4,2.6-2.8,7.3-2.8,11.5c0,4.1-2.5,8.2-0.9,12.1c1.6,3.9,5.5,5.6,8.5,8.5\r\nc6,5.6,6.8,15.8,8.3,23.3c1.7,8.3,4,16.3,3.6,25c-0.2,3.2-0.8,6.4-2.5,9.3c-1.4,2.5-3.4,4.7-4.4,7.4c-1.3,3.4-0.5,6.6,3.1,7.5\r\nc1.6,0.4,3.4-0.4,4.1,1.6c0.6,1.5-0.6,4.4-0.6,6.1c0,2.5-0.1,4.6,1.7,6.5c1.1-0.8,1.4-2.8,2.5-3.3c1.5-0.6,3.5,1.2,5.4,0.8\r\nc0.9,0.9,1,2.2,0.9,3.5c3.6,0.1,5.6-7.4,7.2-10.1c2.4-4.2,2.2-7.8,2.4-12.6c0.2-4.5,0.8-8.5,0.6-13.2c-0.1-2.6-0.6-3.9,0.2-6.3\r\nc0.6-1.7,1.5-3.4,1.7-5.2c0.6-5,1.3-11.3,0.8-16.5c-0.3-3-1.9-5.1-3.8-7.2c-1.8-1.9-5.8-3.2-6.7-5.8c-0.5-1.4,0.4-3.5,0.1-5.1\r\nc-0.3-1.8-1.1-3.4-2.1-4.9c-1.4-1.9-0.8-3.3-2-5.2c-0.9-1.5-3-2.5-4.5-3.2c-3.4-1.7-5.8-3.3-6.5-7.2c-1.2-5.9-2.2-10.6-5.3-15.9\r\nc-1.2-2-0.9-6.9-3.7-6.9C446.2,656.4,445,660.5,443.3,661.8z M462.2,673.2c-1.4,2.1-0.2,5.8,0.6,8.5c5.5,3.7,1.6-11-0.6-8.2 M483.1,692.2c-1.3-1.5-2.8-1.2-4.6-1.1c-1.3,2.2,0.1,2.7,1.3,4.3c1.1,1.5,1.2,3.9,3.1,4.5\r\nc2.1,0.6,3.3-1.7,3-3.6c-0.2-1.6-2-2.8-3-4.1 M501.5,735.3c-0.5,2.7-0.5,5-2.8,7.3c-1.2,1.2-2.7,1.5-3.3,3.1c-0.5,1.4-0.2,3.7,1.7,3.5c1-0.1,5-5.2,5.6-5.9\r\nc1.4-2,1.7-6.7-1.4-7.2 M502.3,755.6c3.6-3.1-4.6-6.1-6.1-0.8c-0.6,2.2,0.1,4.4-0.9,6.6c-0.8,1.8-2.4,3.1-2.9,5\r\nc-0.6,2.1,0,4.1,0.2,6.3c0.2,1.6-0.2,5.8,2.1,3.5c1.6-1.6,0.6-4.5,1.1-6.3c0.5-1.8,1.2-4.2,1.9-5.8\r\nC498.9,761.8,503,758.2,502.3,755.6 M455.1,772.3c0.5-2.8-4-1.3-4.9,0.6c-0.9,1.9-0.2,6.3,0.2,8.5c0.9,4.3,2-1.1,3.3-2.8c1.1-1.6,1.9-1.1,2.2-3.2\r\nc0.2-1.3,0.1-3.1-1.1-3.3 M463.9,788.8c0-0.4,0-0.7,0-1c-4.2-1.5-4.7,2.1-5.4,5.2c-0.4,1.6-0.6,2.8-1.6,4.2c-0.9,1.3-2.9,2-2,4\r\nc3.6-2.4,10.7-6.9,8.8-12.1 M492.7,737.2c-2.7-1.2-2.3,2.4-2.9,3.9c-0.7,1.5-3.4,3.1-1.5,4.9c1.8-0.7,5.1-5.7,4.6-7.7\r\nc-0.3-0.1-0.5-0.2-0.8-0.3 M487.2,731.7c-1-0.1-2.7,6.6-3,8.2c2.5,1.5,5-6.4,2.4-7.9 M506.4,743.2c-1,0.5-1.7,6.4,0.2,7.4c0.6-1.4,1-6.6-0.8-6.8','1 0 0 1 459.3449 724.716',1,1,1,'2012-05-02 00:00:00','2012-05-02 00:00:00'),(4,1,10,'JHALOKATI','ঝালকাঠি','42','35.695046894678406','-96.55351893199672','M745.69 1246.46l-2.31 1.82l-0.92 -3.64l3.23 -4.10l-1.39 -6.83l2.77 2.73l3.23 -1.82l1.85 1.82l5.55 -3.64l0.46 -2.73l-7.39 -2.27l-0.46 -8.65l4.62 -1.36v0.00 -3.19l-3.23 -3.64l5.08 -2.73l0.46 -3.64l4.16 -2.27l-0.46 -1.36l2.31 -0.91l0.46 -2.27l-3.23 -1.82l3.23 -2.73l1.85 -0.91l0.92 2.73h2.77 0.00l1.85 -0.91l3.70 4.10l-1.39 1.82l-0.46 2.27l0.92 1.36h2.77 0.00l1.39 2.27l7.86 1.36l0.46 1.82l-2.31 0.46l-1.39 2.27l5.08 0.91l0.46 2.27l-4.16 0.91c0.00 0.00 0.93 2.73 -0.92 2.73c-1.85 0.00 -3.70 -1.82 -3.70 -1.82l-1.39 1.82l-2.77 -0.45l-1.39 2.73l-0.93 2.73l-3.23 1.36l-5.08 3.19l-3.24 2.27l-0.46 3.19l-0.93 5.46l-3.70 2.27l-1.85 4.10l-2.31 2.73L745.69 1246.46L745.69 1246.46z','M370.1,652.3c0.8,3.9-1.5,5.3-3.2,8c-2.2,3.6,1.4,17.2-5.9,16.1c-3.4-0.5-5.3-1.7-7.3,2.5\r\nc-1.6,3.3,1.6,4.1,2.5,7c0.5,1.6-0.2,3.2,0.5,4.7c0.7,1.6,2,2.2,3.7,2.1c1.7-0.1,3-1.3,4.5,0.1c1.2,1.1,0.7,2.4-0.4,3.8\r\nc-2.1,2.8-5,2.1-8.3,2.4c-3.6,0.2-4.5,2.6-4.5,6.2c0,1.8-0.1,2.8-0.7,4.5c-0.6,1.9-0.4,2.7,1.5,3.8c1.4,0.9,3,1,4.3,1.8\r\nc0.9,0.5,1.3,1.2,1.8,1.5c0.4,0.3,1,0.4,1.9,0.1c3.6-1,3.3-4.1,5-6.6c1.5-2.1,4.9-4,7-5.6c2.4-1.8,5.2-3.7,5.8-7\r\nc0.4-2.7,1.2-3.9,2.8-5c-0.3-0.1-0.6-0.1-0.9-0.2c-0.5-1.8,3.8-4.7,4.9-6c1.5-1.8,3.6-3,5.4-4.5c1.7-1.4,3-3.2,4.7-4.4\r\nc1.8-1.2,3.8-2.4,5.3-4.1c-0.5-1.4,2.4-3.2,2.5-4.8c0-0.8-0.6-1.9-0.6-2.9c0-1.2,0.1-2.3,0.3-3.5c0.3-1.9,1.8-4.5-0.2-6\r\nc-2.3-1.8-4.7,0-6.9,0.3c-2.5,0.4-6.2-1.6-8-3.2c-1.1-0.9-1.4-2.4-2.5-3.3c-1.4-1.1-2.7-0.6-4.3-1.2c-1.6-0.6-1.6-2.2-2.7-3.3\r\nc-1.4-1.3-2.4-1.2-4.1-0.7c-2,0.6-3.6,1.4-5.2,1.5c0,0.5,0,1.1,0,1.7C369,649.7,369.8,650.8,370.1,652.3z','1 0 0 1 356.1998 690.5247',1,1,1,'2012-05-02 00:00:00','2012-05-02 00:00:00'),(5,1,10,'PATUAKHALI','পটুয়াখালী ','78','35.26389121202776','-95.52078791937397','M783.33 1282.46l1.31 -6.44l-4.58 -2.57l7.19 -7.72l1.96 -1.93l-1.31 -5.15l-9.80 0.64l-3.27 -1.93l-9.15 5.15l-1.31 -3.22l0.65 -6.44l8.50 -1.93l1.31 -3.86l-2.61 -5.79l5.23 -5.79l3.92 -0.64l1.96 -5.15l5.88 0.64l1.96 -5.79l9.15 -2.57l0.65 -4.50l4.57 4.50l3.92 5.15l-0.65 6.44l5.23 1.93l3.27 10.30l-4.58 2.57v0.00 5.79l-3.92 7.72l-2.61 7.08l-1.31 3.86l1.31 9.01l-11.77 3.86L783.33 1282.46z','M429.5,786.1c-2.2-0.2-6,2.6-8.2,3.6c-3,1.3-6.5,2.7-8.5,5.8c-1.6,2.4-2.6,5.8-3.6,8.5\r\nc-1,2.7-2.7,5.9-1.5,8.7c4.4,0.6,4.5-7.6,5.5-10.1c0.8-1.9,1.9-4.5,3.2-1.4c0.9,2.3-0.8,3.8,2.7,4.7c8.3,2.2,13.5-10.7,11.7-17.7\r\nc-0.3-1.1-1.2-3.4-2.3-1.6 M441.4,763c-2.2,1.6,1,4.7,1.4,6.6c0.6,2.7-0.1,5.9-1.2,8.2c-1.6,3.4-9.1,9.7-4.9,13.4\r\nc1.8-0.5,1.7-2.1,2.5-3.5c0.8-1.5,1.7-2.1,2.9-3.3c2.3-2.3,3.7-4.4,4.7-7.4c1.1-3.4,0.9-5.4-0.5-8.6c-0.6-1.4-3.6-8.3-5.5-4.3 M436.1,769c-3.1,0.3-1.1,4.4-1.6,6.3c-0.4,1.3-3.7,5.7,0.3,3.8c1.3-0.6,3.6-4,3.8-5.5\r\nc0.3-1.9-1.2-5.4-3.5-4.4 M446.8,791c-2.7,0.9-5.2,3.6-7.5,5.2c-3.9,2.7-4,3.9-3.7,7.9c2,0.4,2-1.6,3.3-2.6c1.5-1.3,3.5-1.3,5.1-2.6\r\nc1.3-1,6.7-7.6,2.5-7.9 M448.8,711.9c-3.1,1.1-0.9,5.9-0.2,8.2c1.4,0.9,1.9,4,2.7,4.4c2.2,1.1,2.2-2.3,1.9-3.5\r\nc-0.5-2.2-2.1-2.5-2.9-4.2c-0.9-1.7,0.2-3.8-1.7-4.9c-0.5,0-0.3,0.3-0.6,0.6 M452.9,732.5c-1.2,0.7-4.1,7.7-0.6,6.8c0,0,2.5-3.1,2.5-3.2c0.4-2-0.8-3-2.7-3 M453.7,741.3c-2,0.9-3.5,8.7,0.6,5c0.7-0.7,2-2.5,1.8-3.4c-0.3-1.3-2.1-2.3-3.2-1 M449.3,750.4c-5-0.8-1.8,4.9-3.9,6.9c3.1,3.2,8.2-6.9,2.8-6.3 M427.9,680.5c-1.5,1.3-2.6,0.5-4.3,0.5c-3.5,0-6.7,2.9-7.6,6.1c-0.4,1.6-0.3,3.4-1,4.9c-1.4,3.2-4,3.2-7.2,3.5\r\nc-2.9,0.3-6.3,2.2-8.8,0.2c-2.8-2.3-4-4.3-7.3-1.3c-1.3,1.2-4.3,4.2-6.4,2.1c-0.1-0.1-0.2-0.3-0.2-0.5c-1.8,1.9-3.7,4.2-5.2,6.5\r\nc-1.7,2.4-2.9,5.1-4,7.7c-0.7,1.7-0.4,2.8-0.6,4.6c-0.3,2.2-1.4,1.8-2.6,2.9c-1.2,1.1-1.5,3.1-1.5,4.7c0,2.4,0.8,2.2,1.8,3.8\r\nc0.8,1.3,0.4,3.3,1,4.7c0.9,2.3,1.6,1.5,3.4,2.5c1.6,0.9,2,2.7,4.1,1.2c1.5-1.1,1.5-2.9,1.4-4.3c-0.2-2.4,0-7.1,4.1-6.4\r\nc3.6,0.6,2.9,5.4,4.8,7.4c3.5,3.8,5.8-2.7,8.1-1.8c1.4,0.5,1,2.7,1.8,3.8c0.8,1.2,2.5,1.7,3.1,3.3c1.5,3.9-3.2,4.8-2.3,8.3\r\nc0.5,1.9,1.5,2.6,2.5,3.9c1,1.2,1.3,2.5,1.7,4.1c0.8,3.1,0.8,5.9-0.4,9.1c-1.1,2.9-3,4.7-5.6,6c-1.1,0.5-3,1.8-4.3,1.4\r\nc-1.6-0.5-1.3-2.4-2.3-3.4c-2.7-2.7-4.1,2.2-6.7,2.6c-0.6-1.1-1.4-2.1-1.9-3.3c-0.5-1.2-0.3-3.2-0.8-4.3c-0.9-1.9-2.3-1.3-3.3,0.2\r\nc-0.8,1.3-0.7,2.4-0.7,3.9c0,2.8,0.1,5.5-1.2,7.8c-0.5,0.9-1.1,2.1-1.9,2.8c-1,0.9-2.3,1.1-3.2,2.2c-0.8,1-1.7,2.8-2.1,4\r\nc-0.6,1.7-1,2.8-2.4,4.2c-0.2,0.2-0.4,0.4-0.6,0.6c-2.1,2.3-2,4.4-3.1,7.4c-1.2,3.3-0.2,6.1-0.7,9.6c-0.4,2.6-1.5,7.2,0.3,9.5\r\nc2.3,2.9,5.3-0.9,6.8-2.5c3.2-3.4,5.4,0.2,4.4,3.5c-2.3,7.7,5.8,10.3,11.8,7.4c2.4-1.1,5.8-2.1,7.7-4.2c2.2-2.4,3-5.5,3.3-8.6\r\nc0.6-6.3,4.9-10.1,8.7-15c2.4-3.1,3.8-7.3,4.7-11.2c0.5-2.1,0.4-4.5,0.4-6.8c0-2-0.9-4.5-0.6-6.5c0.3-0.1,0.5-0.2,0.7-0.2\r\nc1.8,3,4,9.3,8.5,8.6c6.7-1,9.3-10.3,13.2-14.8c2.1-2.5,3-4.5,4.1-7.5c1.1-2.9,2.4-6.1,4.4-8.4c2.1-2.5,3.8-4.9,4.3-8\r\nc0.6-3.5,0.5-6.8-0.6-10.3c0,0,0,0,0,0c-1-3.3-2.6-6.3-3.5-9.6c-0.4-1.4-0.8-2.4-0.8-4.2c0-2,0.2-4.1,0-6.1c-0.4-3.2-2.9-4.3-4.5-7\r\nc-1.6-2.6-1.8-6.6-2.7-9.6c-0.9-3.3,0.1-6.9-1.7-9.8c-1.2-1.9-3.1-2.9-5.2-3.3C428.8,679.6,428.5,680.1,427.9,680.5z','1 0 0 1 382.6753 721.999',1,1,1,'2012-05-02 00:00:00','2012-05-02 00:00:00'),(6,1,10,'PIROJPUR','পিরোজপুর ','79','35.50641943869441','-97.38986664140235','M727.21 1273.31l-0.92 -6.83l-2.77 -3.64l0.46 -6.83l3.70 -6.37l-0.92 -4.10v0.00 -6.37l3.23 -3.64h1.85 0.00l-2.31 -2.27l-5.55 -8.65l6.47 3.64l4.16 3.64l-0.46 -4.10l-1.85 -5.01l2.31 -3.19l-2.31 -6.37v0.00 -6.83l-1.85 -1.82l-6.47 -0.91l-0.46 -5.01l7.40 -2.73v0.00 -7.74l-0.46 -1.82l0.92 -1.36l0.46 -3.19l6.93 0.91l2.31 -3.19h0.46 0.00l3.23 4.10l-0.46 4.55h2.31 0.00l2.77 4.10h2.77 0.00l0.92 2.73l6.93 1.36l3.23 0.91l-0.46 2.28l-1.85 0.46v0.00 2.27l-3.23 2.27l-0.92 3.64l-5.08 3.19l2.77 2.73v0.00 3.64l-4.62 0.91v0.00 9.10l7.39 1.37l0.92 0.91l-0.92 2.27l-4.62 4.55l-2.77 -2.28l-2.31 1.36l-2.77 -1.36l0.46 5.46l-2.77 4.10l0.46 3.64l2.77 -1.37l0.92 5.46l-1.39 2.73l-1.39 6.37l-3.23 5.92l-3.23 0.46l-5.55 5.92L727.21 1273.31L727.21 1273.31z','M341.8,744.2c0.9-1.5,0.3-5.2,1.9-5.8c2.6-1,2,3.3,4.7,2.2c3.5-5.4,0.6-12.6,6.4-17.1c2.4-1.9,3.5-3.9,3.9-6.9\r\nc-0.6-0.3-0.9-1-1.8-1.5c-1.3-0.8-2.9-0.9-4.3-1.8c-1.9-1.1-2.1-1.9-1.5-3.8c0.6-1.8,0.7-2.7,0.7-4.5c0-3.6,0.9-6,4.5-6.2\r\nc3.2-0.2,6.2,0.4,8.3-2.4c1-1.3,1.5-2.7,0.4-3.8c-1.5-1.4-2.9-0.2-4.5-0.1c-1.7,0.1-2.9-0.5-3.7-2.1c-0.7-1.5,0.1-3-0.5-4.7\r\nc-1-2.9-4.1-3.7-2.5-7c2-4.1,3.9-3,7.3-2.5c7.3,1.1,3.7-12.5,5.9-16.1c1.7-2.7,4-4.1,3.2-8c-0.3-1.5-1.1-2.6-1.2-4.3\r\nc0-0.6,0-1.1,0-1.7c-1,0-1.9-0.3-3-1.1c-1.2-0.9-1.5-1.7-2.9-2.5c-1.3-0.7-2.6-1-3.9-1.6c-2.8-1.3-3.8-3.6-6-5.3\r\nc-2.5-2-6.1-0.1-9-0.6c-1.5-0.3-3-0.8-4.3-1.2c-1-0.3-1.5-0.6-1.8-1.1c-1.3,2-3.3,4.2-4,6.4c-0.6,1.9,0.2,2.5,0.6,4.2\r\nc0.4,2-0.2,2.8-1.1,4.3c-1.8,3-2.8,5-2.9,8.6c-0.2,3,0.9,6.7,2.5,9c1.9,2.8,3.4,4.9,4.1,8.2c0.3,1.5,0.1,3.2,0.7,4.7\r\nc0.6,1.7,1.7,1.9,2.8,3.1c1.9,2,0.3,4.1,1.1,6.6c0.4,1.3,1.1,2.3,1.8,3.1c0.9,0.9,1.9,1.2,1.6,2.9c-2.3,1.2-5.4-2.4-7.6-3\r\nc-1.5-0.4-7.7-0.3-5.8,3.1c1.1,2.1,7.7,1,6,4.7c-1.2,2.5-5.7,2.4-7.5,4.4c-2,2.1,0.4,4,1.6,5.6c1.6,2.2,1.1,5.1,0.4,7.7\r\nc-0.4,1.6-1.1,2.5-2.1,3.9c-1.7,2.5-2.8,5.5-2.9,8.4c-0.1,2.7,1.2,6,2.9,8.2c1.1,1.5,2.3,2.4,2.8,4.3c0.5,1.5,0.4,3.1,0.6,4.7\r\nc0.2,1.4,0.7,2.1,1.4,2.4c0.6,0.3,1.4,0.1,2.3-0.2C339,747.6,341,745.6,341.8,744.2z','1 0 0 1 324.0998 664.3636',1,1,1,'2012-05-02 00:00:00','2012-05-02 00:00:00'),(7,2,20,'BANDARBAN','বান্দরবান','03','33.86276593026216','-87.85416630376045','M1005.44 1313.81l-3.70 4.55l-6.47 -2.73l-1.85 -3.64l-5.55 -8.19l2.77 -3.64h4.62 0.00l1.85 3.64l6.47 0.91v0.00 -3.64l2.77 -7.28l-2.77 -4.55l-1.85 -9.10l-0.92 -4.55l-1.85 -9.10l-1.85 -6.37l1.85 -9.10l5.55 1.82l5.55 -2.73h9.24 0.00l5.55 3.64l8.32 4.55l4.62 10.01l4.62 12.74l-1.85 3.64l5.55 11.83l5.55 15.47l0.93 4.55l-0.93 10.01v0.00 6.37l-0.92 7.28l0.92 9.10l2.77 10.01l0.93 10.01l0.92 8.19l4.62 8.19l-4.62 1.82l-4.62 5.46l-2.77 -1.82l-0.93 -4.55l-2.77 -6.37l0.92 -3.64l-2.77 -0.91l-2.77 1.82l-4.62 0.91l-5.55 -1.82l-0.93 -3.64l-3.70 -9.10l-2.77 -1.82l-3.70 4.55l-1.85 3.64l-3.70 -0.91l-4.62 8.19l-2.77 0.91l-2.77 3.64l0.93 7.28l-2.77 6.37l-0.92 -9.10l-2.77 -7.28l-0.92 -3.64l5.55 -6.37l3.70 3.64l2.77 -5.46l-3.70 -7.28l-3.70 -6.37l1.85 -3.64l-4.62 -4.55l-1.85 -5.46l-2.77 -7.28l4.62 -4.55h7.40 0.00v0.00 -5.46h4.62 0.00v0.00 -2.73L1005.44 1313.81L1005.44 1313.81z','M761.8,869.3c-2-3.5-2.7-7.3-4.1-11c-1.5-3.9-3.4-8.3-4.6-12.2c-0.9-3-0.6-6.6-1.1-9.7\r\nc-0.6-3.6-1.3-7.1-1.8-10.7c-1.2-7.8-1.9-16.1-1.7-23.9c0.1-4.3,0.1-8.8-0.6-13c-3.4-0.1-4.3-7.2-5.2-9.5c-1.4-3.7-3.4-7-5.7-10.2\r\nc-2.6-3.5-3.9-6.9-4.2-11.2c-0.3-4.1-1.9-7.8-2.5-11.8c-0.5-3.5-1.6-6.3-2.5-9.6c-1.8-6.9-3.3-13.3-9.7-17.5\r\nc-3.3-2.2-5.2-5.8-8.4-8.3c-2.9-2.3-7.3-3.4-10.5-3.8c-4.1-0.6-8.1-2.1-11.8,0.6c-3.5,2.5-5.9,6.4-8.4,9.6c-0.8,0.9-1.6,1.5-2.6,1.8\r\nc-0.2,1.8-1.4,3.4-1.4,5.3c0,3.7,2.9,5.7,3.5,9c0.5,2.7-0.1,5.9-0.5,8.6c-0.7,4.5-2.1,7.3,1.3,10.5c1.6,1.5,2.5,2.6,3.3,4.6\r\nc0.4,1,0.3,1.8,1.1,2.7c0.8,0.8,1.9,0.6,2.5,1.6c2.2,3.7-2,7.9-3.6,10.8c-2,3.4-3.7,7.7-8.5,5.2c-2.1-1.1-2.5-2.5-5.2-1.9\r\nc-1.7,0.4-2.5,0.8-3.7,0.6c0,0.4,0.1,0.9,0.1,1.4c0.6,4.1,2.4,7.1,3,11.3c0.3,2.2,0,4.5,0.5,6.6c0.3,0.9,0.3,1.5,1,2.2\r\nc1.8,1.9,0.8,0.6,2.8,0.2c0.9-0.2,1.6-0.8,2.8-0.5c1.3,0.4,1.3,1.8,2.7,1.8c2,0,3.4-2.4,3.4-4.1c0-2.2-1.6-3.7-1.9-5.8\r\nc-0.4-3,1.2-3,3-0.8c1.2,1.6,1.3,3.3,2.4,5c1.2,1.8,2.9,2.4,4.2,3.6c1.8,1.6,2.1,2.8,0,4.3c-2.1,1.6-3.1,0-5,0.2\r\nc-2.3,0.3-2.8,2-3.8,3.6c-1.3,2.2-1.7,2.4-4.4,3c-2.2,0.5-4.6,0.6-4.9,3.6c-0.3,2.6,2.2,3.2,3.2,5.2c2.2,4.2-0.8,8.4,4.4,11\r\nc2,1,3.8,1,4.1,3.8c0.2,2.7-1.8,3.3-3,5.1c-2.4,3.6,4,5.2,6.6,7.3c3.3,2.7,5.8,5,6.1,9.5c0.2,3.6-1.7,9.8-6.3,7.5\r\nc-1.7-0.8-1.8-3.3-3.6-4.1c-2.3-1-3.9,0.6-4.7,2.6c-1.4,3.2,1.1,8.8,1.7,12.1c0.3,1.8,0.6,4.9,1.6,6.3c1.9,2.9,4.1,2.5,3.9,6.6\r\nc-0.1,3.6-2.1,7.1-1.1,10.7c0.4,1.6,1.1,2,1.9,1.7c0.6-0.2,1.3-0.9,2.2-1.7c1.2-1.2,2.6-2.8,3.6-4.2c3.3-4.6-1.6-7.1-2.7-11.2\r\nc-0.5-1.7-0.6-4.9,0.4-6.5c1.3-2,3.8-2.1,5.4-3.4c3.1-2.7,1.9-6.3,2.8-9.8c0.5-2,1.6-2.9,3.9-2.5c1.3,0.2,3.1,2.4,4.7,1.7\r\nc2.4-1,1.5-6.9,3.8-8.9c4.4-3.9,9.7,1.2,11.8,5.1c1,1.9,0.9,3.7,1.4,5.7c0.9,3.6,4.1,5.7,7.7,6.3c4.5,0.7,7.4-3.2,11.7-1.3\r\nc3.5,1.5,5.4,6.2,6,9.8c0.5,3.3-1,10.5,4.2,9.3c2.4-0.5,2.9-2.5,4.6-3.9c1.6-1.3,3.6-1.3,5.3-2.4C767.3,876,763.7,872.6,761.8,869.3\r\nz','1 0 0 1 696.8544 816.1004',1,1,1,'2012-05-02 00:00:00','2012-05-02 00:00:00'),(8,2,20,'BRAHMANBARIA','ব্রাহ্মণবাড়িয়া','12','37.63386563003102','-92.71356716753895','M834.43 1076.26l-5.55 -2.27v0.00 -1.36l-4.62 -3.64l1.39 -3.64l4.16 -5.01l0.46 -6.37l3.23 -1.82l1.39 1.82h4.16 0.00l1.39 -1.37l7.86 0.91v0.00 -3.19l2.77 -0.91l1.85 -7.74l3.70 -0.91l-2.31 -4.10l4.16 -5.92l5.08 -2.27l-0.46 -1.82l2.77 -2.73l-0.92 -4.55l-2.77 -0.46l-2.77 -5.01l3.70 -4.55l6.47 0.91l2.31 -3.64l7.86 -2.73l7.86 2.27l4.16 2.73l5.08 -7.28l3.70 0.91v0.00 2.73l-6.01 4.10l3.70 2.27v0.00 2.28l-4.62 -1.37l-0.46 5.46l2.77 1.82l-3.23 0.91l2.31 7.28l2.31 3.19v0.00 1.36l-1.85 0.91v0.00 3.64v0.00 1.36l-5.08 2.27l1.85 4.55l-3.70 0.91l-2.77 5.46l2.77 3.19l0.46 2.27l-2.31 1.82l-0.93 3.64l1.85 3.64l-2.77 3.64l-1.85 -1.37h-3.23 0.00l-2.31 1.82l0.46 5.46l2.31 0.91l1.39 -1.82l1.39 0.91v0.00 5.92h-1.85 0.00l-3.23 -2.73l-0.93 1.36l-3.70 -3.64v0.00 -3.64h-1.85 0.00l-0.46 -1.82l-3.70 -0.91l2.31 -1.82l-5.08 -4.10l-7.40 -0.46l-3.23 2.73h-5.55 0.00l-2.31 0.46l0.92 3.64l-4.16 0.91l-5.08 -3.64l-2.77 1.82l0.46 1.36l1.39 1.36L834.43 1076.26L834.43 1076.26z','M514.1,389.2c-0.5,0.1-1,0.3-1.4,0.6c-1.2,0.9-1.5,2.9-2.7,3.8c-1,0.8-2.8,1.2-4,1.6c-2.9,1-5.6,2.3-8.5,3.7\r\nc-2.7,1.4-5.9,3.4-4.9,6.8c0.8,2.9,2.8,5.2,3.2,8.3c0.4,2.8-0.5,5.6-1.5,8.1c0.5,0.7,1.2,0.5,2.7,0.4c2.7-0.1,2.9-0.5,5.2-2.3\r\nc1.5-1.2,3.2-1.8,4.7-3c4.7-3.8,6.7-8.8,6.7-14.8c0-1.9-0.8-2.9,0-4.9c0.6-1.4,2.2-2.5,2.7-3.8c0.4-0.8,0.4-1.5,0.4-2.2\r\nC515.6,390.9,514.5,390.3,514.1,389.2z M535,433.1c-0.5-3.4,1.1-6.2,0.2-9.5c-0.8-2.9-3-5-4.6-7.6c-1.5-2.5-3.1-6.1-1.1-8.9c1-1.4,2.5-1.4,3.4-2.8\r\nc0.4-0.7,1-1.5,0.5-2.3c-0.5-0.9-1.6-0.1-2.1-0.8c-1-1.4,0.7-2.6,1.8-3.3c1.5-0.9,2.5-1.4,3.5-3.1c1.8-3-1.8-5.9-4.8-4.4\r\nc-2.6,1.2-3,5.1-5.8,6.3c-3.2,1.3-4.6-1.1-6.3-3c0,0.1,0,0.1,0,0.2c-0.3,2.1,0.4,3-0.9,4.9c-0.7,1.1-6.1,7-2.2,7.2\r\nc3,6.7-7.9,15.3-12.5,18.7c-3.5,2.5-7.1,4.3-5.6,9.3c1.2,3.9,3.4,6.6,3.6,11c0.3,4.9-0.9,5.7-4.4,8.2c-3.1,2.3-3.9,6.1-6.5,8.8\r\nc-2.5,2.5-6.4,2.7-8.9,5.2c-2.3,2.3-2.7,5.1-4.1,7.5c2-0.4,4.1-0.7,6.3-1.1c4.6-0.9,6.1-4.5,10.7-0.9c3.3,2.6,6.1,4.8,8.6,8.3\r\nc2.1,3,5,7.6,8,9.6c1.3,0.9,3.1,1.6,4.9,1.9c2.3,0.4,4.8,0.1,6.3-1.2c4-3.3-1.7-5.6-4.5-7.2c-1.3-0.7-4.6-2.6-4.4-4.4\r\nc0.3-2.4,3.8-2.3,5.2-2.5c1.4-0.2,5.5,0.1,6.5-0.9c1.3-1.3,0.4-4.5,0.6-6.2c0.4-4.2,2.9-7.7,3.3-12.1c0.5-4.5,0.3-8.5,3.2-11.9\r\nc2.5-2.9,2.6-6.4,3.9-9.8C535.9,435.6,535.2,434.6,535,433.1z M489.6,431.3c0.2,2.7-0.4,4.1-2.7,6.3c-2.4,2.3-3,4.5-4.5,7.2c-1.5,2.6-4.4,4.9-6.4,7.2\r\nc-1.9,2.3-3.4,5.5-6.2,6.9c-3,1.5-6.3-1.1-9,0.9c-0.5,0.3-0.9,1.3-1.3,1.5c-1.1,0.6-1.4,0.1-2.4,0.2c-1.7,0.2-2.7,0.8-3.5,2.2\r\nc-1.9,3.2,0.4,5.3,0.5,8.3c0,0,0.1,0,0.1,0.1c1.2-2,2.6-3.6,4-3.2c1.9,0.5,4.4,6.4,5.5,3.6c0,0,0,0,0.1,0c-0.1-0.5-0.2-0.9-0.2-1.4\r\nc0-0.3,0-0.5,0.1-0.9c0-0.2,0.1-0.3,0.1-0.5c0.4-1,1.9-3.2,2.7-3.9c1.5-1.4,2.7-0.9,4.7-1.1c1.6-0.2,3.3-1,4.9-1.1\r\nc1.6,0,3.1,0.9,4.8,0.3c2.7-1,4.3-5.2,7-5.8c0.1,0.5,0.5,0.8,0.6,1.1c0.9-1.7,2-3.7,3-5.3c0.8-1.3,2.5-2.3,3.3-3.8\r\nc0.5-0.8,0.2-2,0.7-2.8c0.4-0.7,1.6-1,2.2-1.7c1.4-1.7,1.2-3.3,0.4-5.2c-0.7-1.7-1.8-3.2-2.6-4.9c-0.4-0.8-0.4-1.8-1.1-2.4\r\nc-0.9-0.7-2.3,0.1-2.9-0.4c-0.9-0.8-1.1-1.3-0.9-1.8c-0.1,0-0.1,0.1-0.2,0.1C490.1,431.3,489.9,431.3,489.6,431.3z','1 0 0 1 501.9131 462.5039',1,1,1,'2012-05-02 00:00:00','2012-05-02 00:00:00'),(9,2,20,'CHANDPUR','চাঁদপুর','13','36.670440633526084','-94.11886222812485','M812.71 1163.63l-4.62 -7.74l-1.85 -4.55l2.31 -6.37l3.23 -5.46l4.16 -4.55l1.39 -4.55l-1.85 -3.64v0.00 -3.19l-3.23 -1.82l-3.23 -0.91v0.00 -3.19l-2.77 -1.36l2.31 -4.55l0.92 -4.55l0.46 -3.64l4.62 -1.36l3.23 -1.36l2.77 -0.46l5.08 4.55l0.46 3.19l5.08 2.27l2.31 -3.19l1.85 1.82l4.62 -5.92l7.86 2.27l0.93 5.92l4.16 2.73l0.46 4.10l4.62 4.10l4.16 5.46l-0.46 3.19l3.70 3.19l-2.77 2.73l0.46 5.92l-1.39 3.19h-3.23 0.00l-1.85 0.91l-2.77 -1.82l-5.08 0.46l-2.31 -3.64h-2.31 0.00l-2.77 1.36l-1.39 4.55l-0.92 3.19l-6.47 2.27h-2.31 0.00l-4.62 2.73h-0.92 0.00l-1.39 -2.73h-1.39 0.00l-1.39 1.82l-0.46 4.55v0.00 2.27l-2.77 3.19L812.71 1163.63L812.71 1163.63z','M426.7,543.7c0.4,0.2,0.8,0.5,1.2,0.8c3.5,2.7,2.4,7.3,4,10.9c1.2,2.6,2,4.6,2.5,6.9c0.5-0.2,0.9-0.4,1.2-0.9\r\nc0.8-1.1,0.6-3,1.4-4.4c1.1-1.9,1.7-2.2,1.7-4.6c0-3.9-1.4-7.5-1.6-11.5c-0.2-4.2-2.1-5.9-3.6-9.6c-0.2-0.5-0.6-1.3-0.9-2.1\r\nc-0.5-1.3-0.8-2.7-0.2-3.6c1.6-2.3,3.6,0.8,5.3,0.5c3.3-0.5,3.1-6.6,3.8-9.1c0,0,0-0.1,0-0.1c-1,2-2.2,3.9-3.5,5.4\r\nc-1.5,1.7-3.4,0.9-5.2,2.3c-0.4,0.3-0.9,0.8-1.4,1.3c-0.8,0.8-1.6,1.8-2.3,2.4c-1.7,1.6-2.2,3-2.4,5.3c-0.3,2.9,0.8,3,1.9,5\r\nC429.9,541.2,428.6,542.9,426.7,543.7z M495.7,557.6c-2-3.4-6.1-4.9-7.4-8.8c-0.8-2.5-0.6-3-2.5-4.9c-1.5-1.5-2.8-2.9-4-4.5c-2.3-3.2-4-5.4-5.8-9\r\nc-1.7-3.5-2.9-8-7.3-7.5c-3.7,0.5-7.2,4.4-10.2,6.6c-1.8,1.3-3.4,2.4-5,3.1c-0.1,1.5-0.3,2.9-0.6,4.1c-1.2,5.2-5.2,4.3-8.6,7.3\r\nc-3.9,3.6-0.8,8.8-2.2,13.2c-2.4,7.6,0.4,11.3,3.3,18.4c1.5,3.7,1.7,7.6,2.7,11.3c2.3,8.5-0.4,2.4,1.3,10.7\r\nc0.9-0.2,1.8-0.4,2.9-0.4c9.4,0.1,12.9-9.6,18.6-14.9c3.2-3,6.5-2.9,10.8-2.1c1.4,0.3,2.6,1.4,3.9,1.9c0.3,0.2,0.7,0.3,1,0.3\r\nc0.7,0.1,1.3-0.1,1.9-0.4c0.9-0.5,1.8-1.3,2.7-2c4.2-3.1,4-5.2,4.2-10.1c0.1-2.3,1.6-4.1,1.9-6.3\r\nC497.8,561.5,496.8,559.5,495.7,557.6z M433.5,575.7c-0.5,1-1.1,2-1.8,3c-2.3,3.5-5.5,6.2-5.4,10.8c0.1,2.4,1.2,3.7,2.1,5.6c0.7,1.6,0.8,2.1,0.2,2.4\r\nc0.8,0.5,1.7,0.9,2.6,1.4c0.9,0.5,1.9,0.9,2.7,1.6c0.5,0.4,1.2,1.9,1.8,2.1c0.7,0.3,1.7,0.2,2.8,0c0.1,0,0.3-0.1,0.4-0.1\r\nc0.4-1.8,0.7-3.5,1.1-5.4c0.6-2.5,1.9-3,3.4-4.9c2.4-3,2.2-7.9,0.3-11.1C441,576.9,437.4,575.9,433.5,575.7z','1 0 0 1 451.7003 566.8002',1,1,1,'2012-05-02 00:00:00','2012-05-02 00:00:00'),(10,2,20,'CHITTAGONG','চট্টগ্রাম','15','34.89653690841774','-89.67466807080918','M955.88 1265.73l-3.92 -2.57l-1.31 -7.72l-0.65 -7.08v0.00 -2.57l-4.58 -7.08l-3.27 -9.01l-5.23 -4.50l-3.92 -5.79l-2.61 -5.15v0.00 -1.93l-2.61 -3.22l-3.27 -2.57l-9.80 -7.08l1.96 -3.22l-4.58 -4.51l0.65 -3.86l1.96 -7.72l6.54 -2.58h2.62 0.00l0.65 -6.44h5.23 0.00l4.58 1.29l2.62 -3.22l7.84 -1.93l3.92 1.93l1.31 3.86l-2.61 4.50l3.27 4.51l3.27 6.44l3.27 5.79l2.61 4.50v0.00 -5.15h5.23 0.00l2.61 1.93v0.00 5.79l4.58 0.64l1.31 6.44l0.65 7.08l1.96 5.15l-0.65 4.50l4.58 3.22l1.31 -3.22l0.65 -3.22l-1.96 -2.58l0.65 -5.79l5.23 -1.93l5.23 5.79l4.58 10.94l1.31 7.72l-4.58 8.37l7.19 5.15l-1.31 5.15l-0.65 3.22l1.96 7.72l0.65 3.22v0.00 3.22l1.96 3.22l-1.31 3.86l1.31 6.44l3.92 7.72l-1.96 3.86l-1.96 2.57l1.96 4.51l-4.57 1.29l-3.92 -1.29l1.31 -3.86h-5.88 0.00l-3.92 3.86l-7.19 1.29l-3.92 3.86l-6.54 3.86l-1.31 -5.15l3.27 -4.51l-5.23 -4.50v0.00 -5.79l-3.92 -5.15l-1.31 -9.01l-3.27 -3.22L955.88 1265.73L955.88 1265.73z','M577,684.7c-1.8-0.8-2.3,2-2.3,3.3c0,1.8,0.2,2.5-0.6,4.3c-1.2,2.7-3.1,5.1-3.7,8c-0.6,3.1-0.6,6.2-0.2,9.3\r\nc0.5,3.3,1.9,5.1,3.4,7.9c1.5,2.7,2,6,3.9,8.4c1.7,2.1,4,4.3,6.3,5.6c6.2,3.3,11.5-2.8,10.1-9.3c-0.3-1.3-1.3-2.4-1.6-3.8\r\nc-0.3-1.6-0.3-3.5-0.4-5.1c-0.1-3-0.9-5.5-2.9-8.1c-2-2.6-4.2-5.2-6.5-7.6c-2.2-2.3-2.1-5.4-3.1-8.2c-0.5-1.5-1.8-4.5-3.6-4.5 M567.7,655.4c-1.3-1.6-6.8-1.3-7.7,1.4c-1.5,4.1,3.3,3.9,5.4,5c2.2,1.1,5.4,4,6.1-0.6\r\nc0.3-2.1-2.7-5.3-4.7-5.5 M558.9,663.1c-3-3.3-9.5,1.2-5.5,3c1.1,0.5,4.8,0.9,6,0.6c3-0.9,1.4-3.1-1.1-3.3 M558.6,671.3c-1.8-2.8-8.4,0.9-3.2,3.5c3.8,1.9,6.7-1.2,2.7-3.8 M565.2,686.4c-0.2-2-6.5-6.4-8.5-6.9c-5.4-1.4-4.4,5.7-4.4,9.1c0,1.6-0.8,5-0.3,6c1.9,4,1.6-2.5,1.6-3.6\r\nc0-1.1,0.5-1.9,0.6-2.7c0-0.4-0.2-2.3,0-2.8c0.9-1.7,3.5-1.9,5.2-1.1c0.7,0.4,0.3,1.2,0.9,1.5c0.4,0.3,1.7-0.1,1.9,0.1\r\nc1,1.2,0.5,1.8,0.9,3.3c1.7,0.1,2.2-1.8,1.6-3 M557.5,688c-1.6,1.1-1.1,4.9,0.1,6c2-0.5,2.2-6.5-0.3-6.2c-0.2,0.4-0.2,0.7-0.3,1.1 M668.2,784.9c0.9,0.2-3.2-9.4-2.7-9.3c1.2,0.2,2-0.2,3.7-0.6c2.7-0.6,3.1,0.8,5.2,1.9c4.9,2.6,6.5-1.8,8.5-5.2\r\nc1.7-2.8,5.9-7.1,3.6-10.8c-0.6-1-1.7-0.8-2.5-1.6c-0.8-0.8-0.7-1.7-1.1-2.7c-0.9-2-1.7-3.1-3.3-4.6c-3.4-3.2-2-6-1.3-10.5\r\nc0.4-2.7,1-5.9,0.5-8.6c-0.6-3.3-3.5-5.3-3.5-9c0-1.9,1.2-3.5,1.4-5.3c0-0.1,0-0.1,0-0.2c0.1-2.2-0.7-4.2-0.8-6.3\r\nc-0.1-2.3,0.2-4.4,0-6.6c-0.2-2.1-0.2-4.2-1.3-6.1c-1.1-1.9-3.1-2.6-2.8-5.2c0.2-2.4,1.7-3.4,1.3-6c-0.3-2.2-0.3-4-0.5-6.3\r\nc-0.1-2.2-1.5-3.4-2.1-5.3c-0.7-2.1-0.2-4.6-0.8-6.8c-0.9-3.2-4.1-8-7.1-9.7c-3.7-2-8.4-2.1-8.9,2.8c-0.1,1.1,0.4,2.5-0.3,3.3\r\nc-1,1.2-1.7-0.3-2.4,0.3c-1.5,1.2-0.8,3.9-2.2,5.7c-0.2,0-0.4-0.1-0.5-0.2c-0.3-2.4,1.2-4.3-0.1-6.7c-1.4-2.6-2.5-2.6-2.2-6.1\r\nc0.3-3.1,0.5-6.8-1.1-9.6c-0.8-1.4-1.9-2.1-3.1-2.5c-1.4-0.5-2.9-0.7-4.5-1.3c-5-2.1-2.1-7.3-4.4-11.3c-2.7-4.5-6.4-2.1-10.6-1.7\r\nc-5.9,0.6-4.7-4.2-6.7-8.2c-1.8-3.7-5.8-5.8-7.6-9.3c-1.8-3.8,0.7-8.4-2.1-12.3c-0.4-0.5-0.7-0.9-1.1-1.1c-2.5-1.6-5.7,1.4-8.2,2.9\r\nc-1.1,0.7-3.8,2.7-5.1,2.9c-2.4,0.3-2.9-2-5.2-2.5c-1.5-0.3-3.1-0.4-4.8-0.3c-1.2,2.5-3.9,4-5.7,6.5c-4.6,6.5-11.3,13-11.7,21.5\r\nc-0.1,2.3,1.8,7.6,0.9,9.9c0.2,0.4,0.5,0.7,0.7,1.1c0.4,0.7,0.9,1.6,1.5,2.3c0.6,0.7,1.4,1.2,2.4,1.1c2-0.3,2.9-3.4,3.2-5\r\nc0.4-2.1,0.9-4.7,1.1-6.7c0.2-1.9-1.1-4.3,1.4-5.5c1.4,1.3-0.5,4.3-0.5,6.1c-0.1,2.2,0.5,3.8,0.9,5.8c1.2,6.1-1.7,11.6,1.2,17.3\r\nc2.5,4.8,6.7,8.3,10.2,12.4c2.8,3.3,6.1,5.6,8.5,9.3c2.2,3.3,4.6,6.4,6.7,9.6c1.1,1.6,2.4,3.3,3.2,4.9c0.8,1.8,1,3.6,2.1,5.3\r\nc1.1,1.6,2.6,2.7,3.9,4.1c3.7,4.3,6.9,8.9,8.4,14.5c0.9,3.6,3.2,5.9,3.7,9.7c0.6,3.7-0.5,8.7,1.5,12c2.3,3.7,3.4-0.5,5.4-1.7\r\nc3.5-2.2,5,3.4,5.7,6.2c0.5,1.9-0.4,3.4-0.5,5.8c0,2.3,0.3,4.5,1.1,6.6c0.7,2.1,1.1,4.4,3.6,3.9c1.8-0.4,3.4-2.7,4.8-3.8\r\nc2.9-2.6,6.7-4.1,10.6-2.1c3.8,1.9,6.3,4.9,10.7,5.2c-2.6,1.3-7.4-2.4-9.7-3.6c-2.4-1.2-7.3-1.2-9.5,0.8c-1.3,1.2-0.9,3.2-1.6,4.7\r\nc-0.8,1.8-1.7,1.8-3.1,3c-1.3,1.1-2.4,1.8-1.9,4.4c0.3,1.5,1.6,3.5,2.7,4.7c0.9,1,5,11.4,5.9,11.4c2.3,0,3.6,1.9,6.3,1\r\nC660.5,785.6,663.7,783.9,668.2,784.9z','1 0 0 1 620 704.9903',1,1,1,'2012-05-02 00:00:00','2012-05-02 00:00:00'),(11,2,20,'COMILLA','কুমিল্লা','19','36.79369340901343','-92.82052281248535','M824.83 1092.44l4.08 -7.40l1.47 -2.25l-1.96 -3.22l0.65 -5.47l5.23 2.25l2.29 -3.38l-1.14 -1.93l-0.33 -1.45l2.12 -1.29l5.39 3.54l4.08 -1.13l-0.49 -3.38l2.45 -0.64l5.39 0.16l2.94 -2.73l7.03 0.48l-1.14 -0.32l4.08 2.25l2.45 2.09l-1.96 1.61l3.43 1.13l0.65 1.61h1.80 0.00l-0.33 3.54l3.76 3.54l0.82 1.61l-0.16 4.18l1.14 2.73l3.76 3.86l-0.16 2.57l2.29 0.81l-1.15 0.96l0.16 1.93l4.74 3.70l2.45 7.88l2.45 7.88l0.41 2.71l-0.57 1.96l0.33 1.61l3.27 1.77l-1.31 1.13l-0.16 1.45l1.14 2.41l0.98 1.29l-0.33 1.61l0.65 12.39l1.63 2.09l1.80 3.54l-0.49 4.02l-3.60 2.09l-4.58 -2.41l-3.92 0.16l-5.88 -0.81l-2.94 -1.93l-2.94 -0.16l-3.43 1.93l-1.14 -0.81h-3.27 0.00l-4.25 -2.09l-2.12 -3.70l-0.16 0.32l-2.61 -0.16l-1.80 -2.57l3.10 -0.81l1.96 -2.73l-0.33 -5.63l2.13 -3.54l-2.45 -2.25l-0.49 -3.54l-2.94 -3.54l-1.31 -2.90l-4.90 -3.54l-0.65 -3.22l-3.43 -2.25l-1.31 -6.28l-6.54 -1.77l-4.74 4.02l-1.80 -1.13l-1.80 3.70h-1.96 0.00l-4.41 -2.41v0.00 -3.06h-0.16 0.00l-2.13 -2.25l-3.10 -3.06l2.61 -1.45l-0.16 -3.06L824.83 1092.44L824.83 1092.44z','M537.7,594.2c2,0,3.3-0.6,5.3-1.4c2.6-1.1,6.9-2.8,7.7-5.4c0.2-0.6,0.2-1.2,0-1.8c-0.5-1.8-1.9-3.2-2.9-4.8\r\nc-1.2-2-1.2-2.8-1.3-5.3c-0.2-4.3-0.9-8.6-1.4-12.9c-0.4-4.2-3.3-6.7-3.6-11c-0.2-4.7-2-7.6-3.3-11.8c-2.4-7.9-2.7-15.8-8.6-22.2\r\nc-1.3-1.4-3-2.2-4.3-3.6c-1.9-2-1.5-3.2-1.6-5.6c-0.1-2.2,0-4-1.7-5.7c-1.7-1.7-3.3-1.6-4.1-4.2c-0.6-2.1-0.2-4.1-1.3-6.1\r\nc0,0,0,0,0,0c-1.8-0.3-3.6-1-4.9-1.9c-3-2-5.8-6.5-8-9.6c-2.5-3.5-5.3-5.7-8.6-8.3c-4.6-3.6-6.1-0.1-10.7,0.9\r\nc-2.1,0.4-4.2,0.8-6.3,1.1c-0.6,0.9-1.2,1.8-2.3,2.6c-1.6,1.3-3.5,2.6-5.5,3.4c-2,0.7-4.1,0.7-6.1,1.8c-4.5,2.7-1,6.9-2.7,10.8\r\nc-1.3,2.9-7.2,6.6-6.6,10.2c0.4,2,3.3,2.9,4.5,4.4c5.8,7.2,0.2,11.5-3.9,17c-1.5,2-1.8,4.9-2.1,7.7c1.7-0.8,3.2-1.8,5-3.1\r\nc2.9-2.1,6.5-6.1,10.2-6.6c4.4-0.6,5.6,3.9,7.3,7.5c1.7,3.6,3.4,5.8,5.8,9c1.2,1.7,2.5,3.1,4,4.5c2,1.9,1.7,2.3,2.5,4.9\r\nc1.3,3.9,5.5,5.4,7.4,8.8c1.1,1.9,2,3.9,1.6,6.3c-0.4,2.2-1.8,4-1.9,6.3c-0.2,4.9,0,7-4.2,10.1c-0.9,0.7-1.8,1.5-2.7,2\r\nc1.4,2,3.3,3.5,5.8,4.4c1.9,0.7,4.1,0.4,6,1.1c1.9,0.7,3.7,1.8,5.7,2.5c7.6,2.9,16.1,2,24.2,3.1c0.5,0.1,0.9,0.1,1.4,0.2\r\nC533.8,593.9,535.3,594.2,537.7,594.2z','1 0 0 1 499.4496 548.6785',1,1,1,'2012-05-02 00:00:00','2012-05-02 00:00:00'),(12,2,20,'COX\'S BAZAR','কক্সবাজার ','22','33.39735057970908','-89.28778441739507','M968.47 1313.81l10.17 -5.46l4.62 -3.64l4.62 -0.91l6.47 10.92l7.39 3.64l2.77 -0.91l1.85 -4.55l4.62 6.37v0.00 2.73h-4.62 0.00l-0.92 6.37h-8.32 0.00l-3.70 4.55l3.70 9.10l7.39 7.28l-2.77 4.55l4.62 7.28l3.70 4.55l-1.85 6.37h-3.70 0.00l-0.93 -3.64l-6.47 7.28l1.85 8.19l5.90 6.74l0.92 4.53l-4.42 5.29l4.05 7.28l6.84 8.56l-4.04 5.09l4.60 7.28l1.90 5.79l-1.78 3.60l2.66 5.91l3.70 9.10l-0.92 4.55l-2.77 -2.73l-3.70 -10.01l-4.62 -5.46l-3.70 -6.37l-2.77 -6.37v0.00 -5.46l-15.71 -18.20l-1.85 -14.56v0.00 -6.37l-2.77 -6.37l-5.55 -7.28l-0.93 -3.64l4.62 -5.46l0.92 -6.37l1.85 -5.46l1.85 -8.19l-0.93 -10.01l-3.70 8.19l-4.62 -2.73l3.70 6.37l2.77 7.28l-4.62 9.10l0.93 0.91l-9.24 -0.91l0.93 4.55h-5.55 0.00l-0.92 -4.55l2.77 -8.19l1.85 -7.28l-4.62 -3.64L968.47 1313.81L968.47 1313.81z','M651.8,830.5c-3.3-1.5-2.1,5.7-2.5,7c-0.8,3.4-4,4.8-5.8,7.6c-1.5,2.4-1.1,6.4,0.4,9c1.9,3.3,3,4.5,3.2,8.4\r\nc0.2,3.3,1.7,7,5.1,8.3c1.3-0.9,1.6-2.1,2.3-3.3c0.8-1.4,1.8-2,3-3.1c2.4-2.3,2.1-5.8,1.5-8.8c-0.3-1.6-0.9-3.2-0.7-4.9\r\nc0.2-1.6,1.2-2.7,1.7-4.1c1-3,0.4-6.3-1.3-8.8c-1.9-2.7-4.2-6.1-7.4-7.3 M646.2,824.3c-0.6,2.6-1.4,5.8-2.9,8.2c-1,1.5-1.6,2.3-1.8,4.1c-0.1,0.8-0.5,4,1.2,3.1c0.8-0.4,1-3.3,1.4-4.1\r\nc0.6-1.3,1.6-2.3,2.5-3.5c0.8-1.2,1.5-2.8,1.6-4.1c0.1-0.9-0.3-4.5-1.8-3.4c-0.1,0.1-0.4,0.7-0.5,0.8 M643.1,800.4c-1.5-2.4-3.9,2.6-4.1,3.9c-0.2,1.4,0,2.9-0.3,4.3c-0.2,1.3-0.9,2.3-1,3.8c-0.3,2.9-0.7,5.2-0.2,8\r\nc0.2,1.3,0.8,2.6,1,3.9c0.2,1.4-0.5,2.8-0.2,4.1c2.8,0.6,3.9-11.6,3.9-13.8c0-1.5,0.2-2.7,0.6-4.1c0.4-1.4,1.2-2,1.8-3.2\r\nc1.1-2.3,0-4.8-1.5-6.6 M684.3,895.1c-1-3.6,1-7.1,1.1-10.7c0.1-4.1-2-3.7-3.9-6.6c-1-1.4-1.3-4.5-1.6-6.3c-0.6-3.4-3.1-8.9-1.7-12.1\r\nc0.9-2,2.4-3.6,4.7-2.6c1.8,0.8,1.9,3.3,3.6,4.1c4.6,2.3,6.5-3.9,6.3-7.5c-0.3-4.5-2.8-6.8-6.1-9.5c-2.6-2.1-9-3.7-6.6-7.3\r\nc1.2-1.9,3.3-2.5,3-5.1c-0.2-2.8-2-2.8-4.1-3.8c-5.2-2.6-2.2-6.8-4.4-11c-1.1-2-3.6-2.6-3.2-5.2c0.4-3,2.7-3.1,4.9-3.6\r\nc2.7-0.6,3-0.8,4.4-3c1-1.7,1.5-3.4,3.8-3.6c1.9-0.2,2.9,1.4,5-0.2c2.1-1.6,1.8-2.8,0-4.3c-1.3-1.2-3-1.8-4.2-3.6\r\nc-1.1-1.7-1.1-3.4-2.4-5c-1.8-2.2-3.4-2.2-3,0.8c0.3,2.1,1.9,3.6,1.9,5.8c0,1.7-1.3,4.1-3.4,4.1c-1.4,0-1.4-1.4-2.7-1.8\r\nc-1.2-0.4-1.9,0.3-2.8,0.5c-2,0.4-0.9,1.7-2.8-0.2c-0.7-0.8-0.8-1.3-1-2.2c-0.6-2.1-0.2-4.4-0.5-6.6c-0.6-4.1,0.1,0.7-0.5-3.4\r\nc-0.1-0.5-7.1-0.4-11.9,2.1c-2.3,1.2-8-2.8-7.7,0.3c0.1,2.2,0.1,1.2,0,3.1c-0.3,5.2,1.1-1.7,3,2.4c1.1,2.3,0.4,3.4,0.6,5.8\r\nc0.1,2.5,2.4,3,2.8,5.2c0.7,4.4-6.3,5.3-4.6,9.8c2.6,1.8,10.6-3.1,10.1,3.1c-0.2,2-2.4,2.8-3.3,4.4c-0.9,1.6-1.1,4.3-0.9,6.3\r\nc0.7,7.7,9.4,12.4,10.5,19.7c0.8,5.3-0.6,8-2.5,12.9c-1.5,3.9-1.6,8.5-0.5,12.6c1.9,7.7,7.7,14.3,8.5,22.5\r\nc1.6,15.7,11.5,29.7,19.8,42.6c2.1,3.3,4.9,6.9,6.5,10.5c1.6,3.7,2.9,7.5,4.9,11c1.7,2.9,4.1,5.7,6,8.6c1.6,2.4,3,5,4.6,7.5\r\nc1.5,2.4,3.3,4.4,4.5,6.8c1.4,2.8,2.5,5.6,3.4,8.6c0.2,0.8,0.5,1.4,0.6,2.2c-0.5-6.1-4.6-11.8-5.8-17.6c-1.2-6-3.8-11.4-4.4-17.5\r\nc-0.4-4-2-7.2-3.4-11c-0.6-1.8-1.3-3.1-2.4-4.7c-1.2-1.8-3.3-2.6-4.4-4.1c-1.4-1.8-0.6-4.9-1.1-7.1c-0.3-1.2-0.6-2.8-1.3-3.9\r\nc-0.7-1.1-2-1.8-2.9-2.9c-0.9-1-4.4-4.7-4-6.2c0.8-2.9,5.7,0.5,7.4,0c0.4-0.9-3.3-5.8-4-7.2c-1.4-2.8-3.7-4.2-5.7-6.5\r\nc-1.7-2.1-3.3-4.6-4.3-7.2c-0.1-0.1-0.1-0.3-0.1-0.4C685.4,897.1,684.8,896.7,684.3,895.1z','1 0 0 1 614 839.8581',1,1,1,'2012-05-02 00:00:00','2012-05-02 00:00:00'),(13,2,20,'FENI','ফেনী','30','36.041100669349916','-91.57465972070382','M900.33 1191.07l-2.61 -3.86l0.65 -3.86l3.92 -7.08l-4.58 0.64l-5.88 -1.29l-1.96 1.93l1.31 -5.15l-0.65 -4.51l1.31 -3.86l-1.96 -7.72l7.19 1.93l3.92 -3.22l3.92 1.29l2.61 -2.57l-1.96 -5.79l-1.31 -3.86v0.00 -3.86l1.31 -5.15l0.65 -4.51l5.88 1.29l3.92 6.44l3.92 7.72l1.31 5.79v0.00 5.15l4.58 6.44l-0.65 4.50l5.23 1.93l-7.19 0.64l0.65 7.08h-5.23 0.00l-3.92 2.57l-1.96 5.79l-4.58 6.44v0.00 4.51l-2.62 -1.29v0.00 -3.22L900.33 1191.07L900.33 1191.07z','M563.8,632.9c0.5-8.5,7.1-15,11.7-21.5c1.8-2.5,4.5-4,5.7-6.5c0.5-0.9,0.7-2,0.7-3.3c-0.2-4.6-4.4-6.3-6-10.2\r\nc-1.8-4.1,0.9-8.4-1.7-12.6c-1.2-2-2.7-2.8-3.3-5.2c-0.5-2-0.1-3.9-0.8-5.8c-1.3-4.1-4.7-6.7-7.5-9.8c-1.5-1.7-1.7-3.2-4.3-2.8\r\nc-2.6,0.3-3.3,1.9-3.6,4.1c-1,7.8-1.8,18.4,2.7,25c1.1,1.5,2.7,2.5,2,4.9c-0.7,2.4-2.8,2.2-4.7,1.4c-1.1-0.5-2.6-2.4-4-3.2\r\nc-0.8,2.6-5.2,4.2-7.7,5.4c-2,0.9-3.3,1.4-5.3,1.4c-2.4,0-3.9-0.3-6-0.6c-0.5-0.1-0.9-0.1-1.4-0.2c0.1,0.2,0.2,0.3,0.2,0.5\r\nc0.7,1.6,1.2,3.5,2,5.2c2.2,4.8-3.2,6.9-2,12.1c0.4,1.7,1.3,3.5,2.7,4.7c2.5,2.3,2.8,0.8,5.3,0.2c2.4-0.6,3.8,0.4,5.2,1.9\r\nc1.1,1.2,3.1,2.7,4.1,3.9c2.8,3.6-4.2,5.5-2.8,9.6c1.3,3.9,6.9,3.3,9.7,5.9c3.1,2.8,5.5,4.8,9.6,5.9c0.2-0.2,0.3-0.4,0.4-0.6\r\nC565.7,640.5,563.7,635.2,563.8,632.9z','1 0 0 1 541.3998 610.4999',1,1,1,'2012-05-02 00:00:00','2012-05-02 00:00:00'),(14,2,20,'KHAGRACHHARI','খাগড়াছড়ি','46','33.86276593026216','-87.85416630376045','M973.09 1205.50l6.47 -8.19v0.00 -6.37l2.77 -9.10l12.94 -9.10l-3.70 -17.29l9.24 -4.55l-1.85 -8.19l-4.62 -11.83l1.85 -7.28l-6.47 -6.37l9.24 -10.92l-11.09 -24.57l-5.55 0.91l-6.47 -10.92h-2.77 0.00l-3.70 3.64l3.70 15.47l1.85 10.01l-2.77 3.64v0.00 5.46l-5.55 -1.82l-6.47 5.46l-6.47 10.92l-2.77 8.19l4.62 8.19l0.81 11.51l-1.14 2.94l-3.37 0.11v0.00 2.73l-7.40 9.10l5.55 4.55l-1.85 3.64l0.92 3.64l5.55 11.83l5.55 7.28l0.93 -3.64l6.47 0.91l0.92 5.46L973.09 1205.50L973.09 1205.50z','M605.7,603c2.7,3.9,0.2,8.5,2.1,12.3c1.7,3.6,5.7,5.7,7.6,9.3c2,4,0.8,8.8,6.7,8.2c4.2-0.4,8-2.8,10.6,1.7\r\nc2.3,3.9-0.5,9.2,4.4,11.3c1.6,0.7,3.1,0.8,4.5,1.3c0.2-0.4,0.5-0.7,0.8-1.1c1.3-1.5,3.3-2,4.9-3.1c4.4-3.1,1.2-6.9,0.8-11\r\nc-0.2-2.1,0.1-4.7,0-6.4c-0.2-1.8-1.9-4.2-1.3-5.9c0.6-1.9,3.6-2.5,4.7-2.9c2.1-0.8,2.6-1.2,4.1-3.2c2.4-3.2,5.5-5,8.5-7.4\r\nc1.1-0.9,3.6-2,3.5-3.6c-0.1-1.3-2.7-3-3-4.7c-0.4-2.5,0-3.9-1.1-6.3c-0.9-1.9-1.8-4-3-5.7c-0.7-1-3.9-3.1-2.6-4.7\r\nc0.9-1.1,3.5,1.5,5.1,1c2.4-0.7,1.6-2.8,4.5-3c2.2-0.1,3.9,1.3,6.3-0.3c5-3.3,0.5-6.3-0.5-9.9c-0.5-2-0.6-3.4-1.1-5.2\r\nc-0.5-1.8-0.9-3.5-1.7-5.2c-1-2.2-2.4-3.4-3.6-5.4c-1.1-1.9-0.1-4.2-0.5-6.4c-0.4-2.4-1.2-5.8-3-7.6c-1.4-1.4-2.2-0.7-3.6-1.3\r\nc-1.6-0.8-2.8-2.8-3.4-4.6c-0.8-2.6,0.1-3,1.9-4.5c3.6-2.9,6.3-5.3,7.5-9.8c2.2-8.7-4.9-13.4-6-21.4c-0.4-3,0.2-9.1-2.5-10.9\r\nc-0.5-0.4-1.1-0.5-1.6-0.5c-2.8-0.1-5.6,3.3-9,1.5c-0.8-0.4-2.6-4.2-3.5-5.2c-1.2-1.5-2.6-4.4-4-5.4c-3.5-2.7-5.1,3.5-5.2,6.5\r\nc-0.2,4.3,1.5,8.5,2.1,12.6c0.6,4.2,1.7,8.3,2.5,12.4c0.4,2.1,0.4,4.5-0.1,6.6c-0.5,2.6-1.4,2.7-2.8,4.6c-1,1.3-0.7,3.2-1.6,4.4\r\nc-1.3,1.8-3.7,1.1-5.4,2c-3.1,1.6-3.8,5.8-7.6,7.1c-2-1.5-1.1-4.5-4.1-4.9c-1.6,1.6-0.8,4.4-1.2,6.5c-0.3,1.9-1.1,4-1.6,5.8\r\nc-0.8,3-1.6,2.3-3.8,3.9c-1.8,1.3-2.6,3.3-2,5.5c1.1,3.7,4.7,6.4,6.5,9.7c1.7,3.3,3.1,7.7,3.8,11.3c0.5,2.3,0.7,4.8,1.4,7.1\r\nc0.7,2.3,2.4,4.4,1.6,6.9c-0.7,2.2-2.6,3.8-4.7,4.3c-2.1,0.5-1.8-0.6-3.2,1.2c-1.6,2-1.3,5.1-3.2,7.1c-1.6,1.7-4.1,2.4-5.7,4\r\nC605,602.1,605.4,602.5,605.7,603z','1 0 0 1 595 552.1001',1,1,1,'2012-05-02 00:00:00','2012-05-02 00:00:00'),(15,2,20,'LAKSHMIPUR','লক্ষ্মীপুর','51','35.90445576065896','-93.87633727782955','M816.41 1164.54l1.39 4.55l6.01 2.27l0.92 3.64l1.85 3.64l6.01 5.01l2.31 8.65l4.16 9.56l1.85 7.28l8.32 8.19l2.77 5.01l6.47 2.28l7.40 -5.46l-1.39 -6.37l-5.08 -8.19l0.46 -2.73l-7.40 -10.92l-0.46 -7.28l4.62 -2.27l1.39 -5.46v0.00 -7.74l-4.62 -3.19l-5.55 -2.27l-0.46 -1.82l3.70 -1.37l-1.85 -3.19l2.31 0.46l4.62 -10.47l-2.77 -1.36h-4.62 0.00l-1.85 -3.64l-5.08 0.91l-2.77 9.10l-7.40 2.27l-0.92 -0.91l-6.01 3.19l-1.85 -2.73h-1.39 0.00l-1.39 1.36v0.00 8.65L816.41 1164.54L816.41 1164.54z','M470.9,582.5c-5.7,5.3-9.2,15-18.6,14.9c-1.1,0-2,0.1-2.9,0.4c-0.2,0.8-0.3,1.6-0.3,2.3c0,1.5,0.6,3.3,0.4,4.9\r\nc-0.1,1.4-1,3-1.5,4.3c-1.3,3.2-1,6,0.4,9c1.2,2.5,3.2,4.8,4.9,6.8c1.9,2.2,3,4.8,4.8,7.1c4.1,4.9,7.1,9.8,9.4,15.5\r\nc1.6,4,3.3,7.9,5.3,11.7c1.3,2.5,3.1,4.9,3.9,7.6c0.9,3,0.8,3.7,3.1,6c1.2,1.2,1.9,2.8,2.8,4.2c2,2.9,4.3,5.4,7.7,5.8\r\nc0.4,0,0.9,0.1,1.3,0.1c-0.9-2.6,5.4-2.8,6.9-3c4.2-0.5,4.1-3.5,5.8-6.6c1.6-3.1,2.9-5.1,3.4-8.6c0.4-2.7,0.7-8.8-1.9-10.4\r\nc-2.2-1.3-5.5,0.5-7.8,0.5c-3.7,0-6.3-1-9.2-3.7c-1.8-1.7-3.5-4.1-4.7-6.2c-0.5-0.9-1.5-2.9-1.3-4.1c0.3-1.5,1.9-2.5,2.7-3.7\r\nc1.7-2.7-0.4-5.3,0.7-8.2c1-2.7,3-4.3,5-6.2c3.9-3.6,5-12.8,0-15.8c-5-3-13.2-2.6-11.3-10.6c0.8-3.2,2.6-5.4,4.2-8.2\r\nc1.1-1.9,1-3.8,1.1-5.8c-1.2-0.6-2.4-1.7-3.9-1.9C477.4,579.6,474.2,579.6,470.9,582.5z','1 0 0 1 442.1551 629.7299',1,1,1,'2012-05-02 00:00:00','2012-05-02 00:00:00'),(16,2,20,'NOAKHALI','নোয়াখালী','75','36.02265317101542','-92.84449838337825','M852.92 1182.75l3.70 -4.55l1.85 -7.28l-3.70 -4.55l-6.47 -4.55l0.92 -4.55l5.55 -10.01l7.40 2.73l7.40 6.37l7.39 -2.73l4.62 0.91l10.17 2.73l0.92 3.64l-0.92 4.55v0.00 3.64l-2.77 8.19l8.32 -0.91h4.62 0.00l-3.70 5.46v0.00 4.55l1.85 6.37l-5.55 -2.73l-5.55 1.82l-10.17 -0.91l-5.55 -3.64l-2.77 3.64c0.00 0.00 -2.77 2.73 -6.47 0.91C860.31 1190.03 853.84 1183.66 852.92 1182.75L852.92 1182.75z','M565.5,643.8c-0.2-0.4-0.5-0.7-0.7-1.1c-0.1,0.2-0.2,0.4-0.4,0.6c-4.1-1-6.5-3-9.6-5.9c-2.8-2.6-8.4-2-9.7-5.9\r\nc-1.4-4.1,5.6-6,2.8-9.6c-1-1.3-3-2.7-4.1-3.9c-1.4-1.5-2.8-2.5-5.2-1.9c-2.5,0.6-2.7,2.1-5.3-0.2c-1.4-1.2-2.3-3-2.7-4.7\r\nc-1.2-5.2,4.2-7.3,2-12.1c-0.8-1.7-1.3-3.6-2-5.2c-0.1-0.2-0.2-0.3-0.2-0.5c-8.1-1.1-16.7-0.2-24.2-3.1c-2-0.8-3.8-1.8-5.7-2.5\r\nc-1.9-0.7-4.1-0.4-6-1.1c-2.5-0.9-4.5-2.4-5.8-4.4c-0.6,0.3-1.3,0.5-1.9,0.4c-0.3-0.1-0.7-0.2-1-0.3c-0.2,2-0.1,3.9-1.1,5.8\r\nc-1.6,2.8-3.4,5-4.2,8.2c-1.9,8,6.2,7.5,11.3,10.6c5,3,3.9,12.1,0,15.8c-2.1,1.9-4,3.5-5,6.2c-1.1,3,1,5.5-0.7,8.2\r\nc-0.8,1.2-2.4,2.2-2.7,3.7c-0.2,1.1,0.8,3.1,1.3,4.1c1.3,2.1,2.9,4.5,4.7,6.2c2.9,2.7,5.5,3.7,9.2,3.7c2.3,0,5.6-1.8,7.8-0.5\r\nc2.6,1.6,2.3,7.8,1.9,10.4c-0.5,3.6-1.8,5.6-3.4,8.6c-1.7,3.1-1.6,6.1-5.8,6.6c-1.5,0.2-7.8,0.4-6.9,3c0.1,0.2,0.1,0.3,0.3,0.5\r\nc0.6,0.9,2.6,1.2,3.6,1.6c1.3,0.5,2.7,1.1,3.9,1.7c2.5,1.4,3.9,4.9,7.2,4.6c4.5-0.4,0.7-6,3.3-7.6c3.5-2.2,4.9,4,6.1,5.7\r\nc1.4,2.2,3.3,1,5.4,1.6c1.1,0.3,1.3,1,2.1,1.6c1.1,0.7,2.3,1.1,3.5,1.9c1.1,0.7,2.1,2.1,3.3,2.3c2.8,0.6,5.7-2.7,7.3-4.5\r\nc1.2-1.4,2.4-2.2,2.5-4.2c0-1.2-1.6-2.7-1.3-3.9c0.3-1,2.7-1.3,3-2.9c0.2-1.1-0.5-3.3-1-4.3c-1.3-2.7-4.3-4.1-6-6.4\r\nc-1.1-1.5-5.1-6.8-0.8-5.6c3.3,0.9,4.5,4.2,8.2,3.8c3.9-0.4,4.7-2.8,6.3-5.8c1.6-2.9,2.5-5.7,3.6-8.8c1-2.7,3.2-4.9,6.1-5\r\nc1.9-0.1,2.7,1.4,4.5,1.4c1.8,0,2.8-0.9,3.4-2.5c0.3-0.7,0.4-1.4,0.5-2.1C566.4,645.4,565.9,644.5,565.5,643.8z M508.9,697.9c1.4,0.5,5.1,2.2,6.5,1.7c2.1-0.6,2.2-4.1,0.3-3.7l0.5-0.2C515.3,694.7,508.6,694.7,508.9,697.9z M529.8,724.3c-1.3-4.4-0.7-8.1-0.8-12.4c-0.1-2.8-0.6-6.4-2.3-8.7c-1.8-2.3-6.2-3.9-8.1-0.7\r\nc-1.3,2.3,0.6,4.1,1,6.3c0.8,4.3-1.6,8.2-2.2,12.3c-0.6,4.2-1,8.9-0.8,13.2c0.2,4.2,1.4,8.5,0.6,12.6c-0.9,4.8-3.6,9.2-4.1,14\r\nc-0.6,5.6,1.9,8.3,4.7,12.9c2.4-1.5-0.9-4.6,2.7-4.9c2.6-0.2,3.4,3.5,6,1.1c2.2-2,2.9-5.9,3.5-8.7c0.3-1.4,0.4-3,1-4.2\r\nc0.8-1.9,2.5-3.1,3-5.2c0.5-2.1,0.7-3.5,1.6-পাবনা5.5c2.1-4.8-0.2-7.2-1.9-11.5C532.2,731.5,530.8,727.9,529.8,724.3z M532.3,705.7c0.1,0.3,0.1,0.7,0.2,1.1c-0.5,1.8,1,2.7,2.1,4.1c1.4,1.7,1.7,2.9,2.3,4.9\r\nc0.5,1.7,3.1,8.5,5.4,5.4c1.7-2.2-0.6-8.5-1.5-10.6C539.7,707.9,535.7,703.2,532.3,705.7z M535.6,720.2c-1.9-2.1-5.2-2.2-3.1,0.8v0.3c0.2,0.9,0.1,3.1,0.5,3.9c0.3,0.6,2,1.8,2.5,2.4\r\nc2.3,2.4,3.5,3.6,2.7-0.5C537.7,724.3,537.6,722.4,535.6,720.2z M508.3,774.5l1.1-0.6c-4.3-0.5-5.3,9.1-1.3,8.6C514.2,781.8,512.5,772.8,508.3,774.5z M497.7,706.9c3.1,1,4.2,0.1,4.9-3l-0.3-0.8C499.1,699.3,498.1,704.5,497.7,706.9z','1 0 0 1 491.7 649.9847',1,1,1,'2012-05-02 00:00:00','2012-05-02 00:00:00'),(17,2,20,'RANGAMATI','রাঙ্গামাটি','84','35.21666495426157','-88.12640378877649','M974.01 1214.60l-1.85 -9.10l4.62 -5.46l3.70 -6.37l0.92 -10.92l13.87 -10.01l-0.93 -5.46l-1.85 -10.01l8.32 -6.37l-1.85 -7.28l-2.77 -11.83v0.00 -6.37l-6.47 -9.10l8.32 -10.92l-3.70 -9.10l-6.47 -16.38l1.85 -2.73l7.40 -7.28h4.62 0.00l2.77 4.55l1.85 7.28l1.85 -6.37l1.85 -3.64l4.62 1.82l-2.77 6.37l1.85 6.37l1.85 4.55l1.85 16.38l4.62 6.37l2.77 5.46l-1.85 3.64l2.77 2.73l0.93 3.64l-6.47 4.55l0.93 7.28l0.93 6.37l0.92 4.55l3.70 4.55l-2.77 14.56l3.70 7.28l7.40 3.64l-1.85 4.55l2.77 10.92l5.55 5.46l0.93 7.28l1.85 9.10l-2.77 1.82l2.77 9.10l1.85 10.92l1.85 9.10v0.00 5.46l1.85 7.28l1.85 7.28v0.00 8.19l-4.62 -1.82l2.77 10.01l3.70 14.56l2.77 9.10l-3.70 6.37l-1.85 -4.55l-2.77 -8.19l-2.77 -9.10l-4.62 -9.10l0.92 -2.73l-1.85 -7.28l-3.70 -12.74l-3.70 -3.64l-9.24 -6.37l-12.02 -2.73l-8.32 3.64l-5.55 -4.55l-3.70 -5.46l2.77 -7.28l-0.92 -7.28l-4.62 -9.10l-5.55 -8.19l-2.77 0.91l-3.70 5.46l2.77 7.28l-1.85 3.64l-3.70 -4.55L974.01 1214.60L974.01 1214.60z','M659.6,497.8c1.2,8,8.3,12.7,6,21.4c-1.1,4.5-3.9,6.9-7.5,9.8c-1.8,1.4-2.8,1.8-1.9,4.5\r\nc0.5,1.7,1.8,3.8,3.4,4.6c1.3,0.7,2.2,0,3.6,1.3c1.8,1.8,2.6,5.2,3,7.6c0.4,2.2-0.6,4.4,0.5,6.4c1.2,2,2.6,3.2,3.6,5.4\r\nc0.8,1.7,1.2,3.4,1.7,5.2c0.5,1.8,0.6,3.2,1.1,5.2c1,3.7,5.5,6.6,0.5,9.9c-2.4,1.6-4.1,0.2-6.3,0.3c-2.9,0.1-2,2.2-4.5,3\r\nc-1.6,0.5-4.2-2.1-5.1-1c-1.3,1.5,1.9,3.7,2.6,4.7c1.3,1.7,2.1,3.8,3,5.7c1.2,2.4,0.7,3.9,1.1,6.3c0.3,1.7,3,3.3,3,4.7\r\nc0.1,1.6-2.4,2.8-3.5,3.6c-3,2.5-6.1,4.2-8.5,7.4c-1.5,2-2.1,2.4-4.1,3.2c-1.1,0.4-4,1-4.7,2.9c-0.6,1.7,1.1,4.2,1.3,5.9\r\nc0.2,1.7-0.2,4.3,0,6.4c0.4,4,3.6,7.9-0.8,11c-1.6,1.1-3.6,1.5-4.9,3.1c-0.3,0.3-0.5,0.7-0.8,1.1c1.2,0.4,2.3,1.1,3.1,2.5\r\nc1.7,2.8,1.4,6.5,1.1,9.6c-0.3,3.5,0.8,3.5,2.2,6.1c1.3,2.4-0.2,4.3,0.1,6.7c0.1,0.1,0.3,0.2,0.5,0.2c1.4-1.7,0.7-4.5,2.2-5.7\r\nc0.7-0.5,1.4,1,2.4-0.3c0.7-0.8,0.2-2.3,0.3-3.3c0.4-4.9,5.2-4.8,8.9-2.8c3.1,1.7,6.3,6.4,7.1,9.7c0.6,2.2,0.1,4.7,0.8,6.8\r\nc0.6,1.8,2,3.1,2.1,5.3c0.1,2.3,0.1,4.1,0.5,6.3c0.4,2.6-1.1,3.7-1.3,6c-0.3,2.6,1.7,3.3,2.8,5.2c1.1,1.9,1.1,4,1.3,6.1\r\nc0.2,2.1-0.1,4.3,0,6.6c0.1,2.1,1,4.2,0.8,6.3c0,0.1,0,0.1,0,0.2c0.9-0.3,1.8-0.9,2.6-1.8c2.5-3.2,4.9-7,8.4-9.6\r\nc3.7-2.7,7.7-1.2,11.8-0.6c3.2,0.4,7.6,1.5,10.5,3.8c3.2,2.5,5.1,6.1,8.4,8.3c6.4,4.2,7.9,10.7,9.7,17.5c0.8,3.3,2,6.1,2.5,9.6\r\nc0.6,4,2.2,7.7,2.5,11.8c0.3,4.3,1.6,7.7,4.2,11.2c2.3,3.2,4.3,6.6,5.7,10.2c0.9,2.3,1.8,9.4,5.2,9.5c0.3,0,0.6,0,1-0.2\r\nc2.9-1,3.6-7.1,3.5-9.6c-0.2-3.6-2.3-6.8-3.6-10.1c-0.6-1.5-1.3-3.3-1.9-4.9c-0.8-2.1-0.2-3.1-0.2-5.3c0-3.3-1.9-7.6-3.3-10.4\r\nc-0.8-1.6-2.1-3.5-1.9-5.5c0.4-4.2,2.7-1.1,5-2.4c1.9-1.1,1-4,0.8-5.8c-0.3-2.2-0.1-4.1-0.2-6.4c-0.3-4.4-3.7-6.9-3.9-11\r\nc-0.1-2,0.9-4.3,1.1-6.3c0.2-1.4,0.3-4.4-0.1-5.8c-0.4-1.5-1.3-1.7-2.2-3c-2.6-3.7-0.7-8.3-1.8-12.4c-1.1-3.9-1.4-7.4-3.5-11\r\nc-2.1-3.6-4.5-6.3-3.1-10.4c1.6-4.5,1.9-7.4,0.3-11.9c-1.4-4.1-1.4-8.4-3.1-12.3c-1.7-3.9-5.4-5.3-6.5-9.1\r\nc-1.1-3.9-1.3-8.2-2.5-12.1c-0.6-1.8-1.3-3.7-2.3-5.4c-0.9-1.6-1.6-3.8-2.5-5.1c-1.3-1.7-3.5-2.6-4.9-4.2c-2.5-2.9-2.2-3.9-1.8-7.5\r\nc0.5-4.7-0.8-8.7-1.6-13c-0.4-2.1-0.6-3.9-1.5-5.9c-0.8-1.8-2.5-3.3-3.2-5c-1.7-3.9-0.5-9-2-12.9c-0.5-1.3-2-4.5-1-6\r\nc1.5-2.1,3.2,0.7,4.8-1.8c2.9-4.4-1.2-8.1-3.3-11.2c-1.4-2.1-0.8-4.1-0.8-6.6c0-2.7-0.5-3.6-1.6-5.6c-1.1-2.1-0.8-3.1-1.2-5.4\r\nc-0.3-1.9-1.3-3.1-2.1-4.7c-1.8-3.3-4.5-6.9-5-10.5c-0.5-3.8-0.3-7.3-1.9-10.9c-1.5-3.4-5.1-6.5-5-10.4c0-3.9,1.9-8.7,0.6-12.6\r\nc-1.6-4.8-7.5-1.2-8.5,2.2c-0.4,1.5,1,5.4-0.6,6.3c-2.3,1.2-2.8-3-3.2-4.1c-0.8-2.3-4.4-7.1-6.8-8.3c-4.3-2-4.9,4.8-6.9,7.6\r\nc-1.1,1.6-2.5,3-4,4.4c0.5,0,1.1,0.2,1.6,0.5C659.8,488.7,659.2,494.8,659.6,497.8z','1 0 0 1 678 649.9847',1,1,1,'2012-05-02 00:00:00','2012-05-02 00:00:00'),(18,3,30,'DHAKA','ঢাকা ','26','37.53489429025793','-95.94720133249027','M742.92 1083.08l2.31 -2.73v0.00 -4.55l7.86 -0.91l2.77 -1.82l10.17 2.28l-2.31 -8.19l4.62 -4.10l-7.86 -2.27l-2.31 -0.46l-4.62 -8.65l-3.70 -1.82l-1.39 -5.92l-5.08 -3.19l3.70 -2.73l-7.86 -0.91l0.46 -2.27v0.00 -2.73l3.70 2.73l4.16 -3.19l5.55 2.73l4.16 -1.82l2.77 4.55l3.70 -1.82l3.70 -0.91l1.39 2.27l2.31 -6.83l4.16 6.37l-3.70 3.19l3.23 0.91l6.93 0.91l0.46 8.65l3.70 -0.91l2.31 2.27h3.23 0.00l2.31 -1.82h2.31 0.00l0.46 3.64v0.00 3.19l-0.92 2.73l4.16 11.83l1.85 1.82l-1.85 0.91l-7.86 3.64l3.23 5.46l-1.39 5.01l-4.16 -3.64l-1.39 2.27l-1.39 5.92l-3.23 -0.91l1.85 -5.46l-4.16 -2.27l-2.31 -2.73l-6.93 -1.37l-2.77 4.10l-0.46 2.28l-0.46 6.37l-2.31 2.73l-3.23 -1.82l-0.46 3.64l-1.39 2.28l-4.62 -2.28l-0.46 -4.09l-1.39 -4.55l-3.70 -2.27L742.92 1083.08L742.92 1083.08z','M411.3,490.7c0.2-1.6,0.2-3,1.3-4.3c1.1-1.3,2.2-1.7,2.6-3.5c0.5-2-0.3-2.4-1.2-3.9c-0.8-1.4-1-3.1-1.1-4.7\r\nc-0.1-2.8,1.3-7.6-0.3-10c-1.1-1.7-1.9-1.4-2.2-3.7c-0.3-1.8-0.4-2.7-1.4-4.2c-2-0.5-2.6-2.5-4.8-0.7c-1.1,0.9-1.6,2.6-3.6,0.9\r\nc-1.2-1-1-2.8-1.5-4.2c-0.5-1.5-1.3-2.9-2.6-4c-1.3-1.1-3.1-1-4-2.3c-0.8-1.1-0.4-3.2-0.9-4.5c-0.5-1.4-1.5-2.8-2.6-3.8\r\nc-1.2-1.1-2.5-1.6-3.5-3c-0.8-1.2-1.2-2.6-2.2-3.6c-2.7-3.1-4.9,0.8-8-0.9c-2.2-1.2-3-5.3-4.6-7.6c0,0,0,0,0-0.1\r\nc-0.4,0.9-1.2,1.6-2.9,3c-2,1.6-3.5,3.8-5.4,5.8c-2.7,3-4.5,3.2-8.1,4.2c-2.8,0.7-5.5,1.4-8.2,2.6c-0.9,0.4-2.1,1.3-3.4,2.2\r\nc0.5,1.2,1,2.4,2,3.5c2,2.4,3.1,4.9,4.8,7.5c1.7,2.6,4.1,4.2,6,6.6c1,1.2,1.3,2.7,2.1,3.9c0.8,1.3,2.3,2.4,3.5,3.5\r\nc2.4,2,5.7,2.6,8.7,2.2c1.3-0.2,3.2-1,4.3-0.1c0.9,0.8,1,3.4,1.1,4.5c0.1,1.8-0.5,3-1.1,4.7c-0.5,1.6-0.6,3.2-1.2,4.8\r\nc-0.4,1.1-1.2,3.1-2.7,3.3c-1.5,0.2-2.6-1.5-3.5-2.4c-2.5-2.5-4.9-2.5-7.4-0.3c-2.2,2-4.6,4.3-7.6,4.8c-3.4,0.5-5.7,0.3-7,4.2\r\nc-0.5,1.4-0.7,2.7-1.4,4.1c-0.7,1.3-1.8,2.4-2.3,3.7c-0.4,1.1-0.1,3.2-1.2,4c0.2,0.3,0.5,0.7,0.7,1c2,2.4,4.9,3.2,7.1,5.1\r\nc1.2,1,1.6,2.5,2.5,3.7c1.1,1.4,2.3,2.1,3.7,3.3c2.6,2.2,5,4.1,8.1,5.3c1.8,0.6,2.5,0.5,2.6,2.4c0.8-0.3,1.5-0.7,2.1-1.6\r\nc0.1-0.1,0.2-0.3,0.3-0.5c1.7-2.7,2.5-5.7,3.5-8.6c0.9-2.9,2.1-5.7,3.8-8.2c0.8-1.2,1.9-2.2,2.4-3.5c0.6-1.5,0.8-2.9,1.7-4.3\r\nc4.4-6.5,11,2.8,15.5,3.5c3.2,0.5,6.1-1.1,9.3,0c2.1,0.7,4.8,3.5,6.8,1.7c0.3-0.3,0.6-0.6,0.9-1.1C412.1,498,411,493.6,411.3,490.7z\r\n','1 0 0 1 380.6021 487.4747',1,1,1,'2012-05-02 00:00:00','2012-05-02 00:00:00'),(19,3,30,'FARIDPUR','ফরিদপুর ','29','36.110514379552605','-89.37237627382683','M677.44 1087.45l2.94 0.64l0.33 2.25l1.96 0.96l2.94 -1.61l-3.27 -1.93l1.31 -1.61l4.90 1.93l0.65 -1.93l1.63 0.32l0.98 3.86l2.62 0.32l5.23 -5.15l0.98 5.47l4.58 0.64l0.98 -2.57l1.31 2.25l2.94 0.32l1.31 -2.25l-3.92 -1.93v0.00 -7.40l3.27 1.29l0.65 -2.25h4.58 0.00l0.33 -2.25h0.98 0.00l2.61 0.64l0.98 2.57l9.48 1.93l3.27 3.86h2.61 0.00l1.63 3.86l10.13 1.61l5.88 4.18l2.94 5.15l0.33 6.11h-2.62 0.00l-0.33 4.83l-2.61 2.25l3.60 2.25l-1.63 4.18l-1.96 6.11l-2.29 -0.96l-3.60 -2.25l-1.63 4.50l-1.63 -0.32l-0.33 -2.25h-1.96 0.00l-2.29 -3.54l-2.94 -0.32l2.29 2.90l-2.61 0.32l-3.60 2.25l-0.33 -3.54h-2.94 0.00l-1.96 1.61l-1.63 -2.57l-2.94 -0.32l-5.55 5.47l-7.52 0.32l-0.65 1.93l2.94 1.61l-0.33 1.61l-0.98 1.61l-4.25 3.54h-3.27 0.00l-1.63 -1.93h-4.90 0.00l-1.63 -2.90l3.27 -3.54l-4.25 -0.96l-0.98 -3.54v0.00 -6.11l-2.29 -1.61l1.96 -1.93l5.23 3.86l-1.96 -3.54l-3.60 -5.47l0.33 -4.50h-0.98 0.00l-1.63 -2.90l-2.62 -2.25l-7.84 -0.32l-0.33 -1.29l1.96 -1.61h2.29 0.00l0.33 -1.29l-3.60 -3.22L677.44 1087.45L677.44 1087.45z','M298.2,500c-1,3.9,2.2,5.8,2.7,9.3c0.4,3.3-2.7,5.5-5.8,4.5c-1.4-0.4-2.4-1.3-3.7-2c-1.7-0.9-3-0.7-4.7-0.7\r\nc-3.3,0.1-6.5,0.1-9.7,0.6c-1.8,0.3-3,0.1-4.3,1.6c-1,1.2-0.6,2.6-1.9,3.5c-0.2,0.1-0.3,0.2-0.5,0.3c-0.1,0.3-0.2,0.5-0.3,0.8\r\nc-1,2.1-6.1,4-4.8,7c1.2,2.6,6.8,0.4,9.1,1.8c4.4,2.7,11.3,8.6,8.4,14.5c-1.6,3.1-2.2,5.6-2,9.3c0.1,1.4,0.3,2.6-0.4,3.6\r\nc1.1,0.2,2.1,0.3,3.3,1c1.3,0.9,2.3,1.7,3,3.2c1.6,3.3-1,5.5-0.4,8.6c0.5,2.5,2,2.1,4,2.3c2.5,0.2,1.9,1.2,3.4,2.6\r\nc0.1,0.1,0.3,0.2,0.5,0.3c2.2,1.2,6.4-0.7,7.9-2.4c2.7-3.1-0.1-6.9,1.1-10.2c1.4-0.5,2.9,0.1,4.3-0.4c1.2-0.4,2.1-1.4,2.9-2.3\r\nc1.6-1.9,2.8-7.3,6.6-5.8c1.5,0.6,1.7,2.7,3.3,2.9c1.9,0.2,1.7-1.7,3-2.3c3.3-1.3,3.4,4.2,6.6,4.2c4.3-0.1,2.2-5.5,4.5-7.1\r\nc1.1,0.4,1,1.2,1.7,2c0.7,0.7,1.8,0.9,2,2c1.8,0.4,2.9,0.8,4.2,0.1c0.3-0.2,0.7-0.4,1.1-0.7c1.6-1.3,2.5-3.3,4.9-1.8\r\nc2.2,1.3,5.1,8.2,8.3,4.4c2-2.3,1.2-6.8,0.8-9.5c-0.4-2.6-0.5-5.8,0.1-8.5c-0.3-0.2-0.6-0.4-0.9-0.6c-3.1-2.2-4.7-5.5-7.1-8.3\r\nc-1.4-1.6-4.4-2.1-6-2.4c-4.3-0.9-9.3,0.6-13.4-1.5c-4.2-2.2-4.5-5.9-4.7-9.9c-0.2-3.6-2.5-6.9-4.5-9.9c-3.2-4.8-7.6-9.8-13-11.8\r\nc-0.5,1.1-1.2,2.1-2.1,3C303.4,497.6,299.2,496.2,298.2,500z M364.4,523c0-1.9-0.8-1.8-2.6-2.4c-3.2-1.2-5.5-3.1-8.1-5.3c-1.4-1.1-2.6-1.9-3.7-3.3\r\nc-0.9-1.2-1.4-2.7-2.5-3.7c-2.2-1.9-5.1-2.7-7.1-5.1c-0.3-0.3-0.5-0.6-0.7-1c0,0-0.1,0-0.1,0.1c-0.9,0.5-3.4-0.4-4.5-0.6\r\nc-2.9-0.5-5.9-2.3-8.6-3.3c-0.9-0.3-1.7-0.7-2.4-1.1c2,2.7,4.3,5.3,6.7,7.1c2.8,2.1,6.8,3.8,9.8,5.5c1.6,0.9,3.2,1.3,4.5,2.3\r\nc1.4,1,2.8,2.2,4.3,3.1c2.9,1.6,6.4,2.5,8.4,5.3c1.8,2.4,3.3,4.5,5.3,6.5c0.7-1.1,1.2-2.4,1.2-3.8\r\nC364.4,523.2,364.4,523.1,364.4,523z','1 0 0 1 293.1761 539.6003',1,1,1,'2012-05-02 00:00:00','2012-05-02 00:00:00'),(20,3,30,'GAZIPUR','গাজীপুর ','33','38.023917123679105','-95.30350861465652','M754.01 1033.48l7.40 -6.37l-0.92 -3.64h1.85 0.00v0.00 -2.73l2.77 2.73l2.77 -0.46l-0.46 -7.74l1.39 -5.01l6.47 -2.73l-0.93 -4.10l4.16 -1.82l-1.39 -1.37l2.77 -0.91l3.23 -0.46l1.39 -2.73l2.77 3.19l2.77 -0.46l1.85 1.37l1.39 -7.74l4.62 -0.46l1.39 1.82l5.55 2.27v0.00 2.27l3.70 3.64h4.16 0.00l0.93 -1.36h3.70 0.00l5.08 3.19l2.77 1.36l-2.77 1.82l0.46 4.10l1.85 3.64l-1.39 3.19l-0.46 2.73l2.77 2.73l-5.08 0.91l-1.85 -1.82l-1.39 1.36l1.85 0.91l0.93 8.65l-2.31 5.46l-2.31 0.46l1.39 2.28l-2.77 4.55l-3.70 2.73l-2.31 -1.82l-4.62 -5.46l-0.46 2.27l-2.77 -0.46l-3.70 7.74l-2.31 -1.82l-1.85 1.36l-3.70 0.91l-2.77 -2.73l-3.70 0.91v0.00 -9.10h-6.47 0.00l-3.70 -1.36l3.23 -3.64l-2.31 -3.64l-1.39 -0.46l-2.77 5.01l-1.39 -2.73l-3.70 1.82l-3.23 1.82L754.01 1033.48L754.01 1033.48z','M379.5,402.6c-1.4,2.3-3.7,4.3-5.1,6.8c-1.4,2.5-2.7,5.5-2.9,8.2c-0.2,2.5-0.1,3.6-0.6,4.7c0,0,0,0,0,0.1\r\nc1.6,2.3,2.3,6.3,4.6,7.6c3.1,1.7,5.2-2.3,8,0.9c1,1.1,1.4,2.5,2.2,3.6c1,1.4,2.2,2,3.5,3c1.1,0.9,2.1,2.4,2.6,3.8\r\nc0.5,1.3,0.1,3.4,0.9,4.5c1,1.4,2.7,1.3,4,2.3c1.3,1.1,2,2.5,2.6,4c0.5,1.4,0.4,3.2,1.5,4.2c2,1.8,2.5,0,3.6-0.9\r\nc2.2-1.8,2.7,0.3,4.8,0.7c0.2,0.1,0.5,0.1,0.8,0.1c3,0.1,2.9-2.3,4-4.3c0.9-1.7,2.7-3,4.7-2.1c2.3,1.1,2.7,2.6,5.7,2\r\nc0.4-2.3,2.1-1.4,3.3-1c1.3,0.5,1.9,1.1,2.8,0.6c0.2-0.1,0.5-0.3,0.8-0.6c2-2.1,1.5-5.8,2.9-8.3c0.9-1.5,1.7-1.9,3.2-2.7\r\nc1.5-0.8,2-1.6,2.1-3.5c0.1-1.8-0.5-3-1.4-4.4c-0.7-1.1-2-2.4-1.7-3.9c0.4-1.9,2.3-1.9,3.7-2.7c0.9-0.6,2-1.9,2.5-2.9\r\nc1.4-2.7,1.2-6.2,0.5-9.2c-0.8-3.1-0.2-6.7-1-9.9c-0.4-1.6-1.3-2.9-0.9-4.5c0,0,0,0,0,0c-0.9-0.3-1.8-0.7-2.5-1.3\r\nc-2.1-1.6-2.9-4.9-4.1-7.2c-0.2-0.3-0.4-0.7-0.6-1c-2.4,0.9-5.5-1.8-8.1-1.9c-2.9,0-6.9,0.9-9.5-0.2c-1.3-0.6-2.3-1.9-3.7-2.3\r\nc-1.7-0.6-3.4,0-4.9-0.1c-1.3-0.1-3.3-1.8-4.6-1.6c-1.2,0.2-2.1,2-2.7,2.9c-2.3,3.8-4.8,8.5-10.2,5.6c-3.5-1.9-5-0.8-8.5,0.8\r\nc-0.4,0.2-0.8,0.4-1.1,0.5c0,0.2,0,0.5,0,0.7C380.4,397.7,381.5,399.3,379.5,402.6z','1 0 0 1 382.6753 416.4902',1,1,1,'2012-05-02 00:00:00','2012-05-02 00:00:00'),(21,3,30,'GOPALGANJ','গোপালগঞ্জ','35','36.432641626739894','-97.91074263307672','M714.70 1168.22l0.33 -1.93l-4.58 -2.57l-2.29 -5.79l-6.54 -6.44l4.58 0.32l2.61 -6.44l0.65 -3.54l-3.27 -1.29l-3.92 2.90l-0.65 -0.64l0.98 -2.90v0.00 -1.61h1.96 0.00l5.88 -3.86l0.65 -2.90l-3.27 -1.93l0.65 -2.25l6.21 0.32l6.21 -5.15l2.94 0.32l2.29 1.93l1.96 -1.61l2.29 0.32l0.65 3.54l2.94 -1.93l3.60 -0.32l-1.96 -3.54l1.96 0.32l2.62 3.86h1.63 0.00l0.98 2.57h1.31 0.00l1.31 4.83l-1.63 5.47l-4.25 2.25c0.00 0.00 1.31 2.90 0.00 2.90s-4.25 0.00 -4.25 0.00l-1.96 7.08l3.92 2.25l1.63 -2.90l2.29 -1.29l4.25 2.57l1.63 1.61l3.60 -3.22l4.25 2.25l-1.63 1.29l-0.33 3.22l4.25 1.29l-1.63 0.65v0.00 4.18h-3.60 0.00l-1.31 2.90l-3.92 1.61v0.00 2.90l-1.31 0.32v0.00 1.61l-2.62 1.93l-1.31 5.15l-1.31 1.93l-0.33 1.29l-3.27 0.65h-4.58 0.00l-0.65 3.54h-0.98 0.00l-3.60 -2.25l-5.23 0.32l-4.58 -2.57l-0.65 -2.25l2.94 -2.58l-4.90 -3.22L714.70 1168.22L714.70 1168.22z','M364.7,595.3c-1-2-2-4.3-4.1-5.3c-1.8-0.8-3.9-0.7-5.8-1.6c-1.9-0.9-2.4-2.1-4.1-3.3c-1.7-1.1-4.2-0.9-6.2-0.9\r\nc-2.6,0-3.4,0-5.1,1.7c-1.8,1.7-1.9,2.7-4.2,0.8c-4.8-4.1,0.2-7,3.6-8.8c1.7-0.9,3.4-2.1,4.9-3.1c2.4-1.7,3-1.9,2.1-4.6\r\nc-0.9-2.6-1.5-3.3,0.1-5.8c1.2-1.8,2.7-2.8,1.1-5.1c-1.3-1.8-3-1.7-3.8-4.2c-0.3-0.9-0.4-1.7-0.6-2.4c-1.3,0.7-2.4,0.3-4.2-0.1\r\nc-0.3-1.1-1.4-1.3-2-2c-0.7-0.7-0.6-1.6-1.7-2c-2.3,1.6-0.2,7.1-4.5,7.1c-3.1,0-3.3-5.5-6.6-4.2c-1.4,0.5-1.1,2.5-3,2.3\r\nc-1.6-0.2-1.9-2.3-3.3-2.9c-3.7-1.5-5,4-6.6,5.8c-0.8,1-1.6,1.9-2.9,2.3c-1.4,0.5-2.9-0.1-4.3,0.4c-1.3,3.3,1.6,7.1-1.1,10.2\r\nc-1.5,1.7-5.7,3.5-7.9,2.4c-0.7,3.2-0.9,6.9,1.8,8.7c2.1,1.4,3.7,0.1,5.8,0.8c2.9,0.9,1.7,3.1-0.1,4.9c-1.2,1.2-3.4,2-4.3,3.1\r\nc-1.8,2.4-0.4,3.7,0.9,5.2c2,2.4,6.3,6,6.8,8.7c0.4,2.5-0.5,2.2,1.7,4.2c1.3,1.2,3.4,2.7,3.5,4.4c0.1,0.8-0.1,1.5-0.3,2\r\nc2.9,1.8,4.5,5.5,7.3,7.8c1.8,1.5,2.5,2.1,3.6,3.9c1.5,2.6,1.7,2.6,4.6,2.5c2.1-0.1,3.7-0.7,5.1-1.7c1.6-1.1,3.1-2.6,4.8-4.4\r\nc1.2-1.2,2.9-3.1,4.5-3.8c1.9-0.8,4.5-0.4,6.6-0.9c2.3-0.6,3.2-2.3,4.9-3.5c1.6-1.1,3.6-1.1,5.2-2.3c1.7-1.3,2.3-3.4,3.8-4.9\r\nc0.6-0.6,1.5-1.1,2.3-1.5c0.1-1.5,2-2.7,2.5-4.2C365.8,599.1,365.6,597.1,364.7,595.3z','1 0 0 1 297.802 604.5135',1,1,1,'2012-05-02 00:00:00','2012-05-02 00:00:00'),(22,9,45,'JAMALPUR','জামালপুর ','39','39.47879992712537','-98.18436186924296','M697.16 892.86l6.47 -6.83l-0.46 -4.10l3.23 -3.64l3.23 0.46l2.77 -3.64l-0.46 -4.55l-2.31 -4.10v0.00 -7.74l4.62 -3.19l-2.31 -1.37v0.00 -3.19l5.08 3.64l-1.39 7.28l2.77 2.73l-0.46 3.64l3.23 2.28h3.23 0.00l2.31 -3.19l4.16 0.91l2.77 -0.46v0.00 6.83l-0.92 0.91l-2.77 -1.82l-1.39 6.37l-2.77 2.73l1.39 3.19l3.70 -0.46l-0.46 2.27l-1.85 2.28l-0.46 3.64l4.16 3.19l-0.46 2.73l-3.23 1.82l0.46 1.82h-2.31 0.00v0.00 2.27l2.31 4.55l0.46 2.73l2.77 -0.46l2.31 2.73l-0.92 2.73l3.23 1.36l10.63 2.73l0.93 3.19l6.01 -5.01l8.78 4.09l-0.46 5.46l-4.16 4.55l-3.23 -0.46h-7.39 0.00l-4.16 0.91l-6.93 8.19l-2.31 -3.19l-0.92 -1.36L730.44 937.00v0.00 2.73l-3.70 2.28l-1.85 -1.37l-1.39 2.73l1.39 2.73l2.77 1.82l-0.92 1.82l-1.39 -0.46l-1.85 4.10h-2.31 0.00v0.00 3.19l-2.77 0.91v0.00 5.01l-2.31 0.91l-3.70 -0.46v0.00 -4.10l-2.77 -2.27l3.70 -0.46l1.39 -9.56l-3.70 -4.10l2.77 -0.46l0.46 -3.19l-4.16 -2.73l-1.85 -0.46l-0.92 1.82l-2.77 -3.19h1.39 0.00l0.92 -2.28l-0.46 -2.27l-3.23 0.46l-3.70 -4.10l-0.46 -3.64l2.31 -0.46l-0.46 -4.10l-1.85 -2.27l0.46 -2.27l-1.85 -1.82l1.85 -1.82v0.00 -4.10h-3.24 0.00l2.77 -3.19l-2.31 -1.36l1.39 -3.19L697.16 892.86L697.16 892.86z','M292.9,230.5c-0.6,0.2-3.5-1-4.1-1.3c-0.2-0.1-0.4-0.2-0.5-0.3c-0.1,0.4-0.1,0.9-0.1,1.3\r\nc0.1,2.2-0.4,2.9-1.2,4.9c-1.2,3.1-1.4,5.7-3.4,8.4c-2.2,3.1-2.6,5.5-2.6,9.3c0,3.4-0.6,6.7,0.2,10.1c0.6,2.5,1.9,6.6-0.4,8.7\r\nc-0.3,0.3-0.7,0.5-1,0.7c0.1,1.9-0.4,4.2,0.2,5.9c0.5,1.5,1.2,2.7,1.6,4.1c0.4,1.5,0.5,3,1,4.5c0.1,0.4,0.2,0.7,0.4,1.1\r\nc0.1,0.3,0.2,0.5,0.3,0.8c0,0.1,0.1,0.2,0.1,0.3c0.1,0.3,0.3,0.7,0.5,1c0,0,0,0,0,0c0.2,0.3,0.3,0.7,0.5,1c0.1-0.2,0.3-0.3,0.3-0.5\r\nc0.5-3.3,4.3-8.6,2.7-12c-1-2-2.8-2.1-3.5-4.5c-0.6-2-0.1-3.8,0.9-5.7c2.2-4,5.1-5.9,4.6-10.8c-0.4-3.9,0.1-9.8,1.2-13.6\r\nc1-3.6,4.2-6.2,4.5-10.1c0.1-1.4,0.1-2.7,0.1-4.1c-0.3-0.1-0.7-0.3-1-0.5C293.9,229.8,293.5,230.3,292.9,230.5z M300.7,247.6c1.2,3.9,4,6.8,4.8,10.9c0.8,4.3-0.3,8.8-2.3,12.7c-1.8,3.5-4.5,6.8-5.7,10.5\r\nc-0.7,2-0.4,4.2-1,6.2c-0.5,2-1.5,3.6-2.6,5.3c-1.3,2-3.2,4.4-2.5,7.1c0.6,2.8,3.1,4,3.5,7c0.3,3.1,0.5,6.4,0.8,9.5\r\nc0.2,0.3,0.3,0.6,0.5,0.8c0.8,1.1,2,2,3,3c2.3,2.3,2.6,4.4,3.5,7.4c0.6,2,1.1,9.4,3,13.5c1.2,0.6,2.4,1.2,3.2,2.3\r\nc0-0.1,0-0.1,0-0.2c0.9-3.8,4.5-6.9,5.9-10.5c1.5-3.8,3.4-7.8,5.7-11.4c0.8-1.4,2.4-2.6,3.7-1.9c0.3,0.2,0.7,1.4,1.2,1.7\r\nc0.8,0.6,1.3,0.5,2.3,0.6c3.4,0.2,5.7-2.7,8-4.7c2.4-2.1,3.7-4.7,6.8-5.2c2.1-0.3,4.1-0.5,6.1-0.9c1-0.2,2-0.4,3-0.7\r\nc3.1-1,3.8-3.2,5.5-5.9c0.8-1.3,1.3-2.9,2.3-4.1c0.9-1.1,2.3-1.6,3.2-2.8c1.2-1.6,1.1-2.3,0.4-2.6c-1.1-0.6-3.6-0.3-5-1.2\r\nc-1.3-0.9-2.2-2-3.8-2.4c-0.7-0.2-1.9-0.4-2.7-0.2c-0.9,0.3-0.9,0.9-1.6,1.3c-2.5,1.5-6,1.9-8.9,1.6c-1.6-0.2-2.5-1.2-4.1-1.7\r\nc-1.6-0.5-2.7-0.6-4.3-1.4c-3.2-1.7-6-4.9-8.8-7.2c-2.6-2.1-7.6-4.1-8.6-7.4c-0.5-1.6-0.7-4.1-0.2-5.8c0.6-1.8,2.2-2.9,2.5-4.9\r\nc0.2-1.6,0.1-4.2-0.7-5.5c-0.7-1.1-2.1-1.8-2.9-2.9c-1-1.4-1.3-2.5-1.2-4.4c0.1-1.7,0.8-3.1,1.2-4.7c0.4-1.7,0.3-3.5,0.9-5.2\r\nc0.9-2.9,9.1-12.8,7.1-15.9c-0.1-0.1-0.2-0.3-0.3-0.4c-1.2,0.4-2.8,0.2-4.1,0.6c-1.2,0.4-2.3,1.1-3.5,1.4c-2.6,0.7-5.1,0.6-7.8,1\r\nc-0.1,0-0.1,0-0.2,0c-0.7,2.1-2,4-3.7,6.1C299.4,239.7,299.3,243.3,300.7,247.6z','1 0 0 1 297.3022 307.8799',1,1,1,'2012-05-02 00:00:00','2012-05-02 00:00:00'),(23,3,30,'KISHOREGONJ','কিশোরগঞ্জ ','48','38.384404025575634','-93.27499650765292','M824.73 1005.72l-5.08 -4.55l-1.39 -5.01l-0.92 -2.73l-0.46 -3.64l3.23 -1.82l0.46 -5.92l-9.24 -6.37l1.39 -1.82v0.00 -2.28l3.70 0.46l3.70 3.19l3.23 -0.46l3.24 -4.55l2.31 2.27l1.85 -4.55l3.70 3.19l4.16 -1.82l3.23 -4.55l2.31 -3.64l10.17 -1.82l-6.47 0.91l5.08 -0.91h6.01 0.00l3.23 0.91l4.62 -3.19l4.62 0.91l1.85 3.19l5.08 -3.19l2.77 -2.28h5.08 0.00l-0.92 3.64l4.16 4.55v0.00 3.19l-1.39 2.27l-0.46 1.36l-6.47 3.64l3.70 0.91l0.92 -1.36l3.23 0.91l1.85 3.64l-0.46 2.27l-3.23 1.82l4.62 3.19l0.93 2.73l-3.23 0.46l-1.39 1.82l2.31 1.82v0.00 1.82v0.00 0.91l-3.23 0.91l-5.55 0.46l-1.39 2.27l2.77 1.37l0.93 1.82l-2.31 1.36l-5.55 1.36l-5.55 1.36l-1.39 3.64l-6.01 -0.46l-4.62 4.55v0.00 1.36l2.77 3.19l3.70 0.91l0.92 3.19l-0.92 2.27l-2.31 1.82c0.00 0.00 2.77 1.37 -0.46 2.28c-3.23 0.91 -4.16 1.36 -4.16 1.36l-2.31 -2.27l-1.39 -3.19l-4.16 0.46l-2.77 -3.19h-3.70 0.00l-0.46 -3.64l2.77 -2.27l-5.55 -1.36l-1.39 -3.64l-3.23 -0.46l-2.31 -4.55l-2.77 -2.73l-1.39 0.46l-0.92 0.91L824.73 1005.72L824.73 1005.72z','M522.7,366.5c-0.2-1.7-1-2.7-0.9-4.4c0.2-1.7,0.4-3.1,0.1-4.9c-0.4-2-1.2-2-2.6-3.3c-2.6-2.4-1.7-6.5,0.2-9\r\nc1.5-1.9,1.6-3.8,2.2-5.7c-1.1-4.6-2.8-9.8-6.7-13.3c-3.2,4-7.1,4.5-12.6,5.7c-0.7,0.7-4,3.4-5.4,3.7c-2.7,0.4-5.1-1.8-8.2-1.2\r\nc-1.2,0.2-1.4,1.4-3,1.6c-1.3,0.1-2.9-1.3-4.1-1.3c-2.1,0.1-5.2,3.6-6.7,0.5c-3.3,0.5-6,6.7-9.4,2.5c-3.3,0.9-3.5,3.9-5.5,5.6\r\nc-0.8,0.7-1.6,1.1-2.5,1.3c0.1,0.3,0.2,0.8,0.3,1.5c0.3,3.2,0.3,6.2-2.8,7.7c-1.5,0.7-3.1,0.6-4.3,1.6c-1.4,1.1-1.6,2.4-3.6,2.6\r\nc-3.7,0.5-5-3.5-8.4-0.8c-2.6,2.1-4.6,4-8,2.3c-1.4-0.7-2.4-1.6-4.1-1c-1.5,0.5-2.2,1.9-3.9,2.3c-1.3,0.3-3.6-0.3-3.3,1.8\r\nc0.2,1.2,2.1,2.3,3.1,2.8c2.7,1.6,5.8,1.3,7.6,4.2c1.6,2.7,1.4,6.1,2.3,9c0.9,2.9,2.4,6.6,1.7,9.9c-0.1,0.5-0.1,0.9-0.2,1.4\r\nc0,0-0.1,0-0.1,0.1c0.2,0.3,0.4,0.7,0.6,1c1.3,2.2,2,5.6,4.1,7.2c0.7,0.5,1.5,0.9,2.5,1.3c2.1,0.7,4.7,1,6.6,0.6\r\nc1.5-0.3,3.5-0.8,4.9-1.4c1.5-0.7,2.2-2.6,3.9-2.5c4.1,0.3,1.6,6.2,2,8.3c0.5,3.1,3.9,4,6.2,5.5c3.3,2.1,1.7,5.2,3.9,7.8\r\nc1,1.2,2.3,1.8,3.7,2.6c1.3,0.8,2.1,1.6,3.3,2.4c2.4,1.6,4.7,3,7.1,4.9c1.4,1.1,2.2,1.2,3.6,2c1.2,0.6,2,2.1,3.5,2.1\r\nc0.2,0,0.5,0,0.7-0.1c0.1,0,0.1-0.1,0.2-0.1c0.2-0.4,0.7-0.8,1.2-1.2c0.5-0.9,0.7-2,0.9-2.8c0.1-0.2,0.1-0.4,0.2-0.7\r\nc-0.3-1.6-1.4-3-2-4.4c-1.4-3.1-2.1-6.4-3.9-9.3c-1-1.6-1.6-4.1,1.2-3.1c1.8,0.6,2.7,2.9,3.5,4.2c1.1,2.1,1.5,3.8,2,6.2\r\nc0.3,1.1,0.5,1.7,0.8,2.1c1-2.5,1.9-5.3,1.5-8.1c-0.4-3-2.4-5.3-3.2-8.3c-0.9-3.4,2.2-5.4,4.9-6.8c2.9-1.4,5.6-2.7,8.5-3.7\r\nc1.2-0.4,3-0.8,4-1.6c1.2-0.9,1.5-2.9,2.7-3.8c0.4-0.3,0.9-0.5,1.4-0.6c-0.3-0.7-0.2-1.5,0.4-2.7c0.7-1.4,2-1.8,3-3\r\nc0.6-0.9,0.7-1.9,0.8-2.9c-0.3-0.4-0.5-0.9-0.8-1.4c-2.2-4.8,1.5-5.6,4.4-7.4c0.1-0.2,0.1-0.3,0.2-0.5\r\nC522.6,369.7,522.9,368.2,522.7,366.5z','1 0 0 1 447.9834 379.498',1,1,1,'2012-05-02 00:00:00','2012-05-02 00:00:00'),(24,3,30,'MADARIPUR','মাদারীপুর ','54','36.66587471428024','-96.8485907784604','M754.94 1106.29l6.01 0.46l3.70 3.19l4.16 1.82l9.24 2.73l-1.85 3.19l-6.47 10.47l-6.01 4.10l1.39 8.19l5.55 4.10l2.77 6.37l4.62 3.19l-5.08 6.83l3.70 3.19l1.39 2.73l-2.31 1.82h-5.08 0.00l-5.54 -1.36l0.46 -5.92l0.46 -5.46l-2.31 -0.91l-1.39 2.28h-6.01 0.00l-3.70 -2.28v0.00 -1.82l2.31 -0.91l-4.16 -2.73l-3.70 3.19l-4.62 -3.64h-2.77 0.00l-2.77 3.64l-4.16 -2.73l2.77 -6.83l5.55 0.46l-0.93 -2.73l4.16 -2.27l1.39 -5.92l-2.31 -4.10l2.31 -4.55l6.47 2.73l2.31 -9.56l-1.85 -3.64l2.31 -1.82z','M357.5,545.1c0.4,2.7,1.2,7.2-0.8,9.5c-3.3,3.8-6.1-3-8.3-4.4c-2.5-1.5-3.4,0.5-4.9,1.8\r\nc-0.4,0.3-0.7,0.6-1.1,0.7c0.2,0.7,0.3,1.5,0.6,2.4c0.7,2.4,2.5,2.4,3.8,4.2c1.6,2.3,0.1,3.3-1.1,5.1c-1.7,2.5-1,3.3-0.1,5.8\r\nc0.9,2.7,0.3,2.9-2.1,4.6c-1.4,1.1-3.2,2.2-4.9,3.1c-3.4,1.8-8.4,4.6-3.6,8.8c2.3,2,2.4,1,4.2-0.8c1.7-1.7,2.5-1.7,5.1-1.7\r\nc2.1,0,4.6-0.2,6.2,0.9c1.7,1.2,2.2,2.4,4.1,3.3c1.9,0.9,4,0.8,5.8,1.6c2.1,0.9,3.1,3.3,4.1,5.3c0.9,1.8,1.1,3.8,0.4,5.8\r\nc-0.5,1.5-2.4,2.7-2.5,4.2c0,0.1,0,0.2,0,0.4c0.5-0.1,0.6-0.3,1,0c3.1,2.2,9,0.9,12.3,1.4c2.2,0.3,3.2,1.5,5,2.6\r\nc2.1,1.2,3.3,0.9,5.8,0.9c3.1,0,9.3,0.4,7.6-4.7c-0.7-2.1-2.5-2.7-1.6-5.5c0.9-3.1,2.7-2.1,5.1-2.9c0.5-0.2,0.9-0.4,1.3-0.7\r\nc1.3-1,1.5-2.5,0.8-4.4c-0.4-0.9-1.2-1.4-1.7-2.4c-0.4-0.9-0.2-1.8-0.6-2.8c-1.5-4.5-5.2-4.4-8-7.6c-2.6-2.9-3.9-6.6-4.9-10.2\r\nc-1.3-4.8-6-4.1-7.8-8.5c-1.7-4.4,2.7-7.2-1.8-10.9c-1.6-1.4-3.3-2.4-2.7-5c-0.2,0-0.4,0-0.5,0c-4.5,0.1-6.6-3.3-9.9-5.9\r\nc-1.4-1.1-3-1.8-4.4-2.6C357,539.3,357.1,542.5,357.5,545.1z','1 0 0 1 333.9953 582.3002',1,1,1,'2012-05-02 00:00:00','2012-05-02 00:00:00'),(25,3,30,'MANIKGANJ','মানিকগঞ্জ ','56','37.611922532794104','-97.47490578787692','M712.88 1032.57l-7.39 2.28l-4.62 0.46l0.46 4.55l4.16 5.01l5.55 5.01l0.46 2.73l1.85 2.27l-0.46 4.55l5.08 6.83l5.55 3.64l5.55 1.37l2.31 2.73h-5.08 0.00l3.70 3.64l2.31 -1.37l2.31 4.55l8.32 2.27l2.77 -2.27v0.00 -5.01l6.01 -0.91l4.16 -1.82l10.63 1.82l-2.77 -7.74l4.62 -5.01l-9.24 -1.82l-3.23 -4.10l-2.31 -5.01l-3.23 -1.82l-2.31 -5.92l-4.62 -2.28l3.70 -3.19l-8.78 -0.46l-0.92 -3.64l-2.31 -0.91l-4.62 4.55l-1.39 -0.91l-3.23 3.64l-1.39 -2.27l-1.85 4.10l-2.77 -0.91l-2.31 -1.82l-1.39 1.82l-1.85 -2.73L712.88 1032.57L712.88 1032.57z','M302,443.5L302,443.5c-0.3,0.2-0.6,0.4-0.8,0.5c0,0-0.1,0-0.1,0.1c-0.2,0.1-0.4,0.3-0.7,0.4c0,0-0.1,0-0.1,0.1\r\nc-0.2,0.1-0.4,0.2-0.6,0.2c0,0-0.1,0-0.1,0c-0.2,0.1-0.3,0.1-0.5,0.1c-2.5,3.7-5.6,7.9-5.2,11.4c0.4,3.6,4,3.3,5.9,6.2\r\nc0.1,0.2,0.2,0.4,0.3,0.5c0.1-1,0.3-2,0.6-2.9c0.8-2.5,2.8-4.3,3.9-6.8c1.3-3.2,0.8-6,0.4-8.8C304.6,443.8,302.4,444.3,302,443.5z M335.1,501.8c1.1,0.2,3.6,1.1,4.5,0.6c0,0,0.1,0,0.1-0.1c1.1-0.8,0.8-2.9,1.2-4c0.5-1.3,1.6-2.4,2.3-3.7\r\nc0.7-1.3,1-2.6,1.4-4.1c1.2-3.9,3.6-3.6,7-4.2c3-0.5,5.3-2.8,7.6-4.8c2.6-2.2,4.9-2.2,7.4,0.3c1,1,2,2.6,3.5,2.4\r\nc1.4-0.2,2.2-2.2,2.7-3.3c0.6-1.6,0.6-3.2,1.2-4.8c0.6-1.7,1.2-2.9,1.1-4.7c0-1.2-0.2-3.7-1.1-4.5c-1.1-1-3-0.1-4.3,0.1\r\nc-3,0.4-6.3-0.1-8.7-2.2c-1.2-1-2.6-2.1-3.5-3.5c-0.8-1.3-1.1-2.7-2.1-3.9c-1.9-2.4-4.3-4-6-6.6c-1.7-2.6-2.8-5.1-4.8-7.5\r\nc-0.9-1.1-1.5-2.3-2-3.5c-1.8,1.2-3.7,2.4-5.2,1.8c-3.2-1.4-0.4-5.4-5.1-3.7c-3,1-3.8,4.1-6.1,5.9c-1.8,1.4-7.7,3.1-12.6,3.7\r\nc0.1,0.6,0.1,1.2,0.1,1.8c0.1,5.6-0.9,10.1,0.5,15.6c1,3.9,0.8,6.9,0.6,11c-0.3,5.8,2.8,11.4,5.7,16.2c0.9,1.6,2.1,3.3,3.3,5\r\nc0.8,0.4,1.6,0.8,2.4,1.1C329.2,499.5,332.2,501.4,335.1,501.8z','1 0 0 1 312.7818 467.4414',1,1,1,'2012-05-02 00:00:00','2012-05-02 00:00:00'),(26,3,30,'MUNSHIGANJ','মুন্সিগঞ্জ ','59','37.07385353327481','-95.9022673700085','M760.45 1100.32l1.96 -7.08l3.92 1.93l2.61 -3.22v0.00 -5.79l3.27 -7.08l6.54 1.93l6.54 4.51l-1.96 6.44l3.92 0.65l1.96 -7.08l7.84 5.15l6.54 1.29l1.31 3.22l2.61 1.93v0.00 4.50l-0.65 3.86l-3.27 5.15l-1.31 5.15l-4.58 -5.15h-8.50 0.00l-6.54 -1.93h-5.23 0.00l-5.88 -1.29L760.45 1100.32L760.45 1100.32 z','M442,506.8c-0.7-1.3-1-2.5-1.4-3.8c-0.1,0.1-0.2,0.2-0.3,0.2c-1.6,1.1-4-1-5.7-0.8c-2.4,3.1-3.9,6.2-7.4,8\r\nc-4.5,2.3-5.7-0.5-8.9-3.3c-2.6-2.3-5.9-3.4-8.4-5.6c-2,1.8-4.7-1-6.8-1.7c-3.2-1.1-6.1,0.5-9.3,0c-4.5-0.7-11.2-10-15.5-3.5\r\nc-0.9,1.4-1,2.7-1.7,4.3c-0.6,1.4-1.6,2.3-2.4,3.5c-1.7,2.5-2.8,5.3-3.8,8.2c-1,2.9-1.8,6-3.5,8.6c-0.1,0.2-0.2,0.3-0.3,0.5\r\nc1.3,0.6,2.8,0.9,3.7,1.1c3.8,1,6.3,2,9.3,4.2c0.1,0.1,0.3,0.2,0.4,0.3c1,0.8,1,1.4,2.4,2c0.9,0.4,1.8,0.3,2.7,0.6\r\nc1.7,0.5,3.5,1.2,5.1,2.1c0.8,0.4,1.7,1.4,2.5,1.7c1.4,0.4,1.5-0.3,2.8-0.4c2.1-0.3,3.6,0.1,5.7,1c3.3,1.5,6.9,3.8,9.2,6.4\r\nc2.1,2.3,2.1,3.3,5.3,3.2c2.2,0,3.9,0.1,6,0.5c1.6,0.3,3.6,0.2,5.1-0.5c2-0.8,3.2-2.6,1.7-5.2c-1.1-2-2.2-2.1-1.9-5\r\nc0.2-2.3,0.7-3.7,2.4-5.3c0.7-0.6,1.5-1.6,2.3-2.4c0.5-0.5,1-1,1.4-1.3c1.8-1.3,3.7-0.5,5.2-2.3c1.3-1.5,2.6-3.4,3.5-5.4\r\nc0.2-0.5,0.4-1,0.7-1.6c0.4-1,0.7-2,0.9-3C443.5,510,443,508.8,442,506.8z','1 0 0 1 380.6019 522.862',1,1,1,'2012-05-02 00:00:00','2012-05-02 00:00:00'),(27,9,45,'MYMENSINGH','ময়মনসিংহ ','61','38.98097098753995','-95.5675284666308','M775.73 1000.26l-4.16 -1.82l-3.70 -7.74l1.85 -1.82v0.00 -4.55l-4.62 -6.83l0.92 -3.19l3.23 -0.91l-6.93 -3.64l-2.77 -2.73l-3.70 -6.37l0.46 -2.73l2.77 -3.19v0.00 -2.27l-4.16 -5.92l0.46 -7.74l-4.16 -0.46l-1.39 -3.64l4.62 -0.91l4.16 0.91l4.16 -5.01v0.00 -4.55l2.31 -1.36l3.23 0.91l3.23 -4.10l-3.23 -2.27v0.00 -2.73l2.77 0.91l2.77 -0.46l-3.70 -1.82l-1.85 -4.10l1.85 -2.73l-2.31 -2.27l3.23 -4.55l4.62 1.82l1.85 -3.64l-3.70 -1.36l-1.85 -2.27v0.00 -2.27v0.00 -9.10l-0.46 -1.82l2.31 -0.46l2.31 1.82h4.16 0.00l1.39 2.73l9.71 1.82l4.62 -1.82l5.55 -2.27l6.01 0.91l2.31 -1.36l3.70 1.82l3.23 -2.73l2.31 1.37l-0.93 2.27l-2.31 6.37l-0.46 3.64l-2.31 1.82l3.70 4.09l-0.46 2.73l-3.23 0.46l-1.85 2.73l-0.93 3.64l-1.85 0.46l-1.85 -5.01l-1.39 1.82l-2.77 -0.91l-1.39 0.91l3.70 2.73l0.92 3.64l-0.92 2.73h0.92 0.00l2.31 4.55h3.23 0.00l-0.46 5.01l2.31 1.82l-1.39 1.82h3.23 0.00l3.23 2.73l4.62 0.91l1.85 -1.36l4.16 1.36l-0.93 2.73l-2.31 -0.46l0.93 3.19l1.85 0.91l0.93 0.91l-2.31 2.73l-0.46 4.55l3.70 3.19l3.23 1.82l0.92 5.92l2.77 -1.82l0.46 1.82l3.70 2.27l0.92 1.82l-2.77 4.55l-3.23 3.19l-3.23 -1.37l-1.85 -3.19l-2.77 5.46l-1.85 -3.64l-2.77 5.01l-3.70 0.46l-3.23 -2.73h-4.16 0.00l-1.39 3.64l4.16 3.19l4.62 2.73l-0.46 5.92l-2.31 1.82l-0.46 4.10l2.31 5.00l1.39 2.73l-3.23 -0.91l-4.16 1.82h-4.62 0.00l-3.70 -2.73l0.46 -2.73l-6.47 -2.27l-0.46 -1.82l-4.62 -0.46l-1.85 7.28l-1.85 -0.91l-2.31 0.91l-2.77 -3.19l-1.39 2.73L775.73 1000.26L775.73 1000.26z','M371.8,245.1c0.3,1.4-0.8,3.8-1.1,5.1c-0.3,1.6-0.7,3.3-0.6,4.9c0.1,1.1,0.6,2.5,1,3.5c0.5,1.1,1.6,1.8,2.1,2.9\r\nc1,2.6-2.6,3.7-4.3,4.8c-1.1,0.7-3,4.2-2.9,7.3c0.2,4.9,4.4,6.7,4.8,7.3c1.3,2.1,0,2.6-1.2,3.9c-2.2,2.4,0.6,5.6-1.9,8.2\r\nc-1.1,1.1-2.3,1.2-3.6,1.7c-0.5,0.2-0.4,1.6-1.6,3.1c-0.9,1.2-2.3,1.7-3.2,2.8c-1,1.2-1.4,2.8-2.3,4.1c-1.7,2.6-2.4,4.9-5.5,5.9\r\nc-0.8,0.3-1.6,0.5-2.4,0.6c-0.2,0-0.6,0.3-0.7,0.4c-0.9,2.3-1.8,5-1.5,6.8c0.3,2.4,4.6,5.4,6.5,6.7c2.4,1.6,4.1,5.2,3.1,8.1\r\nc-0.6,1.6-2.4,2.6-2.9,4.3c-0.2,0.9-0.5,3.7-0.5,4.7c0.2,1.8,1.4,2.8,2.4,4.2c1,1.4,1.4,2.9,2.1,4.5c1.7,3.7,5,6.5,8.5,8.4\r\nc1.1,0.6,2.5,0.7,3.5,1.2c2.1,1.1,0.5,1.4,0.2,3.5c-0.3,1.9,0.9,1.6,1.4,3.1c0.7,1.9-0.7,1.9-1.8,3.3c-0.9,1.2-1.3,2.3-1.4,3.9\r\nc-0.3,2.7,0,6.3,2.1,8.1c2.3,1.9,3.4,4.1,5,6.7c0.7,1.1,1.6,2.9,2.7,3.7c1.1,0.9,1.8,0.8,2.7,0.5c0.4-0.1,0.7-0.3,1.1-0.5\r\nc3.5-1.6,5.1-2.7,8.5-0.8c5.4,3,7.9-1.7,10.2-5.6c0.6-1,1.5-2.7,2.7-2.9c1.3-0.3,3.3,1.4,4.6,1.6c1.6,0.2,3.3-0.4,4.9,0.1\r\nc1.4,0.5,2.4,1.8,3.7,2.3c2.6,1.1,6.6,0.2,9.5,0.2c2.4,0,5.4,2.4,7.7,2c0.3-0.1,0.6-0.4,0.6-0.5c0.1-0.4,0.1-0.8,0.2-1.1\r\nc0.7-3.2-0.8-7-1.7-9.9c-0.9-2.9-0.6-6.3-2.3-9c-1.8-2.9-4.8-2.6-7.6-4.2c-0.9-0.6-2.9-1.6-3.1-2.8c-0.3-2.1,2.1-1.5,3.3-1.8\r\nc1.6-0.4,2.3-1.8,3.9-2.3c1.7-0.6,2.7,0.3,4.1,1c3.4,1.7,5.3-0.3,8-2.3c3.4-2.7,4.8,1.3,8.4,0.8c2-0.3,2.2-1.5,3.6-2.6\r\nc1.3-1,2.8-0.9,4.3-1.6c3.2-1.4,3.2-4.5,2.8-7.7c-0.1-0.7-0.2-1.1-0.3-1.5c-0.4-0.9-1-1-2.2-2c-1.4-1-0.9-2.7-2.2-3.8\r\nc-1.5-1.3-2.8-0.8-3.7-2.7c-0.8-1.7-0.4-2.6-2.5-3.5c-2.6-1.2-5.5-0.5-7.3-3.2c-2.2-3.4-0.4-5.9,1.3-8.9c1.1-2,2.5-6.6-1.1-6.8\r\nc-0.1,0-0.4-0.2-0.4-0.3c-0.2-2.3,1-5.9-1-7.5c-1.4-1.1-5.2,0.4-6.8,0.8c-2.1,0.5-2,0.4-3.6-0.6c-1.7-1-2.8-0.4-4.6-0.8\r\nc-3.4-0.8-3.9-4.3-4.3-7c-0.2-1.4-0.2-3-1.2-4.2c-1.1-1.2-2.7-1.7-3.8-3c-1.1-1.3-1.9-2.5-2.1-4.1c-0.2-1.8,0.2-3.7-1-5.2\r\nc-1.1-1.5-3.4-1.8-4.2-3.6c-1-2,0-4.8-1.4-6.8c-3.6-5.2-7,3.9-10.7,4.9c-4.4,1.2-2.4-5.2-2.7-7.4c-0.2-2-1.6-2.2-1.4-4.1\r\nc0.1-2,1.1-2.6,2.6-3.5c2.3-1.4,4.6-3.4,1.4-5.7c-1.2-0.9-3.4-1.1-2.1-3c1-1.4,3.6-0.4,3.8-2.2c0.1-1-3.9-2-8.3-1.7\r\nc-3.5,0.2-4-4.6-7.3-5.7c-3.5-1.1-6.5,0.1-10.1-0.3c-0.9-0.1-1.2,0.2-1.1,0.2C370.8,243.4,371.6,244.2,371.8,245.1z','1 0 0 1 368.5103 331.8945',1,1,1,'2012-05-02 00:00:00','2012-05-02 00:00:00'),(28,3,30,'NARAYANGANJ','নারায়ণগঞ্জ ','67','37.443701192612885','-94.95016570892606','M794.68 1082.63l-4.16 -6.37l10.63 -3.64l-5.55 -13.20l1.39 -3.19v0.00 -4.10l3.23 -8.65l2.77 0.91l0.46 -2.27l5.55 6.83l6.47 2.73l-3.23 3.19l0.93 2.73l5.08 -3.19l1.85 2.28l-3.23 3.19l4.62 1.37l5.55 1.82l-0.46 1.82l-1.39 4.10l-3.23 2.73l-0.93 4.10l-3.23 -0.91h-2.31 0.00l-0.92 3.19v0.00 4.55l-6.01 2.73l-2.31 2.27l-2.31 2.73l-3.70 -0.46v0.00 -2.73l-3.23 2.28l-2.77 -2.28L794.68 1082.63L794.68 1082.63z','M454.6,488.1c-0.7-4.2-5.3-6-3-10.9c0.2-0.4,0.5-1,0.8-1.6c-0.3,0-0.7-0.1-1.2-0.4c0,0-0.1-0.1-0.1-0.1\r\nc-0.7-0.7-0.9-2.5-1.8-3.5c-1.9-1.9-4.5-4.2-7-3.8c-1.1,0.2-3.1,1.6-4.3,1.1c-1.5-0.6-0.9-2.8-1-3.9c-0.3-2.3-0.8-2.5-2.6-2.8\r\nc-1-0.2-0.9,0.6-1.9-0.3c-0.5-0.4-0.8-1.7-1.1-2.3c-1-2.5-0.6-5.3-1.2-8c-0.9,0.4-1.6-0.2-2.8-0.6c-1.2-0.5-2.9-1.3-3.3,1\r\nc-3,0.6-3.4-0.9-5.7-2c-2-0.9-3.8,0.4-4.7,2.1c-1,2-1,4.4-4,4.3c-0.3,0-0.5,0-0.8-0.1c1,1.5,1.1,2.4,1.4,4.2c0.3,2.3,1.1,2,2.2,3.7\r\nc1.5,2.4,0.1,7.2,0.3,10c0.1,1.6,0.3,3.3,1.1,4.7c0.9,1.5,1.7,1.9,1.2,3.9c-0.4,1.8-1.6,2.2-2.6,3.5c-1.1,1.3-1.1,2.7-1.3,4.3\r\nc-0.3,2.9,0.8,7.3-0.6,9.7c-0.3,0.5-0.6,0.9-0.9,1.1c2.5,2.3,5.8,3.3,8.4,5.6c3.2,2.8,4.4,5.6,8.9,3.3c3.5-1.8,5-4.8,7.4-8\r\nc1.7-0.2,4.1,1.8,5.7,0.8c0.1-0.1,0.2-0.2,0.3-0.2c0.4,1.2,0.8,2.5,1.4,3.8c1,2,1.5,3.2,1,5.6c-0.2,1-0.5,2-0.9,3\r\nc0.7-1.2,1.5-2.5,2-3.5c0.8-1.8,1.7-2.9,3.1-4.3c1.4-1.4,2.7-2.3,2.3-4.4c-0.1-0.7-1.1-1.6-1.3-2.5c-0.3-1-0.4-2-0.1-3.1\r\nC449.3,493.7,455.3,491.9,454.6,488.1z','1 0 0 1 415.3541 493.0718',1,1,1,'2012-05-02 00:00:00','2012-05-02 00:00:00'),(29,3,30,'NARSINGDI','নরসিংদী ','68','37.79315414783596','-94.02947625656822','M810.40 1049.41l4.62 -4.10l1.85 -2.73l-1.85 -3.19h2.77 0.00l1.85 -5.01v0.00 -5.01l-0.92 -4.55l-2.31 -1.36l1.85 -1.36l2.31 2.73l4.16 -0.91h1.39 0.00l-2.77 -3.19l1.39 -5.92l-1.39 -3.19v0.00 -4.55l1.85 -1.82l2.77 0.46l3.23 -2.73l4.16 6.83l3.23 1.36l2.31 3.64l4.62 1.82l0.46 1.36l-2.77 1.37l2.31 2.73l-3.23 0.91l5.08 -0.46l2.77 3.19l4.16 -1.36l0.93 4.55l2.77 1.36l-0.93 1.37l-2.77 4.55l1.39 4.09l-2.31 0.91l-2.77 7.28l-1.85 1.36l-0.93 2.27l-0.46 0.91l-6.01 -0.46l-3.23 1.36h-2.77 0.00v0.00 -0.91l-3.23 -0.46l-1.39 0.91l-0.46 5.92l-2.77 4.55l-4.16 -3.64l-0.46 -2.27l-0.92 3.19l-3.70 -0.91l-1.39 -1.37l2.77 -1.36l-1.39 -3.19l-3.23 1.37l-0.92 2.28l-1.39 -2.73l3.23 -4.55L810.40 1049.41L810.40 1049.41z','M453.4,463.9c0.9-1.4,1.9-2,3.5-2.2c1-0.2,1.4,0.4,2.4-0.2c0.4-0.2,0.8-1.2,1.3-1.5c2.7-2,6,0.6,9-0.9\r\nc2.8-1.4,4.3-4.6,6.2-6.9c1.9-2.3,4.9-4.6,6.4-7.2c1.6-2.7,2.2-5,4.5-7.2c2.4-2.3,2.9-3.6,2.7-6.3c-1.4,0-2.3-1.5-3.5-2.1\r\nc-1.4-0.8-2.2-0.9-3.6-2c-2.4-1.8-4.7-3.3-7.1-4.9c-1.2-0.8-2-1.7-3.3-2.4c-1.3-0.7-2.6-1.4-3.7-2.6c-2.2-2.5-0.6-5.6-3.9-7.8\r\nc-2.4-1.5-5.7-2.5-6.2-5.5c-0.4-2.1,2.1-8-2-8.3c-1.7-0.1-2.4,1.8-3.9,2.5c-1.4,0.6-3.4,1.1-4.9,1.4c-1.9,0.4-4.5,0.1-6.6-0.6\r\nc0,0,0,0,0,0c-0.4,1.6,0.4,2.9,0.9,4.5c0.8,3.2,0.2,6.8,1,9.9c0.7,3,0.9,6.5-0.5,9.2c-0.5,1-1.6,2.3-2.5,2.9\r\nc-1.3,0.9-3.3,0.8-3.7,2.7c-0.3,1.5,1,2.8,1.7,3.9c0.9,1.4,1.5,2.6,1.4,4.4c-0.1,1.9-0.6,2.7-2.1,3.5c-1.5,0.8-2.4,1.2-3.2,2.7\r\nc-1.4,2.5-0.9,6.2-2.9,8.3c-0.3,0.3-0.5,0.5-0.8,0.6c0.6,2.7,0.1,5.5,1.2,8c0.2,0.6,0.6,1.9,1.1,2.3c0.9,0.8,0.8,0.1,1.8,0.3\r\nc1.8,0.3,2.3,0.6,2.6,2.8c0.2,1.2-0.5,3.3,1,3.9c1.2,0.5,3.2-0.9,4.3-1.1c2.5-0.5,5.1,1.9,7,3.8c0.9,0.9,1.1,2.8,1.8,3.5\r\nc0,0,0.1,0.1,0.1,0.1c0.4,0.4,0.8,0.5,1.2,0.4c0.4-1,1-2,1.6-3c0-0.1,0-0.2,0-0.3C453.9,469.2,451.5,467.1,453.4,463.9z','1 0 0 1 443.4795 442.6436',1,1,1,'2012-05-02 00:00:00','2012-05-02 00:00:00'),(30,9,45,'NETRAKONA','নেত্রকোণা ','72','39.15714568928065','-93.56681380534512','M841.83 962.94l-3.70 -1.36l-0.46 -3.19l-3.23 1.36l-0.92 -4.55l-4.16 -2.27l-2.31 -3.19l-0.46 -4.55l3.23 -3.19l-4.16 -2.27v0.00 -2.73l1.85 0.46l1.85 -2.73l-5.08 -1.82l-0.92 1.82h-4.62 0.00l-3.23 -3.19h-4.16 0.00l1.85 -2.27l-1.85 -1.82v0.00 -4.55l-3.23 -0.46l-1.85 -5.01h-1.39 0.00l0.46 -1.82l-0.46 -4.10l-4.16 -2.73h5.08 0.00l0.92 -2.28l1.85 5.46h2.31 0.00l0.92 -4.09l1.39 -2.28h2.31 0.00l1.85 -3.64l-4.16 -4.09l2.77 -1.37l-0.93 -2.73l1.85 -3.19l2.31 -5.46l3.70 0.46l1.39 1.37l7.86 -5.01l2.77 4.10l12.02 0.46l1.39 -1.36l3.70 1.82l6.01 -5.01l0.46 2.27l-1.39 0.46l-0.46 8.65l1.85 1.82l-0.93 0.91l-2.77 0.46l-0.93 2.28l3.70 0.91l-1.85 2.28l-0.46 4.55l2.31 4.10v0.00 6.37l5.55 1.36l3.70 3.64l8.78 0.46l2.31 3.64v0.00 4.10l1.85 3.64l1.85 -3.64l2.31 -0.46l1.85 3.19l-1.39 3.64l-3.23 0.91v0.00 4.55l2.31 1.36l2.77 0.46l3.70 1.36l1.85 2.28l1.39 1.82l-2.77 3.19l-3.70 2.73l-5.08 0.46l-7.86 5.01l-1.39 -2.28l-5.55 -1.36l-4.16 2.73l-3.23 -0.46l-6.47 0.46h-5.55 0.00L841.83 962.94L841.83 962.94z','M392.9,252.2c-1.3,1.9,0.8,2.1,2.1,3c3.1,2.3,0.9,4.3-1.4,5.7c-1.5,0.9-2.5,1.5-2.6,3.5\r\nc-0.1,1.9,1.2,2.2,1.4,4.1c0.2,2.2-1.8,8.6,2.7,7.4c3.7-1,7.1-10.1,10.7-4.9c1.4,2,0.4,4.8,1.4,6.8c0.9,1.8,3.1,2.1,4.2,3.6\r\nc1.2,1.5,0.8,3.4,1,5.2c0.2,1.7,1,2.8,2.1,4.1c1.1,1.3,2.7,1.8,3.8,3c1,1.1,1,2.7,1.2,4.2c0.4,2.7,1,6.2,4.3,7\r\nc1.8,0.5,2.9-0.2,4.6,0.8c1.7,1,1.6,1.1,3.6,0.6c1.6-0.4,5.4-1.9,6.8-0.8c2.1,1.7,0.7,5.5,1.1,7.8c4-0.1,2.6,4.7,1.5,6.8\r\nc-1.7,3.1-3.6,5.6-1.3,8.9c1.8,2.7,4.7,2,7.3,3.2c2.1,0.9,1.6,1.8,2.5,3.5c0.9,1.9,2.2,1.4,3.7,2.7c1.3,1.1,0.9,2.8,2.2,3.8\r\nc1.2,0.9,1.8,1,2.2,2c0.8-0.2,1.7-0.7,2.5-1.3c2-1.7,2.2-4.7,5.5-5.6c3.3,4.2,6-2,9.4-2.5c1.5,3.1,4.6-0.4,6.7-0.5\r\nc1.2-0.1,2.8,1.4,4.1,1.3c1.6-0.1,1.8-1.3,3-1.6c3.1-0.6,5.4,1.6,8.2,1.2c1.4-0.2,4.7-3,5.4-3.7c5.5-1.2,9.4-1.7,12.6-5.7\r\nc0.3-0.4,0.7-0.9,1-1.4c4.4-6.8,0-7.8-5.9-9.9c-7.7-2.7-1.2-6.6-0.4-11.5c0.4-2.2,0.7-7.2-2.1-7.4c-3-0.2-3.2,4.3-4.5,5.7\r\nc-1.8-1.6-0.2-5.5-1.2-7.9c-1.3-3-3.2-3.9-5.8-5.4c-4.8-2.8-10.3-3.6-15.7-5.3c-9.1-2.9-3.9-7.2-6.5-14c-0.3-0.9-2.4-2.9-2.5-3\r\nc-0.4-2.2,0.6-1.7,1.2-3.6c0.7-2.3,1-1.7,0.2-4c-0.5-1.5-2.5-0.7-1.9-3.3c11.2-1.1-0.2-7.8,3.2-12.8c-0.2,0-0.5,0-0.7,0\r\nc-3.1,0.3-5.8,2.1-9.1,2.4c-3.5,0.2-6.8-0.1-10-1.1c-6.7-2.2-10.4,2.7-17.6,1.5c-3-0.5-5.5-2.6-8.3-2.6c-3.2,0-6,1.4-9.4,1.3\r\nc-6.6,0-11.1,4.4-17.4,5.3c-1.5,0.2-3.2,0.3-4.9,0.4c0,0.2,0,0.4-0.1,0.6C396.2,251.7,393.9,250.8,392.9,252.2z','1 0 0 1 423.0068 288.9023',1,1,1,'2012-05-02 00:00:00','2012-05-02 00:00:00'),(31,3,30,'RAJBARI','রাজবাড়ী ','82','37.48016677502301','-99.26011357167326','M658.34 1059.42v0.00 -5.92l-2.31 -1.82l2.77 -1.36l6.47 0.46l3.70 0.46l2.31 2.73v0.00 3.19l0.92 3.19l6.93 4.09l-1.85 -5.01l3.70 -0.46l0.92 2.27l2.31 1.36l6.47 -4.10l2.31 1.36l-0.46 2.28l2.31 2.73v0.00 -3.64l10.17 -0.46l5.08 0.91l3.23 4.10l0.46 5.00l-4.16 -3.19l-3.23 -4.10h-11.09 0.00l-0.46 1.82h9.24 0.00l4.62 3.19l6.01 4.55l2.31 1.82l1.85 0.91l-2.31 0.91l-0.46 2.27h-4.62 0.00l-0.46 2.27l-3.23 -0.91v0.00 6.37l3.70 2.27l-0.92 2.27h-3.23 0.00l-0.92 -2.27l-0.92 2.27l-4.62 -0.46l-0.92 -5.46l-5.55 5.01h-2.31 0.00l-0.92 -4.10h-1.85 0.00l-0.93 1.82l-4.62 -2.27l-0.92 1.82l2.77 1.82l-2.77 1.36l-1.85 -0.46v0.00 -2.27l-3.70 -0.46l-1.85 -5.01l-4.62 -3.19l-0.46 -2.73l-6.47 -0.46l-0.92 1.36l-5.55 -5.01l-0.92 -2.73l-1.39 -2.73l3.23 -3.19z','M293.1,474.7c-3.1,0.2-6.1,1-9.1,1.3c-6.1,0.6-14.2,0.4-18.9-3c-5.8-4.1-8.4-8.3-15.3-10.5\r\nc-4.6-1.4-8.7-2.5-13-1.5c1.6,1.4,2.7,3.5,3.1,5.3c0.7,3.6,0.5,6.1-1,9.4c0,0,0,0,0,0c2.9-0.1,5.9,0.1,8.8-0.5\r\nc2.2-0.5,4.3-2,6.6-1.3c2.3,0.7,2.9,2.2,4.3,3.5c1.6,1.4,3.9,1.7,5.4,2.9c0.6,0.6,0.9,1.7,1.6,2.4c0.8,0.7,1.6,0.7,2.4,1.2\r\nc1.8,1.2,2.5,2.6,4.7,3.6c1.9,0.8,3.8,0.9,5.7,2c3.2,1.8,6.7,3.6,10.4,2.5c3.2-1,6-3.6,9-5.2c1.6-0.8,6.7-0.6,7.5-2.4\r\nc0.7-1.5-3.6-5.4-4.3-7.2c-0.5-1.3-1.1-3-1.1-4.5c0-0.1,0-0.2,0-0.4C298.2,475.4,296.8,474.5,293.1,474.7z M233.7,487.7c0,0,0.1,0.1,0.1,0.1c2.4,2.2,4,4,5.6,6.8c0.9,1.4,1.8,2.9,2.4,4.4c0.8,0,1.6,0,2.3-0.1\r\nc3.2-0.5,5.7,0.3,8.9,0.9c1.8,0.4,2.9,1,4.4,2c1,0.7,2.8,1.6,3.6,2.6c1.9,2.4,4.5,15.4,9.5,12.8c0.2-0.1,0.3-0.2,0.5-0.3\r\nc1.3-0.9,1-2.3,1.9-3.5c1.2-1.5,2.5-1.4,4.3-1.6c3.2-0.5,6.4-0.5,9.7-0.6c1.8-0.1,3.1-0.2,4.7,0.7c1.3,0.7,2.3,1.6,3.7,2\r\nc3,1,6.2-1.2,5.8-4.5c-0.4-3.5-3.7-5.4-2.7-9.3c1-3.8,5.2-2.3,7.6-4.8c0.9-0.9,1.6-1.9,2.1-3c-3.1-1.2-6.5-1.3-10.1,0.1\r\nc-5.1,2-8.2,6.5-14.3,6.3c-3.9-0.1-7-2.2-9.9-4.7c-3.4-2.9-6-4.6-9.6-6.6c-3.2-1.8-6.3-6.2-10.2-6.6c-2.2-0.2-4.7,0.8-6.9,0.8\r\nc-2.2,0-4.9,0.5-6.9,0.1c-1.1-0.2-2.2-0.8-3.3-1.3c-0.5,1-1,2.1-1.4,3.3C234.9,485.1,234.4,486.6,233.7,487.7z','1 0 0 1 240.2578 493.0718',1,1,1,'2012-05-02 00:00:00','2012-05-02 00:00:00'),(32,3,30,'SHARIATPUR','শরীয়তপুর  ','86','36.63180003543798','-95.76265743910928','M792.48 1161.47l-6.54 1.93l-3.92 2.57l-1.31 3.22l-4.46 -3.33l-3.38 -4.39l1.96 -3.86l2.61 -3.86l-3.92 -3.86l-3.27 -5.79l-4.58 -3.22l-1.96 -8.37l5.88 -4.50l4.58 -8.37l3.92 -5.79l6.54 0.64l5.88 4.51l2.61 4.50h5.23 0.00h4.58 0.00l1.96 4.51l0.65 4.50l1.96 7.08l-2.62 5.79l-3.84 2.92l2.50 3.89l-8.46 2.20L792.48 1161.47L792.48 1161.47z','M414.2,567.4c-1-2.1-1.9-4.5-4.4-5.2c-1.6-2.2-3.7-0.7-5.9-0.3c-7.8,1.3-5.8-5.8-10.6-8.3\r\nc-1.8-0.9-3.9-0.8-5.8-1.6c-1.8-0.7-3-2-4.5-3.2c-3.2-2.6-7-3.8-10.7-3.8c-0.6,2.5,1.1,3.6,2.7,5c4.5,3.7,0.1,6.5,1.8,10.9\r\nc1.8,4.5,6.4,3.7,7.8,8.5c1,3.6,2.3,7.3,4.9,10.2c2.8,3.2,6.5,3.1,8,7.6c0.3,1,0.2,1.9,0.6,2.8c0.4,1,1.3,1.5,1.7,2.4\r\nc0.7,1.9,0.5,3.4-0.8,4.4c2.7,0.9,5.5,1.4,7.5,3.5c1.2,1.3,1.9,3.9,3.6,4.2c1.5,0.2,4.4-1.9,5.5-2.7c2.3-1.7,2.9-1.7,5.7-1.8\r\nc2.2,0,3.5-1.1,5.3-1.9c1-0.4,1.7-0.6,2.1-0.8c0.6-0.3,0.5-0.8-0.2-2.4c-0.8-1.9-2-3.1-2.1-5.6c-0.2-4.6,3.1-7.3,5.4-10.8\r\nc0.7-1,1.3-2,1.8-3c-5.1-0.3-10.6,0.6-14.9-2.6C416.4,571.5,415.2,569.7,414.2,567.4z M377.1,535c3.2,1.7,5.2,4.5,7.7,7.1c1.1,1.2,2.4,2.6,3.6,3.5c2.6,1.9,5.3,3.6,8.5,4.3c1.8,0.4,3.6,0.8,5.3,1.9\r\nc4,2.5,5.1,4.6,10.1,5c3.8,0.3,8,0.5,11.5,2.5c2,1.1,7.7,4.1,10.6,3c-0.5-2.3-1.4-4.3-2.5-6.9c-1.6-3.6-0.5-8.1-4-10.9\r\nc-0.4-0.3-0.8-0.6-1.2-0.8c-1.5,0.6-3.5,0.8-5.1,0.5c-2.2-0.4-3.8-0.6-6-0.5c-3.2,0-3.2-1-5.3-3.2c-2.4-2.5-6-4.9-9.2-6.4\r\nc-2.1-0.9-3.6-1.3-5.7-1c-1.2,0.1-1.4,0.8-2.8,0.4c-0.8-0.2-1.7-1.2-2.5-1.7c-1.6-0.8-3.4-1.5-5.1-2.1c-0.9-0.3-1.8-0.3-2.7-0.6\r\nc-1.4-0.6-1.4-1.2-2.4-2c-0.1-0.1-0.3-0.2-0.4-0.3c-3-2.2-5.6-3.2-9.3-4.2c-0.9-0.2-2.4-0.6-3.7-1.1c-0.6,0.9-1.4,1.3-2.1,1.6\r\nc0,0.1,0,0.2,0,0.2c0,1.4-0.5,2.6-1.2,3.8c0.8,0.8,1.7,1.6,2.8,2.5c3.3,2.6,7.1,3.4,10.9,5.3C376.9,534.9,377,534.9,377.1,535z','1 0 0 1 380.6018 565',1,1,1,'2012-05-02 00:00:00','2012-05-02 00:00:00'),(33,9,45,'SHERPUR','শেরপুর ','89','39.61379525950686','-96.91177055378265','M748.00 925.17l-0.46 -3.19l-7.40 -1.82l-6.47 -2.28l0.92 -2.73l-2.31 -2.73l-2.31 0.46l-0.46 -2.73l-2.31 -3.19l-1.39 -3.64l3.23 0.46v0.00 -2.27l2.77 -1.82l0.46 -2.28l-3.23 -2.73l-0.92 -3.19l2.31 -2.73l0.46 -3.64l-3.70 0.46l-1.39 -2.73l3.70 -2.73l0.92 -6.37l1.85 2.27l1.85 -1.82v0.00 -6.83l3.23 2.73l4.62 2.73l2.31 1.36l6.01 2.27l5.08 1.36l6.93 0.91l5.08 2.28h3.23 0.00l1.39 2.27v0.00 4.10l0.46 5.01l-0.93 3.19l5.55 2.73l-1.85 3.19l-4.62 -0.91l-3.23 4.55l2.77 2.28l-1.85 2.73l1.39 3.64l3.23 1.82l-1.85 0.91l-2.77 -0.91l0.46 2.27l2.31 1.82l-2.31 4.55l-6.01 -0.46l-3.70 -1.82l-5.08 -2.28L748.00 925.17L748.00 925.17z','M314.9,243.2c-0.5,1.7-0.5,3.4-0.9,5.2c-0.4,1.6-1.1,3-1.2,4.7c-0.1,1.9,0.2,3,1.2,4.4c0.8,1.1,2.2,1.8,2.9,2.9\r\nc0.8,1.3,0.9,3.9,0.7,5.5c-0.3,2-1.9,3.1-2.5,4.9c-0.5,1.7-0.3,4.1,0.2,5.8c1,3.3,6,5.3,8.6,7.4c2.8,2.3,5.5,5.5,8.8,7.2\r\nc1.5,0.8,2.7,0.8,4.3,1.4c1.6,0.5,2.5,1.5,4.1,1.7c2.9,0.3,6.4-0.1,8.9-1.6c0.6-0.4,0.7-1,1.6-1.3c0.7-0.2,2,0,2.7,0.2\r\nc1.6,0.4,2.4,1.5,3.8,2.4c1.3,0.9,3.9,0.6,5,1.2c0.3-0.2,0.7-0.4,1.2-0.5c1.3-0.5,2.6-0.6,3.6-1.7c2.5-2.6-0.3-5.8,1.9-8.2\r\nc1.2-1.3,2.9-2.1,1.2-3.9c-0.8-0.9-3.9-2.5-4.4-5.1c-0.4-1.6-1.1-5.6,2.6-9.5c1.4-1.4,5.2-2.3,4.2-4.9c-0.4-1-1.6-1.8-2.1-2.9\r\nc-0.4-1-0.9-2.4-1-3.5c-0.2-1.7,0.3-3.4,0.6-4.9c0.3-1.4,1.4-3.7,1.1-5.1c-0.2-0.9-1.1-1.9-2.3-2.7c-1.6-1.2-3.8-2.1-4.9-2.5\r\nc-5.7-1.6-14.8,1.4-19.2-3.5c-2-2.2-4.2-4.7-7.5-5.1c-1.4-0.1-3.2,0.4-4.7-0.1c-1.2-0.4-2.1-1.5-3.3-2.1c-2.3-1.3-5.3-2.3-8-1.8\r\nC324,230.4,315.8,240.3,314.9,243.2z','1 0 0 1 324.6455 266.7627',1,1,1,'2012-05-02 00:00:00','2012-05-02 00:00:00'),(34,3,30,'TANGAIL','টাঙ্গাইল ','93','38.48166815296773','-97.35960353934423','M713.34 1032.11l3.70 -5.92l-0.46 -5.46l-1.85 -4.10l-2.77 -0.91v0.00 -1.82l1.39 -1.36l-1.39 -1.82l0.93 -5.46l0.46 -8.19l-6.47 -6.83l3.23 -4.10l-6.47 -5.92l4.16 -4.55l0.93 -5.46l-3.23 -2.73l3.23 -2.27l1.39 0.91l2.31 -3.64l4.16 1.37l0.46 -2.28l1.85 -3.19l1.39 -2.27l0.92 -2.28l1.85 -1.36l2.31 -3.19l2.31 0.46v0.00 -1.82l-3.24 -2.73l-0.46 -2.27l0.46 -2.27l1.39 1.82l4.62 -2.73l0.46 -2.73l2.77 1.37l3.70 5.01l5.55 -8.19l4.62 -1.82l2.77 1.36l0.46 4.10h4.16 0.00v0.00 7.74l3.70 5.46v0.00 2.27l-2.31 3.19l-0.46 2.73l3.23 7.28l9.71 5.92l-2.31 0.91l-1.39 3.19l4.16 7.28l0.46 3.19l-1.39 2.28l3.23 8.19l3.23 1.37l2.31 0.91l0.93 1.36l-3.70 1.82v0.00 4.10l-2.77 0.91l-2.31 1.82l-1.85 5.00l0.46 6.83l-3.23 0.46l-1.85 -1.82l-0.46 2.27h-1.39 0.00l0.46 3.19l-5.08 5.01l-3.70 2.28h-1.39 0.00l-4.16 -2.73l-2.77 2.73h-1.39 0.00l-2.77 -1.82v0.00 3.19l-2.31 2.28l-0.93 -3.64l-1.85 -0.91l-4.16 4.55l-2.77 0.91l-2.31 2.27l-1.39 -2.73l-1.85 3.19h-2.77 0.00l-2.77 -2.27l-0.92 1.36l-1.85 -2.73L713.34 1032.11L713.34 1032.11z','M332.5,438.1c4.7-1.7,1.9,2.3,5.1,3.7c1.5,0.6,3.4-0.5,5.2-1.8c1.3-0.9,2.4-1.8,3.4-2.2\r\nc2.8-1.2,5.4-1.9,8.2-2.6c3.6-0.9,5.4-1.2,8.1-4.2c1.8-2.1,3.4-4.2,5.4-5.8c1.7-1.3,2.5-2.1,2.9-3c0.5-1.1,0.4-2.2,0.6-4.7\r\nc0.2-2.7,1.5-5.8,2.9-8.2c1.4-2.4,3.7-4.4,5.1-6.8c2-3.3,0.9-4.9,0.9-8.5c0-0.2,0-0.5,0-0.7c-0.8,0.3-1.6,0.4-2.7-0.5\r\nc-1.1-0.8-2-2.6-2.7-3.7c-1.6-2.6-2.7-4.7-5-6.7c-2.1-1.8-2.3-5.3-2.1-8.1c0.2-1.5,0.5-2.6,1.4-3.9c1.1-1.4,2.5-1.5,1.8-3.3\r\nc-0.5-1.5-1.7-1.2-1.4-3.1c0.3-2.1,1.9-2.4-0.2-3.5c-1-0.5-2.4-0.6-3.5-1.2c-3.5-2-6.7-4.7-8.5-8.4c-0.7-1.5-1.1-3.1-2.1-4.5\r\nc-1-1.4-2.3-2.4-2.4-4.2c-0.1-1.1,0.2-3.9,0.5-4.7c0.5-1.7,2.3-2.7,2.9-4.3c1-2.9-0.7-6.4-3.1-8.1c-1.9-1.3-6.2-4.3-6.5-6.7\r\nc-0.2-1.8,0.8-4.7,1.6-7.1c-2,0.4-4,0.5-6.1,0.9c-3.1,0.5-4.4,3-6.8,5.2c-2.3,2-4.7,4.9-8,4.7c-0.9-0.1-1.5,0-2.3-0.6\r\nc-0.5-0.3-0.9-1.5-1.2-1.7c-1.3-0.7-2.8,0.5-3.7,1.9c-2.2,3.6-4.2,7.6-5.7,11.4c-1.4,3.6-5,6.6-5.9,10.5c0,0.1,0,0.2,0,0.2\r\nc0,0,0,0.1,0.1,0.1c0.1,0.1,0.3,0.2,0.3,0.3c0.1,0.2,0.2,0.5,0.3,0.7c0.8,1.8,0.8,3.6,2,5.5c0.7,1.2,1.5,2.3,2,3.6\r\nc0.2,0.2,0.3,0.5,0.4,0.7c0.4,0.7,0.8,1.4,0.9,2.2c0.1,0.4,0.2,0.7,0.3,1c0.9,3.2,2.8,5.9,3.3,9.2c0.1,0.4,0.7,2.3,0.7,2.7\r\nc0.1,2.4,0.4,3,0.5,5.9c0.1,2.1,0.1,3.9-0.2,5.8c-0.6,4.2-2.3,8.2-2.9,12.4c0,0,0,0,0,0c-0.6,3.9-1.5,7.7-2.2,11.5\r\nc-0.4,2.2-0.4,4.2-0.3,6.6c0.3,4.4,1.8,8.7,1.4,13.2c-0.4,3.9-2.5,7.4-3,11.2c-0.5,3.7,0.8,7.4,1.3,11.1c4.9-0.6,10.8-2.3,12.6-3.7\r\nC328.8,442.2,329.6,439.1,332.5,438.1z','1 0 0 1 317.6667 391.6',1,1,1,'2012-05-02 00:00:00','2012-05-02 00:00:00'),(35,4,40,'BAGERHAT','বাগেরহাট','01','35.27847134486138','-99.8182926293959','M709.47 1169.83l5.23 -1.93l-0.65 5.79l5.23 1.93l-3.27 3.22l0.65 3.22l4.58 3.22l5.88 -1.93l3.92 4.50l0.65 9.01l-4.58 1.93l-2.61 1.29l-0.65 4.50h6.54 0.00l1.31 1.29v0.00 7.08l2.62 6.44l-1.96 3.22l2.62 8.37l-5.23 -2.58l-3.92 -1.93l-1.31 1.29l7.19 5.15v0.00 1.93h-1.96 0.00l-3.27 3.86v0.00 8.37l-3.92 6.44l-1.31 3.86l-0.65 7.72l3.92 5.79l1.31 7.08l-5.23 7.08l1.96 4.51l-0.65 8.37l2.62 7.08v0.00 3.86h-2.62 0.00v0.00 3.86l-9.15 5.79l-3.27 -2.57l-7.84 -0.64l-4.58 1.29l8.50 6.44l-1.96 3.86h-7.19 0.00l-5.23 -1.29l3.27 6.44l-4.58 1.29l-5.23 -1.93l1.96 -4.50l-3.92 -5.79v0.00 -5.15l-0.65 -5.15l1.31 -10.30l-1.31 -5.79l3.27 -9.01l0.65 -10.94l-2.61 -9.65l7.84 -6.44l4.58 -3.22l1.31 -10.30l-5.23 -10.30l-1.96 -1.93v0.00 -4.51l-3.27 -6.44l-1.31 -8.37l5.88 -9.65l2.61 -7.72h3.92 0.00l4.58 -5.15v0.00 -4.50l-2.62 -1.93v0.00 -3.86l7.19 0.64l1.96 -5.15L709.47 1169.83L709.47 1169.83z','M332.9,790.7c2.4,1.4,2.8,7.6,3,10.4c0.2,2.2,2.9,10.9-1.9,9.6c-4.2-1.2-1.8-7.4-1.6-10.1\r\nc0.2-3.5-3.1-7.6,0.3-9.9c0.4,0.1,0.3,0.4,0.6,0.6 M328.2,812.4c3.1,0.8,1.9,5.7-0.5,7.4c-1.1-2.4,0.1-4.8-1.1-7.1c0.1-0.1,0.7-0.1,0.5,0 M299.4,805.6c-3.7-3.5-3.5,3.7-3.2,5.5c0.4,3-2.5,6.4-0.7,8.9c0.8,1,2.3,1.1,3.1,2.4c0.9,1.5,0.4,3.1,1.2,4.6\r\nc1.3,2.7,5.3,2.2,7.6,3.9c6.7-2.8-1.3-9.1-3.9-11.2c-2.7-2.2-4-2.5-3.8-6.4c0.1-2.9,0.7-5.8-1.1-8 M289.8,819.8c-0.1,1.1,2.2,2.4,3,3.6c1,1.6,0.9,3.4,1.4,5.2c0.7,2.4,6.1,7.4,2.2,8.2\r\nc-2.2,0.5-6.8-4.3-7.4-6.3c-0.6-2.2,0.5-3.9,0.3-6.1c-0.1-1.3-2.2-4.7,1.1-3.8 M333.4,746.2c-0.2-1.7-0.2-3.2-0.6-4.7c-0.6-2-1.8-2.9-2.8-4.3c-1.6-2.3-3-5.5-2.9-8.2\r\nc0.1-2.9,1.2-5.9,2.9-8.4c0.9-1.4,1.6-2.3,2.1-3.9c0.7-2.6,1.2-5.5-0.4-7.7c-1.2-1.7-3.6-3.5-1.6-5.6c1.8-2,6.4-1.8,7.5-4.4\r\nc1.7-3.7-4.8-2.6-6-4.7c-1.9-3.5,4.3-3.6,5.8-3.1c2.1,0.6,5.3,4.2,7.6,3c0.3-1.6-0.7-1.9-1.6-2.9c-0.8-0.8-1.4-1.7-1.8-3.1\r\nc-0.8-2.5,0.8-4.6-1.1-6.6c-1.2-1.2-2.2-1.4-2.8-3.1c-0.6-1.5-0.3-3.2-0.7-4.7c-0.7-3.3-2.2-5.4-4.1-8.2c-1.6-2.4-2.7-6.1-2.5-9\r\nc0.2-3.6,1.2-5.6,2.9-8.6c0.9-1.6,1.6-2.4,1.1-4.3c-0.4-1.7-1.2-2.3-0.6-4.2c0.7-2.2,2.7-4.4,4-6.4c-0.3-0.5-0.4-1.1-0.8-2\r\nc-1.4-3.5-3.9-2.9-6.5-4.4c-1.4,1-3,1.6-5.1,1.7c-2.9,0.2-3.1,0.1-4.6-2.5c-1.1-1.8-1.7-2.4-3.6-3.9c-2.8-2.3-4.5-6-7.3-7.8\r\nc-0.6,1-1.7,1.4-3,1.3c0,0.4-0.1,0.9-0.1,1.3c-0.3,1.8-1.3,3.8-2.3,5.4c-2,3.3-5.1,5.6-8.2,8c-3.9,3-5.8,5-6,10.2\r\nc-0.2,4.6,0.3,7.5-2.3,11.5c-2.1,3.4-4.6,6.6-6.6,10.2c-2,3.7-3.6,7.7-3.2,12.1c0.4,4.5,2.3,7.7,4.1,11.6c2.2,5,2,10.6,5,15.6\r\nc1.1,1.9,1.9,3.6,2.2,5.8c0.4,2.4,1.4,3.8,1.9,6c0.8,3.9-1.9,8.1-2.1,12.1c-0.2,4.1-0.9,8.8-2.8,12.3c-2.1,3.9-4.9,5.7-2.4,9.9\r\nc1,1.6,2.7,2.8,3.3,4.7c0.6,1.8,0.3,4.9,0.2,6.7c-0.1,3.5-2.5,5.5-2.9,8.2c-0.1,0.8-0.1,1.7,0.3,2.7c1.4,4.1,1.8,7.5,1,12.1\r\nc-0.3,1.8-1.9,4.2-0.8,6c1.4,2.2,3.3,1.1,4-0.8c1.3-3.4,1.5-9.3,1.4-12.6c-0.2-4.3,0.6-9.1-0.3-13.2c-0.9-4.6-0.6-7.7,1.6-12.1\r\nc0.8-1.8,2.7-3,2.9-5.1c2.9,0.7-1.2,6.4-1.6,8c-0.9,3.3-0.8,7.1,0.2,10.4c1.1,3.5,2,6.4,2.2,10.2c0.2,3.5,0,6.9-1.4,10.2\r\nc-1.6,3.7-3.1,7.6-2.5,11.8c0.5,3.3,4.2,8.1,8.2,5.7c1.7-1.1,1.4-3.8,3.7-1.1c1.4,1.6,0.8,3.5,1.6,5.2c0.6,1.2,2.5,3.1,3.8,3.3\r\nc2.2,0.4,3.6-2.1,6-1c0.8,3.1,2.2,7.6,6,8.3c4.8,0.8,7.1-3.8,7.5-8c0.2-2.2,0.1-4.3,0.5-6.4c0.4-2.2,0.8-4,0.3-6.3\r\nc-0.8-3.9-4.9-7.6-3.4-11.9c2.1-5.9,6.8,0.8,10.2-0.7c1.9-0.9,2.1-3.9,2.2-5.8c0.1-2.2,0.9-4.3,0.8-6.3c-0.2-3.7-2.9-7.6-3.9-11\r\nc-1.1-3.7-1-6.3-0.5-9.8C334.1,748.3,333.6,747.6,333.4,746.2z','1 0 0 1 276.1 717.514',1,1,1,'2012-05-02 00:00:00','2012-05-02 00:00:00'),(36,4,40,'CHUADANGA','চুয়াডাঙ্গা ','18','37.261743977421204','-102.26139377682789','M575.15 1087.18l7.86 -5.92l2.31 0.45l1.85 -2.27l3.86 -0.83l3.21 -3.77l0.33 -8.59l3.67 -0.51l-0.90 -4.04l2.77 -2.27l2.31 1.82l0.95 -4.13l2.28 2.30l5.33 0.46l-3.02 2.73l3.70 1.37l0.98 2.11l2.72 3.35l0.92 -2.28l2.31 -2.27l1.85 2.27l0.52 10.33l-0.06 6.05l-1.39 5.01l-1.19 1.58l-2.97 0.69v0.00 1.36l1.85 1.36l-0.46 2.27l-5.08 -0.91l-2.77 0.91l2.16 0.52l1.53 3.12l-0.46 6.37l-2.31 0.91l2.69 1.52l1.01 2.12l-4.98 3.83l-4.27 0.16l-0.46 4.20h-3.23 0.00l-2.64 -2.06l-2.91 1.15h-4.16 0.00l-1.39 -1.36v0.00 -5.46l1.39 -4.10l2.77 0.91l-0.35 -3.02l1.09 -2.70l-1.20 -1.20l-2.31 -0.35l2.01 1.95l-3.40 2.60l-1.85 -1.82l0.46 -1.82l-1.61 -1.47l-3.50 -1.73l-5.99 -4.54l1.39 -3.19L575.15 1087.18z','M164,552.3c1.6,0.4,2.5,2,4.1,2.1c1.7,0.1,3.2-0.9,4.3-1.9c1.4-1.2,1.6-2.4,2.5-3.9c1.1-1.8,2.2-1.3,3.8-2.1\r\nc2.8-1.5,3.1-4.9,2.7-7.6c-0.2-1.6-0.9-3-0.8-4.7c0.1-1.4,1-3.2,0.3-4.7c-0.7-1.6-2.3-1.1-3.1-2.3c-1-1.5-0.1-3.1,1.4-3.8\r\nc1.4-0.7,2.9-0.2,4.4-0.4c2-0.2,2.7-0.9,3.8-2.4c1.8-2.5,2.2-5.8,1.8-8.9c-0.4-2.7-1.8-6-1.5-8.7c0.5-3.8,4.5-3.7,6-6.6\r\nc0.4-0.7,0.6-1.5,0.6-2.3c-0.3,0.2-0.6,0.5-1,0.6c-2.4-1.6-5.5-3.3-6.2-6.1c-0.4-1.5,0.5-4.1-1.4-3.7c-1.3,0.3-1.9,2.9-3.4,2.8\r\nc-1.6-0.1-1.9-2.6-2.6-3.7c-1.5-2-1.9-0.5-3.7-1c-4-1.1-0.7-5.7-1.4-7.8c-0.4-1.4-1.8-2.8-3.2-1.9c-1.2,0.7-1.1,3.2-3.5,2\r\nc-0.7-0.4-1.2-1-1.6-1.9c-0.3,0.6-0.7,1.3-0.9,2c-0.9,2.5-3.3,4.4-4.6,6.8c-2.5,4.5-1.8,12.5-6.4,16c-1.2,0.9-2.8,1-4.1,1.7\r\nc-1.3,0.8-2.1,2.3-2.9,3.5c-2.4,3.2-4.8,3.5-8,5.1c-1.3,0.6-2.4,1.7-2.9,3.1c-0.5,1.5,0.2,2.9-0.9,4.2c0.3,0.5,0.5,1,0.7,1.5\r\nc1.1,2.6,2.6,5.1,4.9,6.7c2.4,1.7,4.2,2.2,6.1,4.8c1.3,1.8,2.9,4.2,4.9,5.4c1.4,0.8,2.6,0.6,3.9-0.3c1.2-0.8,1.9-2.6,3.4-2.6\r\nc2.4,2.2,1.4,3.6,0.1,6.1c-1.2,2.5-0.3,4.1-3.8,4.2c-2.4,2.4,0,4.8,0.8,7c0.8,2.4-1.3,5.1-0.5,7.2c0,0.1,0,0.1,0.1,0.2\r\nC158.9,554.8,160.6,551.5,164,552.3z','1 0 0 1 134.5218 520.9746',1,1,1,'2012-05-02 00:00:00','2012-05-02 00:00:00'),(37,4,40,'JESSORE','যশোর ','41','36.48183825781489','-100.7179838057476','M608.89 1134.05l3.70 -6.37l-3.70 -3.19h2.77 0.00l4.62 2.27h5.08 0.00l-6.01 -4.55l2.31 -1.82l6.47 0.46l-3.23 -3.64l1.39 -2.27l0.93 1.82l5.55 1.82l-2.31 1.82l1.39 3.64l4.16 0.46l1.85 5.46l5.55 -0.91l6.01 -1.36l-1.85 -3.64l0.46 -1.82l2.31 1.82l2.77 -2.27l-0.92 -2.73l1.85 -0.91l6.01 4.10l2.31 -0.46l0.46 2.27l2.77 2.73l2.31 0.46l1.39 -1.82l2.31 3.19l4.16 1.36l-1.39 2.27l2.31 1.36l-1.39 1.36l0.46 5.46l-1.39 1.82l0.92 4.10l-4.16 0.46v0.00 1.36l2.31 0.91l0.46 1.82l-1.39 0.46l0.46 3.19l4.16 -2.73h1.39 0.00l-0.46 4.55l2.77 0.91v0.00 0.91h4.16 0.00l0.92 1.36l-0.92 3.19l2.77 4.55c0.00 0.00 2.31 3.19 0.46 3.19s-2.77 0.00 -2.77 0.00l-3.23 -0.91l-1.39 -1.36l-2.31 -5.46l-1.39 -1.36l-3.23 2.27l0.92 3.19l-2.77 4.10l-6.01 2.73l-0.46 2.27l1.85 2.27l-0.46 5.92l-0.46 1.82l-5.08 -2.28v0.00 -2.27l-1.85 -0.45l-0.46 1.36l-4.16 3.64l-2.77 -0.46l-4.16 2.27h-2.77 0.00l0.00 0.00l-3.23 -2.27l-0.46 0.46l-1.85 -1.36l-0.46 -2.28l2.77 -0.46l-3.23 -4.10l2.77 0.46l0.46 -1.36l-1.85 -3.19l-3.70 -2.27l-0.46 2.73h-7.16 0.00l-3.00 -2.27l-2.31 -1.36l0.00 0.00l1.85 4.32l-1.85 1.82l-6.93 -0.91l-1.85 -2.05l-2.31 1.36h-1.85 0.00l1.39 -2.73l-5.55 -2.27l0.92 -8.19l2.77 -0.91l-1.39 -2.27v0.00 -2.27l-1.85 -1.36l3.70 -5.92l4.62 -1.82l-0.46 -3.64l4.62 -3.19l1.85 1.36l1.39 -2.73l-1.85 -0.91l-0.46 -2.27l-4.16 3.19l-2.31 -1.36L608.89 1134.05L608.89 1134.05z','M180.4,628.5c0.8,0.4,3.5-0.2,4.6-0.3c2-0.2,2.8-0.8,4.3-2.1c1.2-1,2.8-2.4,4.4-1.8c1.1,0.4,1.6,1.9,3.1,2.5\r\nc1.2,0.6,3.3,0.9,4.7,0.5c2.9-0.7,9.9-2.9,9.7,2.7c-0.1,2.6-0.9,5.8,0.8,7.9c1.5,1.9,3,3.3,4.2,5.2c2,3.1,4.4,1.9,6.4-0.3\r\nc0.9-1,1.8-2.7,3.3-3.1c1.7-0.4,3.3,0.2,5.1-0.5c0,0,0,0,0.1,0c2.7-1,5.5-2.7,8.6-2.3c1.5,0.2,2.9,1.5,4.1,1.7\r\nc1.7,0.2,3.1-1.8,3.5-3.1c0.5-1.4,0.5-3.3,0-4.8c-0.4-1.2-1.9-2.4-2.2-3.5c-0.5-2,1.1-2,2.3-3.2c1-1,1.6-2.6,2.6-3.7\r\nc1-1.1,2.2-2,3.1-3.3c0.8-1.1,1.5-2.7,2.5-3.7c2.2-2.3,6.5-2.4,9-0.5c2.1,1.7,3.2,5.1,4.8,7.2c3.8,0.5,4.9-2.1,3.6-4.6\r\nc-0.2-0.3-0.4-0.6-0.6-0.9c-2-2.6-0.7-5.4-2.6-8.1c-1.3-1.9-2.3-5.6-4.8-6.3c-1.7-0.5-3.1,0.3-4.7-0.8c-1.8-1.2-1.1-2.9-2.1-4.4\r\nc-0.9-1.4-2.9-1.7-4.5-1.8c-3.5-0.2-3.9-2-3.7-5.3c0.2-3.1,3-5.4,3.5-8.4c0.5-2.9,1.6-6.4,1.4-9.5c0-0.8-0.2-2.2-0.6-3.2\r\nc-0.2-0.5-0.5-0.9-0.8-1.2c-1-0.8-2.8-0.4-4-1.1c-2.7-1.6-3.6-5.1-7.4-4.4c-1.5,0.3-3,1.1-4.5-0.2c-1.1-1.1-0.8-2.6-1.3-3.8\r\nc-0.8-1.9-1.5-2-3.3-2.7c-1.5-0.6-2.6-1.7-4.3-2.1c-1.3-0.3-2.6-0.1-4,0c-0.2,2.6-2,4.9-4.1,6.7c-2.4,1.9-4.1,4.8-6.6,6.1\r\nc-3,1.6-5.3,0.5-8.1-1.6c-2-1.5-6.2-1.9-7-4.2c-1-2.9,2.9-4.9,0.4-7.6c-0.9-0.9-2.7-2.1-4.1-1.9c-1.6,0.2-1.9,1.4-2.9,2.4\r\nc-1.9,1.9-6,2.9-7.2,5.2c-1.8,3.3,2.2,3.6,2.8,5.8c0.8,2.8-3.7,3.5-5.3,3.9c-3,0.6-4,1-4.1,4.3c-0.1,2.5,0.2,4.3-1.2,5.2\r\nc0.2,0.1,0.4,0.3,0.6,0.4c2.8,1.9,6.1,1.6,9.1,2c1.7,0.3,2.7,0.8,3.1,2.7c0.4,2.1-0.4,2.6-1.9,3.7c-2.8,2.1-5.1,3.7-7.3,6.5\r\nc-1.8,2.4-4.5,3.3-6.4,5.6c-2.7,3.4-0.9,5.4,0.7,8.6c1.9,3.8-1.6,4.9-2.8,8.3c-0.9,2.7,0.7,6.7,2.7,8.5c0.8,0.7,2.1,1.2,3,1.8\r\nc0.2,0.1,0.4,0.3,0.6,0.5C179.8,625.2,178.7,627.7,180.4,628.5z M309,343.8C309,343.8,309,343.8,309,343.8c0.1,0,0-0.1,0-0.2C309,343.7,309,343.7,309,343.8z','1 0 0 1 194.3 604.5135',1,1,1,'2012-05-02 00:00:00','2012-05-02 00:00:00'),(38,4,40,'JHENAIDAH','ঝিনাইদহ ','44','37.11193391933892','-101.03885639576517',NULL,'M178.6,570.4c0.2-3.3,1.1-3.7,4.1-4.3c1.7-0.3,6.2-1.1,5.3-3.9c-0.7-2.2-4.6-2.5-2.8-5.8\r\nc1.2-2.3,5.3-3.3,7.2-5.2c1-1,1.3-2.2,2.9-2.4c1.4-0.2,3.2,1,4.1,1.9c2.6,2.7-1.3,4.6-0.4,7.6c0.7,2.3,5,2.7,7,4.2\r\nc2.7,2.1,5.1,3.2,8.1,1.6c2.5-1.3,4.2-4.2,6.6-6.1c2.1-1.7,3.9-4,4.1-6.7c0-0.4,0-0.7,0-1.1c-0.3-2.8-0.7-6.5,1.1-9\r\nc1.9-2.6,6.1-2,7.9-5c1.8-2.9,0.1-6.1-0.6-9.1c-0.6-2.7-0.2-6.7,1.4-9c1.9-2.8,4.3-2.8,4.3-6.8c0-3.7,1.7-5,2.8-8.1\r\nc0.6-1.5,0.4-2.9,0-4.2c-0.5-1.5-1.5-3-2.4-4.4c-1.6-2.7-3.2-4.6-5.6-6.8c0,0-0.1-0.1-0.1-0.1c-0.8,1.2-2,1.9-3.9,1.5\r\nc-1.4-0.3-2.7-1.2-4.2-1.4c-1.5-0.2-2.8,0.3-4.3,0c-2.7-0.5-5.1-0.6-7.7,1.2c-2.1,1.4-4.1,4.2-6.5,4.8c-1.4-1.4-2.3-3.1-3.8-4.4\r\nc-1-1-3.2-3.1-4.5-3.5c-2.3-0.7-1.5,2.6-2,4.5c-0.4,1.5-1.3,2.9-2.5,3.9c-0.1,0.8-0.2,1.6-0.6,2.3c-1.5,2.9-5.5,2.8-6,6.6\r\nc-0.3,2.6,1.1,5.9,1.5,8.7c0.4,3.1,0,6.4-1.8,8.9c-1.1,1.5-1.8,2.2-3.8,2.4c-1.5,0.2-3-0.3-4.4,0.4c-1.5,0.7-2.4,2.3-1.4,3.8\r\nc0.8,1.2,2.4,0.7,3.1,2.3c0.7,1.5-0.2,3.4-0.3,4.7c-0.1,1.7,0.6,3.1,0.8,4.7c0.4,2.7,0.1,6.1-2.7,7.6c-1.6,0.8-2.7,0.3-3.8,2.1\r\nc-0.9,1.5-1.1,2.7-2.5,3.9c-1.2,1-2.6,2.1-4.3,1.9c-1.6-0.1-2.6-1.7-4.1-2.1c-3.4-0.8-5.1,2.6-7.8,3.9c0-0.1-0.1-0.1-0.1-0.2\r\nc-0.6,0.4-1.1,0.7-1.7,1.7c-1,1.7-0.3,2.9-0.7,4.5c-0.7,2.5-3.7,2.7-5.7,3.3c-3.3,4.9,8.9,9.2,11.3,11.9c3.6,3.9,4.2-0.7,7.1-2.3\r\nc1.4-0.7,3.1-0.4,4.4,0.2c1.9,0.8,2.3,1,4.5,0.9c0.9-0.1,1.6-0.3,2.1-0.5C178.8,574.7,178.5,572.9,178.6,570.4z','1 0 0 1 187.7887 519.9001',1,1,1,'2012-05-02 00:00:00','2012-05-02 00:00:00'),(39,4,40,'KHULNA','খুলনা ','47','35.27847134486138','-99.8182926293959','M659.96 1202.54l-1.62 0.68l-0.69 3.41l-2.31 -1.14l-0.93 -2.50l-2.54 4.10l1.85 2.05l3.00 0.23l1.16 2.73l-2.77 3.64l-2.31 -3.87l-3.00 2.73l-0.23 9.79l4.39 8.65l-4.39 2.27l-0.46 8.42l4.39 3.41l-2.54 1.59l-0.23 2.50l4.85 7.74l-2.08 10.92l-6.47 11.60l7.63 -0.23l-3.00 3.19l8.09 17.07l1.85 4.55l3.00 0.91l0.23 2.96l-4.85 0.91l-3.70 6.14l2.08 1.82l1.39 4.10h2.08 0.00l0.69 3.64l1.39 4.55l5.78 0.46l3.47 -5.23l1.85 -1.14l1.85 -3.41l-0.92 -2.05l-1.16 -2.73l-4.39 -2.73l3.47 -1.82l6.24 -6.37l0.46 -5.01l0.23 -5.69h1.85 0.00l3.23 -11.83l0.23 -9.33l-2.08 -8.65l6.24 -6.14l1.39 -2.96l2.08 -0.46l2.77 -4.55v0.00 -5.69l-4.16 -12.06l-2.31 -1.14v0.00 -5.46l-3.23 -6.83l-0.92 -7.74l1.85 -4.32l3.70 -3.64l2.31 -7.96l1.85 -1.59l1.62 1.14l3.47 -3.41l1.62 -3.19l-0.69 -3.64l-1.39 -1.37v0.00 -2.96l4.85 -0.23l3.00 -2.50l1.85 -9.56l-10.63 -3.64l-4.62 4.10l-5.32 -3.19l-2.31 2.96l-2.31 1.36l-5.32 -0.68l-2.08 -1.36l-3.70 -7.05l-3.47 1.36l1.16 3.64l-3.47 4.10l-5.78 2.73l-0.69 1.82l1.85 2.05l-0.46 8.88l-5.31 -2.50l0.46 -2.28l-2.08 -0.91l-0.23 1.59l-4.16 3.64l-3.00 -0.46l3.23 5.46l4.62 2.05l3.47 5.92L659.96 1202.54L659.96 1202.54z','M275.5,790.7c-2.4-0.5-1.3,8.5-0.5,10.1c0.4,0.9,2.2,3.2,2.7,3.9c1,1.3,2.9,2.8,4.3,2.3\r\nc4.2-1.4-2.1-6.3-2.7-8.3c-0.4-1.1-1.8-10.8-4.7-7.7 M252.5,795.1c-1.8,0.6-2.6,2.7-3,4.4c-0.3,1.2-0.3,1.8-0.8,2.8c-0.4,1-1.1,1.5-1.4,2.7\r\nc-0.5,2.1-0.3,4.1,0.8,6c1.1,1.9,2.9,3.6,2,6c3.2,1.9,6.3-7.6,6.6-9.5c0.3-2.4-0.3-4.5-1.4-6.6c-0.7-1.4-1.6-5.1-3-5.5 M258.2,814.1c1.5,1.4,1.7,3.8,1,5.7c-0.2,0.7-1,1.6-1.3,2.5c-0.4,1,0.2,2.6-1.4,2.7\r\nc-3,0.2-0.1-10.2,1.6-10.7 M269.2,737.5c1.1,2.4,3,3.7,3.8,6.3c0.3,1.1,1.6,7.2,0,7.9c-1.7,0.7-3.4-4.8-3.8-5.6\r\nc-1.3-2.9-0.4-5.1,0.3-7.8 M287.3,752c-0.6-1.8-2.3-3-3.3-4.7c-2.5-4.2,0.3-6,2.4-9.9c1.9-3.6,2.6-8.3,2.8-12.3c0.2-4,2.9-8.2,2.1-12.1\r\nc-0.5-2.3-1.5-3.7-1.9-6c-0.3-2.2-1.1-3.9-2.2-5.8c-3-4.9-2.8-10.5-5-15.6c-1.8-3.9-3.6-7.1-4.1-11.6c-0.4-4.4,1.2-8.4,3.2-12.1\r\nc2-3.6,4.5-6.8,6.6-10.2c2.5-4,2-6.9,2.3-11.5c0.3-5.2,2.1-7.2,6-10.2c3.1-2.3,6.2-4.6,8.2-8c0.9-1.6,2-3.6,2.3-5.4\r\nc0.1-0.4,0.1-0.9,0.1-1.3c-2.1,0-4.7-1.1-5.9-2.1c-1.8-1.5-2.2-2.7-5-2.7c-2.4,0-3.6,0.9-5.6,2.1c-1.5,1-3.9,2.8-5.7,3.1\r\nc-2.5,0.5-4.1-1.3-6.1-1.6c-2.4-0.4-4.1,0.8-5.9,1.4c1.3,2.5,0.2,5.1-3.6,4.6c-1.6-2.1-2.7-5.5-4.8-7.2c-2.5-2-6.7-1.9-9,0.5\r\nc-0.9,1-1.6,2.6-2.5,3.7c-0.9,1.2-2.2,2.2-3.1,3.3c-1,1.1-1.6,2.7-2.6,3.7c-1.2,1.2-2.8,1.2-2.3,3.2c0.3,1.1,1.8,2.4,2.2,3.5\r\nc0.5,1.5,0.5,3.3,0,4.8c-0.5,1.2-1.9,3.2-3.5,3.1c-1.2-0.1-2.6-1.5-4.1-1.7c-3.1-0.4-5.9,1.3-8.6,2.3c0.3,1.4,0.7,2.7,1.4,3.9\r\nc0.7,1.3,1.3,2.1,2.3,3.2c1.1,1.2,2.2,1.7,3.5,2.8c2.3,2.1,3.3,4.2,6.3,5.8c1.6,3.2-3.9,5.4-5.7,6.9c-1,0.8-2.6,2.2-2.2,3.8\r\nc0.4,1.4,2.3,1.5,2.8,3c-1.9,2.6-3.3-0.4-5.3-0.6c-2.3-0.2-3.7,2.4-2.7,4.4c0.8,1.7,3.1,1.8,3.6,3.9c0.4,1.8-1,3.7-1.7,5.2\r\nc-2.2,4.7-0.6,6.1,2.2,10c3,4.1,1.7,6.8-0.2,10.9c-0.9,1.8-1.5,3.4-0.8,5.5c0.6,1.7,2.3,2.8,2.7,4.7c0.9,3.9-2.4,8.1,1.1,11.3\r\nc2.7,2.4,7.2,2.6,7.1,6.9c0,2.5-1.5,2.7-2.2,4.7c-1.1,3.4,1.9,4.7,2.3,7.6c0.5,2.7-2.1,5.3-3.2,7.5c-0.9,1.8-1.2,3-2.6,4.5\r\nc-1.4,1.5-2.8,1.9-2.3,4.1c0.5,2.2,2.1,1.8,3.3,3c1.5,1.5,1.2,3.1,1.7,4.9c0.5,1.9,0.7,3.3,2.9,3.3c0.1,0,0.3,0,0.5,0\r\nc1.8-0.1,2.9-2.7,4.6-2c2.9-2.5,0.9-6.7,2.2-9.9c1.1-2.6,4.8-6.8,7.7-5.1c-1.1,1.2-2.5,1.3-3.6,2.6c-1,1.2-1.7,3.3-1.9,4.7\r\nc-0.6,4.3,0.2,6.7-3.5,9.7c-3.3,2.6-4.7,4.5-2.1,8.5c1.4,2.1,5.3,6.1,5.1,8.7c2.4-2.8,2.5-8.5,2.6-12.1c0.1-3.2,0-2.6,3.1-3.6\r\nc2.2-0.7,3.7-2.1,4.9,0.6c1.6,3.5-1.1,8.8-2.1,12.1c-1.4,4.6-1.3,8.3,0.3,12.8c1.8,5.3-0.8,9.4-0.8,14.5c0,2,0.7,3.7,0.5,5.8\r\nc-0.3,2.2-1.2,4.3-1.3,6.6c-0.2,3.6,1.7,8.8,5.1,10.8c4.9,2.8,5.5-1.6,8.3-4.5c3.2-3.4,4.3-5.4,2.7-10.1c-0.6-1.7-2-3-2.5-4.7\r\nc-0.7-2.1-0.5-4.3-1.6-6.4c-1-1.9-2.9-3.1-3.7-5.1c-0.8-1.8-0.6-4.2-1-6.1c-0.8-3.7-0.4-8.4,1.6-11.8c2.3-3.9,5.7-5.1,6-10.2\r\nc0.2-2.5-0.7-3.9-1.3-6.1c-1.2-4.7,3.6-15.2-2.3-17.8c-4-1.7-7.1-3.3-8.4-8c-0.7-2.5,0.3-3.6,0.8-6c0.4-2.1-0.3-4.5,1.1-6.3\r\nc2.9-3.9,6.2,3.6,7.8,6c2.5,3.7,3.7,7.4,3.9,11.8c0.1,2.3-0.5,4.4,0.1,6.5c0.6,2.2,1.8,3.7,2.9,5.6c0.7,1.3,2.2,3.5,3.7,4.6\r\nc0.4-2.7,2.7-4.7,2.9-8.2C287.6,756.9,287.9,753.8,287.3,752z','1 0 0 1 244.4893 657.424',1,1,1,'2012-05-02 00:00:00','2012-05-02 00:00:00'),(40,4,40,'KUSHTIA','কুষ্টিয়া ','50','37.798047460661714','-101.60273779051956','M580.69 1013.45h5.08 0.00l4.62 4.10l6.47 3.64l5.08 0.46l5.08 0.91l1.85 -3.19l3.70 2.27h6.01 0.00l2.77 5.01l-0.92 4.10l1.39 4.10l1.85 0.46l2.31 0.46v0.00 2.73l4.16 1.82l1.39 3.64l1.85 -2.28l2.31 1.36l2.77 3.19l6.47 -0.46l-4.62 -4.10l5.55 -1.36l5.08 3.64l-3.70 1.36l0.46 2.73l4.16 3.19l2.77 1.82l2.77 -0.46l1.85 0.91l-0.46 4.10l-0.46 6.37l-3.23 3.64l0.92 2.27h-3.23 0.00l-5.55 -3.64l-1.39 -0.46l-0.92 2.73h-4.16 0.00l-2.31 3.19l-2.77 -0.91l-3.70 3.19l-0.46 -4.10h-2.77 0.00l0.46 -2.73l-3.24 -0.91l-0.46 1.82l2.31 3.19l-3.23 0.91l-0.27 3.08l-3.43 1.47v0.00 -5.92l-0.46 -4.09l-1.85 -2.28l-1.85 1.37l-2.31 3.19l-2.31 -5.46l-3.70 -0.91l2.31 -2.73l-4.16 -0.91l-3.23 -2.27l1.85 -1.82v0.00 -1.82l-2.77 0.46l-1.85 -1.36l3.23 -1.82l-1.39 -3.64l-1.85 -2.27l-3.23 1.82l-1.39 -4.55l-1.39 -1.82h-1.39 0.00v0.00 3.64l-5.08 -5.46h2.77 0.00l1.85 -0.91l-2.77 -2.73l-2.31 0.46l-1.39 0.91l-0.46 -2.73l3.23 -0.91l-4.16 -2.27l2.77 -1.36l-5.55 -4.10L580.69 1013.45z','M158.2,459.1c1.2,0.9,3,1.1,4.4,1.6c3.5,1.2,4.3,2.8,3.3,6.2c-0.4,1.5-0.5,4.5,0.5,6.6\r\nc0.4,0.8,0.9,1.5,1.6,1.9c2.4,1.2,2.3-1.2,3.5-2c1.4-0.9,2.8,0.5,3.2,1.9c0.7,2.1-2.6,6.8,1.4,7.8c1.8,0.5,2.2-1,3.7,1\r\nc0.8,1,1.1,3.6,2.6,3.7c1.5,0.1,2-2.5,3.4-2.8c1.9-0.4,1,2.2,1.4,3.7c0.8,2.8,3.9,4.5,6.2,6.1c0.4-0.2,0.7-0.4,1-0.6\r\nc1.2-1,2-2.4,2.5-3.9c0.5-1.8-0.4-5.2,2-4.5c1.4,0.4,3.5,2.5,4.5,3.5c1.4,1.4,2.4,3,3.8,4.4c2.5-0.5,4.4-3.4,6.5-4.8\r\nc2.6-1.7,5-1.6,7.7-1.2c1.6,0.3,2.9-0.2,4.3,0c1.5,0.1,2.7,1.1,4.2,1.4c1.9,0.4,3.1-0.3,3.9-1.5c0.8-1.1,1.2-2.6,1.7-4\r\nc0.4-1.2,0.9-2.3,1.4-3.3c-0.9-0.4-1.8-0.8-2.7-1c-4.1-0.9-8.3-1-12.1-1.6c-3.6-0.6-7-3.6-9.3-6.3c-2.9-3.4-5.5-6.9-8.2-10.5\r\nc-1-1.3-2.4-2.6-3.1-4.3c-0.8-1.7-1-3-2.3-4.4c-1.2-1.4-3.3-2.3-4.5-3.9c-1-1.3-1.2-2.8-2.4-4.2c-2.8-3.2-6.4-1.9-10-0.6\r\nc-3.6,1.4-6.9,4.7-10.6,5.9c-3.9,1.2-9.1-0.4-11.8-3.1c-2.5-2.6-3.8-7.5-4.1-10.9c-0.3-3.7-0.4-8.6-2-12.5\r\nc-0.9-0.2-1.8-0.5-2.6-1.2c0,0,0,0.1-0.1,0.1c-1.2,2.6,0.4,6.6-2,8.7c-1,0.9-4.2,1-3.9,3.3c0.1,0.9,2.3,2.9,2.9,3.7\r\nc1.8,2.2,4.4,7.1,2.2,10.1c0,1.6,0,4,1.1,5.2c0.6,0.7,1.3,1,2.1,1.3c0.8,0.3,1.6,0.6,2.3,1.4C156.6,456.6,156.9,458.1,158.2,459.1z\r\n M240,466.4c-0.4-1.9-1.5-4-3.1-5.3c-0.6-0.5-1.3-1-2.1-1.2c-1.5-0.5-3.4-0.5-4.9-0.7c-1.7-0.2-3.2-0.7-5-0.6\r\nc-2.7,0.1-7.3,0.6-9.7-1c-1.6-1-2.1-1.9-3.9-2.5c-1.4-0.5-3.2-0.6-4.5-1.3c-0.9-3-2.7-6.6-4-9.4c-1-2.2-3.2-5.7-5.2-7.2\r\nc-2.2-1.7-5.2-1.6-7.3-3.4c-1.6-1.4-3-3.3-4.1-5.1c-1.1,0.1-2.3-0.4-3.3-0.8c-1.8-0.7-2.9-0.9-4.8-0.6c-1.5,0.3-3,1-4.5,1.1\r\nc-1.2,0.1-2.3-0.1-3.3-0.3c-1.6,1.5-4,2.5-5.9,2.2c-1.9-0.3-1.9-2.3-2.9-3.7c-0.5-0.6-1.1-1.2-1.8-1.6c1.4,3.2,1.5,6.6,2.7,9.7\r\nc0.7,1.9,1.8,2.6,3.6,3.9c1.5,1.1,2.6,2.4,4.1,3.5c3,2.3,9.9-0.8,12.9-2.2c4.1-1.9,8-2.5,12.3-1c3.8,1.4,5.6,5,6.9,8.5\r\nc1.4,3.7,1.6,7.7,4.1,10.8c4.4,5.4,9.8,8.6,15.7,11.9c2.8,1.6,5.3,3.2,8.5,4.1c2.8,0.8,5.4,1.8,8.5,1.7\r\nC240.4,472.5,240.7,470,240,466.4z','1 0 0 1 172.1743 467.4414',1,1,1,'2012-05-02 00:00:00','2012-05-02 00:00:00'),(41,4,40,'MAGURA','মাগুরা','55','37.798047460661714','-101.60273779051956','M650.94 1118.58l-2.31 -1.36v0.00 -2.28l3.23 -5.46l2.31 0.46l3.70 -4.55v0.00 -5.46l-0.46 -4.55l1.39 -3.64h3.23 0.00l0.92 -1.36l-2.31 -0.46v0.00 -3.19h1.39 0.00v0.00 -1.82l-1.85 -1.82l0.46 -1.82l2.31 0.91l0.92 -1.82l-0.46 -2.73l0.46 -1.36l6.01 0.46l0.92 2.27l4.62 3.64l1.39 4.55l1.85 2.27v0.00 3.19l1.85 2.27l1.85 0.91v0.00 1.82h-2.31 0.00l-1.85 1.36l0.46 1.36h6.93 0.00l3.70 2.27l0.92 3.19h1.39 0.00v0.00 5.01l3.23 5.01l0.92 2.73l-4.16 -2.73l-1.85 1.82l2.31 0.91v0.00 5.92h-5.55 0.00l-2.31 4.10l-2.31 0.91l-3.24 -4.10l-1.85 0.91l-2.77 3.64l-1.85 0.91h-0.92 0.00l-2.31 -2.73l-1.39 0.46l-2.77 -3.19h-0.46 0.00l-0.92 0.91h-2.31 0.00l-2.31 -1.82l-0.46 -2.73l-2.77 0.46L650.94 1118.58L650.94 1118.58z','M257.6,563.4c0.7-1,0.8-2.6,2-3.3c2.1-1.2,6.6,0.9,9.2,0.5c1.4-0.2,3-0.6,4.1-1.5c1.2-1,1.5-2.2,3-2.9\r\nc1.4-0.6,2.8-0.3,4-1.5c0.2-0.2,0.3-0.3,0.4-0.5c0.7-1.1,0.5-2.2,0.4-3.6c-0.2-3.7,0.5-6.2,2-9.3c3-5.9-4-11.8-8.4-14.5\r\nc-2.3-1.4-7.9,0.8-9.1-1.8c-1.3-2.9,3.8-4.9,4.8-7c0.1-0.3,0.2-0.5,0.3-0.8c-4.9,2.6-7.5-10.4-9.5-12.8c-0.8-1-2.6-1.9-3.6-2.6\r\nc-1.5-1-2.6-1.6-4.4-2c-3.1-0.6-5.6-1.3-8.9-0.9c-0.8,0.1-1.6,0.1-2.3,0.1c0.5,1.3,0.6,2.7,0,4.2c-1.2,3.1-2.8,4.4-2.8,8.1\r\nc0,4-2.4,4-4.3,6.8c-1.6,2.3-2.1,6.3-1.4,9c0.7,3,2.3,6.2,0.6,9.1c-1.9,3-6,2.4-7.9,5c-1.8,2.5-1.4,6.2-1.1,9c0,0.4,0,0.7,0,1.1\r\nc1.4-0.2,2.7-0.3,4,0c1.7,0.4,2.8,1.5,4.3,2.1c1.7,0.7,2.5,0.8,3.3,2.7c0.5,1.3,0.2,2.8,1.3,3.8c1.4,1.4,2.9,0.6,4.5,0.2\r\nc3.8-0.8,4.6,2.8,7.4,4.4c1.2,0.7,3,0.4,4,1.1c0.3,0.2,0.6,0.7,0.8,1.2c0.1-0.1,0.3-0.2,0.4-0.3\r\nC255.6,565.7,256.9,564.4,257.6,563.4z','1 0 0 1 235.5818 548.6001',1,1,1,'2012-05-02 00:00:00','2012-05-02 00:00:00'),(42,4,40,'MEHERPUR','মেহেরপুর ','57','37.54792805253583','-102.89636973180593','M587.63 1038.48l5.55 5.92l0.46 -4.55l2.77 2.73v0.00 2.73l1.39 1.82l2.77 -2.73l3.23 5.01l-4.16 2.73l2.77 2.27l2.77 -0.91l0.92 1.82l-3.23 1.36v0.00 0.91l-0.46 2.73l-2.31 -1.37l-1.85 2.73l0.46 4.10l-4.16 0.46l0.12 8.65l-3.81 3.98l-3.58 0.57l-2.43 1.82l-1.85 -0.46l-6.01 5.01l-0.92 1.36l-6.70 0.34l0.69 -4.89l-3.23 -0.91l-0.92 -1.82l2.31 -1.37l0.93 -3.19l-2.31 -0.91l0.46 -5.00l2.31 -2.28l-3.23 -4.55l2.31 0.91l2.77 -2.73v0.00 -0.91l-1.39 -1.36l0.46 -5.01l-0.92 -0.91l2.77 -1.36l2.31 0.91v0.00 2.73l1.60 -2.01l2.79 -0.15l4.85 -5.12l3.00 -0.34l1.04 -2.73l-0.81 -3.75L587.63 1038.48z','M139.3,508.6c3.2-1.6,5.7-1.9,8-5.1c0.9-1.2,1.6-2.7,2.9-3.5c1.2-0.8,2.9-0.8,4.1-1.7c4.6-3.5,3.9-11.4,6.4-16\r\nc1.4-2.5,3.7-4.3,4.6-6.8c0.3-0.7,0.6-1.4,0.9-2c-0.9-2.1-0.9-5.2-0.5-6.6c1-3.4,0.2-4.9-3.3-6.2c-1.4-0.5-3.2-0.7-4.4-1.6\r\nc-1.3-1-1.6-2.4-2.6-3.6c-0.6-0.8-1.4-1-2.3-1.4c-0.8,1.1-2.1,1.5-2.7,2.8c-0.8,1.6,0,2.9,0.1,4.5c0,3.8-4.1,3.2-6.6,4.4\r\nc-2.6,1.2-3.7,4.2-6.6,5.4c-2.9,1.1-6.6,0.8-9.7,1.6c-4.8,1.2-1.2,4.1-0.6,7.3c0.5,2.8-1.9,5.6-2.5,8.4c-0.8,3.2,0,5.9,0.9,8.8\r\nc1.2,3.7-0.7,5.9-1,9.5c-0.3,4.3,3,3.8,4.9,6.4c0.9,1.2,0.7,2.7,2.2,3.6c1.1,0.7,2.9,0.4,3.8-0.6c0,0,0.1-0.1,0.1-0.1\r\nc1.1-1.3,0.3-2.7,0.9-4.2C136.9,510.3,138,509.3,139.3,508.6z','1 0 0 1 98.5 487.4747',1,1,1,'2012-05-02 00:00:00','2012-05-02 00:00:00'),(43,4,40,'NARAIL','নড়াইল ','65','36.53405292571024','-99.12399054271836','M671.74 1134.05l-2.31 -3.19l3.70 -0.45l3.70 -3.64l1.39 -1.36l2.77 4.10l3.23 -1.36l2.31 -3.19h5.08 0.00l1.39 3.64h3.70 0.00l0.46 0.91l-3.24 3.64l1.39 2.73h5.08 0.00l2.31 2.73v0.00 1.82l-1.39 2.28l1.39 0.45l3.23 -2.27l3.70 0.46l-0.46 3.19l-1.39 3.19l-1.85 3.64h-2.31 0.00l-3.70 -0.91l6.01 5.01l1.85 2.73l1.85 4.55l5.08 3.19v0.00 2.27l-1.39 0.46l-4.16 0.91l-10.63 -4.10l-3.70 4.10l-6.01 -3.19l-1.85 2.73h-1.39 0.00l-5.08 -5.92l1.85 -2.73l-1.39 -2.73l-4.62 -0.46l-2.31 -2.27l0.93 -3.64l-1.85 -0.46l-4.16 4.10l0.92 -3.64l-0.46 -2.73l-2.77 -0.91l5.08 -0.91l-0.92 -4.10l1.85 -1.82L671.74 1134.05L671.74 1134.05z','M310.3,612.1c-0.1-1.7-2.2-3.2-3.5-4.4c-2.2-2.1-1.3-1.8-1.7-4.2c-0.5-2.7-4.8-6.4-6.8-8.7\r\nc-1.3-1.5-2.7-2.8-0.9-5.2c0.9-1.1,3.2-2,4.3-3.1c1.8-1.8,3-4,0.1-4.9c-2.1-0.6-3.7,0.6-5.8-0.8c-2.7-1.8-2.6-5.4-1.8-8.7\r\nc-0.2-0.1-0.3-0.2-0.5-0.3c-1.6-1.4-0.9-2.4-3.4-2.6c-2-0.2-3.5,0.3-4-2.3c-0.6-3.1,2-5.4,0.4-8.6c-0.7-1.4-1.7-2.3-3-3.2\r\nc-1.2-0.8-2.1-0.8-3.3-1c-0.1,0.2-0.3,0.4-0.4,0.5c-1.2,1.2-2.6,0.9-4,1.5c-1.6,0.7-1.8,1.9-3,2.9c-1.1,0.9-2.7,1.3-4.1,1.5\r\nc-2.5,0.4-7-1.7-9.2-0.5c-1.2,0.7-1.3,2.3-2,3.3c-0.8,1-2,2.3-3.1,3.1c-0.1,0.1-0.3,0.2-0.4,0.3c0.4,1,0.6,2.4,0.6,3.2\r\nc0.2,3.1-0.9,6.6-1.4,9.5c-0.6,3-3.3,5.3-3.5,8.4c-0.2,3.4,0.2,5.1,3.7,5.3c1.5,0.1,3.5,0.4,4.5,1.8c1,1.5,0.3,3.2,2.1,4.4\r\nc1.6,1.1,3.1,0.3,4.7,0.8c2.5,0.7,3.5,4.5,4.8,6.3c1.9,2.7,0.6,5.5,2.6,8.1c0.2,0.3,0.4,0.6,0.6,0.9c1.8-0.5,3.5-1.7,5.9-1.4\r\nc2.1,0.3,3.6,2.1,6.1,1.6c1.8-0.4,4.2-2.1,5.7-3.1c1.9-1.2,3.2-2.1,5.6-2.1c2.7,0,3.1,1.2,5,2.7c1.2,1,3.8,2,5.9,2.1\r\nc1.3,0,2.5-0.3,3-1.3C310.3,613.5,310.4,612.9,310.3,612.1z','1 0 0 1 249.8582 591.4',1,1,1,'2012-05-02 00:00:00','2012-05-02 00:00:00'),(44,4,40,'SATKHIRA','সাতক্ষীরা ','87','35.36355108298764','-101.08859974406197','M618.59 1170.01l3.23 4.09l-2.31 2.73l-2.77 -1.82l-3.70 0.46l-1.85 -1.82l-4.16 2.27l0.93 3.64l2.77 3.19l1.39 -2.27l1.85 0.91l-0.46 2.27l1.85 0.91l-0.46 2.73l-2.77 2.73l1.85 1.82l-1.85 0.46l-0.46 4.10l-2.77 -1.36l0.92 4.10l3.70 5.01l-4.16 7.74l4.62 3.19l-0.92 2.73l-0.92 3.64l4.16 3.19l-0.92 4.10l2.77 4.55l0.46 5.01l1.85 1.36l-4.16 1.36l0.46 2.73l1.85 1.36l-1.85 7.74l4.62 0.46l0.92 3.64l-3.70 -0.91v0.00 2.27l2.77 3.19l2.77 0.46v0.00 4.10l3.23 2.73l0.46 5.92l4.16 -0.91l-3.23 4.55h-4.16 0.00l-0.46 3.64l1.39 4.55l4.16 7.28l-1.39 0.91l-0.46 10.92l3.23 4.10l0.46 5.92l0.46 3.19l5.55 2.73l4.16 -1.82l2.77 5.46l-0.92 2.27l2.77 2.73l-1.85 4.10l-4.16 4.55l5.55 2.27l5.55 -1.36l-0.92 -2.27h3.23 0.00l0.46 -2.73l-2.31 -1.36l1.85 -2.73v0.00 -9.10l-1.85 -0.91l3.93 -3.19l3.00 -8.65l2.77 -2.73l-1.39 -4.10l-3.70 -6.83l-3.70 -7.28l-1.39 -3.19l3.23 -3.19h-7.86 0.00l4.62 -6.37l2.31 -5.01l1.85 -11.38l-4.62 -7.28v0.00 -2.28l2.77 -2.27l-4.62 -3.19l0.46 -8.65l4.16 -2.27l-4.16 -7.74l0.46 -10.47l2.77 -3.19l2.31 4.10l2.77 -3.64l-0.92 -2.27l-2.77 -0.46l-1.85 -1.82l1.85 -3.64l0.92 1.82l2.31 0.91l0.92 -3.19l2.31 -1.36l-0.46 -2.27l-4.16 -6.83l-4.62 -2.27l-2.31 -4.10l-0.93 -1.36l-3.70 2.73l-3.23 0.46l-2.77 -2.73l-1.39 0.91l-1.85 -4.10l2.77 -0.91l-4.16 -4.10l3.70 0.91l-1.85 -5.46l-2.77 -1.82l-0.46 3.19h-7.39 0.00L618.59 1170.01L618.59 1170.01z','M210.2,786.9c0,4.7-8.5,1.8-6.6,8c1,3.1,6.6,6.6,4.1,10.4c0,0,0.4,0.5,0.4,0.5c0.6-0.2,1.5-0.7,1.8-1.1\r\nc-0.3-3.6,2.9-1.7,4.4-2.2c2.6-0.9,1.2-3,1.1-5.4c-0.1-2.3,0.4-3.5-1.4-5.5c-0.6-0.7-1.6-1.3-2.3-2.1c-0.7-0.9-0.2-1.9-1.6-2.3 M232.3,803.4c1.1,1.7,3.1,2.5,4,4.3c0.8,1.7,0.7,4.1,1.1,6c0.9,4.2-0.8,8.6,1.1,12.7c0.9,1.8,2.7,3.3,2.9,5.5\r\nc0.2,2.1-0.9,4.6-1.3,6.6c-0.7,3.8-0.9,7.6,0.6,11.2c1.8,4.5,4.2-0.8,5.9-2.5c2.2-2.3,5.4-2.6,4.5-6.5c-0.6-2.6-2.1-5.2-2.8-7.7\r\nc-1.3-5.6-1.2-11.7-1.6-17.5c-1.1-2.8-4.4-3.9-4.7-5.5c-3.6-1.7-3.7-4.9-3.7-8.3c0-2.8-0.9-7.8-5.1-6.4\r\nC230,796.3,230.9,801.2,232.3,803.4z M242.3,782.8c-1.2,0.2-0.2,5.6-1,7.2c-1.3,2.6-3.5,4.6,0.2,6.8c0.5,2-0.5,7.9,3.3,6.3\r\nc1.7-0.7,1.2-2.3,1.6-3.6c0.5-1.6,0.8-2.1,1.9-3.6c2.2-3.2,1.1-4.5-0.6-7.7c-1.2-2.3-2.6-5.3-5.9-4.9c-0.1,0.3,0,0.5,0,0.8 M224.7,803.9c-4.2-2.5-3.9,7.5-3,9.6c0.7,1.7,2.3,3.1,3.2,4.7c0.9,1.7,1.1,3.8,2.1,5.3\r\nc1.3,2.1,2.8,3.5,4.1,0.9c0.9-2-0.3-4.3-0.3-6.3c0-2.1,0.8-4.2,0.2-6.3c-0.6-2.2-2.7-3.9-4.3-5.5\r\nC225.7,805.4,226.3,804.1,224.7,803.9 M215.1,812.7c3.9,3.6,2.1,7,3,11.8c0.9,4.4,6.9,5.3,7.7,9c1.2,5.5-6,0.4-7.4-1.4c-2.8-3.8-2.8-6.9-2.5-11.2\r\nc0.1-1.3,0.1-2.7-0.3-3.9c-0.6-1.3-2-1.7-1.8-3.3c0.5-0.2,0.2-1.2,0.7-1.1 M242.2,767.2c-0.5-1.8-0.2-3.4-1.7-4.9c-1.2-1.2-2.8-0.8-3.3-3c-0.5-2.2,0.9-2.6,2.3-4.1\r\nc1.4-1.5,1.7-2.7,2.6-4.5c1.2-2.2,3.7-4.8,3.2-7.5c-0.5-2.9-3.4-4.2-2.3-7.6c0.6-2,2.2-2.2,2.2-4.7c0.1-4.3-4.4-4.5-7.1-6.9\r\nc-3.5-3.1-0.2-7.3-1.1-11.3c-0.4-1.8-2.2-3-2.7-4.7c-0.7-2.1,0-3.7,0.8-5.5c1.9-4.1,3.2-6.8,0.2-10.9c-2.8-3.9-4.4-5.3-2.2-10\r\nc0.7-1.5,2.1-3.4,1.7-5.2c-0.4-2.1-2.8-2.2-3.6-3.9c-0.9-2,0.4-4.6,2.7-4.4c2,0.2,3.3,3.1,5.3,0.6c-0.5-1.5-2.4-1.7-2.8-3\r\nc-0.4-1.6,1.2-2.9,2.2-3.8c1.9-1.5,7.4-3.7,5.7-6.9c-2.9-1.6-3.9-3.7-6.3-5.8c-1.3-1.1-2.4-1.7-3.5-2.8c-1-1.1-1.6-1.9-2.3-3.2\r\nc-0.7-1.2-1.1-2.5-1.4-3.9c0,0,0,0-0.1,0c-1.8,0.7-3.5,0-5.1,0.5c-1.5,0.4-2.3,2-3.3,3.1c-2,2.2-4.3,3.4-6.4,0.3\r\nc-1.3-2-2.7-3.4-4.2-5.2c-1.7-2.1-0.9-5.3-0.8-7.9c0.2-5.7-6.9-3.4-9.7-2.7c-1.5,0.4-3.5,0-4.7-0.5c-1.4-0.6-1.9-2.1-3.1-2.5\r\nc-1.6-0.6-3.2,0.7-4.4,1.8c-1.5,1.3-2.3,1.9-4.3,2.1c-1.1,0.1-3.8,0.7-4.6,0.3c-1.7-0.8-0.6-3.3-1.6-4.4c-0.1-0.2-0.3-0.3-0.6-0.5\r\nc-0.7,1.9-0.7,4.1,0.3,6.4c0.7,1.6,2.3,3.4,3.6,4.4c1.8,1.5,4.1,1.4,5.8,2.5c4.1,2.7,2.6,8.7-0.1,11.6c-2.7,2.8-6.9,5-5.9,9.5\r\nc1,4.1,6.5,5.1,5,10.2c-0.5,1.9-2.3,3.3-1.5,5.5c0.8,2.2,2.6,2,2.3,4.7c-0.2,2.2-1.7,3.5-0.9,6c0.7,2,2.6,2.8,3.6,4.7\r\nc1.4,2.5-0.1,4.9,1.2,7.4c1.2,2.4,3.5,3.3,3.9,6.3c0.4,2.9-0.9,4.8-1.3,7.4c-0.5,3.1,0.8,6.3,1.1,9.4c0.4,3.3,0.1,7.3,2.1,10.1\r\nc2.4,3.4,4.8,6.6,6.1,10.7c1.3,4.1,2.7,6.7,6.3,9.6c5.1,4.1,0.5,5.3-2.3,8.8c-4.6,5.8,2.2,15.2,6.1,20.1c2.5,3.1,3.8,6.2,5.4,9.7\r\nc1.9,4.1,0.8,7.3,0.6,11.5c2.3,0.8,7.6-2.3,8.3-4.6c0.6-2.1-0.3-4.4-1.1-6.4c-1.4-3.7-3.7-7-5.1-10.6c-0.8-2-1.2-4.1-1.9-6\r\nc-0.4-1.2-2.8-4.1-1.9-5.5c2.3-3.8,7.1,4.1,7.7,5.8c0.7,2.1,0.9,3.9,2.1,5.8c1,1.7,2.3,3,3.2,4.8c1.6,3.1,4.5,8.2,6.5,2\r\nc0.7-2.2-0.2-3.5,0-5.8c0.4-4.4,1.7-0.8,4.1-1.4c1.3-0.3,3-4,3.3-5.2c0.2-0.8,0.2-1.6,0.2-2.5C242.9,770.4,242.7,769.1,242.2,767.2\r\nz','1 0 0 1 172.1432 690.524',1,1,1,'2012-05-02 00:00:00','2012-05-02 00:00:00'),(45,5,50,'BOGRA','বগুড়া ','10','39.254985320383305','-99.88479790674924','M614.43 939.73l-0.46 -9.56l-1.85 -1.36l3.70 -3.19h2.77 0.00l1.39 3.19l0.46 -3.19h1.39 0.00v0.00 2.73l3.23 -4.09l2.31 2.27l5.55 -4.55l-4.62 -4.55l2.31 0.91l0.46 -6.83l2.77 1.36l0.46 2.73l5.08 0.46v0.00 1.82h3.70 0.00l-0.46 -2.73l-2.31 -1.36v0.00 -2.73l2.31 0.46l2.77 -7.28l3.23 1.82l-1.39 -2.73h3.23 0.00l-2.31 -3.19l4.62 -2.73l0.46 -3.19l-1.85 -0.46l1.85 -1.82l5.08 0.91l3.23 1.82l0.92 4.10l4.16 0.91l0.93 -2.27l4.16 2.27l1.39 -2.73l3.70 3.64l5.55 0.91l2.31 2.27h1.85 0.00l1.39 -3.19l7.86 -0.91l1.39 2.28l1.39 0.46l-1.39 3.64h1.85 0.00l0.92 3.19l-1.85 2.73l1.85 1.37l-0.92 2.27l1.85 2.73l0.46 3.19l-2.31 0.46v0.00 4.10l3.70 4.10h3.23 0.00l1.39 2.27l-0.92 1.36h-6.47 0.00l-0.92 1.37v0.00 2.73h-0.92 0.00v0.00 3.19l-4.62 6.37l-3.23 -3.19l-2.31 1.36l-1.85 -1.82v0.00 2.27l-1.85 1.82l-0.46 3.64l1.85 0.91l-0.92 2.28l0.46 0.91l2.77 -0.46l2.77 2.27l-1.85 2.27l3.23 1.82l-1.85 2.27h-2.77 0.00l-0.46 1.82l-2.77 -0.91l-1.85 -2.73l-0.46 2.27h-2.77 0.00l-1.39 -1.82l-3.70 1.82l-3.23 0.46l-3.70 -2.27l-9.24 0.46v0.00 -2.27l-2.31 -3.19h-1.39 0.00l-2.77 -2.73l-3.70 -0.46l-1.85 1.36l0.92 3.64l-0.46 1.36l-5.08 -4.10v0.00 -1.82l1.85 -1.36l-0.92 -2.27l-2.77 2.27l-1.39 -1.36l-2.31 5.01l-3.23 -6.37l2.31 -2.73l-0.46 -6.83l-2.31 2.27l-4.62 -0.46l0.46 -2.28l-4.16 -6.83l-3.23 3.64l-1.39 -1.82L614.43 939.73z','M283.8,289.9c-0.2-0.3-0.3-0.7-0.5-1c0-0.1-0.1-0.2-0.1-0.3c-0.1-0.3-0.2-0.5-0.3-0.8c-0.1-0.4-0.2-0.7-0.4-1.1\r\nc-0.5-1.5-0.6-3.1-1-4.5c-0.4-1.4-1.1-2.6-1.6-4.1c-0.6-1.7-0.1-4-0.2-5.9c-2.4,1-5.7-0.5-8.2,0c-1.4,0.3-2.6,1.3-3.9,1.7\r\nc-1.6,0.4-2.9,0.7-4.5,0.8c-2.9,0.1-6.1-1.9-8.9-2.7c-3-0.8-5.4-3.1-8.4-3.7c-2.7-0.6-6.7,1.2-9.1-0.8c-1.1-0.9-1.8-2.4-3-3.4\r\nc-1.3-1.1-2.7-1.6-4.2-2.5c-0.5-0.3-0.9-0.6-1.4-1c-0.2,0.2-0.4,0.3-0.7,0.5c-1,0.6-2.7,0.4-3.5,1.6c-0.7,1.2,0.1,2.6-1.1,4\r\nc-1,1.2-2.8,1.5-3.7,2.6c-1,1.3-0.4,3.2-0.4,4.9c-1.2,0.7-2.7,1.2-3.7,2.3c-1.1,1.3-1.1,2.9-1.6,4.3c-0.9,2.4-2.4,6.3-4.1,8.2\r\nc-1,1.1-2.7,2.4-4.1,2.6c-1.8,0.3-2.8-1-4.5-1.2c-4.2-0.5-6.1,1.2-6,5.1c0.1,3.2,3,6.2,0.6,9.1c-1.3,1.5-2.5,2.1-4.3,2.2\r\nc-1.7,0.1-3.9,0-5.5,0.3c-1.6,0.3-2.3,1.6-3.6,2.4c-0.8,0.5-1.3,0.5-1.6,0.2c-0.4,1.7-0.8,3.3-1.4,4.9c-0.6,1.5-0.9,3-1,4.6\r\nc-0.1,1.2-0.9,3.8-0.4,4.9c2,3.7,6.3-2.9,7.4-3.8c2.3-1.9,6.9-1.4,8.6,1c1.2,1.7,0.3,8.5,2.7,6.9c1.2-0.8,1.2-2.7,3.3-2.2\r\nc1.6,0.4,2.2,2.2,3.1,3.2c1.9,2.2,4.5,5,3.8,8.3c-0.4,2-1.9,2.5-3.3,3c0.6,0.7,1.1,1.5,1.7,2.1c2.2,2.2,4,3.5,7.2,3.7\r\nc2.7,0.2,5.5,0.8,8.1,0.5c2-0.2,3.3-1.1,5.5-0.5c2.6,0.7,5.3,3.1,7.2,4.9c1.4,1.3,2.5,3.4,4.1,4.6c0.7,0.5,1.5,0.9,2.5,0.9\r\nc3,0.2,6.6-1.6,9.5-0.3c2.8,1.4,4.6,3.6,7.9,1.5c1.1-0.7,1.7-2,2.8-2.6c1-0.5,3.6-0.6,4.7-0.3c2.7,0.6,6.8,2.2,9.7,0.6\r\nc2.4-1.4,3.8-5.3,2.4-7.8c-1.4-2.4-4.8-3.4-6.4-5.8c-1.1-1.6-2.8-6.9-2.2-8.9c1.2-3.8,6.1-1.2,8.5-0.8c8,1.2,9.2-7.8,8-13.6\r\nc-0.6-3-2.8-5.3-3.5-8.2c-0.1-0.5-0.2-1-0.3-1.5c-0.6-2-0.8-4.1-0.5-6c0.1-0.7,0.3-1.3,0.5-2c0.4-5.2,1.3-5.9,3.2-8.8\r\nc0.2-0.4,0.4-0.8,0.5-1.2c0-0.1,0.1-0.3,0.2-0.4C284.1,290.6,283.9,290.3,283.8,289.9C283.8,290,283.8,289.9,283.8,289.9z','1 0 0 1 224.2925 316.9307',1,1,1,'2012-05-02 00:00:00','2012-05-02 00:00:00'),(46,5,50,'JOYPURHAT','জয়পুরহাট','38','39.62762703652087','-101.31666528730157','M619.52 922.44l-0.46 -8.19l0.92 -0.91l0.46 -10.01l-2.77 -2.73h-2.31 0.00l-0.92 1.82h-1.85 0.00l-1.85 -3.64v0.00 -2.27l1.39 -0.46l0.46 -6.83l-2.77 -0.46l1.39 -0.91l-1.85 -3.64l2.31 -2.27l-0.46 -3.19l0.92 -6.37l5.55 -1.82l1.85 0.46l4.16 3.19l5.08 -0.91l2.31 3.19l6.47 -0.91l5.08 1.82l-1.85 3.64l2.31 3.64l2.31 1.82l3.23 4.55l-0.46 1.36l4.16 2.73v0.00 1.82l-2.77 2.27l-1.85 0.91l1.85 2.73l-2.77 0.91l0.93 1.82l-2.77 -1.36l-2.31 6.37h-1.85 0.00v0.00 3.64l1.39 1.37l-0.46 1.82l-2.31 -0.46v0.00 -1.36h-5.08 0.00l-0.46 -3.19l-3.23 -1.36l-0.46 6.37h-1.39 0.00l0.46 1.82l2.77 1.82v0.00 1.36l-4.16 2.73l-1.39 0.91l-2.31 -1.82l-2.31 2.73v0.00 -1.82h-2.31 0.00v0.00 1.82l-0.92 -1.36h-3.23 0.00v0.00 -2.73L619.52 922.44z','M171.2,261.1c0,1.3-0.9,3-1.3,4.3c-0.5,1.6-0.5,3-0.6,4.8c-0.2,3.3-0.4,7.4,4.1,7.2c3.1-0.1,4.3-3.9,7.3-1.9\r\nc2.7,1.9,3.1,5.3,2.7,8.5c-0.4,3-1.2,6-1.7,9.1c-0.5,3.1,0.1,6.5-0.6,9.7c-0.3,1.3-1.7,6.1-0.7,7.2c0.3,0.3,0.8,0.3,1.6-0.2\r\nc1.3-0.8,2-2.1,3.6-2.4c1.6-0.3,3.8-0.1,5.5-0.3c1.8-0.2,3.1-0.7,4.3-2.2c2.4-2.9-0.5-5.9-0.6-9.1c-0.2-3.9,1.8-5.6,6-5.1\r\nc1.7,0.2,2.7,1.5,4.5,1.2c1.5-0.2,3.2-1.5,4.1-2.6c1.7-2,3.3-5.8,4.1-8.2c0.5-1.4,0.5-3.1,1.6-4.3c1-1.1,2.5-1.5,3.7-2.3\r\nc0.1-1.6-0.6-3.6,0.4-4.9c0.9-1.1,2.7-1.4,3.7-2.6c1.2-1.4,0.4-2.8,1.1-4c0.8-1.3,2.5-1,3.5-1.6c0.2-0.1,0.5-0.3,0.7-0.5\r\nc-1.8-1.5-3.2-3.4-5.4-4.3c-2.9-1.1-5.6-2.6-8.7-3.1c-3.7-0.6-5.6-2.3-5-6.4c0.1-0.9,0.4-1.5,0.7-1.9c-2.5-1.2-4.7-3.4-7.2-4.6\r\nc-3.5-1.7-6-0.3-9.4-0.3c-1.5,0-3.2,0.2-4.5-0.8c-1.1-0.9-1.8-2.6-3.1-3.3c-1.3-0.7-2.4-0.5-3.6-1.1c-2.3,0.4-5,0.8-6.6,2.4\r\nc-2.7,2.6-1.7,5.9-1.5,9c0.1,1.7,0,3.5-1.2,4.8c-1.1,1.1-3.4,1-4.1,2c-0.1,0.2-0.2,0.3-0.3,0.5C166.7,256.6,171.1,258.8,171.2,261.1\r\nz','1 0 0 1 172.6226 267.4756',1,1,1,'2012-05-02 00:00:00','2012-05-02 00:00:00'),(47,5,50,'NAOGAON','নওগাঁ ','64','39.41485426402245','-102.7892549203327','M614.89 926.08v0.00 -3.19l4.62 -0.46l-0.92 -8.19l1.85 -0.46l-0.46 -9.56l-2.77 -4.55h-0.92 0.00l-1.85 2.28l-2.31 0.46l-2.31 -4.10v0.00 -1.82h1.85 0.00l1.39 -7.28h-5.08 0.00l2.77 -0.91l-2.77 -3.64l1.85 -2.27l-3.70 -0.46h-1.85 0.00l-6.01 -3.64l-1.39 3.19l-3.23 2.28h-0.92 0.00l-2.31 -2.73l-2.31 1.36l-5.55 -3.19l-3.23 -0.91l-0.93 1.82l-8.78 -0.46l-2.31 4.55h-2.31 0.00v0.00 -2.73l-1.39 -1.36l-1.39 1.82l-1.85 -2.27h-2.77 0.00l-2.31 -1.82l-0.93 1.82l-3.23 1.36l0.00 0.00l-0.46 3.64l3.70 1.82v0.00 1.36l-3.23 1.36v0.00 6.37l0.92 1.36l-2.31 -0.46l-0.46 4.10l2.31 1.82l-1.85 2.27l-2.31 1.36v0.00 2.73l-2.31 0.46v0.00 1.82h3.23 0.00l2.77 2.73l0.46 5.01h1.39 0.00v0.00 -1.82l0.46 -1.82h1.85 0.00l3.23 3.19v0.00 1.82l-3.23 5.46l-2.31 0.91l-3.70 0.46l-0.46 1.36l-4.16 -0.91l-1.39 2.73l3.24 1.82l1.85 -0.91h5.55 0.00l-1.85 2.73l2.31 0.91l4.62 0.46l1.39 2.73l-2.31 0.46l-2.31 -0.91h-1.85 0.00l-0.46 1.36l3.23 0.91l2.77 1.36l0.46 1.36l2.31 1.36l5.08 1.36v0.00 3.19l2.31 0.91l2.77 -3.64l2.31 3.19l-0.46 5.01l1.85 1.82l0.46 -0.91h2.31 0.00l2.77 -1.36l6.47 -4.55h1.85 0.00l0.46 1.82l3.23 -0.46l0.00 0.00l2.31 2.73l0.92 -0.91h3.23 0.00l2.77 3.19l0.46 -0.91l2.77 -0.46l1.39 1.82v0.00 4.55l2.31 1.82l2.31 0.46l5.08 0.46v0.00 2.73l0.92 0.91h1.85 0.00l0.46 -1.36v0.00 1.82h2.77 0.00l0.92 2.73l1.85 -2.27l1.39 0.46l3.23 -2.73v0.00 -4.55l-1.39 -0.91v0.00 -3.19l3.70 -5.46l1.39 -2.28l-0.46 -4.10l0.92 -3.64l-2.31 1.82l-5.08 0.46l0.46 -4.10l-3.23 -5.46h-0.92 0.00l-3.70 3.64l-1.39 -0.46l-4.16 3.64l-0.46 -10.01l-1.85 -0.91L614.89 926.08z','M88.8,385.7v0.1c0,0,0,0,0,0C88.9,385.8,88.9,385.8,88.8,385.7z M89,386.1c0-0.1-0.1-0.2-0.1-0.2C88.9,386,88.8,386.1,89,386.1z M96.5,295.1c0.9,1.5-0.2,3.1,1.8,3.7c1.7,0.5,3.1-1.1,4.5-0.4c1.6,0.8,1.2,2.5,1.1,3.8c-0.3,3,0.8,6.2-1.1,9\r\nc-2.1,3-5.1,1.4-7.6,2.7c-3.8,1.9,3.4,3.6,3.3,6c-0.1,1.5-2.6,2.3-3.2,3.9c2.4,2.5,9.8,0.4,10,5.8c0.1,1.3-0.9,1.7-0.8,2.9\r\nc0,1.3,1.2,1.8,1.3,2.9c0.1,2.2-3.7,2.9-3.5,4.9c1.8,0.4,3-0.9,4.9-0.7c0.6,0.1,1.3,0.1,2.1,0.2c1.7,0.2,3.5,0.5,4.6,1.4\r\nc1.6,1.3,1.8,3.7,3.5,5c1.4,1,2.9,1.2,4.5,1.5c1.5,0.3,2.7,1.4,4.1,1.7c1.8,0.3,3.3-1.2,5-1.4c1.9-0.3,3,1.2,4.4,1.2\r\nc2.7,0.1,5-3.3,5.9-5.4c0.7-1.6,1.1-2.9,2.9-3.5c1.8-0.6,3,0.7,4.7,0.4c1.4-0.3,2.5-2.2,4.1-2.1c2,0.1,1.2,2,2.3,3.2\r\nc1,1.1,3.1,0.7,4.4,0.8c1.6,0.1,3.3,0.4,5,0.6c1.9,0.2,2.5,1.1,4.1,1.9c1.4,0.7,2.7,0.5,3.7,1.9c1.2,1.6,0.5,3.6,1.4,5.3\r\nc1,1.9,4.5,3.3,6.5,3.8c0.1,0,0.2,0,0.3,0.1c3.6,0.7,5.9,0.1,8.5,3.2c2.1,2.5,5.3,3.2,8.3,1.5c3.6-2,2.9-4.3,2.7-7.9\r\nc-0.1-2.9-1.5-6.9-0.2-9.5c0.7-1.4,2.1-1.9,3.5-2.3c1.5-0.5,2.9-1.1,3.3-3c0.7-3.2-1.9-6-3.8-8.3c-0.9-1.1-1.6-2.9-3.1-3.2\r\nc-2.1-0.5-2.1,1.5-3.3,2.2c-2.4,1.5-1.6-5.3-2.7-6.9c-1.7-2.4-6.3-2.9-8.6-1c-1.1,0.9-5.5,7.5-7.4,3.8c-0.6-1,0.3-3.7,0.4-4.9\r\nc0.1-1.6,0.4-3.1,1-4.6c0.6-1.6,1-3.2,1.4-4.9c-1.1-1.1,0.4-5.9,0.7-7.2c0.8-3.2,0.2-6.6,0.6-9.7c0.5-3.1,1.3-6.1,1.7-9.1\r\nc0.5-3.2,0.1-6.6-2.7-8.5c-3-2-4.2,1.7-7.3,1.9c-4.5,0.2-4.2-3.9-4.1-7.2c0.1-1.7,0.1-3.2,0.6-4.8c0.4-1.2,1.3-3,1.3-4.3\r\nc-0.1-2.3-4.5-4.5-3-7.6c-2.1-1.5-3.7-3.5-6.1-4.5c-3.6-1.6-5.5,0.6-8,2.6c-6.2,5-10.1-1.7-16.1-2.3c-4.2-0.4-10,0.1-13.8,1.6\r\nc-1.9,0.7-3.3,2.6-5.1,3.6c-2.4,1.4-3.7-1.1-5.2-2.4c-2-1.8-4.4-1.9-6.8-2.7c-2.3-0.8-6.8-1.7-8.6,0.8c-1.8,2.6,0.3,5.8,1.2,8.2\r\nc1.2,3.3-1.2,5.6-1.2,8.9c0,3.4,1.1,6.3,1.2,9.5c0.2,3.6-1.8,6-3.7,8.9c-0.9,1.4-1.2,3-2.3,4.3c-0.7,0.9-2.6,2.5-1.3,3.8\r\nc0,0,0,0,0,0C93.7,294.9,95.3,293.1,96.5,295.1z','1 0 0 1 130.6436 309.4521',1,1,1,'2012-05-02 00:00:00','2012-05-02 00:00:00'),(48,5,50,'NATORE','নাটোর ','69','38.53593475161425','-101.30642399388606','M602.41 1021.19v0.00 -2.27l4.62 -0.46l-0.92 -2.28l-6.01 -0.91l1.85 -1.82l-1.85 -0.91l2.77 -1.36l-1.85 -2.73l7.39 -2.73l-2.31 -3.64v0.00 -2.73l-4.62 0.46l-1.85 -4.55l6.01 -4.10l-0.92 -14.56l4.62 -3.19l-3.23 -3.19h-2.77 0.00l4.16 -2.73l4.62 0.91l1.85 -3.64l-0.46 -1.82h3.23 0.00l-0.46 2.27l2.77 2.28l3.70 0.46l3.23 0.46l4.16 -2.73l0.46 -5.01h-1.85 0.00v0.00 -4.10l3.70 -4.55l3.23 5.46l1.85 -4.55l1.85 0.91l2.77 -2.73l1.39 1.82l-2.77 3.19l5.55 4.10l0.46 -1.82l-1.85 -2.27l2.31 -2.27l4.16 0.91l2.77 2.27l2.77 2.28l1.39 3.19l1.39 1.36l-7.86 10.47l-4.62 5.46l2.77 1.36l0.92 2.73l2.31 1.36l0.46 8.65l-3.70 3.64v0.00 2.27l-2.31 -0.46l-4.16 8.19l-3.23 1.82h-2.77 0.00l-1.39 3.19l-4.16 3.19l-8.32 1.82l-1.85 -1.82l-1.39 -0.46l-1.85 3.19v0.00 3.19l-5.55 -0.46l-4.62 -1.36l-1.85 2.28L602.41 1021.19z','M171.2,364c1.6,0.8,2.5,1.6,3.7,2.9c-0.9,2.3-2.7,4.3-3.7,6.6c-1.1,2.7-0.2,4.9-0.1,7.8\r\nc0.1,2.8,0.3,5.4-1.4,7.8c-1.5,2-4.7,2.2-5.9,4.6c-0.6,1.2-0.6,3.4-0.3,4.7c0.2,0.6,0.5,1.5,1,1.9c0.6,0.5,1.6-0.2,2.1,0.8\r\nc0.4,0.9-1.6,2.9-1.6,4.1c0,1.8,1.4,2.6,1.6,4.3c0.5,3.4-1.4,5.9,0.3,9.4c1,2.3,5.8,3.7,4.9,6.6c-0.3,0.9-0.8,1.7-1.5,2.4\r\nc1.1,0.2,2.2,0.4,3.3,0.3c1.6-0.1,3-0.8,4.5-1.1c1.9-0.3,3,0,4.8,0.6c1,0.4,2.2,0.9,3.3,0.8c0.4,0,0.8-0.2,1.2-0.5\r\nc1-0.8,0.9-2.6,2.2-3.2c2.7-1.3,4.6,3.8,8.1,1.7c1.4-0.8,2.3-2.4,3.9-3.1c1.6-0.7,3.1-0.4,4.7-0.7c2.6-0.5,6.2-2.1,7.8-4.1\r\nc1.8-2.3,3.2-5.3,5.5-6.9c2.2-1.5,4.8-3.5,5.9-6c1.2-2.9,0-6.5,2.1-9.3c0.9-1.2,2.4-1.4,3.1-2.9c0.2-0.4,0.3-0.7,0.3-1\r\nc0.2-1.4-0.9-2.5-1.2-4c-0.6-2.8,0.4-7-2.2-8.9c-1.3-1-3.1,0-3.7-2c-0.6-1.8,0.7-2.7,1.8-3.8c2.5-2.5,1.5-5.5,3.6-8.1\r\nc1.8-2.3,3.1-4.6,4.7-6.8c0.8-1.1,1.9-2,2.9-3c-1.6-1.2-2.7-3.3-4.1-4.6c-1.9-1.8-4.6-4.2-7.2-4.9c-2.1-0.6-3.4,0.3-5.5,0.5\r\nc-2.7,0.3-5.5-0.4-8.1-0.5c-3.1-0.2-4.9-1.5-7.2-3.7c-0.6-0.6-1.1-1.4-1.7-2.1c-1.4,0.5-2.7,0.9-3.5,2.3c-1.3,2.6,0,6.6,0.2,9.5\r\nc0.2,3.6,0.9,5.9-2.7,7.9c-3,1.7-6.2,1-8.3-1.5c-2.6-3.1-4.9-2.5-8.5-3.2c-0.2,1.3-0.9,2.6-1.5,3.5\r\nC177.6,360.8,170.8,362.3,171.2,364z','1 0 0 1 179.2534 392.8789',1,1,1,'2012-05-02 00:00:00','2012-05-02 00:00:00'),(49,5,50,'CHAPAI NABABGANJ','চাঁপাই নাবাবগঞ্জ ','70','38.95947807053264','-104.88803991084089','M559.43 942.00l-2.77 -2.27l-3.23 -0.91l0.46 -1.82l6.47 1.36l-1.39 -2.73h-4.16 0.00l-4.16 -1.82l2.31 -2.73l-4.16 -0.91l-1.85 1.82l-3.70 -1.82l0.92 -3.19l3.70 1.36l0.92 -1.82l5.08 0.46l1.39 -1.82l3.70 -5.92l-4.62 -4.55l-1.39 4.10l-2.77 0.46l0.92 -4.55l-2.77 -3.19l-2.77 -0.46l-1.39 3.19l-5.55 -0.46l-0.92 3.64h-1.39 0.00l-0.46 1.82h3.23 0.00v0.00 2.27l-1.85 2.73l-0.92 -2.73l0.00 0.00l-2.31 2.28l-0.92 -2.28l-2.77 -1.82l-1.39 2.73l1.39 -4.55l-4.62 -3.19l0.46 -2.73l-3.23 -0.46l-0.46 1.36h-3.70 0.00l-3.70 2.27l-0.46 2.27l2.31 2.27l0.92 6.37l-8.32 5.46l0.92 3.64l-2.77 -0.46l-1.39 1.36l-0.46 3.64l-0.46 3.19l-0.46 2.27l-2.31 -0.46l-2.31 1.36l1.39 1.36l2.31 1.82l-0.46 1.82l5.08 3.19l-0.46 2.73l2.77 2.73l-1.39 4.10l1.85 3.64l2.31 2.73h3.23 0.00l2.77 2.73l1.85 2.27l3.24 -0.46l11.55 3.64h4.62 0.00v0.00 -2.28h-0.46 0.00l-2.31 -3.64v0.00 -6.37l-2.31 -2.73v0.00 -4.09l5.55 -2.73l3.70 -0.46l0.00 0.00l5.08 -3.19l-0.46 -3.64h9.71 0.00l0.92 -0.91l-1.85 -1.37l-1.85 0.91l-3.23 -1.82L559.43 942.00z','M54.2,366.8c-1.1-0.4-2.3-0.4-3.5-0.6c0.2,0.2,0.4,0.3,0.6,0.5c2.2,1.8,3.9,4.4,6.2,6c0.4,0.3,0.8,0.5,1.2,0.7\r\nC58.3,370.5,57.2,367.8,54.2,366.8z M107.1,339.4c-1.8-0.2-3,1.1-4.9,0.7c-0.2-2,3.6-2.7,3.5-4.9c-0.1-1.1-1.3-1.6-1.3-2.9c0-1.2,0.9-1.6,0.8-2.9\r\nc-0.2-5.4-7.6-3.3-10-5.8c0.6-1.5,3.1-2.3,3.2-3.9c0.1-2.3-7.1-4.1-3.3-6c2.5-1.2,5.5,0.4,7.6-2.7c1.9-2.8,0.8-6,1.1-9\r\nc0.1-1.3,0.5-2.9-1.1-3.8c-1.4-0.7-2.9,0.9-4.5,0.4c-2-0.6-0.9-2.2-1.8-3.7c-1.2-2-2.8-0.2-4-1.4c0,0,0,0,0,0\r\nc-0.6,0.4-1.1,0.8-1.7,1.2c-2.5,1.8-6.3,1.6-7,5.1c-0.5,2.7,2.8,7.2-2.1,7.4c-1.2,0-3-0.4-4.5-0.4c-1.4,0-3.9,1.1-5,0.8\r\nc-1.8-0.4-2.7-5.7-3.5-7.4c-1.5-3.3-3.7-4.4-7.4-3.9c-3.2,0.5-4.8,2.6-6,5.5c-1.5,3.6,0.1,4.8,1.5,7.9c2.2,4.9-6.2,11.7-9.4,14.8\r\nc-2.2,2.1-4.3,4.4-5.1,7.7c-0.7,3-1.2,5.7-3.5,8.2c-2.1,2.3-5,3.4-4.6,6.8c0,0,0,0.1,0,0.1c2.3,1,4.4,3,5.8,4.9\r\nc1,1.4,1.3,1.8,2.5,3c1.1,1.1,2.7,2.2,2.7,3.9c1.8,0.6,3,1.6,4.9,2c1.8,0.4,4.3,0.4,6,1.1c3.5,1.5,6,4.6,7.6,8\r\nc1.1,2.2,1.1,4.2,1.1,6.3c0,1.8-0.1,3.7,0.4,5.7c0.8,3,3.8,7.3,7.1,8.1c3.9,0.9,7.5-2.6,11-3.5c3.2-0.8,5.7,0.2,8.4,1.5\r\nc-0.7-0.5-1.5-1-2.3-1.4c-0.5-0.3-1.1-0.5-1.6-0.8c0.4-0.1,0.7-0.2,1-0.3v-0.3c-1.6-2.4-4.4-2.8-6.3-4.9c-1.6-1.8-1.6-6.2-1.7-8.6\r\nc-0.2-4.3-1.7-15.1,3.1-16.5c3-0.9,5.9-0.1,8.6-2.1c2.4-1.7,3.6-4.5,5.6-6.7c0.9-0.9,2-2.1,3.1-2.9c1.7-1.1,2.1-0.4,4.1-0.5\r\nc2.9-0.1,3.6-2,3.9-4.1C108.4,339.5,107.7,339.5,107.1,339.4z','1 0 0 1 24.6655 344.0073',1,1,1,'2012-05-02 00:00:00','2012-05-02 00:00:00'),(50,5,50,'PABNA','পাবনা','76','38.03035347538273','-99.96195501503324','M618.59 1022.10v0.00 -3.19l1.85 -3.19l2.31 2.27l9.24 -1.82l4.62 -3.64l0.93 -3.64l2.77 0.91l4.16 -2.28l2.77 -8.19l2.77 1.37l0.46 -3.64l3.70 -3.64l9.71 2.27l3.24 1.36v0.00 4.55l1.39 2.73l3.24 -1.82l2.77 0.91l-1.85 1.36v0.00 3.64l1.85 1.37h4.16 0.00l1.85 -2.28l1.85 3.19l-2.77 2.28h2.31 0.00v0.00 2.73l-2.77 1.36l0.92 3.19l4.16 0.46l6.01 5.01l4.16 -0.46l6.01 5.00l3.23 4.55l-4.62 0.91v0.00 2.73l-1.85 0.45l0.46 4.10l2.31 2.73l3.70 -0.91l1.85 5.46h-1.85 0.00l-3.70 -4.10l1.39 5.46l5.55 0.91l4.16 2.73l-4.16 1.36l-2.31 1.37l-5.55 -0.46l-5.54 -2.27l-6.47 1.82l-4.16 1.82l-11.09 -6.83l-1.85 -4.55l-5.55 -5.92h-2.31 0.00l1.85 4.55l-2.31 2.73l-5.08 -0.91l-3.23 -4.55l-4.62 -5.00l-1.85 -0.91h-6.47 0.00l-2.77 -1.82h-5.08 0.00l-2.77 -0.46l-3.70 3.19v0.00 -2.28l-3.70 -1.37l-1.85 -3.64l0.92 -5.92L618.59 1022.10L618.59 1022.10z','M293.9,456.3c-0.4-3.4,2.7-7.7,5.2-11.4c-1.1,0.2-1.9-0.6-3.9-1.9c-2-1.4-4.9-1.9-6.8-3.9\r\nc-1.2-1.3-0.9-2.9-2.1-4.1c-1.6-1.7-2.4-0.9-4.4-1.8c-2.7-1.3-4.6-3.1-7.8-3.7c-4.3-0.9-5-1.1-5.8-5.6c-8.5-2.4-3-7.2-5.8-13.3\r\nc-2.1-4.4-2.9,0.9-6.2-0.7c-2-1-1.4-4.9-1.6-6.6c-3.4,1-5.1,0.6-6.5-2.9c-1.8-4.6-1.3-4.2-5.9-5.8c-3.5-1.2-5.4-2.2-9.4-2\r\nc-0.6,0-1.3,0.1-2,0.2c0,0.3-0.1,0.6-0.3,1c-0.7,1.4-2.3,1.7-3.1,2.9c-2,2.7-0.8,6.4-2.1,9.3c-1.1,2.5-3.7,4.5-5.9,6\r\nc-2.3,1.6-3.6,4.6-5.5,6.9c-1.6,2.1-5.2,3.6-7.8,4.1c-1.7,0.3-3.1,0-4.7,0.7c-1.6,0.7-2.4,2.3-3.9,3.1c-3.6,2.1-5.4-3-8.1-1.7\r\nc-1.2,0.6-1.2,2.4-2.2,3.2c-0.4,0.3-0.8,0.5-1.2,0.5c1.1,1.9,2.5,3.8,4.1,5.1c2.1,1.8,5.1,1.7,7.3,3.4c1.9,1.4,4.2,5,5.2,7.2\r\nc1.3,2.8,3.1,6.5,4,9.4c1.3,0.7,3,0.8,4.5,1.3c1.8,0.6,2.4,1.5,3.9,2.5c2.4,1.6,7,1.1,9.7,1c1.8-0.1,3.3,0.4,5,0.6\r\nc1.5,0.2,3.4,0.2,4.9,0.7c0.8,0.2,1.5,0.7,2.1,1.2c4.3-1,8.4,0,13,1.5c6.9,2.2,9.6,6.4,15.3,10.5c4.7,3.4,12.8,3.6,18.9,3\r\nc2.9-0.3,6-1.2,9.1-1.3c3.7-0.2,5.1,0.6,6.8-2.3c0.1-3.1-0.2-6.3,0.2-9.4c-0.1-0.2-0.2-0.4-0.3-0.5\r\nC297.9,459.6,294.3,459.9,293.9,456.3z','1 0 0 1 224.8926 444.0195',1,1,1,'2012-05-02 00:00:00','2012-05-02 00:00:00'),(51,5,50,'RAJSHAHI','রাজশাহী ','81','38.68398603416567','-103.09350525403777','M539.56 978.87l1.39 -3.19l-3.23 -4.09l0.46 -5.92l-2.77 -3.19l0.46 -3.64l9.24 -2.73l5.55 -2.73l-0.46 -3.64l8.78 0.46l1.39 -1.36l-1.39 -2.27l-2.31 1.37l-3.23 -1.82l6.01 -3.19l6.93 2.27l0.46 3.64l2.77 0.91l2.77 -3.19l2.31 1.82l-0.46 5.01l4.16 1.82l10.17 -5.46l-0.46 -0.91l5.08 1.82l2.77 2.27l3.70 -0.46l3.23 3.19l3.70 -1.36v0.00 4.55l0.46 2.27l3.70 1.82h2.31 0.00v0.00 2.73l-0.92 2.27l-5.08 0.46l-2.77 2.27h1.85 0.00l2.77 2.73l-4.16 3.19l0.46 2.27l0.00 0.00l0.46 12.29l-4.62 3.19l-0.92 1.37l0.00 0.00l2.31 4.55l3.70 -0.91l0.46 2.73l0.92 2.28l1.39 1.36l-6.01 2.27l-1.85 1.82l2.31 1.82l-2.77 1.36l1.85 1.36l-1.85 1.36l5.08 0.91l0.92 1.82l-3.70 0.91l-0.46 1.82h-4.62 0.00l-6.47 -2.73l-4.16 -3.64l-1.85 -0.91l-3.23 -0.91v0.00 -1.82l3.70 -0.91l0.46 -9.56l-3.23 -6.83l-3.70 -0.46l-1.85 2.73l-6.93 -0.46l-4.16 -2.27l-3.23 2.73l-4.16 -2.27l-4.16 -4.10l-1.85 0.46l-0.46 -2.27l-4.16 -0.91l-4.62 -2.27L539.56 978.87z','M180,355.6c-2-0.4-5.5-1.8-6.5-3.8c-0.8-1.6-0.2-3.6-1.4-5.3c-1-1.4-2.2-1.2-3.7-1.9c-1.7-0.8-2.2-1.7-4.1-1.9\r\nc-1.7-0.2-3.3-0.4-5-0.6c-1.3-0.1-3.4,0.3-4.4-0.8c-1.1-1.2-0.2-3.1-2.3-3.2c-1.5-0.1-2.7,1.9-4.1,2.1c-1.7,0.3-2.9-1-4.7-0.4\r\nc-1.8,0.6-2.3,1.9-2.9,3.5c-0.9,2.1-3.2,5.5-5.9,5.4c-1.4,0-2.5-1.5-4.4-1.2c-1.7,0.2-3.2,1.7-5,1.4c-1.4-0.3-2.6-1.4-4.1-1.7\r\nc-1.6-0.3-3.1-0.4-4.5-1.5c-1.7-1.2-1.9-3.7-3.5-5c-1.1-0.9-2.9-1.2-4.6-1.4c-0.3,2.1-0.9,4-3.9,4.1c-2,0.1-2.4-0.7-4.1,0.5\r\nc-1.1,0.8-2.3,2-3.1,2.9c-2,2.2-3.3,5-5.6,6.7c-2.7,2-5.6,1.1-8.6,2.1c-4.7,1.4-3.3,12.3-3.1,16.5c0.1,2.4,0.1,6.8,1.7,8.6\r\nc1.9,2.1,4.8,2.5,6.3,4.9v-0.1c0,0.1,0,0.1,0,0.2c0.1,0.1,0.1,0.2,0.1,0.2c-0.2,0-0.2-0.1-0.1-0.2c0,0,0,0,0,0v0.3\r\nc-0.3,0.1-0.7,0.2-1,0.3c0.5,0.2,1.1,0.5,1.6,0.8c0.8,0.4,1.6,0.9,2.3,1.4c0.5,0.2,1,0.5,1.5,0.7c1.8,0.9,3.6,2.4,5.3,4\r\nc1,0.9,1.9,1.9,2.7,2.8c2.5,2.7,5.8,5.5,8.5,7.7c3.2,2.7,6.8,2.7,10.7,3.3c4.1,0.6,8.3-1,12.4-0.8c3.4,0.2,8.3,1.4,11.5,2.5\r\nc1.8,0.6,3.1,1.6,4.3,2.6c0.9,0.8,1.8,1.7,2.8,2.6c2.1,1.9,4.4,2.7,6.1,5.5c0,0,0,0,0,0c0.3,0.5,0.6,2.1,0.8,2.8\r\nc0.4,0.9,1,1.6,1.4,2.5c0,0,0,0.1,0.1,0.1c0.7,0.5,1.3,1,1.8,1.6c1.1,1.4,1,3.3,2.9,3.7c1.9,0.4,4.4-0.6,5.9-2.2\r\nc0.7-0.7,1.3-1.5,1.5-2.4c0.9-2.9-3.9-4.4-4.9-6.6c-1.6-3.5,0.2-6.1-0.3-9.4c-0.2-1.7-1.7-2.6-1.6-4.3c0-1.2,2.1-3.2,1.6-4.1\r\nc-0.5-1-1.5-0.3-2.1-0.8c-0.5-0.4-0.8-1.3-1-1.9c-0.4-1.3-0.4-3.5,0.3-4.7c1.2-2.4,4.4-2.6,5.9-4.6c1.8-2.4,1.6-5,1.4-7.8\r\nc-0.1-2.8-1-5,0.1-7.8c0.9-2.4,2.8-4.3,3.7-6.6c-1.1-1.3-2.1-2.1-3.7-2.9c-0.4-1.7,6.4-3.2,7.6-4.9c0.7-0.9,1.3-2.2,1.5-3.5\r\nC180.3,355.7,180.2,355.7,180,355.6z','1 0 0 1 109.0039 381.459',1,1,1,'2012-05-02 00:00:00','2012-05-02 00:00:00'),(52,5,50,'SIRAJGANJ','সিরাজগঞ্জ','88','38.53384830760329','-99.24201073200983','M653.25 992.52v0.00 -6.83l-2.31 -1.82v0.00 -1.82l-3.23 -2.73l12.48 -15.02l-0.92 -1.82h8.32 0.00l3.23 2.73h3.23 0.00l4.16 -2.27l3.70 1.82l0.92 -3.19l1.85 3.64l3.23 0.91v0.00 -2.28h2.31 0.00l2.31 -1.82l-3.70 -2.28l1.85 -1.82l-3.23 -2.73l-2.77 0.46l-0.93 -0.46l2.31 -2.28l-2.31 -1.36l1.39 -5.01v0.00 -3.19l2.31 2.28l2.77 -0.91l2.77 2.73l6.01 -6.37l-0.92 -2.73l0.92 -4.55l5.55 0.46l1.85 2.27l1.39 1.36l0.92 -1.82h1.39 0.00l2.31 2.28l1.39 0.46l0.46 2.73l-2.77 0.46l-0.46 1.36l2.77 2.28v0.00 6.83l-0.92 3.64h-2.77 0.00l2.31 2.73l0.46 3.19l-2.31 1.36l-0.46 2.73l-1.85 -0.46l-2.31 2.73l2.31 3.19v0.00 3.64l-3.23 2.27l-1.39 2.27l6.47 6.83l-2.77 2.73l0.46 1.82l3.23 2.28l2.31 3.64l-0.92 13.20l1.39 1.82l-1.39 1.36v0.00 1.82l1.39 0.46l1.85 1.82v0.00 1.36l1.39 1.36l-0.46 5.46l-3.23 6.37l-6.01 2.27h-3.23 0.00l-3.70 -4.55l-5.55 -4.10h-4.16 0.00l-6.01 -5.01l-4.62 -0.91l-0.46 -2.27l2.31 -0.91l0.46 -3.19l-1.85 -0.91l1.39 -0.91v0.00 -1.82l-1.85 -2.28l-1.39 0.91l-4.16 0.91l-1.39 -0.91v0.00 -3.19l1.85 -0.91c0.00 0.00 0.00 -2.73 -1.85 -2.73c-1.85 0.00 -2.31 0.00 -2.31 0.00l-1.39 2.28h-0.92 0.00l-0.92 -2.73v0.00 -3.64l-4.16 -2.73l-3.70 -0.91L653.25 992.52z','M299.2,320.7c-1-0.9-2.1-1.9-3-3c-0.2-0.3-0.4-0.6-0.5-0.8c0,0.4,0.1,0.9,0.1,1.3c0.4,3.9,1.2,7.7,2,11.5\r\nc0.7,3.3,1.6,7.4,4.3,9.7c1.1,0.9,2.4,1.5,3.7,2.1c-1.9-4-2.4-11.5-3-13.5C301.9,325,301.5,322.9,299.2,320.7z M284.3,319.2c1.1,5.8,0,14.8-8,13.6c-2.3-0.4-7.3-3-8.5,0.8c-0.6,2,1.2,7.3,2.2,8.9c1.6,2.4,5,3.4,6.4,5.8\r\nc1.4,2.4,0,6.4-2.4,7.8c-2.9,1.6-7,0-9.7-0.6c-1.2-0.3-3.7-0.2-4.7,0.3c-1.1,0.6-1.7,1.9-2.8,2.6c-3.3,2-5.1-0.2-7.9-1.5\r\nc-2.8-1.4-6.4,0.5-9.5,0.3c-1-0.1-1.8-0.4-2.5-0.9c-1,1-2,1.9-2.9,3c-1.6,2.2-2.9,4.5-4.7,6.8c-2.1,2.6-1.1,5.6-3.6,8.1\r\nc-1,1-2.3,2-1.8,3.8c0.7,2,2.4,1,3.7,2c2.6,1.9,1.6,6.1,2.2,8.9c0.3,1.5,1.4,2.5,1.2,4c0.7-0.1,1.4-0.2,2-0.2\r\nc3.9-0.2,5.9,0.8,9.4,2c4.6,1.6,4.1,1.2,5.9,5.8c1.4,3.5,3.1,3.9,6.5,2.9c0.2,1.8-0.4,5.6,1.6,6.6c3.3,1.6,4.1-3.6,6.2,0.7\r\nc2.8,6-2.7,10.9,5.8,13.3c0.8,4.5,1.5,4.7,5.8,5.6c3.2,0.7,5.1,2.5,7.8,3.7c2,0.9,2.9,0.1,4.4,1.8c1.2,1.2,0.8,2.8,2.1,4.1\r\nc1.8,2,4.7,2.5,6.8,3.9c2,1.4,2.8,2.1,3.9,1.9c0.2,0,0.3-0.1,0.5-0.1c0,0,0.1,0,0.1,0c0.2-0.1,0.4-0.1,0.6-0.2c0,0,0.1,0,0.1-0.1\r\nc0.2-0.1,0.4-0.2,0.7-0.4c0,0,0.1,0,0.1-0.1c0.3-0.2,0.5-0.3,0.8-0.5c0.2-0.1,0.4-0.2,0.6-0.4c0.4-0.3,0.8-0.6,1.2-0.9\r\nc0.4-0.3,0.7-0.6,1-0.9c0-0.2,0-0.3,0-0.5c0.3-4.1-0.5-8-0.5-12.3c0-4.2-2.4-8.3-1.2-12.4c0.9-3,3.5-5.3,3.9-8.5\r\nc0.4-2.9,0.5-6,0.8-9.1c0.5-4.4-2.4-7.4-4.1-11c-2.3-4.8,0.2-6.8,1.6-11.3c0.8-2.4,0.3-3.3-0.6-5.4c-0.9-2.1-1.1-4-1.9-6.1\r\nc-0.7-2-1.6-3.1-3.1-4.6c-2.2-2.1-3-3.7-4.7-6.1c0,0,0,0,0,0c-2.8-4.1-1.8-7.5-2.7-12.1c-0.8-4-3.2-7.8-4.6-11.8\r\nc-1.5-4-1-7.8-3.4-11.8c-1.6-2.6-3.2-5.8-4.2-9c0.1,0.5,0.2,1.1,0.3,1.5C281.5,313.9,283.7,316.2,284.3,319.2z','1 0 0 1 242.9976 385.9844',1,1,1,'2012-05-02 00:00:00','2012-05-02 00:00:00'),(53,6,60,'DINAJPUR','দিনাজপুর ','27','40.59312317512476','-102.81755476693922','M576.07 772.71l-2.31 2.27l-0.92 3.64l-3.23 0.91l-2.77 -4.10l-0.92 3.19h-3.23 0.00l-1.39 5.01l2.31 1.36v0.00 1.36l-2.77 -0.46l-4.16 9.10l1.39 2.27l-0.92 1.36l-3.70 0.46l-0.46 -2.73l-1.39 0.91l-5.08 -0.91l0.92 4.55l-2.31 -0.91l-0.46 4.10l2.31 1.37l-1.39 3.19l0.46 3.19l4.62 3.64v0.00 3.64l1.85 1.36l-0.46 4.10l-1.85 0.91v0.00 3.64l2.77 1.82h4.16 0.00v0.00 3.64l3.23 2.27l1.39 3.19l5.55 0.46l3.23 -0.91l0.92 2.27l4.16 0.46v0.00 1.82l6.47 0.91l1.85 -1.82l2.31 -1.37c0.00 0.00 5.55 2.27 4.16 0.46s-1.39 -5.01 -1.39 -5.01l2.77 2.73l2.77 -2.73v0.00 4.55l2.31 0.91l1.85 4.10l-1.85 4.55l-2.31 1.36l2.77 1.36l0.46 3.64l6.01 5.92l1.39 -2.27l1.39 1.82v0.00 1.82l11.55 0.91l1.39 1.82l-0.46 3.19l5.08 2.73l4.62 -0.91l2.31 3.64l6.47 -0.91l13.87 3.19l3.70 -1.82v0.00 -3.19l-3.70 -4.09l-0.46 -4.10l-5.08 -4.10l0.92 -1.82l-1.39 -0.91h-2.31 0.00l-0.46 -2.73h-4.16 0.00l-2.77 -3.19l1.39 -0.91l-4.62 -2.73l-3.23 -12.74l-1.85 -4.55l-6.93 -1.37l-3.23 -7.28l-6.47 -4.10l-0.92 -6.37l-5.08 -1.36l-1.85 -1.82l-2.77 -0.46l1.39 -5.01h-4.62 0.00l-0.46 -10.92l-3.70 -6.37l-4.16 -0.91l-1.39 -3.64v0.00 -4.10l-7.86 -1.36L576.07 772.71z','M188.7,239.3c1.3,1,3,0.8,4.5,0.8c3.4,0,6-1.4,9.4,0.3c2.4,1.2,4.6,3.4,7.2,4.6c1.5-1.9,4.7-0.8,7.3-1.2\r\nc4.3-0.7,5.4-4.5,5.8-8.3c0-0.3,0.1-0.6,0.1-1c-1.8-0.7-4.5-3.3-5.3-4.6c-1.7-2.6-1.9-5.6-4-8c-2-2.3-5-2.4-7.4-4.2\r\nc-2.5-1.8-3.8-4.2-5.3-6.8c-0.9-1.6-1.6-2.6-3.1-3.7c-4.9-3.7-2.8-9.3-4.4-14.4c-0.5-1.6-1.2-3.3-2.4-4.6c-1.6-1.7-3.2-1.4-5.2-1.6\r\nc-2.9-0.3-6.2-2-7.6-4.8c-0.7-1.4-0.6-2.9-1.3-4.2c-0.7-1.3-2.2-2-3.2-3c-2.2-2.1-3.3-4.9-5-7.4c-1.3-1.8-2.6-2.9-3.5-4.4\r\nc-1.4,0.3-2.7-2.4-3.3-3.4c-1.6-2.9-4.3-4.4-7.1-6.1c-3.5-2-3.5-3.9-4.1-7.5c-0.5-3.1-2.5-5.7-3.3-8.9c-0.8-3.2-2.2-5.7-5-7.6\r\nc-1.2-0.8-2.6-1.7-3.5-2.7c-1.4-1.7-1.1-2.2-0.9-4.3c0.2-2.8-1.9-4.7-2.4-6.9c-1,0.2-1.8-0.7-2.8-0.9c-1.9-0.4-4,1-5.9,0.9\r\nc-1.9-0.1-4.1-2.1-5.4-3.5c-1.1-1.1-2.1-2.2-2.5-3.6c-0.8,0.6-1.8,1-2.9,1.4c-1.8,0.7-1.5,1.3-2.4,2.7c-2.2,3.2-4.6,0.8-7,2.4\r\nc-2.9,1.9-1.2,6.7-1.9,9.5c-0.7,2.9-3.8,4.5-5.7,6.7c-2.2,2.7,0.2,6-2.5,7.8c-2.7,1.9-6.4,2.2-9.5,2.8c-8.3,1.7-5,9.4-4.1,15.4\r\nc0.5,3.4-0.5,5.5,2.2,8.1c1.8,1.7,5,4.9,3.3,7.7c0.3,0.3,0.6,0.5,0.9,0.7c1.6,0.8,2.9,0.1,4.3,1.6c1,1.1,1.5,2.7,1.7,4.1\r\nc0.6,3.5,1,5.4,3.8,7.9c1.2,1.1,2.6,1.6,3.8,2.8c1.2,1.2,1.6,3.1,2.9,4.1c1.1,0.9,2.5,1.1,3.6,1.8c1.2,0.8,2.2,2.3,3.6,2.7\r\nc2.7,0.7,5.8-0.6,8.4,1.7c1,0.8,1.1,1.9,2.4,2.3c0.2,0.1,1.3-0.7,2-0.5c0.9,0.2,1.4,1.4,2.1,1.9c1.4,0.9,3.3,1.3,4.8,0.5\r\nc1.4-0.7,1.4-2.4,2.6-3.2c1.5-1.1,3.1,0,4.7,0.1c1.5,0.1,2.7-0.2,4.2-1c2.6-1.3,3.6-5.4,5.9-1.5c0.3,0.4,0.5,1.7,0.9,2\r\nc0.7,0.5,1.5-0.2,2.4,0.3c1.1,0.6,1.5,2.6,1.7,3.7c1.2,5.5-1.4,10.7,2.4,15.7c1.7,2.2,3.7,3.3,5.6,5.1c1.9,1.8,2.5,3.2,5,4.3\r\nc2.9,1.3,6.1,0.4,9.2,1.6c1.4,0.6,2.1,1.6,3.2,2.6c0.3,0.2,0.6,0.4,0.9,0.6c1.2,0.6,2.4,0.3,3.6,1.1\r\nC187,236.7,187.6,238.4,188.7,239.3z','1 0 0 1 116.6919 182.5518',1,1,1,'2012-05-02 00:00:00','2012-05-02 00:00:00'),(54,6,60,'GAIBANDHA','গাইবান্ধা ','32','40.016654871313584','-99.39202347852485','M643.09 876.47l7.86 2.73l3.70 -1.82l0.92 -3.19l-3.70 -5.01l10.63 0.46l-4.16 -4.10l3.23 -0.46l-2.31 -3.64l6.47 -10.01l2.31 -2.73l2.31 0.91l3.70 -5.01l-3.23 -1.82l0.46 -4.10l-4.16 -3.19l1.39 -2.27l3.70 -1.36l3.70 0.91l0.46 3.64l3.70 -1.82l-2.31 -3.19l5.55 -3.19l3.70 5.01l3.23 2.27l1.85 4.10l1.39 -2.73h2.77 0.00l3.70 3.19v0.00 1.82l2.31 2.27l-4.62 2.28l6.93 1.36l-1.39 1.36v0.00 4.10l0.92 0.91l-1.39 0.46v0.00 2.27l3.70 0.46l1.85 -1.82v0.00 2.27l1.39 0.91v0.00 7.28l2.31 5.01l0.46 3.19l-3.23 4.55l-2.31 -0.46l-3.23 2.73l-0.46 4.10l-3.23 4.55l-2.77 3.19v0.00 2.27l1.39 2.27l1.85 0.46l-2.31 1.36l-0.92 2.73l-0.92 -1.82l-5.08 -0.46l-4.16 1.36l-0.93 2.27h-2.31 0.00l-0.92 -1.82l-6.93 -1.36l-1.85 -2.27l-1.39 -0.46l-1.39 1.82l-2.31 -1.36l-1.39 -0.46l-0.93 1.82l-3.70 -0.46l-1.39 -4.55h-1.85 0.00l-1.39 -1.36l-5.08 -0.46l-1.85 2.27l-2.77 -2.27v0.00 -1.36l-3.70 -5.01h-1.39 0.00l-1.85 -2.27l-0.93 -2.28L643.09 876.47z','M247.6,183.7c-2.9,0.3-7-1.4-7.2,3.1c-0.2,3,2.8,5.2,2.7,8.2c-0.1,2.6-2.3,5.5-3.7,7.7\r\nc-1.7,2.7-2.9,5.4-4.1,8.2c-1.1,2.6-2.6,5-3.8,7.5c-1.5,3-1.1,6.5-2.3,9.5c-0.8,2.2-2.3,6.2-5.1,6.8c-0.3,0.1-0.7,0-1-0.1\r\nc0,0.3-0.1,0.6-0.1,1c-0.5,3.7-1.6,7.6-5.8,8.3c-2.6,0.4-5.8-0.7-7.3,1.2c-0.4,0.4-0.6,1.1-0.7,1.9c-0.6,4.1,1.2,5.8,5,6.4\r\nc3.1,0.5,5.8,2,8.7,3.1c2.3,0.9,3.7,2.8,5.4,4.3c0.4,0.4,0.9,0.7,1.4,1c1.4,0.9,2.9,1.4,4.2,2.5c1.2,1,1.9,2.4,3,3.4\r\nc2.4,2,6.4,0.2,9.1,0.8c3.1,0.7,5.5,2.9,8.4,3.7c2.8,0.8,5.9,2.8,8.9,2.7c1.7-0.1,3-0.4,4.5-0.8c1.4-0.4,2.6-1.4,3.9-1.7\r\nc2.6-0.5,5.8,1.1,8.2,0c0.4-0.2,0.7-0.4,1-0.7c2.4-2.1,1-6.2,0.4-8.7c-0.9-3.4-0.3-6.7-0.2-10.1c0-3.8,0.4-6.2,2.6-9.3\r\nc2-2.8,2.2-5.4,3.4-8.4c0.8-2,1.3-2.7,1.2-4.9c0-0.5,0-0.9,0.1-1.3c-1.2-0.7-1.3-1.4-1.5-3.2c-0.4-2.6-1.2-6.1-4.1-7\r\nc-2-0.6-2.5,1.1-3.5-1.5c-0.5-1.3-1.1-3.5-1.3-4.9c-0.2-1-0.2-2.1-0.3-3.2c-3-2.4-5.2-5.7-6.1-9.6c-1-4.8,0.8-8.4-2.1-12.8\r\nc-2-3.2-4.4-7.2-7.3-9.7c-1-0.9-2.1-1.8-3.2-2.4c-0.5,0.3-0.9,0.7-1.4,1.1C254.4,178.8,252.4,183.3,247.6,183.7z M280.9,196c-0.1-2.3-1.2-4.1-3.1-5.3c-2.3-1.5-3.4-1.7-4.1-4.6c-0.3-1.2-0.3-2.3-1-3.3\r\nc-1.7-2.4-4.5-3.9-6.7-5.9c2.7,2.8,5.6,5.5,7.4,9.1c1.9,4,1.4,7.9,2.4,12.1c0.4,1.6,1.1,3.1,1.9,4.5c0-0.4,0.1-0.9,0.2-1.3\r\nC280.2,199.8,281.1,199.1,280.9,196z','1 0 0 1 235.582 244.3018',1,1,1,'2012-05-02 00:00:00','2012-05-02 00:00:00'),(55,6,60,'KURIGRAM','কুড়িগ্রাম ','49','40.78456394693304','-98.73074238398436','M680.99 821.41v0.00 -3.19l-4.16 -3.64l4.16 -0.46l-2.77 -2.73h-3.23 0.00l-1.39 -4.10l3.23 -2.73v0.00 3.19l2.31 1.82l4.16 -3.64l0.46 -5.92l6.01 -5.01l-0.46 -1.82l-4.16 -0.46v0.00 -3.19l-1.85 1.36l-4.62 -6.37h-3.70 0.00l1.39 -8.19h6.47 0.00l0.92 1.82l-0.46 2.27l2.77 2.73l0.93 -1.82l2.31 -0.91v0.00 -2.27l-2.31 -0.46l-0.46 -4.10l5.08 -3.64h4.16 0.00v0.00 -2.28l-1.39 -0.91l-0.46 -3.64l-1.39 0.46l-0.92 1.82l-0.93 1.36l-1.85 -0.91l1.85 -3.19l-0.92 -1.82l-0.92 -1.82v0.00 -2.28h1.85 0.00l2.77 -3.19l0.92 -2.27l-0.46 -2.73l1.39 -1.36h4.16 0.00l2.77 2.28l-1.85 1.82l-0.46 2.27l-0.46 0.91l1.39 2.73l1.85 -1.36h5.08 0.00l1.39 4.10l4.62 7.74l-1.85 0.91v0.00 2.73l2.77 0.91l2.31 6.83h4.62 0.00l-4.62 4.10l4.62 1.36l3.23 1.37v0.00 1.36l-2.31 2.27l-4.16 3.64l0.46 5.01l-2.31 3.19l1.85 3.19l1.85 3.19l-2.77 2.73v0.00 2.73l2.31 0.46l-0.92 3.64l4.16 3.19v0.00 11.83l-2.31 4.55l-0.46 7.28l-0.92 4.10l-1.39 1.36l-0.46 5.01l-2.31 -1.36l-3.23 -1.82v0.00 2.73l1.85 1.36l-4.16 3.19l-1.85 -0.46v0.00 -1.82l-0.92 0.91l-3.70 -0.46v0.00 -2.27l1.85 -0.91l-1.85 -0.46v0.00 -2.27l1.39 -3.64l-5.55 -1.36l3.23 -1.36l-1.85 -2.73v0.00 -1.82l-4.16 -3.64h-3.23 0.00l-0.92 2.27l-1.39 -3.64l-5.54 -2.73l-1.85 -5.00l-2.31 2.28z','M279.1,217.3c1,2.6,1.5,0.9,3.5,1.5c2.9,0.9,3.7,4.4,4.1,7c0.3,1.8,0.3,2.5,1.5,3.2c0.2,0.1,0.3,0.2,0.5,0.3\r\nc0.6,0.3,3.5,1.4,4.1,1.3c0.6-0.2,1-0.6,1.2-1.2c0.9-2.2,0.1-6.5,0-8.1c-0.1-1.3-0.5-2.9-0.9-4.5c-1.8-2.5-5-3.3-8.7-4.1\r\nc-2.6-0.6-5-1.8-7.1-3.4c0,1.1,0.1,2.2,0.3,3.2C278,213.7,278.6,215.9,279.1,217.3z M252.4,118.2c2.1,2.5,4.8,4.1,6.8,6.6c2.2,2.7,4.4,4.7,4.7,8.3c0.3,3,0,6.5-1.8,8.9c-2,2.7-5,1.9-7.7,2.4\r\nc-2.9,0.5-5.1,2.3-7.2,4.1c-0.7,0.6-1.3,0.9-1.9,1.1c0.5,1.4,1.3,2.7,2.3,3.8c1.6,1.8,3.2,3.5,4.5,5.6c1.4,2.2,1.1,4.9,2.8,7\r\nc0.3,0.3,0.5,0.6,0.8,0.9c0.1,0.1,0.2,0.2,0.3,0.3c0.2,0.2,0.4,0.4,0.6,0.6c0.1,0.1,0.2,0.2,0.3,0.3c0.2,0.2,0.4,0.4,0.6,0.5\r\nc0.1,0.1,0.2,0.2,0.3,0.2c0.6,0.5,1.3,1,1.9,1.5c0.1,0.1,0.1,0.1,0.2,0.2c0.4,0.3,0.8,0.6,1.1,1c0.1,0.1,0.2,0.2,0.4,0.3\r\nc0,0,0,0,0,0c0,0,0,0,0,0c0.7,0.5,1.3,1,1.8,1.5c0.8,0.8,0.8,1.2,1.7,2.1c0.3,0.3,0.4,0.6,0.7,1c0.2,0.2,0.2,0.5,0.4,0.7\r\nc2.2,2,5,3.5,6.7,5.9c0.7,1,0.7,2.1,1,3.3c0.7,2.9,1.8,3.1,4.1,4.6c1.9,1.2,3,3,3.1,5.3c0.2,3.1-0.8,3.8-3.1,5.4\r\nc-0.1,0.4-0.1,0.8-0.2,1.3c1.4,2.2,3.2,4.1,5.2,5.6c1.7,1.3,3.7,2.4,5.8,2.8c1.5,0.3,3.1-0.3,4.6-0.4c0.6-1.1,1.4-2.1,2.3-3.2\r\nc0.2-1,0.3-2,0.6-2.9c0.7-2,1.4-3.7,1.9-5.8c0.4-1.8,0.9-3.3,1-5.1c0-0.6,0-1.1,0.1-1.7c0,0,0-0.1,0-0.1c-0.3-5.4,0.7-10.1,3-15.1\r\nc1.5-3.3,4-4.7,4.1-8.5c0.2-4.7-1.8-9.6-0.5-14.2c0.2-0.8,0.6-1.6,1-2.2c0-1.6-0.2-3.2-1.2-4.5c-2.3-2.9-2.9-4.4-2.5-8.2\r\nc0.3-3.2,0.4-6.8,1.9-9.7c0.9-1.7,6.2-6.7,4.9-8.7c-0.8-1.2-2.9-0.1-4.1-0.9c-1.8-1.1-0.6-2.2-0.2-3.8c0.8-3.4-2-3.7-4.2-5.3\r\nc-2.5-1.9-6.1-4.6-5.7-8.2c0.4-3.5,0.6-6.3-1-9.5c-1.4-2.7-3.2-5.1-5.8-6.4c-2.4-1.3-7.3-0.3-8.7-2.8c-1.5-2.7,1.7-6.9-0.4-9.7\r\nc-2.5-3.3-6.1,0.4-6.3,3.1c-0.4,4.1-3.2,3.9-6.2,6.4c-2.9,2.4-1.8,5.5,0,8.3c1.6,2.5,4.4,4.1,5.4,7c0.4,1.2,1.1,3.5-0.2,4.2\r\nc-1.3,0.7-3.3-0.6-4.8,0.3c-2.9,1.7-1.9,5.8-2,8.7c-0.1,1.6-0.1,3.2-1.4,4.3c-0.6,0.5-1.4,0.8-2.2,0.6c-1.3-0.4-0.8-1-1.3-1.8\r\nc-2.1-2.7-5.2-3.5-8.4-2.7c-1.2,0.3-2.3,0.6-3.2,1.3c0.3,0.2,0.7,0.4,1,0.7C250.8,115.6,251.5,117.1,252.4,118.2z','1 0 0 1 261.0161 159.2661',1,1,1,'2012-05-02 00:00:00','2012-05-02 00:00:00'),(56,6,60,'LALMONIRHAT','লালমনিরহাট ','52','41.18968013834555','-100.5316624589589','M621.37 740.40l-1.39 -3.64l-3.70 2.73l-1.85 -2.73l2.77 -2.27l-1.39 -2.27l-2.31 -0.46l-1.39 1.36l-4.62 -2.28l-0.92 -4.09l4.62 -6.83l4.16 -1.36v0.00 2.73l1.39 0.91l4.16 1.37l2.77 2.73l6.01 -0.46l1.39 3.19l-2.77 0.46l2.31 2.73l-2.31 2.73h5.55 0.00l1.85 3.19l-0.46 1.36h-2.77 0.00l-2.77 -2.73v0.00 4.10l2.31 2.73l3.70 4.10l0.46 2.73l-1.39 1.36l4.16 8.19l7.39 1.36l3.70 3.64l0.46 2.73l-1.85 0.91l0.46 0.91l3.23 0.46l3.70 1.82l3.23 3.64l6.01 1.36l2.77 -5.01l1.85 0.46l0.46 2.27l2.31 0.91l1.85 1.82l1.85 -1.36l-0.92 8.65l3.70 0.46l5.08 5.46l0.92 -0.46v0.00 2.73h4.16 0.00l0.46 1.36l-4.16 5.46l-2.31 0.46l0.46 5.46l-5.08 3.64l-1.39 -0.46l-0.46 -4.10l-1.39 0.46l-0.92 2.27l-3.70 -0.46l-2.77 -0.91l-0.46 0.91l-9.24 -5.46c0.00 0.00 2.31 -2.73 0.00 -3.19c-2.31 -0.46 -4.62 -1.82 -4.62 -1.82v0.00 -3.19l-2.77 0.46l-4.16 -3.19l-4.62 -1.82l-2.77 -3.19l-5.93 -1.93l-2.85 -4.44l-2.31 -10.47l1.39 -6.83v0.00 -2.73l-7.39 -4.55l0.46 -9.10l3.70 -1.37l-2.31 -3.19L621.37 740.40z','M191.2,109.8c1.9,3.8,3.9,7,6.7,10.1c1.4,1.7,2.3,3.2,2.7,4.8c0.5,0,1.1-0.1,2-0.2c2.7-0.3,4.6,0.7,6.8,2.1\r\nc0.6,0.4,1,0.3,1.6,0.8c0.3,0.3,0.4,1,0.7,1.4c0.7,0.7,1.5,1,2.4,1.3c-0.5-1.7-1.1-3.4-2-4.9c-2-3.5-4.8-6.3-7.7-9\r\nc-5.2-5-11.1-9.1-16.8-13.5c0.1,0.8,0.2,1.5,0.4,2.2C188.6,106.6,190.4,108.2,191.2,109.8z M177.6,85c1.1,2,3.6,1.6,5.1,2.6c2.8,1.8,3.5,5.8,4.2,9c6,5,12.1,9.9,17.9,15.1c2.9,2.6,5.6,5,7.9,8.2\r\nc2.1,3,4.1,6.1,5.3,9.6c0.3,0.9,0.6,1.8,0.9,2.7c0.9,0.6,1.8,1.3,2.7,2c2.1,1.8,2.5,4.9,4.1,6.8c1.4,1.6,3.9,1.9,5.6,3.1\r\nc1.2,0.9,2.6,2.6,4.2,3.1c1.5,0.5,2.8,0.5,4.2,1.1c2.2,0.9,3.9,1.9,5.8,1.3c0.6-0.2,1.2-0.5,1.9-1.1c2.1-1.8,4.3-3.6,7.2-4.1\r\nc2.7-0.5,5.7,0.3,7.7-2.4c1.8-2.4,2.1-5.9,1.8-8.9c-0.3-3.6-2.5-5.6-4.7-8.3c-2-2.5-4.7-4.1-6.8-6.6c-0.9-1-1.5-2.6-2.5-3.5\r\nc-0.3-0.3-0.7-0.5-1-0.7c-1.2-0.6-2.4-0.5-3.8-1.1c-2-0.8-1.7-1.6-2.3-3.5c-0.5-1.7-1.4-3.4-3.4-2.3c-2.3,1.2-3.3,7.1-6.7,4.9\r\nc-1.3-0.8-1.6-2.5-2.8-3.6c-0.9-0.8-2.2-1.8-3.4-2.2c-2.3-0.7-5.1-0.4-7.3-1.6c-2-1.1-2.1-3-3.1-4.9c-0.8-1.4-1.7-2.5-2.9-3.7\r\nc-1.7-1.7-3-2.2-5.3-2.8c-3.2-0.9-4.2-2.4-6.3-4.9c-2.3-2.7-2-5-2.2-8.4c-0.2-3.1-1.1-6.1-2.9-8.6c-1.1-1.5-7.3-5.3-5.1-6.6\r\nc1.4-0.8,3.4,1.1,3.7-1.6c0.1-1.3-1.1-2.5-1.9-3.4c-1-1.2-2-1.7-3.2-2.6c-1.6-1.2-1.6-2.2-2.4-3.8c-0.5-1-1.4-2.6-2.4-3.1\r\nc-0.7-0.4-1.4-0.4-2.3-0.4c-0.6,0-1.7,0.5-2.3,0.4c-1.9-0.4-1.6-1.9-2.7-3.1c-1-1-2.4-1.5-3.4-2.6c-1.2-1.4-2.6-3.8-4.5-4.4\r\nc-2.9-0.9-3.1,2.5-4.8,4c-1.1,1-2.6,1.4-3.6,2.3c-2.8,2.5,0.7,4.5,1.8,7.1c1.3,2.7,1.8,7,5.9,5.2c1.9-0.8,2.8-2,3.6,1\r\nc0.5,1.8,0.1,3.1,1.6,4.5c1.7,1.5,4.8,2.3,7,2.9c1.8,2,5.7,3.9,2.7,6.5c-1.2,1.1-2.6,1.1-4.1,1.5c-1.7,0.5-2.4,1.2-3.5,2.3\r\nc-0.3,0.3-0.5,0.5-0.8,0.8c0.2,0.3,0.3,0.5,0.5,0.7C177.5,80.8,176.6,83.3,177.6,85z','1 0 0 1 198.0366 102.1973',1,1,1,'2012-05-02 00:00:00','2012-05-02 00:00:00'),(57,6,60,'NILPHAMARI','নীলফামারী','73','41.14921072625793','-101.9556033763587','M589.94 739.03l2.31 -2.27l2.31 0.46l2.31 1.82l-1.85 5.01l2.77 0.91l2.31 2.73l2.77 -0.46l-0.46 -3.19l-2.31 -1.36l2.77 -3.19l5.08 0.46l2.31 3.19l1.85 2.28l1.39 2.27l0.92 -1.36h4.16 0.00l0.92 0.91l2.77 -1.36v0.00 3.19l0.46 5.46l3.23 2.27l3.24 1.82l0.92 2.27l-0.46 2.73l-0.92 6.83l1.39 4.55l0.92 5.01l3.70 3.19l4.16 2.73l3.23 2.73l-1.39 3.64l-1.39 3.19l-1.39 1.82l-2.77 -3.19l-4.62 4.10l0.46 5.01l-3.70 -3.64l-2.31 4.55l-7.39 -1.82l-5.08 1.37l1.85 4.55l-2.31 2.73l-1.39 2.27l-4.16 -0.46l-3.70 -3.19h-2.31 0.00v0.00 -5.01l-3.70 -0.91v0.00 -10.92l-1.85 -2.27l-1.85 -3.19l-5.08 -1.36l0.46 -2.28l-1.39 -0.91v0.00 -3.64l-0.46 -1.36l1.85 -2.27l-1.39 2.27l2.77 -4.10l2.77 -1.36v0.00 -7.74l1.39 -2.73v0.00 -1.82l-0.46 -6.37l1.39 -2.73l-5.08 -5.46z','M138.8,66.6c-0.5,1.4-1,2.1-1.2,3.7c-0.2,1.9-0.4,3.7-0.2,5.6c0.3,3.1,2.2,4.6,4.1,6.7\r\nc1.7,1.9,0.2,3.7-0.3,5.8c-0.5,2.3-0.2,4.3-0.1,6.6c0.2,3.8,2.2,9.6,0,13.2c-1.1,1.8-2.2,3.5-3.2,5.4c-0.4,0.6-0.8,1.7-1.6,2\r\nc-0.1,0-0.2,0.1-0.2,0.1c0.5,2.3,2.6,4.1,2.4,6.9c-0.2,2.2-0.6,2.7,0.9,4.3c0.9,1,2.3,1.9,3.5,2.7c2.7,1.9,4.2,4.3,5,7.6\r\nc0.8,3.1,2.8,5.8,3.3,8.9c0.6,3.6,0.6,5.4,4.1,7.5c2.8,1.6,5.5,3.2,7.1,6.1c0.6,1.1,1.9,3.7,3.3,3.4c0,0,0,0,0,0\r\nc1.4-0.3,1.7-3.3,2-4.4c1-3.9,3.8-7.6,8-8.6c3.7-1,7.7-3.7,11-5.8c2.2-1.5,1.6-3.3,2.7-5.2c1.2-2,2.8-2.3,4.9-3\r\nc2.2-0.8,3.9-2,5-4.1c1.3-2.6,1.8-4.9,1.3-7c-0.3-1.6-1.2-3.2-2.7-4.8c-2.7-3.1-4.8-6.3-6.7-10.1c-0.8-1.6-2.7-3.2-3.2-5\r\nc-0.2-0.7-0.3-1.4-0.4-2.2c-3.2-2.5-6.3-5.1-9.2-8c-4.2-4.2-6.9-9.5-10.9-13.8c-3.3-3.5-5.7-6.8-8-10.8c-1.3,0.2-2.6,0.6-4,0.8\r\nc-4.8,0.7-7.3-3.2-11.1-5.4c-1.3-0.8-3.4-1.5-5.3-1.6C139.2,64.8,139.1,65.8,138.8,66.6z M183.8,94.2c1,0.8,2,1.7,3,2.5c-0.6-3.2-1.4-7.2-4.2-9c-1.5-1-4-0.6-5.1-2.6c-1-1.7-0.1-4.2-1.1-6\r\nc-0.1-0.2-0.3-0.5-0.5-0.7c-2-2.8-6.4-5.9-9.2-7.4c-0.8-0.4-1.6-0.7-2.4-0.9C168.8,79.7,175.7,87.2,183.8,94.2z','1 0 0 1 142.6841 127.0239',1,1,1,'2012-05-02 00:00:00','2012-05-02 00:00:00'),(58,6,60,'PANCHAGARH','পঞ্চগড় ','77','41.5662497498785','-103.63771472542375','M539.56 719.47l-0.92 -3.19l-0.92 -2.27l2.31 -3.19l1.85 -4.10l1.85 -5.46l3.70 -5.46l0.92 5.92l0.46 3.19l3.70 3.64l3.70 -0.91l0.92 3.19l3.70 0.91l0.46 2.73l3.70 1.36l0.46 1.82l3.70 0.91l2.31 -2.73l1.39 3.64l1.85 2.27l2.77 1.82l0.92 1.82l2.31 -0.91l1.39 1.36l-1.39 3.19l1.39 1.36l1.85 1.36v0.00 0.91l3.70 -0.46v0.00 1.82l0.92 1.82h-6.01 0.00l0.46 4.10l-4.16 0.91l-0.46 1.82l3.70 -0.46l3.23 -1.36l3.23 -2.73l2.31 1.82l-0.46 4.09l1.85 3.19l2.31 3.19l-0.92 3.19v0.00 4.55v0.00 4.10l-1.39 3.64l0.92 4.55l-2.31 3.19l-3.23 4.55l-3.70 -0.91l-5.08 -0.46l-1.85 -3.64l-2.31 -1.82l2.77 -5.01l-1.85 -3.64l-2.31 -2.73l-3.70 -1.36l-1.85 -1.82l-1.39 -2.73l-2.31 0.91c0.00 0.00 -0.58 -0.46 -1.85 -0.91s-3.23 -0.91 -3.23 -0.91l-2.31 -0.91l-2.31 1.82l-3.70 -0.91l-3.24 -1.36l-2.77 1.82l-0.46 2.27c0.00 0.00 -1.50 -0.23 -3.23 -0.91c-1.73 -0.68 -3.70 -1.82 -3.70 -1.82l-0.92 -1.36l3.23 -1.82l1.85 -2.27l-1.39 -2.73v0.00 -6.37l5.08 -0.46l1.85 -1.82l1.85 -2.73l4.16 -1.36l0.92 -3.19l2.31 3.64l2.31 -1.36l1.85 -3.19l-1.85 -2.27l-1.85 -2.73v0.00 -3.19l-3.23 -2.73l-4.16 0.91l-2.31 -3.64l-2.31 1.82l-2.77 -0.46L539.56 719.47z','M80.3,88.1c4.1,0,9.7,0.1,13.2-2.2c1.9-1.3,3.7-1.6,6-0.7c2,0.8,4.1,2.1,5.8,3.6c0.8,0.7,1.4,1.6,2.2,2.3\r\nc4,3.5,9,4.7,11.5,10c1,2.2,0.3,3.9,0.3,6.2c0,0.4,0.1,0.8,0.2,1.2c0.4,1.4,1.4,2.5,2.5,3.6c1.4,1.3,3.5,3.3,5.4,3.5\r\nc2,0.1,4-1.2,5.9-0.9c1,0.2,1.7,1.1,2.8,0.9c0.1,0,0.2,0,0.2-0.1c0.8-0.3,1.3-1.4,1.6-2c1-1.8,2.1-3.6,3.2-5.4\r\nc2.2-3.6,0.2-9.4,0-13.2c-0.1-2.3-0.5-4.3,0.1-6.6c0.5-2,2-3.9,0.3-5.8c-1.9-2.2-3.8-3.6-4.1-6.7c-0.2-1.9,0-3.8,0.2-5.6\r\nc0.2-1.6,0.7-2.3,1.2-3.7c0.3-0.8,0.4-1.8,0.3-2.8c-0.1-1.6-0.5-3.2-1.2-4.3c-1.7-2.8-6-0.6-7.8-4.2c-0.5-1-0.7-2-1.2-3\r\nc-0.5-1-1.3-1.9-2-2.8c-1.5-1.8-2.9-3.1-4.8-4.4c-1.8-1.3-2.5-2.7-3.6-4.5c-0.7-1.2-1.8-2.7-3.1-3.3c-0.9-0.4-2.8,0-3.5,0.8\r\nc-0.5,0.6-1.8,1.4-2.7,1.2c-0.8-0.1-1-0.6-1.6-1.3c-0.7-0.8-1.2-1.7-1.9-2.5c-0.7-0.7-1.4-1-2.2-1.5c-1.4-1-2.3-2.7-3.5-3.8\r\nc-1.3-1.2-2.7-1.9-4.1-2.9c-2.1-1.4-3.6-1.6-5.8-2.3c-2-0.6-3.3-2.3-3.4-4.4c-0.1-2.1,1.1-4,0.8-6.3c-0.1-0.8-0.5-2-1.1-2.6\r\nc-4.4-4.4-6.4,8.8-7.1,10.7c-1.3,3.8-3.1,7.2-5.2,10.7c-1.1,1.9-2.4,3.5-1.6,5.7c0.5,1.4,1.6,3.9,2.7,4.9c2.2,1.9,2.2-2.6,2.4-3.9\r\nc0.5-2.5,2.2-3.9,4.5-2.2c1.9,1.5,3.2,2.3,5.7,2.3c2.1,0,4.8-0.5,5.9,1.8c0.8,1.8,1.4,3.9,2.5,5.7c0.6,0.9,1.5,1.6,2.1,2.5\r\nc0.7,0.9,1,2,1.6,3c0.8,1.5,1.6,4.8-0.8,5.3c-0.9,0.2-1.8-0.4-2.8-0.6c-1-0.2-2-0.2-3-0.3c-3.8-0.3-7.6,3.4-10.1,6\r\nc-1.9,2-4.5,3.6-5.6,6.2c-0.6,1.5-0.2,3.1,0,4.6c0.2,1.4,0.8,3,0.3,4.3c-0.6,1.6-2.7,3.2-4,4c-1.2,0.8-5.1,2-5.6,3.3\r\nc-0.1,0.2,0,0.4,0.1,0.6c0.8,0.8,4.3,0.7,5.2,0.9C76,88,78,88.1,80.3,88.1z','1 0 0 1 92.6436 80.0669',1,1,1,'2012-05-02 00:00:00','2012-05-02 00:00:00'),(59,6,60,'RANGPUR','রংপুর ','85','40.60610028628546','-100.62475310435933','M651.41 869.19v0.00 -3.64l-6.01 -4.10l1.39 -2.27l-3.70 -0.91v0.00 -1.82l-4.62 -0.46l-3.70 -3.19l2.31 -0.46l-6.01 -3.19l-3.70 -16.84l-7.39 -1.82l-3.23 -7.28l-5.55 -3.19l-1.85 -7.28l4.62 -4.55l-1.39 -4.55l5.08 -1.37l7.86 1.37l1.39 -3.64l4.62 3.64l-0.46 -5.46l4.62 -4.55l1.85 3.64l5.55 -8.19l6.93 4.55h3.23 0.00v0.00 3.19l5.08 1.82l1.85 4.10l7.40 4.55l0.92 -1.82l5.55 2.73l1.39 1.36l-0.46 1.36l4.16 0.91l1.39 1.82l-4.16 1.82l3.70 1.36l1.39 1.82v0.00 3.19l-1.39 0.91v0.00 2.27l2.77 1.36l0.46 1.36l-1.85 1.36l-3.70 2.73l1.39 2.27l-2.31 1.36l-1.39 -2.27l-2.77 -0.91l-0.46 1.37l-3.70 -0.46l-1.85 2.27l4.62 4.10l-0.46 3.19l2.77 1.82l-3.24 4.10l-3.23 0.46l-3.23 3.64l-4.62 8.65v0.00 0.91l1.39 2.27l-2.31 0.91l5.08 3.64H651.41','M259.9,170.4c-0.1-0.1-0.1-0.1-0.2-0.2c-0.6-0.5-1.3-1-1.9-1.5c-0.1-0.1-0.2-0.1-0.3-0.2\r\nc-0.2-0.2-0.4-0.4-0.6-0.5c-0.1-0.1-0.2-0.2-0.3-0.3c-0.2-0.2-0.4-0.4-0.6-0.6c-0.1-0.1-0.2-0.2-0.3-0.3c-0.3-0.3-0.5-0.6-0.8-0.9\r\nc-1.8-2.1-1.4-4.8-2.8-7c-1.3-2.1-3-3.8-4.5-5.6c-1-1.1-1.8-2.4-2.3-3.8c-1.9,0.6-3.6-0.3-5.8-1.3c-1.4-0.6-2.7-0.7-4.2-1.1\r\nc-1.6-0.5-2.9-2.2-4.2-3.1c-1.7-1.2-4.2-1.5-5.6-3.1c-1.6-1.9-2-5-4.1-6.8c-0.9-0.8-1.8-1.4-2.7-2c0.6,1.9,1.2,3.9,1.5,6\r\nc0.5,3.5,2.2,6.6,4.1,9.8c1.4,2.4,3.6,5.1,5.5,7.1c3.4,3.5,8.7,4.5,12.1,8c1.9,1.9,2.5,3.4,5.4,4.3c2.7,0.8,5.7,0.7,8.4,1.5\r\nc0.3,0.1,0.6,0.2,0.9,0.3c0.1,0,0.2,0.1,0.3,0.1c1.6,0.6,3.2,1.5,4.5,2.5c-0.1-0.1-0.2-0.2-0.4-0.3\r\nC260.7,171.1,260.3,170.8,259.9,170.4z M210.9,127.5c-0.6-0.5-1.1-0.5-1.6-0.8c-2.2-1.4-4.1-2.4-6.8-2.1c-0.9,0.1-1.4,0.2-2,0.2c0.5,2.2,0,4.4-1.3,7\r\nc-1.1,2.2-2.7,3.3-5,4.1c-2.1,0.7-3.8,1-4.9,3c-1.1,2-0.5,3.7-2.7,5.2c-3.3,2.2-7.3,4.9-11,5.8c-4.3,1.1-7,4.8-8,8.6\r\nc-0.3,1.1-0.6,4.1-2,4.4c0,0,0,0,0,0c0.8,1.6,2.2,2.6,3.5,4.4c1.7,2.5,2.8,5.3,5,7.4c1,1,2.5,1.7,3.2,3c0.7,1.3,0.6,2.8,1.3,4.2\r\nc1.3,2.7,4.7,4.5,7.6,4.8c2,0.2,3.6-0.1,5.2,1.6c1.2,1.2,1.9,3,2.4,4.6c1.6,5.1-0.5,10.6,4.4,14.4c1.5,1.1,2.1,2.1,3.1,3.7\r\nc1.5,2.6,2.8,5,5.3,6.8c2.4,1.8,5.4,1.8,7.4,4.2c2,2.4,2.3,5.4,4,8c0.8,1.3,3.5,3.9,5.3,4.6c0.4,0.2,0.8,0.2,1,0.1\r\nc2.8-0.6,4.3-4.6,5.1-6.8c1.1-3,0.8-6.5,2.3-9.5c1.2-2.5,2.7-4.9,3.8-7.5c1.2-2.9,2.4-5.6,4.1-8.2c1.4-2.1,3.5-5,3.7-7.7\r\nc0.2-3.1-2.9-5.2-2.7-8.2c0.3-4.5,4.3-2.8,7.2-3.1c4.8-0.4,6.8-4.9,9.9-8c0.4-0.4,0.9-0.8,1.4-1.1c-0.5-0.2-1-0.5-1.5-0.6\r\nc-4.5-1.4-8,1.5-12-1.9c-2.6-2.2-4.3-6-7.5-7.4c-3.2-1.4-5.2-2.1-8-4.6c-4.1-3.6-7.8-6.7-10.8-11.5c0,0,0,0,0,0\r\nc-3.4-5.5-3.4-12.3-5.1-18.5c-0.9-0.2-1.7-0.5-2.4-1.3C211.3,128.5,211.2,127.8,210.9,127.5z','1 0 0 1 197.7163 179.9531',1,1,1,'2012-05-02 00:00:00','2012-05-02 00:00:00'),(60,6,60,'THAKURGAON','ঠাকুরগাঁও','94','41.111538181704574','-104.50832345941522','M515.06 806.39l-2.31 -4.10l-2.77 -3.64l1.85 -4.10l-4.62 -0.91l1.39 -7.28l3.23 -2.27l-0.46 -2.73l1.85 -3.64l5.55 -3.64l1.85 -5.01l-4.16 -2.27l2.31 -4.10l0.93 -4.10l5.08 -1.82v0.00 -4.55l6.93 0.91l5.08 -1.36l6.93 4.55l1.39 -3.64l4.72 -0.98l4.06 1.43l3.70 -0.46l9.24 2.28l3.70 4.10l3.23 1.36l4.62 5.46l-3.23 4.55l0.92 3.19l-2.31 2.27l-0.92 0.00l-2.31 -3.64l-1.39 2.73h-2.77 0.00l-1.39 5.01l1.85 1.82l-2.31 0.46l-2.77 4.55l-0.92 2.73l-1.39 2.73l1.85 2.27l-2.77 0.46h-1.85 2.27l-2.77 -2.27l-6.01 0.46v0.00 3.64h-2.31 0.00l-0.46 4.55l2.77 1.37l-1.85 1.82v0.00 4.10l2.31 1.36l2.77 2.27l-0.46 3.19l-3.23 0.46l-2.77 -2.73l-2.31 -1.36v0.00 -1.82l-3.23 -3.19h-2.77 0.00l-0.92 -3.19l-5.08 -2.73l0.46 -2.27l-0.46 -1.36l-4.16 1.36l-2.77 2.27l-2.31 -2.73L515.06 806.39z','M85.7,165.4c-2.7-2.6-1.7-4.7-2.2-8.1c-0.9-6-4.2-13.8,4.1-15.4c3.1-0.6,6.8-1,9.5-2.8c2.7-1.9,0.3-5.2,2.5-7.8\r\nc1.8-2.2,4.9-3.8,5.7-6.7c0.7-2.8-1-7.6,1.9-9.5c2.4-1.6,4.8,0.8,7-2.4c1-1.4,0.7-2,2.4-2.7c1-0.4,2.1-0.8,2.9-1.4\r\nc-0.1-0.4-0.2-0.8-0.2-1.2c0-2.3,0.7-4-0.3-6.2c-2.4-5.3-7.5-6.5-11.5-10c-0.8-0.7-1.4-1.6-2.2-2.3c-1.6-1.5-3.7-2.8-5.8-3.6\r\nc-2.3-0.9-4.1-0.6-6,0.7c-3.5,2.3-9.1,2.2-13.2,2.2c-2.3,0-4.3-0.1-6.6-0.6c-0.9-0.2-4.4-0.1-5.2-0.9c-2.6,0.5-5.1,1.3-7.4,2.3\r\nc-2.5,1.1-5.4,3.5-7.4,5.6c-2.1,2.2-4,5.1-4.3,8c-0.3,3.2,1.8,5.8,1.6,8.8c-0.2,3.3-3.6,5-4.5,8c-0.8,2.8-0.6,6.4-2.3,9.1\r\nc-1.8,2.8-4,3.8-2.8,7.4c0.5,1.6,1.4,2.1,2.4,3.4c1.1,1.4,0.8,2.8,0.7,4.5c-0.1,2.9-2,6.4,0.2,8.9c1.8,2.1,5.1,4.3,7.5,1.9\r\nc1.3-1.3,1.2-2.4,3.3-2.7c1.7-0.2,3.2,0.7,5,0.2c1.6-0.4,2.4-1.1,4.1,0c1.7,1.1,1.2,1.8,2,3.5c0.9,1.9,4.2,3.3,6,4.2\r\nc2.4,1.3,4.1,2.4,6.2,4.2c1,0.8,2.1,1.1,3.3,1.9c2.7,2,3.3,6,6.6,7.5c0.1-0.1,0.1-0.1,0.1-0.2C90.7,170.3,87.5,167.1,85.7,165.4z','1 0 0 1 56.3159 123.2871',1,1,1,'2012-05-02 00:00:00','2012-05-02 00:00:00'),(61,7,70,'HABIGANJ','হবিগঞ্জ ','36','38.30886344044945','-91.06853330350258','M881.57 1003.44l2.77 -0.91l-1.85 -2.73l-1.85 -0.91l0.92 -2.73l5.55 0.46l3.23 -1.37v0.00 -3.19l-1.85 -2.27l3.23 -0.91l-0.46 -2.73l-3.23 -3.64l1.85 -2.27l0.46 -3.19l-0.93 -1.82l-2.31 -1.36l-2.77 1.36l-3.23 -1.36l6.47 -2.28l2.31 -6.37l4.62 -3.19l3.23 -3.19l3.24 3.64l1.39 -2.73l-1.39 -3.19l3.23 -4.55l6.01 -1.82h2.31 0.00l3.23 2.73l3.70 5.46l2.31 -3.64v0.00 -1.37l2.31 -1.82l1.85 0.91l7.39 -0.91l1.85 4.09l2.31 -0.91l-1.85 -2.28v0.00 -2.28l6.01 0.91l5.55 1.36l-2.77 4.10l4.62 0.46l0.93 2.27l-3.23 3.64l-3.23 -2.27l-2.77 -0.46l-1.39 0.91l2.77 4.55l2.77 1.82h-2.77 0.00l-3.23 2.27l-0.93 7.28l-0.93 13.20l2.77 7.74l-2.77 7.74l-1.85 1.36v0.00 1.36l2.31 1.82v0.00 1.82l-1.85 0.91v0.00 9.56l-6.01 3.64l-6.47 0.91l-4.16 -3.19h-5.08 0.00l-4.62 -2.28h-4.16 0.00l-0.93 2.73l2.77 3.64l-0.93 3.19l-2.31 3.19l-1.39 4.55l-6.93 -1.82v0.00 -3.19l1.39 -0.91l-0.93 -3.64l-3.70 -7.74l4.62 -1.36l-3.70 -1.82v0.00 -5.46l5.08 1.37v0.00 -2.73l-4.16 -1.82l6.47 -4.55v0.00 -2.73l-4.16 -0.91l-4.16 7.28l-3.70 -2.73L881.57 1003.44L881.57 1003.44z','M514.4,386.5c-0.6,1.2-0.6,2-0.4,2.7c0.4,1.1,1.6,1.7,2.7,2.4c0-0.9,0-1.7,0.4-2.8c0.7-1.8,2-2.5,2.1-4.7\r\nc0.1-1.6-0.5-2.5-1.1-3.5c-0.1,1-0.2,2-0.8,2.9C516.5,384.7,515.1,385.1,514.4,386.5z M584.6,394.6c-2-2.6-2-5-2.8-7.9c-0.9-3.2-1.8-5.5-2-9.1c-0.2-2.9,0-6.8-0.4-9.5c-0.6-3.7-2.8-4.7-2.1-8.7\r\nc0.4-2.6,1-5.4,1.3-8.6c0.7-5.8,4.3-10.1,8.1-14.9c1.6-2.1,2-3.4,2.1-5.2c-0.2-0.1-0.3-0.2-0.5-0.3c-4.5-3.4-5-8.8-5.9-13.8\r\nc-0.7,0.4-1.4,0.7-2.2,0.9c-3.1,0.8-6.6-1.4-9.2-0.5c-2.3,0.8-4.6,4.2-6.9,5.4c-2.9,1.5-5.5,1.3-8.6,2.1c-1.1,0.3-2.1,1.8-3.3,1.7\r\nc-2.5-0.2-2.4-1.9-4-3c-11.7-7.6-16.9,12.6-26.5,16.1c0,0,0,0,0,0c-0.6,2-0.8,3.8-2.2,5.7c-1.9,2.5-2.8,6.5-0.2,9\r\nc1.4,1.3,2.3,1.3,2.6,3.3c0.3,1.8,0.1,3.2-0.1,4.9c-0.2,1.7,0.6,2.7,0.9,4.4c0.2,1.7-0.1,3.1-0.7,4.7c-0.1,0.2-0.1,0.3-0.2,0.5\r\nc0.7-0.4,1.3-0.9,1.9-1.5c1.9-2.2,1.7-4.2,4.1-6.3c1-0.8,2.3-1.4,3.2-2.3c1.2-1.4,1-2.5,1.6-3.9c0.6-1.4,1.9-2.3,2.8-3.5\r\nc1-1.4,1.3-3.2,2.4-4.2c0.7,1.1-4.4,8.5-4.9,10.5c-1.1,3.8-3.1,6.8-6.1,9.8c-2.6,2.7-5.8,5.3-6.2,9.1c-0.5,4.1,4.6,6.4,1.4,10.8\r\nc-1,1.4-1.9,1.9-2.2,3.6c1.7,1.9,3.2,4.3,6.3,3c2.8-1.2,3.2-5.1,5.8-6.3c3.1-1.5,6.6,1.5,4.8,4.4c-1,1.7-2,2.2-3.5,3.1\r\nc-1.1,0.7-2.8,1.9-1.8,3.3c0.5,0.7,1.6-0.1,2.1,0.8c0.5,0.8-0.1,1.6-0.5,2.3c-0.9,1.4-2.4,1.4-3.4,2.8c-1.9,2.8-0.4,6.4,1.1,8.9\r\nc1.6,2.6,3.8,4.6,4.6,7.6c0.9,3.2-0.7,6.1-0.2,9.5c0.2,1.5,0.9,2.5,1.9,3.2c1.2,0.9,2.8,1.3,4.5,1.5c3.9,0.6,9.4-0.7,9.7-5.4\r\nc0.1-0.8-0.4-1.6-0.2-2.5c0.1-0.8,0.8-1.3,0.9-2.1c0.5-2.8-4.1-5.1-3.1-7.6c2-5.1,15-0.1,18.3,0.6c5.4,1.1,13.6,2.7,17.5-2.5\r\nc3.7-5.2,4.6-11.3,5.4-17.2c0.1-0.9,0.2-1.8,0.4-2.7C588.2,396.9,586.4,396.9,584.6,394.6z','1 0 0 1 536.5234 381.0771',1,1,1,'2012-05-02 00:00:00','2012-05-02 00:00:00'),(62,7,70,'MAULVIBAZAR','মৌলভীবাজার ','58','38.286080690795366','-89.22424751133859','M936.57 1006.63l3.23 -8.65l-3.23 -7.28l2.31 -20.93l2.77 -1.82l5.08 0.46l-3.70 -1.82l-4.62 -5.46l2.31 -1.37l3.23 0.46l3.23 3.19l2.77 -3.64l6.93 0.46l7.39 -9.10l2.31 2.27l2.77 -1.36l1.39 2.27l4.62 0.46l1.85 -1.82l1.85 1.82l6.47 -1.36l6.47 -3.64l2.31 -9.56h2.31 0.00l1.39 3.64l6.47 -1.36h4.62 0.00l-0.92 3.19l-1.39 3.19l-3.23 5.92l-1.39 8.19l-6.93 4.55l-0.93 8.19l2.31 3.19v0.00 2.73l-3.23 6.37h-6.01 0.00l-9.24 -1.37l-3.70 0.91l3.70 3.19l0.93 3.64l-2.31 0.91l-0.93 -2.27l-0.46 -1.82l-2.77 -0.46l-3.23 3.19l1.85 1.82v0.00 10.01l-2.31 2.73l-0.92 9.10h-3.23 0.00l-2.31 -5.01l-3.70 -3.19l1.85 -1.82l-3.70 0.91h-4.16 0.00l-1.39 -2.73l-2.77 0.46h0.46 0.00v0.00 8.65l1.85 2.73l-2.31 1.82l-2.31 -0.91l-1.39 -2.28l-4.16 -2.73L936.57 1006.63L936.57 1006.63z','M663.8,298.1c-3.4,1.9-5.5,0.9-9,1.3c-5.7,0.8-7.6,8.2-9.5,12.8c-1.1,2.5-0.1,6.3-1.4,8.5\r\nc-1.3,2.2-5.9,2.8-8.2,2.6c-2.9-0.3-5.1-2.3-7.9-3.2c-4-1.3-4.9-0.4-8.1,1.1c-3.1,1.4-5.3,1.1-8.7,1.7c-3,0.6-4.4,2.8-7,4.1\r\nc-4.2,2.2-10.9,6.4-15.3,3.7c-0.1,1.8-0.5,3.2-2.1,5.2c-3.8,4.8-7.4,9.1-8.1,14.9c-0.4,3.1-0.9,5.9-1.3,8.6\r\nc-0.6,4.1,1.5,5.1,2.1,8.7c0.5,2.7,0.3,6.5,0.4,9.5c0.2,3.6,1.1,5.8,2,9.1c0.8,2.9,0.8,5.3,2.8,7.9c1.7,2.3,3.6,2.3,5.6,3.9\r\nc0.2,0.2,0.4,0.3,0.7,0.6c2.4,2.2,2.2,5.7,5.3,7.6c1.7,1,5.9,2.5,7.8,2.8c6.6,0.9,4.5-9.3,1.2-12.8c0.8-0.8,0.8-0.8,2-0.8\r\nc1.3,3.4,4.4,1.2,6.8,1.3c3.6,0.1,4.6,1.6,6.5,4.5c2.4,3.7,6.3,10.4,9.1,3.3c1.7-4.5,2.5-10.9,3.4-15.7c0.7-3.7-1.2-4.3-1.8-7.8\r\nc-0.3-2.1,0.7-5.6,3.4-2.9c5.5-0.8,10.1,0,5.6-6c-0.7-1-3.3-1.3-1.7-3.5c1-1.3,2.9-0.1,4.2,0.1c3.6,0.6,5.8,1,9.1,0\r\nc3-0.9,5.7-2.3,7.9-4.4c1.9-1.9,5.3-4.4,6.4-6.3c2.3-4-7.2-16,1.8-15.6c2.8,0.1,5,5.3,7.8,3.6c2.9-1.7,0.5-7.2,0.4-9.4\r\nc-0.7-13.7,9.4-25,7.4-38.3c-0.6-4.1-6-11.5-9.5-11.4c-0.9,1.5-2.6,2.6-4.2,4.7C668,294.5,666.7,296.5,663.8,298.1z','1 0 0 1 585.7119 359.0332',1,1,1,'2012-05-02 00:00:00','2012-05-02 00:00:00'),(63,7,70,'SUNAMGANJ','সুনামগঞ্জ ','90','38.97189136112295','-91.24174220675822','M886.20 959.30v0.00 -3.64l6.47 -5.46l-2.77 -4.55l-6.01 -1.82l-3.23 -1.82l0.93 -4.10l2.77 -1.36l1.39 -3.19l-1.85 -3.19l-1.39 -0.91l-3.23 4.55l-1.85 -3.19l0.46 -3.64l-2.77 -4.10l-7.86 -0.91l-3.23 -4.10l-6.47 -0.91v0.00 -5.92l-1.85 -4.10v0.00 -5.01l2.31 -2.27l-4.62 -1.37l0.92 -1.82l4.62 -0.46l-2.31 -2.73l0.92 -8.65l0.93 -2.27l7.39 -1.36h5.08 0.00l6.47 1.36l12.48 -2.27l11.55 5.92l1.85 -2.27l5.55 1.82l6.01 3.64h4.16 0.00l1.85 -1.82l3.23 0.91l6.93 -3.64v0.00 3.64l2.31 0.46l1.39 2.73l6.93 -1.82l2.77 0.46l-0.92 2.73l3.70 3.19l0.46 4.10l-2.31 2.73v0.00 1.36l5.08 5.01l-0.46 1.82l-1.39 0.46v0.00 1.36l2.77 1.37v0.00 3.64l-2.77 5.46v0.00 1.36l2.77 3.64l-4.62 0.91l-2.31 2.73l2.77 5.92l-2.77 0.91l2.77 4.10l-4.16 8.19l-6.93 -0.91l-0.46 2.27l1.39 1.37l-1.85 1.36l-1.85 -2.28h-3.70 0.00l-6.01 -1.36l-1.85 1.82l1.85 1.82l-3.23 2.73l-6.47 -5.01l-0.46 -2.73l-3.70 -0.46l-4.16 3.64l-4.16 2.27l0.46 3.64l-0.92 2.27l-2.77 -1.82l-4.16 3.64l-3.70 0.91L886.20 959.30L886.20 959.30z','M471.1,254.9c-0.6,2.6,1.4,1.9,1.9,3.3c0.8,2.3,0.5,1.7-0.2,4c-0.6,1.9-1.7,1.4-1.2,3.6c0,0.1,2.1,2.1,2.5,3\r\nc2.6,6.8-2.6,11.1,6.5,14c5.4,1.7,10.8,2.5,15.7,5.3c2.6,1.5,4.5,2.4,5.8,5.4c1,2.4-0.5,6.2,1.2,7.9c1.3-1.4,1.6-5.9,4.5-5.7\r\nc2.8,0.2,2.5,5.1,2.1,7.4c-0.8,5-7.3,8.8,0.4,11.5c5.9,2.1,10.3,3.1,5.9,9.9c-0.3,0.5-0.7,1-1,1.4c3.8,3.5,5.6,8.7,6.7,13.3\r\nc0,0,0,0,0,0c9.6-3.6,14.8-23.7,26.5-16.1c1.6,1.1,1.5,2.8,4,3c1.2,0.1,2.2-1.4,3.3-1.7c3.1-0.8,5.7-0.7,8.6-2.1\r\nc2.3-1.2,4.6-4.6,6.9-5.4c2.6-0.9,6,1.3,9.2,0.5c0.8-0.2,1.5-0.5,2.2-0.9c4.3-2.4,6.3-8.1,4.4-12.7c-1.5-3.5-4.1-3.8-2.6-7.9\r\nc1-2.6,4.3-4.5,1.3-7.3c4.2-2.5,3.4-2.9,3.8-7.8c2.5,0.2,3.8-2,4-4.1c-3.1-6.3-11.5-13.2-9-20.7c1.2-3.6,11.6-10.6,4.2-13\r\nc-0.1,0-0.3-0.1-0.5-0.1c-3.7-1-5.4,0.7-9.1-1.7c-2.5-1.6-4.5-4.2-7.8-3.6c-5.8,0.9-10.1,8.6-16.8,6.9c-3.1-0.8-4.2-4-6.7-5.7\r\nc-2.4-1.6-6.3-2.4-9-2.4c-3.2,0-6.2,1.3-9.5,0.2c-2.7-0.9-4.5-2.7-7.4-3.3c-6.1-1.3-12.2,1.7-18.6,2.2c-3.3,0.2-6.8-0.4-9.9,0.4\r\nc-2.7,0.7-5.5,2.4-8.3,3.3c-2.9,0.9-7.9,1.4-11.5,3c0.2,0,0.5,0,0.7,0C470.9,247.1,482.3,253.8,471.1,254.9z','1 0 0 1 517.4111 281.8965',1,1,1,'2012-05-02 00:00:00','2012-05-02 00:00:00'),(64,7,70,'SYLHET','সিলেট','91','38.878970150289504','-89.05920898110156','M942.58 951.11l5.08 -8.65l-3.23 -4.10l2.77 -0.46l-2.31 -6.37l3.23 -2.73h3.70 0.00l-3.70 -4.55l3.23 -5.46l0.46 -4.55l-3.70 -2.27l2.31 -2.28l-4.62 -5.46v0.00 -1.82l1.85 -1.82v0.00 -4.55l-3.70 -3.19l0.46 -2.28l-2.77 -2.27l1.39 -2.27h1.39 0.00l4.16 1.36l2.77 -3.19l13.87 0.46l8.32 -1.36l3.23 2.73l2.77 -3.64h7.39 0.00l5.08 1.82l4.16 5.01l1.85 -0.46l1.85 1.36l1.85 -0.91l3.23 1.82v0.00 2.27l2.31 0.46l5.55 2.73l3.70 0.91l1.39 -1.36h1.85 0.00v0.00 3.64l5.08 1.37l4.62 2.73l-0.92 2.73l1.85 4.10l4.16 1.37l-1.85 2.27l4.16 0.46l1.85 2.73l-0.46 6.83h-1.85 0.00l-1.85 -0.91l-2.77 2.73l-5.55 -0.46l-7.86 -1.36l-4.62 1.36l-3.70 2.27l3.23 3.64l-0.46 3.19l-4.16 7.74h-3.23 0.00l-6.93 0.91l-1.85 -3.64h-2.31 0.00l-0.46 3.19l-1.85 5.92l-4.62 3.64l-2.31 0.91l-5.55 1.36l-2.31 -1.82l-2.77 1.82l-3.23 -0.46l-1.39 -2.28l-3.23 1.82l-2.31 -2.27l-2.77 3.19l-3.70 5.01l-7.40 0.46l-1.39 -3.19l-4.62 -0.46l1.85 -2.73L942.58 951.11L942.58 951.11z','M584.3,256.1c-2.5,7.5,5.9,14.4,9,20.7c-0.2,2.1-1.5,4.2-4,4.1c-0.4,4.8,0.4,5.2-3.8,7.8c3,2.9-0.3,4.7-1.3,7.3\r\nc-1.5,4.1,1.1,4.4,2.6,7.9c1.9,4.6-0.1,10.3-4.4,12.7c1,5,1.5,10.4,5.9,13.8c0.2,0.1,0.3,0.2,0.5,0.3c4.4,2.7,11.1-1.5,15.3-3.7\r\nc2.6-1.4,4-3.5,7-4.1c3.4-0.7,5.6-0.4,8.7-1.7c3.3-1.4,4.1-2.4,8.1-1.1c2.8,0.9,5,2.9,7.9,3.2c2.3,0.3,6.8-0.4,8.2-2.6\r\nc1.3-2.2,0.4-5.9,1.4-8.5c1.9-4.6,3.7-12,9.5-12.8c3.5-0.5,5.6,0.5,9-1.3c2.9-1.6,4.2-3.7,6.1-6.3c1.6-2.1,3.2-3.2,4.2-4.7\r\nc0.2-0.4,0.4-0.8,0.6-1.2c0.2-0.6,0-1.2,0.1-2c0.8-4,0.4-5.1,4.7-5.5c7.4-0.8,9.5,3.9,14.7,7c2.9,1.6,14.2,0,17.3-3\r\nc1.9-1.8,2.5-6.3,1.2-8.5c-1.7-3-5.1-2.2-6.9-4.5c-0.5-0.7-1.4-2.8-2-3.7c-0.7-1-1.8-1.9-2.5-2.9c-1.9-2.9-1.6-5.1-4.9-6.9\r\nc-2.8-1.6-4.9-2.4-7.5-4.5c-3-2.5-3.5-2.1-6.9-2.1c-7.3-0.1-8.5-6-14.8-7.8c-3.1-0.9-6.1,0.6-9.1-0.7c-2.5-1.1-3.9-3.8-6.3-5.4\r\nc-5.5-3.7-11.6-1.8-18-2.1c-6.8-0.3-13.5-0.6-20.2,0.7c-6.2,1.2-11.9,2.5-17.7,4.9c-2.7,1.1-5,2.8-7.4,4.2\r\nC595.9,245.5,585.5,252.5,584.3,256.1z','1 0 0 1 609.3027 286.0322',1,1,1,'2012-05-02 00:00:00','2012-05-02 00:00:00');

--
-- Table structure for table `geo_divisions`
--

CREATE TABLE `geo_divisions` (
  `id` tinyint(3) unsigned NOT NULL AUTO_INCREMENT,
  `division_name_eng` varchar(50) COLLATE utf8mb4_unicode_ci NOT NULL,
  `division_name_bng` varchar(100) COLLATE utf8mb4_unicode_ci NOT NULL,
  `bbs_code` varchar(4) COLLATE utf8mb4_unicode_ci NOT NULL,
  `status` tinyint(4) NOT NULL DEFAULT '3' COMMENT '0=Pending, 1=Delete, 2=Inactive, 3=active, 4=PreviousActive',
  `created_by` int(11) NOT NULL,
  `modified_by` int(11) NOT NULL,
  `created_at` datetime DEFAULT NULL,
  `updated_at` datetime DEFAULT NULL,
  PRIMARY KEY (`id`)
) ENGINE=InnoDB AUTO_INCREMENT=10 DEFAULT CHARSET=utf8mb4 COLLATE=utf8mb4_unicode_ci;

--
-- Dumping data for table `geo_divisions`
--

INSERT INTO `geo_divisions` VALUES (1,'Barisal','বরিশাল','10',1,0,0,'2012-05-02 00:00:00','2012-05-02 00:00:00'),(2,'Chittagong','চট্টগ্রাম','20',1,0,0,'2012-05-02 00:00:00','2012-05-02 00:00:00'),(3,'Dhaka','ঢাকা','30',1,0,0,'2012-05-02 00:00:00','2012-05-02 00:00:00'),(4,'Khulna','খুলনা','40',1,0,0,'2012-05-02 00:00:00','2012-05-02 00:00:00'),(5,'Rajshahi','রাজশাহী','50',1,0,0,'2012-05-02 00:00:00','2012-05-02 00:00:00'),(6,'Rangpur','রংপুর','60',1,0,0,'2012-05-02 00:00:00','2012-05-02 00:00:00'),(7,'Sylhet','সিলেট','70',1,0,0,'2012-05-02 00:00:00','2012-05-02 00:00:00'),(9,'Mymensingh','ময়মনসিংহ','45',1,0,0,'2012-05-02 00:00:00','2012-05-02 00:00:00');

--
-- Table structure for table `geo_upazilas`
--

CREATE TABLE `geo_upazilas` (
  `id` int(10) unsigned NOT NULL AUTO_INCREMENT,
  `geo_division_id` tinyint(3) unsigned NOT NULL DEFAULT '0',
  `geo_district_id` int(10) unsigned NOT NULL,
  `division_bbs_code` varchar(4) COLLATE utf8mb4_unicode_ci DEFAULT NULL,
  `district_bbs_code` varchar(4) COLLATE utf8mb4_unicode_ci DEFAULT NULL,
  `upazila_name_eng` varchar(50) COLLATE utf8mb4_unicode_ci NOT NULL,
  `upazila_name_bng` varchar(100) COLLATE utf8mb4_unicode_ci NOT NULL,
  `bbs_code` varchar(4) COLLATE utf8mb4_unicode_ci DEFAULT NULL,
  `status` tinyint(4) NOT NULL DEFAULT '3' COMMENT '0=Pending, 1=Delete, 2=Inactive, 3=active, 4=PreviousActive',
  `created_by` int(11) NOT NULL,
  `modified_by` int(11) NOT NULL,
  `created_at` datetime DEFAULT NULL,
  `updated_at` datetime DEFAULT NULL,
  `is_urban` int(11) DEFAULT NULL,
  PRIMARY KEY (`id`),
  KEY `geo_upazilas_geo_division_id_foreign` (`geo_division_id`),
  KEY `geo_upazilas_geo_district_id_foreign` (`geo_district_id`)
) ENGINE=InnoDB AUTO_INCREMENT=760 DEFAULT CHARSET=utf8mb4 COLLATE=utf8mb4_unicode_ci;

--
-- Dumping data for table `geo_upazilas`
--

INSERT INTO `geo_upazilas` VALUES (1,1,1,'','','AMTALI','আমতলী ','09',1,1,1,'2012-05-02 00:00:00','2012-05-02 00:00:00',NULL),(2,1,1,'','','BAMNA','বামনা ','19',1,1,1,'2012-05-02 00:00:00','2012-05-02 00:00:00',NULL),(3,1,1,'','','BARGUNA SADAR','বরগুনা সদর ','28',1,1,1,'2012-05-02 00:00:00','2012-05-02 00:00:00',NULL),(4,1,1,'','','BETAGI','বেতাগী ','47',1,1,1,'2012-05-02 00:00:00','2012-05-02 00:00:00',NULL),(5,1,1,'','','PATHARGHATA','পাথরঘাটা ','85',1,1,1,'2012-05-02 00:00:00','2012-05-02 00:00:00',NULL),(6,1,1,'','','TALTALI','তালতলি ','90',1,1,1,'2012-05-02 00:00:00','2012-05-02 00:00:00',NULL),(7,1,2,'','','AGAILJHARA','আগৈলঝাড়া','2',1,1,1,'2012-05-02 00:00:00','2012-05-02 00:00:00',NULL),(8,1,2,'','','BABUGANJ','বাবুগঞ্জ ','3',1,1,1,'2012-05-02 00:00:00','2012-05-02 00:00:00',NULL),(9,1,2,'','','BAKERGANJ','বাকেরগঞ্জ','7',1,1,1,'2012-05-02 00:00:00','2012-05-02 00:00:00',NULL),(10,1,2,'','','BANARI PARA','বানারীপাড়া ','10',1,1,1,'2012-05-02 00:00:00','2012-05-02 00:00:00',NULL),(11,1,2,'','','GAURNADI','গৌরনদী ','32',1,1,1,'2012-05-02 00:00:00','2012-05-02 00:00:00',NULL),(12,1,2,'','','HIZLA','হিজলা ','36',1,1,1,'2012-05-02 00:00:00','2012-05-02 00:00:00',NULL),(13,1,2,'','','BARISAL SADAR (KOTWALI)','বরিশাল সদর (কোতোয়ালী)','51',1,1,1,'2012-05-02 00:00:00','2012-05-02 00:00:00',NULL),(14,1,2,'','','MEHENDIGANJ','মেহেন্দিগঞ্জ ','62',1,1,1,'2012-05-02 00:00:00','2012-05-02 00:00:00',NULL),(15,1,2,'','','MULADI','মুলাদী  ','69',1,1,1,'2012-05-02 00:00:00','2012-05-02 00:00:00',NULL),(16,1,2,'','','WAZIRPUR','উজিরপুর  ','94',1,1,1,'2012-05-02 00:00:00','2012-05-02 00:00:00',NULL),(17,1,3,'','','BHOLA SADAR','ভোলা সদর','18',1,1,1,'2012-05-02 00:00:00','2012-05-02 00:00:00',NULL),(18,1,3,'','','BURHANUDDIN','বোরহানউদ্দিন ','21',1,1,1,'2012-05-02 00:00:00','2012-05-02 00:00:00',NULL),(19,1,3,'','','DAULAT KHAN','দৌলতখান','29',1,1,1,'2012-05-02 00:00:00','2012-05-02 00:00:00',NULL),(20,1,3,'','','LALMOHAN','লালমোহন ','54',1,1,1,'2012-05-02 00:00:00','2012-05-02 00:00:00',NULL),(21,1,3,'','','MANPURA','মনপুরা ','65',1,1,1,'2012-05-02 00:00:00','2012-05-02 00:00:00',NULL),(22,1,3,'','','TAZUMUDDIN','তজুমদ্দিন ','91',1,1,1,'2012-05-02 00:00:00','2012-05-02 00:00:00',NULL),(23,1,4,'','','JHALOKATI SADAR','ঝালকাঠি সদর','40',1,1,1,'2012-05-02 00:00:00','2012-05-02 00:00:00',NULL),(24,1,4,'','','NALCHITY','নলছিটি ','73',1,1,1,'2012-05-02 00:00:00','2012-05-02 00:00:00',NULL),(25,1,4,'','','KATHALIA','কাঠালিয়া','43',1,1,1,'2012-05-02 00:00:00','2012-05-02 00:00:00',NULL),(26,1,5,'','','BAUPHAL','বাউফল ','38',1,1,1,'2012-05-02 00:00:00','2012-05-02 00:00:00',NULL),(27,1,5,'','','DASHMINA','দশমিনা ','52',1,1,1,'2012-05-02 00:00:00','2012-05-02 00:00:00',NULL),(28,1,5,'','','DUMKI','দুমকি ','55',1,1,1,'2012-05-02 00:00:00','2012-05-02 00:00:00',NULL),(29,1,5,'','','KALAPARA','কলাপাড়া ','66',1,1,1,'2012-05-02 00:00:00','2012-05-02 00:00:00',NULL),(30,1,5,'','','MIRZAGANJ','মির্জাগঞ্জ','76',1,1,1,'2012-05-02 00:00:00','2012-05-02 00:00:00',NULL),(31,1,5,'','','PATUAKHALI SADAR','পটুয়াখালী সদর ','95',1,1,1,'2012-05-02 00:00:00','2012-05-02 00:00:00',NULL),(32,1,5,'','','RANGABALI','রাঙ্গাবালী ','97',1,1,1,'2012-05-02 00:00:00','2012-05-02 00:00:00',NULL),(33,1,6,'','','BHANDARIA','ভান্ডারিয়া ','14',1,1,1,'2012-05-02 00:00:00','2012-05-02 00:00:00',NULL),(34,1,6,'','','KAWKHALI','কাউখালী ','47',1,1,1,'2012-05-02 00:00:00','2012-05-02 00:00:00',NULL),(35,1,6,'','','MATHBARIA','মঠবাড়ীয়া ','58',1,1,1,'2012-05-02 00:00:00','2012-05-02 00:00:00',NULL),(36,1,6,'','','NAZIRPUR','নাজিরপুর ','76',1,1,1,'2012-05-02 00:00:00','2012-05-02 00:00:00',NULL),(37,1,6,'','','PIROJPUR SADAR','পিরোজপুর সদর ','80',1,1,1,'2012-05-02 00:00:00','2012-05-02 00:00:00',NULL),(38,1,6,'','','NESARABAD (SWARUPKATI)','নেছারাবা ( স্বরুপকাঠী) ','87',1,1,1,'2012-05-02 00:00:00','2012-05-02 00:00:00',NULL),(39,1,6,'','','ZIANAGAR','জিয়ানগর ','90',1,1,1,'2012-05-02 00:00:00','2012-05-02 00:00:00',NULL),(40,2,7,'','','ALIKADAM','আলীকদম ','4',1,1,1,'2012-05-02 00:00:00','2012-05-02 00:00:00',NULL),(41,2,7,'','','BANDARBAN SADAR','বান্দরবান সদর','14',1,1,1,'2012-05-02 00:00:00','2012-05-02 00:00:00',NULL),(42,2,7,'','','LAMA','লামা','51',1,1,1,'2012-05-02 00:00:00','2012-05-02 00:00:00',NULL),(43,2,7,'','','NAIKHONGCHHARI','নাইক্ষ্যংছড়ি','73',1,1,1,'2012-05-02 00:00:00','2012-05-02 00:00:00',NULL),(44,2,7,'','','ROWANGCHHARI','রোয়াংছড়ি','89',1,1,1,'2012-05-02 00:00:00','2012-05-02 00:00:00',NULL),(45,2,7,'','','RUMA','রুমা ','91',1,1,1,'2012-05-02 00:00:00','2012-05-02 00:00:00',NULL),(46,2,7,'','','THANCHI','থানচি','95',1,1,1,'2012-05-02 00:00:00','2012-05-02 00:00:00',NULL),(47,2,8,'','','AKHAURA','আখাউড়া','2',1,1,1,'2012-05-02 00:00:00','2012-05-02 00:00:00',NULL),(48,2,8,'','','BANCHHARAMPUR','বাঞ্ছারামপুর ','4',1,1,1,'2012-05-02 00:00:00','2012-05-02 00:00:00',NULL),(49,2,8,'','','BIJOYNAGAR','বিজয়নগর','7',1,1,1,'2012-05-02 00:00:00','2012-05-02 00:00:00',NULL),(50,2,8,'','','BRAHMANBARIA SADAR','ব্রাহ্মণবাড়িয়া সদর','13',1,1,1,'2012-05-02 00:00:00','2012-05-02 00:00:00',NULL),(51,2,8,'','','ASHUGANJ','আশুগঞ্জ','33',1,1,1,'2012-05-02 00:00:00','2012-05-02 00:00:00',NULL),(52,2,8,'','','KASBA','কসবা','63',1,1,1,'2012-05-02 00:00:00','2012-05-02 00:00:00',NULL),(53,2,8,'','','NABINAGAR','নবীনগর','85',1,1,1,'2012-05-02 00:00:00','2012-05-02 00:00:00',NULL),(54,2,8,'','','NASIRNAGAR','নাসিরনগর','90',1,1,1,'2012-05-02 00:00:00','2012-05-02 00:00:00',NULL),(55,2,8,'','','SARAIL','সরাইল','94',1,1,1,'2012-05-02 00:00:00','2012-05-02 00:00:00',NULL),(56,2,9,'','','CHANDPUR SADAR','চাঁদপুর সদর','22',1,1,1,'2012-05-02 00:00:00','2012-05-02 00:00:00',NULL),(57,2,9,'','','FARIDGANJ','ফরিদগঞ্জ','45',1,1,1,'2012-05-02 00:00:00','2012-05-02 00:00:00',NULL),(58,2,9,'','','HAIM CHAR','হাইমচর','47',1,1,1,'2012-05-02 00:00:00','2012-05-02 00:00:00',NULL),(59,2,9,'','','HAJIGANJ','হাজীগঞ্জ','49',1,1,1,'2012-05-02 00:00:00','2012-05-02 00:00:00',NULL),(60,2,9,'','','KACHUA','কচুয়া','58',1,1,1,'2012-05-02 00:00:00','2012-05-02 00:00:00',NULL),(61,2,9,'','','MATLAB DAKSHIN','মতলব দক্ষিণ','76',1,1,1,'2012-05-02 00:00:00','2012-05-02 00:00:00',NULL),(62,2,9,'','','MATLAB UTTAR','মতলব উত্তর','79',1,1,1,'2012-05-02 00:00:00','2012-05-02 00:00:00',NULL),(63,2,9,'','','SHAHRASTI','শাহরাস্তি','95',1,1,1,'2012-05-02 00:00:00','2012-05-02 00:00:00',NULL),(64,2,10,'','','ANOWARA','আনোয়ারা','4',1,1,1,'2012-05-02 00:00:00','2012-05-02 00:00:00',NULL),(65,2,10,'','','BANSHKHALI','বাঁশখালী','8',1,1,1,'2012-05-02 00:00:00','2012-05-02 00:00:00',NULL),(66,2,10,'','','BOALKHALI','বোয়ালখালী','12',1,1,1,'2012-05-02 00:00:00','2012-05-02 00:00:00',NULL),(67,2,10,'','','CHANDANAISH','চন্দনাইশ','18',1,1,1,'2012-05-02 00:00:00','2012-05-02 00:00:00',NULL),(68,2,10,'','','FATIKCHHARI','ফটিকছড়ি','33',1,1,1,'2012-05-02 00:00:00','2012-05-02 00:00:00',NULL),(69,2,10,'','','HATHAZARI','হাটহাজারী','37',1,1,1,'2012-05-02 00:00:00','2012-05-02 00:00:00',NULL),(70,2,10,'','','LOHAGARA','লোহাগাড়া','47',1,1,1,'2012-05-02 00:00:00','2012-05-02 00:00:00',NULL),(71,2,10,'','','MIRSHARAI','মীরসরাই','53',1,1,1,'2012-05-02 00:00:00','2012-05-02 00:00:00',NULL),(72,2,10,'','','PATIYA','পটিয়া','61',1,1,1,'2012-05-02 00:00:00','2012-05-02 00:00:00',NULL),(73,2,10,'','','RANGUNIA','রাঙ্গুনিয়া','70',1,1,1,'2012-05-02 00:00:00','2012-05-02 00:00:00',NULL),(74,2,10,'','','RAOZAN','রাউজান','74',1,1,1,'2012-05-02 00:00:00','2012-05-02 00:00:00',NULL),(75,2,10,'','','SANDWIP','সন্দ্বীপ','78',1,1,1,'2012-05-02 00:00:00','2012-05-02 00:00:00',NULL),(76,2,10,'','','SATKANIA','সাতকানিয়া','82',1,1,1,'2012-05-02 00:00:00','2012-05-02 00:00:00',NULL),(77,2,10,'','','SITAKUNDA','সীতাকুণ্ড','86',1,1,1,'2012-05-02 00:00:00','2012-05-02 00:00:00',NULL),(78,2,11,'','','BARURA','বরুড়া','9',1,1,1,'2012-05-02 00:00:00','2012-05-02 00:00:00',NULL),(79,2,11,'','','BRAHMAN PARA','ব্রাহ্মণপাড়া','15',1,1,1,'2012-05-02 00:00:00','2012-05-02 00:00:00',NULL),(80,2,11,'','','BURICHANG','বুড়িচং','18',1,1,1,'2012-05-02 00:00:00','2012-05-02 00:00:00',NULL),(81,2,11,'','','CHANDINA','চান্দিনা','27',1,1,1,'2012-05-02 00:00:00','2012-05-02 00:00:00',NULL),(82,2,11,'','','CHAUDDAGRAM','চৌদ্দগ্রাম','31',1,1,1,'2012-05-02 00:00:00','2012-05-02 00:00:00',NULL),(83,2,11,'','','COMILLA SADAR DAKSHIN','কুমিল্লা সদর দক্ষিণ','33',1,1,1,'2012-05-02 00:00:00','2012-05-02 00:00:00',NULL),(84,2,11,'','','DAUDKANDI','দাউদকান্দি','36',1,1,1,'2012-05-02 00:00:00','2012-05-02 00:00:00',NULL),(85,2,11,'','','DEBIDWAR','দেবিদ্বার','40',1,1,1,'2012-05-02 00:00:00','2012-05-02 00:00:00',NULL),(86,2,11,'','','HOMNA','হোমনা ','54',1,1,1,'2012-05-02 00:00:00','2012-05-02 00:00:00',NULL),(87,2,11,'','','COMILLA ADARSHA SADAR','কুমিল্লা সদর','67',1,1,1,'2012-05-02 00:00:00','2012-05-02 00:00:00',NULL),(88,2,11,'','','LAKSAM','লাকসাম','72',1,1,1,'2012-05-02 00:00:00','2012-05-02 00:00:00',NULL),(89,2,11,'','','MANOHARGANJ','মনোহরগঞ্জ','74',1,1,1,'2012-05-02 00:00:00','2012-05-02 00:00:00',NULL),(90,2,11,'','','MEGHNA','মেঘনা','75',1,1,1,'2012-05-02 00:00:00','2012-05-02 00:00:00',NULL),(91,2,11,'','','MURADNAGAR','মুরাদনগর','81',1,1,1,'2012-05-02 00:00:00','2012-05-02 00:00:00',NULL),(92,2,11,'','','NANGALKOT','নাঙ্গলকোট','87',1,1,1,'2012-05-02 00:00:00','2012-05-02 00:00:00',NULL),(93,2,11,'','','TITAS','তিতাস','94',1,1,1,'2012-05-02 00:00:00','2012-05-02 00:00:00',NULL),(94,2,12,'','','CHAKARIA','চকরিয়া','16',1,1,1,'2012-05-02 00:00:00','2012-05-02 00:00:00',NULL),(95,2,12,'','','COX\'S BAZAR SADAR','কক্সবাজার সদর','24',1,1,1,'2012-05-02 00:00:00','2012-05-02 00:00:00',NULL),(96,2,12,'','','KUTUBDIA','কুতুবদিয়া','45',1,1,1,'2012-05-02 00:00:00','2012-05-02 00:00:00',NULL),(97,2,12,'','','MAHESHKHALI','মহেশখালী','49',1,1,1,'2012-05-02 00:00:00','2012-05-02 00:00:00',NULL),(98,2,12,'','','PEKUA','পেকুয়া','56',1,1,1,'2012-05-02 00:00:00','2012-05-02 00:00:00',NULL),(99,2,12,'','','RAMU','রামু','66',1,1,1,'2012-05-02 00:00:00','2012-05-02 00:00:00',NULL),(100,2,12,'','','TEKNAF','টেকনাফ','90',1,1,1,'2012-05-02 00:00:00','2012-05-02 00:00:00',NULL),(101,2,12,'','','UKHIA','উখিয়া','94',1,1,1,'2012-05-02 00:00:00','2012-05-02 00:00:00',NULL),(102,2,13,'','','CHHAGALNAIYA','ছাগলনাইয়া','14',1,1,1,'2012-05-02 00:00:00','2012-05-02 00:00:00',NULL),(103,2,13,'','','DAGANBHUIYAN','দাগনভূঞা','25',1,1,1,'2012-05-02 00:00:00','2012-05-02 00:00:00',NULL),(104,2,13,'','','FENI SADAR','ফেনী সদর','29',1,1,1,'2012-05-02 00:00:00','2012-05-02 00:00:00',NULL),(105,2,13,'','','FULGAZI','ফুলগাজী','41',1,1,1,'2012-05-02 00:00:00','2012-05-02 00:00:00',NULL),(106,2,13,'','','PARSHURAM','পরশুরাম','51',1,1,1,'2012-05-02 00:00:00','2012-05-02 00:00:00',NULL),(107,2,13,'','','SONAGAZI','সোনাগাজী','94',1,1,1,'2012-05-02 00:00:00','2012-05-02 00:00:00',NULL),(108,2,14,'','','DIGHINALA','দিঘীনালা','43',1,1,1,'2012-05-02 00:00:00','2012-05-02 00:00:00',NULL),(109,2,14,'','','MANIKCHHARI','মানিকছড়ি','67',1,1,1,'2012-05-02 00:00:00','2012-05-02 00:00:00',NULL),(110,2,14,'','','KHAGRACHHARI SADAR','খাগড়াছড়ি সদর','49',1,1,1,'2012-05-02 00:00:00','2012-05-02 00:00:00',NULL),(111,2,14,'','','LAKSHMICHHARI','লক্ষীছড়ি','61',1,1,1,'2012-05-02 00:00:00','2012-05-02 00:00:00',NULL),(112,2,14,'','','MAHALCHHARI','মহালছড়ি','65',1,1,1,'2012-05-02 00:00:00','2012-05-02 00:00:00',NULL),(113,2,14,'','','MATIRANGA','মাটিরাঙ্গা','70',1,1,1,'2012-05-02 00:00:00','2012-05-02 00:00:00',NULL),(114,2,14,'','','PANCHHARI','পানছড়ি','77',1,1,1,'2012-05-02 00:00:00','2012-05-02 00:00:00',NULL),(115,2,14,'','','RAMGARH','রামগড়','80',1,1,1,'2012-05-02 00:00:00','2012-05-02 00:00:00',NULL),(116,2,15,'','','KAMALNAGAR','কমলনগর','33',1,1,1,'2012-05-02 00:00:00','2012-05-02 00:00:00',NULL),(117,2,15,'','','LAKSHMIPUR SADAR','লক্ষ্মীপুর সদর','43',1,1,1,'2012-05-02 00:00:00','2012-05-02 00:00:00',NULL),(118,2,15,'','','ROYPUR','রায়পুর','58',1,1,1,'2012-05-02 00:00:00','2012-05-02 00:00:00',NULL),(119,2,15,'','','RAMGANJ','রামগঞ্জ','65',1,1,1,'2012-05-02 00:00:00','2012-05-02 00:00:00',NULL),(120,2,15,'','','RAMGATI','রামগতি ','73',1,1,1,'2012-05-02 00:00:00','2012-05-02 00:00:00',NULL),(121,2,16,'','','BEGUMGANJ','বেগমগঞ্জ','7',1,1,1,'2012-05-02 00:00:00','2012-05-02 00:00:00',NULL),(122,2,16,'','','CHATKHIL','চাটখিল','10',1,1,1,'2012-05-02 00:00:00','2012-05-02 00:00:00',NULL),(123,2,16,'','','COMPANIGANJ','কোম্পানীগঞ্জ','21',1,1,1,'2012-05-02 00:00:00','2012-05-02 00:00:00',NULL),(124,2,16,'','','HATIYA','হাতিয়া','36',1,1,1,'2012-05-02 00:00:00','2012-05-02 00:00:00',NULL),(125,2,16,'','','SENBAGH','সেনবাগ','80',1,1,1,'2012-05-02 00:00:00','2012-05-02 00:00:00',NULL),(126,2,16,'','','SONAIMURI','সোনাইমুড়ী','83',1,1,1,'2012-05-02 00:00:00','2012-05-02 00:00:00',NULL),(127,2,16,'','','SUBARNACHAR','সুবর্ণচর','85',1,1,1,'2012-05-02 00:00:00','2012-05-02 00:00:00',NULL),(128,2,16,'','','NOAKHALI ','নোয়াখালী ','87',1,1,1,'2012-05-02 00:00:00','2012-05-02 00:00:00',NULL),(129,2,17,'','','BAGHAICHHARI','বাঘাইছড়ি','7',1,1,1,'2012-05-02 00:00:00','2012-05-02 00:00:00',NULL),(130,2,17,'','','BARKAL ','বরকল','21',1,1,1,'2012-05-02 00:00:00','2012-05-02 00:00:00',NULL),(131,2,17,'','','KAWKHALI (BETBUNIA)','কাউখালী','25',1,1,1,'2012-05-02 00:00:00','2012-05-02 00:00:00',NULL),(132,2,17,'','','KAPTAI  ','কাপ্তাই ','36',1,1,1,'2012-05-02 00:00:00','2012-05-02 00:00:00',NULL),(133,2,17,'','','JURAI CHHARI','জুরাছড়ি','47',1,1,1,'2012-05-02 00:00:00','2012-05-02 00:00:00',NULL),(134,2,17,'','','LANGADU  ','লংগদু ','58',1,1,1,'2012-05-02 00:00:00','2012-05-02 00:00:00',NULL),(135,2,17,'','','NANIARCHAR  ','নানিয়ারচর ','75',1,1,1,'2012-05-02 00:00:00','2012-05-02 00:00:00',NULL),(136,2,17,'','','RANGAMATI SADAR','রাঙ্গামাটি সদর','87',1,1,1,'2012-05-02 00:00:00','2012-05-02 00:00:00',NULL),(137,2,17,'','','RAJOSTHOLI ','রাজস্থলী','78',1,1,1,'2012-05-02 00:00:00','2012-05-02 00:00:00',NULL),(138,2,17,'','','BILAYCHHARI','বিলাইছড়ি','29',1,1,1,'2012-05-02 00:00:00','2012-05-02 00:00:00',NULL),(139,3,18,'','','TEJGAON UNNON CIRCLE','তেজগাঁও উন্নয়ন সার্কেল','',1,1,1,'2012-05-02 00:00:00','2012-05-02 00:00:00',NULL),(140,3,18,'','','BADDA','বাড্ডা','4',1,1,1,'2012-05-02 00:00:00','2012-05-02 00:00:00',NULL),(141,3,18,'','','BANGSHAL','বংশাল','5',1,1,1,'2012-05-02 00:00:00','2012-05-02 00:00:00',NULL),(142,3,18,'','','BIMAN BANDAR','বিমান বন্দর','6',1,1,1,'2012-05-02 00:00:00','2012-05-02 00:00:00',NULL),(143,3,18,'','','BANANI','বনানী','7',1,1,1,'2012-05-02 00:00:00','2012-05-02 00:00:00',NULL),(144,3,18,'','','CANTONMENT','সেনানিবাস','8',1,1,1,'2012-05-02 00:00:00','2012-05-02 00:00:00',NULL),(145,3,18,'','','CHAK BAZAR','চকবাজার','9',1,1,1,'2012-05-02 00:00:00','2012-05-02 00:00:00',NULL),(146,3,18,'','','DAKSHINKHAN','দক্ষিনখান','10',1,1,1,'2012-05-02 00:00:00','2012-05-02 00:00:00',NULL),(147,3,18,'','','DARUS SALAM','দারুস সালাম','11',1,1,1,'2012-05-02 00:00:00','2012-05-02 00:00:00',NULL),(148,3,18,'','','DEMRA','ডেমরা','12',1,1,1,'2012-05-02 00:00:00','2012-05-02 00:00:00',NULL),(149,3,18,'','','DHAMRAI','ধামরাই','14',1,1,1,'2012-05-02 00:00:00','2012-05-02 00:00:00',NULL),(150,3,18,'','','DOHAR','দোহার','18',1,1,1,'2012-05-02 00:00:00','2012-05-02 00:00:00',NULL),(151,3,18,'','','KERANIGANJ','কেরাণীগঞ্জ','38',1,1,1,'2012-05-02 00:00:00','2012-05-02 00:00:00',NULL),(152,3,18,'','','NAWABGANJ','নবাবগঞ্জ','62',1,1,1,'2012-05-02 00:00:00','2012-05-02 00:00:00',NULL),(153,3,18,'','','SAVAR','সাভার','72',1,1,1,'2012-05-02 00:00:00','2012-05-02 00:00:00',NULL),(154,3,19,'','','ALFADANGA','আলফাডাঙ্গা','3',1,1,1,'2012-05-02 00:00:00','2012-05-02 00:00:00',NULL),(155,3,19,'','','BHANGA','ভাঙ্গা','10',1,1,1,'2012-05-02 00:00:00','2012-05-02 00:00:00',NULL),(156,3,19,'','','BOALMARI','বোয়ালমারী','18',1,1,1,'2012-05-02 00:00:00','2012-05-02 00:00:00',NULL),(157,3,19,'','','CHAR BHADRASAN','চরভদ্রাসন','21',1,1,1,'2012-05-02 00:00:00','2012-05-02 00:00:00',NULL),(158,3,19,'','','FARIDPUR SADAR','ফরিদপুর সদর','47',1,1,1,'2012-05-02 00:00:00','2012-05-02 00:00:00',NULL),(159,3,19,'','','MADHUKHALI','মধুখালী','56',1,1,1,'2012-05-02 00:00:00','2012-05-02 00:00:00',NULL),(160,3,19,'','','NAGARKANDA','নগরকান্দা','62',1,1,1,'2012-05-02 00:00:00','2012-05-02 00:00:00',NULL),(161,3,19,'','','SADARPUR','সদরপুর','84',1,1,1,'2012-05-02 00:00:00','2012-05-02 00:00:00',NULL),(162,3,19,'','','SALTHA','সালথা','90',1,1,1,'2012-05-02 00:00:00','2012-05-02 00:00:00',NULL),(163,3,20,'','','GAZIPUR SADAR','গাজীপুর সদর','30',1,1,1,'2012-05-02 00:00:00','2012-05-02 00:00:00',NULL),(164,3,20,'','','KALIAKAIR','কালিয়াকৈর','32',1,1,1,'2012-05-02 00:00:00','2012-05-02 00:00:00',NULL),(165,3,20,'','','KALIGANJ','কালীগঞ্জ','34',1,1,1,'2012-05-02 00:00:00','2012-05-02 00:00:00',NULL),(166,3,20,'','','KAPASIA','কাপাসিয়া','36',1,1,1,'2012-05-02 00:00:00','2012-05-02 00:00:00',NULL),(167,3,20,'','','SREEPUR','শ্রীপুর','86',1,1,1,'2012-05-02 00:00:00','2012-05-02 00:00:00',NULL),(168,3,21,'','','GOPALGANJ SADAR','গোপালগঞ্জ সদর','32',1,1,1,'2012-05-02 00:00:00','2012-05-02 00:00:00',NULL),(169,3,21,'','','KASHIANI','কাশিয়ানী','43',1,1,1,'2012-05-02 00:00:00','2012-05-02 00:00:00',NULL),(170,3,21,'','','KOTALIPARA','কোটালীপাড়া','51',1,1,1,'2012-05-02 00:00:00','2012-05-02 00:00:00',NULL),(171,3,21,'','','MUKSUDPUR','মুকসুদপুর','58',1,1,1,'2012-05-02 00:00:00','2012-05-02 00:00:00',NULL),(172,3,21,'','','TUNGIPARA','টুংগীপাড়া','91',1,1,1,'2012-05-02 00:00:00','2012-05-02 00:00:00',NULL),(173,3,22,'','','BAKSHIGANJ','বকশীগঞ্জ','7',1,1,1,'2012-05-02 00:00:00','2012-05-02 00:00:00',NULL),(174,3,22,'','','DEWANGANJ','দেওয়ানগঞ্জ','15',1,1,1,'2012-05-02 00:00:00','2012-05-02 00:00:00',NULL),(175,3,22,'','','ISLAMPUR','ইসলামপুর','29',1,1,1,'2012-05-02 00:00:00','2012-05-02 00:00:00',NULL),(176,3,22,'','','JAMALPUR SADAR','জামালপুর সদর','36',1,1,1,'2012-05-02 00:00:00','2012-05-02 00:00:00',NULL),(177,3,22,'','','MADARGANJ','মাদারগঞ্জ','58',1,1,1,'2012-05-02 00:00:00','2012-05-02 00:00:00',NULL),(178,3,22,'','','MELANDAHA','মেলান্দহ','61',1,1,1,'2012-05-02 00:00:00','2012-05-02 00:00:00',NULL),(179,3,22,'','','SARISHABARI','সরিষাবাড়ী','85',1,1,1,'2012-05-02 00:00:00','2012-05-02 00:00:00',NULL),(180,3,23,'','','AUSTAGRAM','অষ্টগ্রাম','2',1,1,1,'2012-05-02 00:00:00','2012-05-02 00:00:00',NULL),(181,3,23,'','','BAJITPUR','বাজিতপুর','6',1,1,1,'2012-05-02 00:00:00','2012-05-02 00:00:00',NULL),(182,3,23,'','','BHAIRAB','ভৈরব','11',1,1,1,'2012-05-02 00:00:00','2012-05-02 00:00:00',NULL),(183,3,23,'','','HOSSAINPUR','হোসেনপুর','27',1,1,1,'2012-05-02 00:00:00','2012-05-02 00:00:00',NULL),(184,3,23,'','','ITNA','ইটনা','33',1,1,1,'2012-05-02 00:00:00','2012-05-02 00:00:00',NULL),(185,3,23,'','','KARIMGANJ','করিমগঞ্জ','42',1,1,1,'2012-05-02 00:00:00','2012-05-02 00:00:00',NULL),(186,3,23,'','','KATIADI','কটিয়াদী','45',1,1,1,'2012-05-02 00:00:00','2012-05-02 00:00:00',NULL),(187,3,23,'','','KISHOREGANJ SADAR','কিশোরগঞ্জ সদর','49',1,1,1,'2012-05-02 00:00:00','2012-05-02 00:00:00',NULL),(188,3,23,'','','KULIAR CHAR','কুলিয়ারচর','54',1,1,1,'2012-05-02 00:00:00','2012-05-02 00:00:00',NULL),(189,3,23,'','','MITHAMAIN','মিঠামইন','59',1,1,1,'2012-05-02 00:00:00','2012-05-02 00:00:00',NULL),(190,3,23,'','','NIKLI','নিকলী','76',1,1,1,'2012-05-02 00:00:00','2012-05-02 00:00:00',NULL),(191,3,23,'','','PAKUNDIA','পাকুন্দিয়া','79',1,1,1,'2012-05-02 00:00:00','2012-05-02 00:00:00',NULL),(192,3,23,'','','TARAIL','তাড়াইল','92',1,1,1,'2012-05-02 00:00:00','2012-05-02 00:00:00',NULL),(193,3,24,'','','KALKINI','কালকিনি','40',1,1,1,'2012-05-02 00:00:00','2012-05-02 00:00:00',NULL),(194,3,24,'','','MADARIPUR SADAR','মাদারীপুর সদর','54',1,1,1,'2012-05-02 00:00:00','2012-05-02 00:00:00',NULL),(195,3,24,'','','RAJOIR','রাজৈর','80',1,1,1,'2012-05-02 00:00:00','2012-05-02 00:00:00',NULL),(196,3,24,'','','SHIBCHAR','শিবচর','87',1,1,1,'2012-05-02 00:00:00','2012-05-02 00:00:00',NULL),(197,3,25,'','','DAULATPUR','দৌলতপুর','10',1,1,1,'2012-05-02 00:00:00','2012-05-02 00:00:00',NULL),(198,3,25,'','','GHIOR','ঘিওর','22',1,1,1,'2012-05-02 00:00:00','2012-05-02 00:00:00',NULL),(199,3,25,'','','HARIRAMPUR','হরিরামপুর','28',1,1,1,'2012-05-02 00:00:00','2012-05-02 00:00:00',NULL),(200,3,25,'','','MANIKGANJ SADAR','মানিকগঞ্জ সদর','46',1,1,1,'2012-05-02 00:00:00','2012-05-02 00:00:00',NULL),(201,3,25,'','','SATURIA','সাটুরিয়া','70',1,1,1,'2012-05-02 00:00:00','2012-05-02 00:00:00',NULL),(202,3,25,'','','SHIBALAYA','শিবালয়','78',1,1,1,'2012-05-02 00:00:00','2012-05-02 00:00:00',NULL),(203,3,25,'','','SINGAIR','সিংগাইর','82',1,1,1,'2012-05-02 00:00:00','2012-05-02 00:00:00',NULL),(204,3,26,'','','GAZARIA','গজারিয়া','24',1,1,1,'2012-05-02 00:00:00','2012-05-02 00:00:00',NULL),(205,3,26,'','','LOHAJANG','লৌহজং','44',1,1,1,'2012-05-02 00:00:00','2012-05-02 00:00:00',NULL),(206,3,26,'','','MUNSHIGANJ SADAR','মুন্সিগঞ্জ সদর','56',1,1,1,'2012-05-02 00:00:00','2012-05-02 00:00:00',NULL),(207,3,26,'','','SERAJDIKHAN','সিরাজদিখান','74',1,1,1,'2012-05-02 00:00:00','2012-05-02 00:00:00',NULL),(208,3,26,'','','SREENAGAR','শ্রীনগর','84',1,1,1,'2012-05-02 00:00:00','2012-05-02 00:00:00',NULL),(209,3,26,'','','TONGIBARI','টংগিবাড়ী','94',1,1,1,'2012-05-02 00:00:00','2012-05-02 00:00:00',NULL),(210,3,27,'','','BHALUKA','ভালুকা','13',1,1,1,'2012-05-02 00:00:00','2012-05-02 00:00:00',NULL),(211,3,27,'','','DHOBAURA','ধোবাউড়া','16',1,1,1,'2012-05-02 00:00:00','2012-05-02 00:00:00',NULL),(212,3,27,'','','FULBARIA','ফুলবাড়ীয়া','20',1,1,1,'2012-05-02 00:00:00','2012-05-02 00:00:00',NULL),(213,3,27,'','','GAFARGAON','গফরগাঁও','22',1,1,1,'2012-05-02 00:00:00','2012-05-02 00:00:00',NULL),(214,3,27,'','','GAURIPUR','গৌরীপুর','23',1,1,1,'2012-05-02 00:00:00','2012-05-02 00:00:00',NULL),(215,3,27,'','','HALUAGHAT','হালুয়াঘাট','24',1,1,1,'2012-05-02 00:00:00','2012-05-02 00:00:00',NULL),(216,3,27,'','','ISHWARGANJ','ঈশ্বরগঞ্জ','31',1,1,1,'2012-05-02 00:00:00','2012-05-02 00:00:00',NULL),(217,3,27,'','','MYMENSINGH SADAR','ময়মনসিংহ সদর','52',1,1,1,'2012-05-02 00:00:00','2012-05-02 00:00:00',NULL),(218,3,27,'','','MUKTAGACHHA','মুক্তাগাছা','65',1,1,1,'2012-05-02 00:00:00','2012-05-02 00:00:00',NULL),(219,3,27,'','','NANDAIL','নান্দাইল','72',1,1,1,'2012-05-02 00:00:00','2012-05-02 00:00:00',NULL),(220,3,27,'','','PHULPUR','ফুলপুর','81',1,1,1,'2012-05-02 00:00:00','2012-05-02 00:00:00',NULL),(221,3,27,'','','TARAKANDA','তারাকান্দা','88',1,1,1,'2012-05-02 00:00:00','2012-05-02 00:00:00',NULL),(222,3,27,'','','TRISHAL','ত্রিশাল','94',1,1,1,'2012-05-02 00:00:00','2012-05-02 00:00:00',NULL),(223,3,28,'','','ARAIHAZAR','আড়াইহাজার','2',1,1,1,'2012-05-02 00:00:00','2012-05-02 00:00:00',NULL),(224,3,28,'','','SONARGAON','সোনারগাঁ','4',1,1,1,'2012-05-02 00:00:00','2012-05-02 00:00:00',NULL),(225,3,28,'','','NARAYANGANJ SADAR','নারায়নগঞ্জ সদর','58',1,1,1,'2012-05-02 00:00:00','2012-05-02 00:00:00',NULL),(226,3,28,'','','RUPGANJ','রূপগঞ্জ','68',1,1,1,'2012-05-02 00:00:00','2012-05-02 00:00:00',NULL),(227,3,29,'','','BELABO','বেলাবো','7',1,1,1,'2012-05-02 00:00:00','2012-05-02 00:00:00',NULL),(228,3,29,'','','MANOHARDI','মনোহরদী','52',1,1,1,'2012-05-02 00:00:00','2012-05-02 00:00:00',NULL),(229,3,29,'','','NARSINGDI ','নরসিংদী ','60',1,1,1,'2012-05-02 00:00:00','2012-05-02 00:00:00',NULL),(230,3,29,'','','PALASH','পলাশ','63',1,1,1,'2012-05-02 00:00:00','2012-05-02 00:00:00',NULL),(231,3,29,'','','ROYPURA','রায়পুরা','64',1,1,1,'2012-05-02 00:00:00','2012-05-02 00:00:00',NULL),(232,3,29,'','','SHIBPUR','শিবপুর','76',1,1,1,'2012-05-02 00:00:00','2012-05-02 00:00:00',NULL),(233,3,30,'','','ATPARA','আটপাড়া','4',1,1,1,'2012-05-02 00:00:00','2012-05-02 00:00:00',NULL),(234,3,30,'','','BARHATTA','বারহাট্টা','9',1,1,1,'2012-05-02 00:00:00','2012-05-02 00:00:00',NULL),(235,3,30,'','','DURGAPUR','দুর্গাপুর','18',1,1,1,'2012-05-02 00:00:00','2012-05-02 00:00:00',NULL),(236,3,30,'','','KHALIAJURI','খালিয়াজুরী','38',1,1,1,'2012-05-02 00:00:00','2012-05-02 00:00:00',NULL),(237,3,30,'','','KALMAKANDA','কলমাকান্দা','40',1,1,1,'2012-05-02 00:00:00','2012-05-02 00:00:00',NULL),(238,3,30,'','','KENDUA','কেন্দুয়া','47',1,1,1,'2012-05-02 00:00:00','2012-05-02 00:00:00',NULL),(239,3,30,'','','MADAN','মদন','56',1,1,1,'2012-05-02 00:00:00','2012-05-02 00:00:00',NULL),(240,3,30,'','','MOHANGANJ','মোহনগঞ্জ','63',1,1,1,'2012-05-02 00:00:00','2012-05-02 00:00:00',NULL),(241,3,30,'','','NETROKONA SADAR','নেত্রকোণা সদর','74',1,1,1,'2012-05-02 00:00:00','2012-05-02 00:00:00',NULL),(242,3,31,'','','BALIAKANDI','বালিয়াকান্দি','7',1,1,1,'2012-05-02 00:00:00','2012-05-02 00:00:00',NULL),(243,3,31,'','','GOALANDA','গোয়ালন্দ','29',1,1,1,'2012-05-02 00:00:00','2012-05-02 00:00:00',NULL),(244,3,31,'','','KALUKHALI','কালুখালী','47',1,1,1,'2012-05-02 00:00:00','2012-05-02 00:00:00',NULL),(245,3,31,'','','PANGSHA','পাংশা','73',1,1,1,'2012-05-02 00:00:00','2012-05-02 00:00:00',NULL),(246,3,31,'','','RAJBARI SADAR','রাজবাড়ী সদর','76',1,1,1,'2012-05-02 00:00:00','2012-05-02 00:00:00',NULL),(247,3,32,'','','BHEDARGANJ','ভেদরগঞ্জ','14',1,1,1,'2012-05-02 00:00:00','2012-05-02 00:00:00',NULL),(248,3,32,'','','DAMUDYA','ডামুড্যা','25',1,1,1,'2012-05-02 00:00:00','2012-05-02 00:00:00',NULL),(249,3,32,'','','GOSAIRHAT','গোসাইরহাট','36',1,1,1,'2012-05-02 00:00:00','2012-05-02 00:00:00',NULL),(250,3,32,'','','NARIA','নড়িয়া','65',1,1,1,'2012-05-02 00:00:00','2012-05-02 00:00:00',NULL),(251,3,32,'','','SHARIATPUR SADAR','শরিয়তপুর সদর','69',1,1,1,'2012-05-02 00:00:00','2012-05-02 00:00:00',NULL),(252,3,32,'','','ZANJIRA','জাজিরা','94',1,1,1,'2012-05-02 00:00:00','2012-05-02 00:00:00',NULL),(253,3,33,'','','JHENAIGATI','ঝিনাইগাতী','37',1,1,1,'2012-05-02 00:00:00','2012-05-02 00:00:00',NULL),(254,3,33,'','','NAKLA','নকলা','67',1,1,1,'2012-05-02 00:00:00','2012-05-02 00:00:00',NULL),(255,3,33,'','','NALITABARI','নালিতাবাড়ী','70',1,1,1,'2012-05-02 00:00:00','2012-05-02 00:00:00',NULL),(256,3,33,'','','SHERPUR SADAR','শেরপুর সদর','88',1,1,1,'2012-05-02 00:00:00','2012-05-02 00:00:00',NULL),(257,3,33,'','','SREEBARDI','শ্রীবরদী','90',1,1,1,'2012-05-02 00:00:00','2012-05-02 00:00:00',NULL),(258,3,34,'','','BASAIL','বাসাইল','9',1,1,1,'2012-05-02 00:00:00','2012-05-02 00:00:00',NULL),(259,3,34,'','','BHUAPUR','ভুয়াপুর','19',1,1,1,'2012-05-02 00:00:00','2012-05-02 00:00:00',NULL),(260,3,34,'','','DELDUAR','দেলদুয়ার','23',1,1,1,'2012-05-02 00:00:00','2012-05-02 00:00:00',NULL),(261,3,34,'','','DHANBARI','ধনবাড়ী','25',1,1,1,'2012-05-02 00:00:00','2012-05-02 00:00:00',NULL),(262,3,34,'','','GHATAIL','ঘাটাইল','28',1,1,1,'2012-05-02 00:00:00','2012-05-02 00:00:00',NULL),(263,3,34,'','','GOPALPUR','গোপালপুর','38',1,1,1,'2012-05-02 00:00:00','2012-05-02 00:00:00',NULL),(264,3,34,'','','KALIHATI','কালিহাতী','47',1,1,1,'2012-05-02 00:00:00','2012-05-02 00:00:00',NULL),(265,3,34,'','','MADHUPUR','মধুপুর','57',1,1,1,'2012-05-02 00:00:00','2012-05-02 00:00:00',NULL),(266,3,34,'','','MIRZAPUR','মির্জাপুর','66',1,1,1,'2012-05-02 00:00:00','2012-05-02 00:00:00',NULL),(267,3,34,'','','NAGARPUR','নাগরপুর','76',1,1,1,'2012-05-02 00:00:00','2012-05-02 00:00:00',NULL),(268,3,34,'','','SAKHIPUR','সখিপুর','85',1,1,1,'2012-05-02 00:00:00','2012-05-02 00:00:00',NULL),(269,3,34,'','','TANGAIL SADAR','টাঙ্গাইল সদর','95',1,1,1,'2012-05-02 00:00:00','2012-05-02 00:00:00',NULL),(271,4,35,'','','CHITALMARI','চিতলমারী ','14',1,1,1,'2012-05-02 00:00:00','2012-05-02 00:00:00',NULL),(272,4,35,'','','FAKIRHAT','ফকিরহাট ','34',1,1,1,'2012-05-02 00:00:00','2012-05-02 00:00:00',NULL),(273,4,35,'','','KACHUA','কচুয়া ','38',1,1,1,'2012-05-02 00:00:00','2012-05-02 00:00:00',NULL),(274,4,35,'','','MOLLAHAT','মোল্লাহাট ','56',1,1,1,'2012-05-02 00:00:00','2012-05-02 00:00:00',NULL),(275,4,35,'','','MONGLA','মোংলা ','58',1,1,1,'2012-05-02 00:00:00','2012-05-02 00:00:00',NULL),(276,4,35,'','','MORRELGANJ','মোড়েলগঞ্জ ','60',1,1,1,'2012-05-02 00:00:00','2012-05-02 00:00:00',NULL),(277,4,35,'','','RAMPAL','রামপাল ','73',1,1,1,'2012-05-02 00:00:00','2012-05-02 00:00:00',NULL),(278,4,35,'','','SARANKHOLA','শরণখোলা','',1,1,1,'2012-05-02 00:00:00','2012-05-02 00:00:00',NULL),(279,4,36,'','','ALAMDANGA','আলমডাঙ্গা ','7',1,1,1,'2012-05-02 00:00:00','2012-05-02 00:00:00',NULL),(280,4,36,'','','CHUADANGA SADAR','চুয়াডাঙ্গা সদর ','23',1,1,1,'2012-05-02 00:00:00','2012-05-02 00:00:00',NULL),(281,4,36,'','','DAMURHUDA','দামুড়হুদা ','31',1,1,1,'2012-05-02 00:00:00','2012-05-02 00:00:00',NULL),(282,4,36,'','','JIBAN NAGAR','জীবননগর ','55',1,1,1,'2012-05-02 00:00:00','2012-05-02 00:00:00',NULL),(283,4,37,'','','ABHAYNAGAR','অভয়নগর ','4',1,1,1,'2012-05-02 00:00:00','2012-05-02 00:00:00',NULL),(284,4,37,'','','BAGHER PARA','বাঘারপাড়া ','9',1,1,1,'2012-05-02 00:00:00','2012-05-02 00:00:00',NULL),(285,4,37,'','','CHAUGACHHA','চৌগাছা','11',1,1,1,'2012-05-02 00:00:00','2012-05-02 00:00:00',NULL),(286,4,37,'','','JHIKARGACHHA','ঝিকরগাছা ','23',1,1,1,'2012-05-02 00:00:00','2012-05-02 00:00:00',NULL),(287,4,37,'','','KESHABPUR','কেশবপুর ','38',1,1,1,'2012-05-02 00:00:00','2012-05-02 00:00:00',NULL),(288,4,37,'','','JESSORE SADAR','যশোর সদর ','47',1,1,1,'2012-05-02 00:00:00','2012-05-02 00:00:00',NULL),(289,4,37,'','','MANIRAMPUR','মণিরামপুর','61',1,1,1,'2012-05-02 00:00:00','2012-05-02 00:00:00',NULL),(290,4,37,'','','SHARSHA','শার্শা ','90',1,1,1,'2012-05-02 00:00:00','2012-05-02 00:00:00',NULL),(291,4,38,'','','HARINAKUNDA','হরিণাকুন্ডু ','14',1,1,1,'2012-05-02 00:00:00','2012-05-02 00:00:00',NULL),(292,4,38,'','','JHENAIDAH SADAR','ঝিনাইদহ সদর','19',1,1,1,'2012-05-02 00:00:00','2012-05-02 00:00:00',NULL),(293,4,38,'','','KALIGANJ','কালীগঞ্জ ','33',1,1,1,'2012-05-02 00:00:00','2012-05-02 00:00:00',NULL),(294,4,38,'','','KOTCHANDPUR','কোটচাঁদপুর ','42',1,1,1,'2012-05-02 00:00:00','2012-05-02 00:00:00',NULL),(295,4,38,'','','MAHESHPUR','মহেশপুর ','71',1,1,1,'2012-05-02 00:00:00','2012-05-02 00:00:00',NULL),(296,4,38,'','','SHAILKUPA','শৈলকুপা ','80',1,1,1,'2012-05-02 00:00:00','2012-05-02 00:00:00',NULL),(297,4,39,'','','BATIAGHATA','বটিয়াঘাটা ','12',1,1,1,'2012-05-02 00:00:00','2012-05-02 00:00:00',NULL),(298,4,39,'','','DACOPE','দাকোপ ','17',1,1,1,'2012-05-02 00:00:00','2012-05-02 00:00:00',NULL),(299,4,39,'','','DUMURIA','ডুমুরিয়া ','30',1,1,1,'2012-05-02 00:00:00','2012-05-02 00:00:00',NULL),(300,4,39,'','','KOYRA','কয়রা ','53',1,1,1,'2012-05-02 00:00:00','2012-05-02 00:00:00',NULL),(301,4,39,'','','PAIKGACHHA','পাইকগাছা ','64',1,1,1,'2012-05-02 00:00:00','2012-05-02 00:00:00',NULL),(302,4,39,'','','PHULTALA','ফুলতলা ','69',1,1,1,'2012-05-02 00:00:00','2012-05-02 00:00:00',NULL),(303,4,39,'','','RUPSA','রূপসা ','75',1,1,1,'2012-05-02 00:00:00','2012-05-02 00:00:00',NULL),(304,4,39,'','','TEROKHADA','তেরখাদা ','94',1,1,1,'2012-05-02 00:00:00','2012-05-02 00:00:00',NULL),(305,4,39,'','','DHEGHOLIA','দিঘলিয়া','40',1,1,1,'2012-05-02 00:00:00','2012-05-02 00:00:00',NULL),(306,4,40,'','','BHERAMARA','ভেড়ামারা ','15',1,1,1,'2012-05-02 00:00:00','2012-05-02 00:00:00',NULL),(307,4,40,'','','DAULATPUR','দৌলতপুর ','39',1,1,1,'2012-05-02 00:00:00','2012-05-02 00:00:00',NULL),(308,4,40,'','','KHOKSA','খোকসা','63',1,1,1,'2012-05-02 00:00:00','2012-05-02 00:00:00',NULL),(309,4,40,'','','KUMARKHALI','কুমারখালী ','71',1,1,1,'2012-05-02 00:00:00','2012-05-02 00:00:00',NULL),(310,4,40,'','','KUSHTIA SADAR','কুষ্টিয়া সদর ','79',1,1,1,'2012-05-02 00:00:00','2012-05-02 00:00:00',NULL),(311,4,40,'','','MIRPUR','মিরপুর ','94',1,1,1,'2012-05-02 00:00:00','2012-05-02 00:00:00',NULL),(312,4,41,'','','MAGURA SADAR','মাগুরা সদর ','57',1,1,1,'2012-05-02 00:00:00','2012-05-02 00:00:00',NULL),(313,4,41,'','','MOHAMMADPUR','মহম্মদপুর ','66',1,1,1,'2012-05-02 00:00:00','2012-05-02 00:00:00',NULL),(314,4,41,'','','SHALIKHA','শালিখা ','85',1,1,1,'2012-05-02 00:00:00','2012-05-02 00:00:00',NULL),(315,4,41,'','','SREEPUR','শ্রীপুর ','95',1,1,1,'2012-05-02 00:00:00','2012-05-02 00:00:00',NULL),(316,4,42,'','','GANGNI','গাংনী ','47',1,1,1,'2012-05-02 00:00:00','2012-05-02 00:00:00',NULL),(317,4,42,'','','MUJIB NAGAR','মুজিবনগর ','60',1,1,1,'2012-05-02 00:00:00','2012-05-02 00:00:00',NULL),(318,4,42,'','','MEHERPUR SADAR','মেহেরপুর সদর','87',1,1,1,'2012-05-02 00:00:00','2012-05-02 00:00:00',NULL),(319,4,43,'','','KALIA','কালিয়া','28',1,1,1,'2012-05-02 00:00:00','2012-05-02 00:00:00',NULL),(320,4,43,'','','LOHAGARA','লোহাগড়া','52',1,1,1,'2012-05-02 00:00:00','2012-05-02 00:00:00',NULL),(321,4,43,'','','NARAIL SADAR','নড়াইল সদর ','76',1,1,1,'2012-05-02 00:00:00','2012-05-02 00:00:00',NULL),(322,4,44,'','','ASSASUNI','আশাশুনি ','4',1,1,1,'2012-05-02 00:00:00','2012-05-02 00:00:00',NULL),(323,4,44,'','','DEBHATA','দেবহাটা ','25',1,1,1,'2012-05-02 00:00:00','2012-05-02 00:00:00',NULL),(324,4,44,'','','KALAROA','কলারোয়া ','43',1,1,1,'2012-05-02 00:00:00','2012-05-02 00:00:00',NULL),(325,4,44,'','','KALIGANJ','কালিগঞ্জ ','47',1,1,1,'2012-05-02 00:00:00','2012-05-02 00:00:00',NULL),(326,4,44,'','','SATKHIRA SADAR','সাতক্ষীরা সদর','82',1,1,1,'2012-05-02 00:00:00','2012-05-02 00:00:00',NULL),(327,4,44,'','','SHYAMNAGAR','শ্যামনগর ','86',1,1,1,'2012-05-02 00:00:00','2012-05-02 00:00:00',NULL),(328,4,44,'','','TALA','তালা ','90',1,1,1,'2012-05-02 00:00:00','2012-05-02 00:00:00',NULL),(329,5,45,'','','ADAMDIGHI','আদমদিঘি','06',1,1,1,'2012-05-02 00:00:00','2012-05-02 00:00:00',NULL),(330,5,45,'','','BOGRA SADAR','বগুড়া  সদর','20',1,1,1,'2012-05-02 00:00:00','2012-05-02 00:00:00',NULL),(331,5,45,'','','DHUNAT','ধুনট','27',1,1,1,'2012-05-02 00:00:00','2012-05-02 00:00:00',NULL),(332,5,45,'','','DHUPCHANCHIA','দুপচাচিঁয়া','33',1,1,1,'2012-05-02 00:00:00','2012-05-02 00:00:00',NULL),(333,5,45,'','','GABTALI','গাবতলি','40',1,1,1,'2012-05-02 00:00:00','2012-05-02 00:00:00',NULL),(334,5,45,'','','KAHALOO','কাহালু','54',1,1,1,'2012-05-02 00:00:00','2012-05-02 00:00:00',NULL),(335,5,45,'','','NANDIGRAM','নন্দিগ্রাম','67',1,1,1,'2012-05-02 00:00:00','2012-05-02 00:00:00',NULL),(336,5,45,'','','SARIAKANDI','সারিয়াকান্দি','81',1,1,1,'2012-05-02 00:00:00','2012-05-02 00:00:00',NULL),(337,5,45,'','','SHAJAHANPUR','শাজাহানপুর','85',1,1,1,'2012-05-02 00:00:00','2012-05-02 00:00:00',NULL),(338,5,45,'','','SHERPUR','শেরপুর','88',1,1,1,'2012-05-02 00:00:00','2012-05-02 00:00:00',NULL),(339,5,45,'','','SHIBGANJ','শিবগঞ্জ','94',1,1,1,'2012-05-02 00:00:00','2012-05-02 00:00:00',NULL),(340,5,45,'','','SONATOLA','সোনাতলা ','95',1,1,1,'2012-05-02 00:00:00','2012-05-02 00:00:00',NULL),(341,5,46,'','','AKKELPUR','আক্কেলপুর ','13',1,1,1,'2012-05-02 00:00:00','2012-05-02 00:00:00',NULL),(342,5,46,'','','JOYPURHAT SADAR',' জয়পুরহাট সদর','47',1,1,1,'2012-05-02 00:00:00','2012-05-02 00:00:00',NULL),(343,5,46,'','','KALAI','কালাই','58',1,1,1,'2012-05-02 00:00:00','2012-05-02 00:00:00',NULL),(344,5,47,'','','ATRAI','আত্রাই','03',1,1,1,'2012-05-02 00:00:00','2012-05-02 00:00:00',NULL),(345,5,47,'','','DHAMOIRHAT','ধামইরহাট','28',1,1,1,'2012-05-02 00:00:00','2012-05-02 00:00:00',NULL),(346,5,47,'','','MANDA','মান্দা','47',1,1,1,'2012-05-02 00:00:00','2012-05-02 00:00:00',NULL),(347,5,47,'','','MAHADEBPUR','মহাদেবপুর','50',1,1,1,'2012-05-02 00:00:00','2012-05-02 00:00:00',NULL),(348,5,47,'','','NAOGAON SADAR','নওগাঁ সদর','60',1,1,1,'2012-05-02 00:00:00','2012-05-02 00:00:00',NULL),(349,5,47,'','','NIAMATPUR','নিয়ামতপুর','69',1,1,1,'2012-05-02 00:00:00','2012-05-02 00:00:00',NULL),(350,5,47,'','','PATNITALA','পত্নীতলা','75',1,1,1,'2012-05-02 00:00:00','2012-05-02 00:00:00',NULL),(351,5,47,'','','RANINAGAR','রাণীনগর','85',1,1,1,'2012-05-02 00:00:00','2012-05-02 00:00:00',NULL),(352,5,47,'','','SAPAHAR','সাপাহার','86',1,1,1,'2012-05-02 00:00:00','2012-05-02 00:00:00',NULL),(353,5,47,'','','BODOLGACHI','বদলগাছী','',1,1,1,'2012-05-02 00:00:00','2012-05-02 00:00:00',NULL),(354,5,47,'','','PORSHA','পোরশা','',1,1,1,'2012-05-02 00:00:00','2012-05-02 00:00:00',NULL),(355,5,48,'','','BAGATIPARA','বাগাতিপাড়া','09',1,1,1,'2012-05-02 00:00:00','2012-05-02 00:00:00',NULL),(356,5,48,'','','BARAIGRAM','বড়াইগ্রাম','15',1,1,1,'2012-05-02 00:00:00','2012-05-02 00:00:00',NULL),(357,5,48,'','','GURUDASPUR','গুরুদাসপুর','41',1,1,1,'2012-05-02 00:00:00','2012-05-02 00:00:00',NULL),(358,5,48,'','','LALPUR','লালপুর','',1,1,1,'2012-05-02 00:00:00','2012-05-02 00:00:00',NULL),(359,5,48,'','','NATORE SADAR','নাটোর সদর','63',1,1,1,'2012-05-02 00:00:00','2012-05-02 00:00:00',NULL),(360,5,48,'','','SINGRA','সিংরা','91',1,1,1,'2012-05-02 00:00:00','2012-05-02 00:00:00',NULL),(361,5,49,'','','BHOLAHAT','ভোলাহাট','18',1,1,1,'2012-05-02 00:00:00','2012-05-02 00:00:00',NULL),(362,5,49,'','','GOMASTAPUR','গোমস্তাপুর','37',1,1,1,'2012-05-02 00:00:00','2012-05-02 00:00:00',NULL),(363,5,49,'','','NACHOLE','নাচোল','56',1,1,1,'2012-05-02 00:00:00','2012-05-02 00:00:00',NULL),(364,5,49,'','','CHAPAI NABABGANJ SADAR','চাঁপাই নাবাবগঞ্জ সদর','66',1,1,1,'2012-05-02 00:00:00','2012-05-02 00:00:00',NULL),(365,5,49,'','','SHIBGANJ','শিবগঞ্জ ','88',1,1,1,'2012-05-02 00:00:00','2012-05-02 00:00:00',NULL),(366,5,50,'','','ATGHARIA','আটঘারিয়া','05',1,1,1,'2012-05-02 00:00:00','2012-05-02 00:00:00',NULL),(367,5,50,'','','BERA','বেড়া','16',1,1,1,'2012-05-02 00:00:00','2012-05-02 00:00:00',NULL),(368,5,50,'','','BHANGURA','ভাঙ্গুরা','19',1,1,1,'2012-05-02 00:00:00','2012-05-02 00:00:00',NULL),(369,5,50,'','','CHATMOHAR','চাটমোহর ','22',1,1,1,'2012-05-02 00:00:00','2012-05-02 00:00:00',NULL),(370,5,50,'','','FARIDPUR','ফরিদপুর','33',1,1,1,'2012-05-02 00:00:00','2012-05-02 00:00:00',NULL),(371,5,50,'','','ISHWARDI','ঈশ্বরদী ','39',1,1,1,'2012-05-02 00:00:00','2012-05-02 00:00:00',NULL),(372,5,50,'','','PABNA SADAR','পাবনা সদর','55',1,1,1,'2012-05-02 00:00:00','2012-05-02 00:00:00',NULL),(373,5,50,'','','SANTHIA','সাঁথিয়া','72',1,1,1,'2012-05-02 00:00:00','2012-05-02 00:00:00',NULL),(374,5,50,'','','SUJANAGAR','সুজানগর','83',1,1,1,'2012-05-02 00:00:00','2012-05-02 00:00:00',NULL),(375,5,51,'','','BAGHA','বাঘা','10',1,1,1,'2012-05-02 00:00:00','2012-05-02 00:00:00',NULL),(376,5,51,'','','BAGHMARA','বাগমারা','12',1,1,1,'2012-05-02 00:00:00','2012-05-02 00:00:00',NULL),(377,5,51,'','','CHARGHAT','চারঘাট ','25',1,1,1,'2012-05-02 00:00:00','2012-05-02 00:00:00',NULL),(378,5,51,'','','DURGAPUR','দুর্গাপুর ','31',1,1,1,'2012-05-02 00:00:00','2012-05-02 00:00:00',NULL),(379,5,51,'','','GODAGARI','গোদাগাড়ী ','34',1,1,1,'2012-05-02 00:00:00','2012-05-02 00:00:00',NULL),(380,5,51,'','','MOHANPUR','মোহনপুর','53',1,1,1,'2012-05-02 00:00:00','2012-05-02 00:00:00',NULL),(381,5,51,'','','PABA','পবা','72',1,1,1,'2012-05-02 00:00:00','2012-05-02 00:00:00',NULL),(382,5,51,'','','PUTHIA','পুঠিয়া','82',1,1,1,'2012-05-02 00:00:00','2012-05-02 00:00:00',NULL),(383,5,51,'','','TANORE','তানোর','94',1,1,1,'2012-05-02 00:00:00','2012-05-02 00:00:00',NULL),(384,5,52,'','','BELKUCHI','বেলকুচি ','11',1,1,1,'2012-05-02 00:00:00','2012-05-02 00:00:00',NULL),(385,5,52,'','','CHAUHALI','চৌহালি','27',1,1,1,'2012-05-02 00:00:00','2012-05-02 00:00:00',NULL),(386,5,52,'','','KAMARKHANDA','কামারখন্দ','44',1,1,1,'2012-05-02 00:00:00','2012-05-02 00:00:00',NULL),(387,5,52,'','','KAZIPUR','কাজিপুর','50',1,1,1,'2012-05-02 00:00:00','2012-05-02 00:00:00',NULL),(388,5,52,'','','ROYGANJ','রাইগঞ্জ','61',1,1,1,'2012-05-02 00:00:00','2012-05-02 00:00:00',NULL),(389,5,52,'','','SHAHJADPUR','শাহজাদপুর','67',1,1,1,'2012-05-02 00:00:00','2012-05-02 00:00:00',NULL),(390,5,52,'','','SIRAJGANJ SADAR','সিরাজগঞ্জ সদর','78',1,1,1,'2012-05-02 00:00:00','2012-05-02 00:00:00',NULL),(391,5,52,'','','TARASH','তারাশ','89',1,1,1,'2012-05-02 00:00:00','2012-05-02 00:00:00',NULL),(392,5,52,'','','ULLAH PARA','উল্লাহ পারা','94',1,1,1,'2012-05-02 00:00:00','2012-05-02 00:00:00',NULL),(393,6,53,'','','BIRAMPUR','বিরামপুর ','10',1,1,1,'2012-05-02 00:00:00','2012-05-02 00:00:00',NULL),(394,6,53,'','','BIRGANJ','বীরগঞ্জ','12',1,1,1,'2012-05-02 00:00:00','2012-05-02 00:00:00',NULL),(395,6,53,'','','BIRAL','বিরল','17',1,1,1,'2012-05-02 00:00:00','2012-05-02 00:00:00',NULL),(396,6,53,'','','BOCHAGANJ','বোচাগঞ্জ','21',1,1,1,'2012-05-02 00:00:00','2012-05-02 00:00:00',NULL),(397,6,53,'','','CHIRIRBANDAR','চিরিরবন্দর','30',1,1,1,'2012-05-02 00:00:00','2012-05-02 00:00:00',NULL),(398,6,53,'','','FULBARI','ফুলবাড়ী','38',1,1,1,'2012-05-02 00:00:00','2012-05-02 00:00:00',NULL),(399,6,53,'','','GHORAGHAT','ঘোড়াঘাট','43',1,1,1,'2012-05-02 00:00:00','2012-05-02 00:00:00',NULL),(400,6,53,'','','HAKIMPUR','হাকিমপুর','47',1,1,1,'2012-05-02 00:00:00','2012-05-02 00:00:00',NULL),(401,6,53,'','','KAHAROLE','কাহারোল','56',1,1,1,'2012-05-02 00:00:00','2012-05-02 00:00:00',NULL),(402,6,53,'','','KHANSAMA','খানসামা','60',1,1,1,'2012-05-02 00:00:00','2012-05-02 00:00:00',NULL),(403,6,53,'','','NAWABGANJ','নবাবগঞ্জ','69',1,1,1,'2012-05-02 00:00:00','2012-05-02 00:00:00',NULL),(404,6,53,'','','PARBATIPUR','পার্বতীপুর','77',1,1,1,'2012-05-02 00:00:00','2012-05-02 00:00:00',NULL),(405,6,53,'','','DINAJPUR SADAR','দিনাজপুর সদর','64',1,1,1,'2012-05-02 00:00:00','2012-05-02 00:00:00',NULL),(406,6,54,'','','FULCHHARI','ফুলছড়ি','21',1,1,1,'2012-05-02 00:00:00','2012-05-02 00:00:00',NULL),(407,6,54,'','','GAIBANDHA SADAR','গাইবান্ধা সদর','24',1,1,1,'2012-05-02 00:00:00','2012-05-02 00:00:00',NULL),(408,6,54,'','','GOBINDAGANJ','গোবিন্দগঞ্জ','30',1,1,1,'2012-05-02 00:00:00','2012-05-02 00:00:00',NULL),(409,6,54,'','','PALASHBARI','পলাশবাড়ী','67',1,1,1,'2012-05-02 00:00:00','2012-05-02 00:00:00',NULL),(410,6,54,'','','SADULLAPUR','সাদুল্লাপুর','82',1,1,1,'2012-05-02 00:00:00','2012-05-02 00:00:00',NULL),(411,6,54,'','','SAGHATA','সাঘাটা','88',1,1,1,'2012-05-02 00:00:00','2012-05-02 00:00:00',NULL),(412,6,54,'','','SUNDARGANJ','সুন্দরগঞ্জ','91',1,1,1,'2012-05-02 00:00:00','2012-05-02 00:00:00',NULL),(413,6,55,'','','BHURUNGAMARI','ভুরুঙ্গামারী','6',1,1,1,'2012-05-02 00:00:00','2012-05-02 00:00:00',NULL),(414,6,55,'','','CHAR RAJIBPUR','চর রাজিবপুর','8',1,1,1,'2012-05-02 00:00:00','2012-05-02 00:00:00',NULL),(415,6,55,'','','CHILMARI','চিলমারী ','9',1,1,1,'2012-05-02 00:00:00','2012-05-02 00:00:00',NULL),(416,6,55,'','','PHULBARI','ফুলবাড়ী','18',1,1,1,'2012-05-02 00:00:00','2012-05-02 00:00:00',NULL),(417,6,55,'','','KURIGRAM SADAR','কুড়িগ্রাম সদর','52',1,1,1,'2012-05-02 00:00:00','2012-05-02 00:00:00',NULL),(418,6,55,'','','NAGESHWARI','নাগেশ্বরী','61',1,1,1,'2012-05-02 00:00:00','2012-05-02 00:00:00',NULL),(419,6,55,'','','RAJARHAT','রাজারহাট','77',1,1,1,'2012-05-02 00:00:00','2012-05-02 00:00:00',NULL),(420,6,55,'','','RAUMARI','রৌমারী','79',1,1,1,'2012-05-02 00:00:00','2012-05-02 00:00:00',NULL),(421,6,55,'','','ULIPUR','উলিপুর','94',1,1,1,'2012-05-02 00:00:00','2012-05-02 00:00:00',NULL),(422,6,56,'','','ADITMARI','আদিতমারী','2',1,1,1,'2012-05-02 00:00:00','2012-05-02 00:00:00',NULL),(423,6,56,'','','HATIBANDHA','হাতীবান্ধা','33',1,1,1,'2012-05-02 00:00:00','2012-05-02 00:00:00',NULL),(424,6,56,'','','KALIGANJ','কালীগঞ্জ','39',1,1,1,'2012-05-02 00:00:00','2012-05-02 00:00:00',NULL),(425,6,56,'','','LALMONIRHAT SADAR','লালমনিরহাট সদর','55',1,1,1,'2012-05-02 00:00:00','2012-05-02 00:00:00',NULL),(426,6,56,'','','PATGRAM','পাটগ্রাম','70',1,1,1,'2012-05-02 00:00:00','2012-05-02 00:00:00',NULL),(427,6,57,'','','DOMAR UPAZILA','ডোমার উপজেলা','15',1,1,1,'2012-05-02 00:00:00','2012-05-02 00:00:00',NULL),(428,6,57,'','','JALDHAKA','জলঢাকা','36',1,1,1,'2012-05-02 00:00:00','2012-05-02 00:00:00',NULL),(429,6,57,'','','KISHOREGANJ','কিশোরগঞ্জ','45',1,1,1,'2012-05-02 00:00:00','2012-05-02 00:00:00',NULL),(430,6,57,'','','NILPHAMARI SADAR','নীলফামারী সদর','64',1,1,1,'2012-05-02 00:00:00','2012-05-02 00:00:00',NULL),(431,6,57,'','','SAIDPUR UPAZILA','সৈয়দপুর উপজেলা','85',1,1,1,'2012-05-02 00:00:00','2012-05-02 00:00:00',NULL),(432,6,57,'','','DIMLA','ডিমলা','12',1,1,1,'2012-05-02 00:00:00','2012-05-02 00:00:00',NULL),(433,6,58,'','','ATWARI','আটোয়ারী','4',1,1,1,'2012-05-02 00:00:00','2012-05-02 00:00:00',NULL),(434,6,58,'','','BODA','বোদা','25',1,1,1,'2012-05-02 00:00:00','2012-05-02 00:00:00',NULL),(435,6,58,'','','DEBIGANJ','দেবীগঞ্জ','34',1,1,1,'2012-05-02 00:00:00','2012-05-02 00:00:00',NULL),(436,6,58,'','','PANCHAGARH SADAR','পঞ্চগড় সদর','73',1,1,1,'2012-05-02 00:00:00','2012-05-02 00:00:00',NULL),(437,6,58,'','','TETULIA','তেতুলিয়া','90',1,1,1,'2012-05-02 00:00:00','2012-05-02 00:00:00',NULL),(438,6,59,'','','BADARGANJ','বদরগঞ্জ','3',1,1,1,'2012-05-02 00:00:00','2012-05-02 00:00:00',NULL),(439,6,59,'','','KAUNIA','কাউনিয়া','42',1,1,1,'2012-05-02 00:00:00','2012-05-02 00:00:00',NULL),(440,6,59,'','','RANGPUR SADAR','রংপুর সদর','49',1,1,1,'2012-05-02 00:00:00','2012-05-02 00:00:00',NULL),(441,6,59,'','','MITHA PUKUR','মিঠাপুকুর','58',1,1,1,'2012-05-02 00:00:00','2012-05-02 00:00:00',NULL),(442,6,59,'','','PIRGACHHA','পীরগাছা','73',1,1,1,'2012-05-02 00:00:00','2012-05-02 00:00:00',NULL),(443,6,59,'','','PIRGANJ','পীরগঞ্জ ','76',1,1,1,'2012-05-02 00:00:00','2012-05-02 00:00:00',NULL),(444,6,59,'','','TARAGANJ','তারাগঞ্জ','92',1,1,1,'2012-05-02 00:00:00','2012-05-02 00:00:00',NULL),(445,6,59,'','','GANGACHHARA','গঙ্গাচড়া','',1,1,1,'2012-05-02 00:00:00','2012-05-02 00:00:00',NULL),(446,6,60,'','','BALIADANGI','বালিয়াডাঙ্গী','8',1,1,1,'2012-05-02 00:00:00','2012-05-02 00:00:00',NULL),(447,6,60,'','','HARIPUR','হরিপুর','51',1,1,1,'2012-05-02 00:00:00','2012-05-02 00:00:00',NULL),(448,6,60,'','','PIRGANJ','পীরগঞ্জ','82',1,1,1,'2012-05-02 00:00:00','2012-05-02 00:00:00',NULL),(449,6,60,'','','RANISANKAIL','রাণীশংকৈল','86',1,1,1,'2012-05-02 00:00:00','2012-05-02 00:00:00',NULL),(450,6,60,'','','THAKURGAON SADAR','ঠাকুরগাঁও সদর','94',1,1,1,'2012-05-02 00:00:00','2012-05-02 00:00:00',NULL),(451,7,61,'','','AJMIRIGANJ','আজমিরীগঞ্জ','44',1,1,1,'2012-05-02 00:00:00','2012-05-02 00:00:00',NULL),(452,7,61,'','','BAHUBAL','বাহুবল ','5',1,1,1,'2012-05-02 00:00:00','2012-05-02 00:00:00',NULL),(453,7,61,'','','BANIACHONG','বানিয়াচং ','11',1,1,1,'2012-05-02 00:00:00','2012-05-02 00:00:00',NULL),(454,7,61,'','','CHUNARUGHAT','চুনারুঘাট ','26',1,1,1,'2012-05-02 00:00:00','2012-05-02 00:00:00',NULL),(455,7,61,'','','HABIGANJ SADAR','হবিগঞ্জ সদর ','44',1,1,1,'2012-05-02 00:00:00','2012-05-02 00:00:00',NULL),(456,7,61,'','','LAKHAI','লাখাই ','68',1,1,1,'2012-05-02 00:00:00','2012-05-02 00:00:00',NULL),(457,7,61,'','','MADHABPUR','মাধবপুর ','71',1,1,1,'2012-05-02 00:00:00','2012-05-02 00:00:00',NULL),(458,7,61,'','','NABIGANJ','নবীগঞ্জ ','77',1,1,1,'2012-05-02 00:00:00','2012-05-02 00:00:00',NULL),(459,7,62,'','','BARLEKHA','বড়লেখা ','14',1,1,1,'2012-05-02 00:00:00','2012-05-02 00:00:00',NULL),(460,7,62,'','','JURI','জুড়ী ','35',1,1,1,'2012-05-02 00:00:00','2012-05-02 00:00:00',NULL),(461,7,62,'','','KAMALGANJ','কমলগঞ্জ ','56',1,1,1,'2012-05-02 00:00:00','2012-05-02 00:00:00',NULL),(462,7,62,'','','KULAURA','কুলাউড়া ','65',1,1,1,'2012-05-02 00:00:00','2012-05-02 00:00:00',NULL),(463,7,62,'','','MAULVIBAZAR SADAR','মৌলভীবাজার সদর ','74',1,1,1,'2012-05-02 00:00:00','2012-05-02 00:00:00',NULL),(464,7,62,'','','RAJNAGAR','রাজনগর ','80',1,1,1,'2012-05-02 00:00:00','2012-05-02 00:00:00',NULL),(465,7,62,'','','SREEMANGAL','শ্রীমঙ্গল','83',1,1,1,'2012-05-02 00:00:00','2012-05-02 00:00:00',NULL),(466,7,63,'','','BISHWAMBARPUR','বিশ্বম্ভরপুর ','18',1,1,1,'2012-05-02 00:00:00','2012-05-02 00:00:00',NULL),(467,7,63,'','','CHHATAK','ছাতক ','23',1,1,1,'2012-05-02 00:00:00','2012-05-02 00:00:00',NULL),(468,7,63,'','','DERAI','দিরাই ','29',1,1,1,'2012-05-02 00:00:00','2012-05-02 00:00:00',NULL),(469,7,63,'','','DHARAMPASHA','ধর্মপাশা ','32',1,1,1,'2012-05-02 00:00:00','2012-05-02 00:00:00',NULL),(470,7,63,'','','DOWARABAZAR','দোয়ারাবাজার ','33',1,1,1,'2012-05-02 00:00:00','2012-05-02 00:00:00',NULL),(471,7,63,'','','JAGANNATHPUR','জগন্নাথপুর ','47',1,1,1,'2012-05-02 00:00:00','2012-05-02 00:00:00',NULL),(472,7,63,'','','JAMALGANJ','জামালগঞ্জ ','50',1,1,1,'2012-05-02 00:00:00','2012-05-02 00:00:00',NULL),(473,7,63,'','','SULLA','শাল্লা ','86',1,1,1,'2012-05-02 00:00:00','2012-05-02 00:00:00',NULL),(474,7,63,'','','SUNAMGANJ SADAR','সুনামগঞ্জ সদর ','89',1,1,1,'2012-05-02 00:00:00','2012-05-02 00:00:00',NULL),(475,7,63,'','','TAHIRPUR','তাহিরপুর ','92',1,1,1,'2012-05-02 00:00:00','2012-05-02 00:00:00',NULL),(476,7,63,'','','DAKSHIN  SUNAMGANJ','দক্ষিণ  সুনামগঞ্জ','',1,1,1,'2012-05-02 00:00:00','2012-05-02 00:00:00',NULL),(477,7,64,'','','BALAGANJ','বালাগঞ্জ ','8',1,1,1,'2012-05-02 00:00:00','2012-05-02 00:00:00',NULL),(478,7,64,'','','BEANI BAZAR','বিয়ানীবাজার ','17',1,1,1,'2012-05-02 00:00:00','2012-05-02 00:00:00',NULL),(479,7,64,'','','BISHWANATH','বিশ্বনাথ ','20',1,1,1,'2012-05-02 00:00:00','2012-05-02 00:00:00',NULL),(480,7,64,'','','COMPANIGANJ','কোম্পানীগঞ্জ ','27',1,1,1,'2012-05-02 00:00:00','2012-05-02 00:00:00',NULL),(481,7,64,'','','DAKSHIN SURMA','দক্ষিণ সুরমা ','31',1,1,1,'2012-05-02 00:00:00','2012-05-02 00:00:00',NULL),(482,7,64,'','','FENCHUGANJ','ফেঞ্চুগঞ্জ ','35',1,1,1,'2012-05-02 00:00:00','2012-05-02 00:00:00',NULL),(483,7,64,'','','GOLAPGANJ','গোলাপগঞ্জ ','38',1,1,1,'2012-05-02 00:00:00','2012-05-02 00:00:00',NULL),(484,7,64,'','','GOWAINGHAT','গোয়াইনঘাট ','41',1,1,1,'2012-05-02 00:00:00','2012-05-02 00:00:00',NULL),(485,7,64,'','','JAINTIAPUR','জৈন্তাপুর ','53',1,1,1,'2012-05-02 00:00:00','2012-05-02 00:00:00',NULL),(486,7,64,'','','KANAIGHAT','কানাইঘাট ','59',1,1,1,'2012-05-02 00:00:00','2012-05-02 00:00:00',NULL),(487,7,64,'','','SYLHET SADAR','সিলেট সদর ','62',1,1,1,'2012-05-02 00:00:00','2012-05-02 00:00:00',NULL),(488,7,64,'','','ZAKIGANJ','জকিগঞ্জ ','94',1,1,1,'2012-05-02 00:00:00','2012-05-02 00:00:00',NULL),(490,7,64,'','','OSMANINAGAR','ওসমানীনগর ','95',1,1,1,'2012-05-02 00:00:00','2012-05-02 00:00:00',NULL),(492,9,30,'45','72','PURBO DHOLA','পূর্বধলা','83',3,1,1,'2019-10-09 00:00:00','2019-10-09 00:00:00',NULL),(494,2,16,'16','75','KOBIRHAT','কবিরহাট','47',3,1,1,'2019-10-09 00:00:00','2019-10-09 00:00:00',NULL),(496,5,46,'46','38','PACHBIBI','পাঁচবিবি','74',3,1,1,'2019-10-09 00:00:00','2019-10-09 00:00:00',NULL),(498,5,46,'46','38','KHETLAL','ক্ষেতলাল','61',3,1,1,'2019-10-09 00:00:00','2019-10-09 00:00:00',NULL),(500,4,35,'35','01','BAGERHAT SADAR','বাগেরহাট সদর','08',3,1,1,'2019-10-09 00:00:00','2019-10-09 00:00:00',NULL),(502,1,3,'3','09','CHAR FASSON','চর ফ্যাশন','25',3,1,1,'2019-10-09 00:00:00','2019-10-09 00:00:00',NULL),(504,1,4,'4','42','RAJA PUR','রাজাপুর','84',3,1,1,'2019-10-09 00:00:00','2019-10-09 00:00:00',NULL),(506,1,5,'5','78','KALA CHIPA','গলাচিপা','57',3,1,1,'2019-10-09 00:00:00','2019-10-09 00:00:00',NULL),(508,2,10,'10','15','KORNOFULY','কর্ণফুলী','39',3,1,1,'2019-10-09 00:00:00','2019-10-09 00:00:00',NULL),(510,3,18,NULL,NULL,'ADABOR','আদাবর',NULL,3,1,1,'2019-10-09 00:00:00','2019-10-09 00:00:00',NULL),(512,3,18,NULL,NULL,'BHASAN TEK','ভাসান টেক',NULL,3,1,1,'2019-10-09 00:00:00','2019-10-09 00:00:00',NULL),(514,3,18,NULL,NULL,'BHATARA','ভাটারা',NULL,3,1,1,'2019-10-09 00:00:00','2019-10-09 00:00:00',NULL),(516,3,18,NULL,NULL,'GENDARIA','গেন্ডারিয়া',NULL,3,1,1,'2019-10-09 00:00:00','2019-10-09 00:00:00',NULL),(518,3,18,NULL,NULL,'GULSHAN','গুলশান',NULL,3,1,1,'2019-10-09 00:00:00','2019-10-09 00:00:00',NULL),(520,3,18,NULL,NULL,'JATRABARI','যাত্রাবাড়ী',NULL,3,1,1,'2019-10-09 00:00:00','2019-10-09 00:00:00',NULL),(522,3,18,NULL,NULL,'KAFRUL','কাফরুল',NULL,3,1,1,'2019-10-09 00:00:00','2019-10-09 00:00:00',NULL),(524,3,18,NULL,NULL,'KADAMTALI','কদমতলী',NULL,3,1,1,'2019-10-09 00:00:00','2019-10-09 00:00:00',NULL),(526,3,18,NULL,NULL,'KALABAGAN','কলাবাগান',NULL,3,1,1,'2019-10-09 00:00:00','2019-10-09 00:00:00',NULL),(528,3,18,NULL,NULL,'KAMRANGIR CHAR','কামরাঙ্গীর চর',NULL,3,1,1,'2019-10-09 00:00:00','2019-10-09 00:00:00',NULL),(530,3,18,NULL,NULL,'KHILGAON','খিলগাও',NULL,3,1,1,'2019-10-09 00:00:00','2019-10-09 00:00:00',NULL),(532,3,18,NULL,NULL,'KHILKHET','খিলক্ষেত',NULL,3,1,1,'2019-10-09 00:00:00','2019-10-09 00:00:00',NULL),(534,3,18,NULL,NULL,'KERANIGANJ','কেরানীগঞ্জ',NULL,3,1,1,'2019-10-09 00:00:00','2019-10-09 00:00:00',NULL),(536,3,18,NULL,NULL,'KOTWALI','কোতয়ালী',NULL,3,1,1,'2019-10-09 00:00:00','2019-10-09 00:00:00',NULL),(538,3,18,NULL,NULL,'LALBAGH','লালবাগ',NULL,3,1,1,'2019-10-09 00:00:00','2019-10-09 00:00:00',NULL),(540,3,18,NULL,NULL,'MOHAMMADPUR','মোহাম্মদপুর',NULL,3,1,1,'2019-10-09 00:00:00','2019-10-09 00:00:00',NULL),(542,3,18,NULL,NULL,'RAMNA','রমনা',NULL,3,1,1,'2019-10-09 00:00:00','2019-10-09 00:00:00',NULL),(544,3,18,NULL,NULL,'MIRPUR','মিরপুর',NULL,3,1,1,'2019-10-09 00:00:00','2019-10-09 00:00:00',NULL),(546,3,18,NULL,NULL,'MOTIJHEEL','মতিঝিল',NULL,3,1,1,'2019-10-09 00:00:00','2019-10-09 00:00:00',NULL),(548,3,18,NULL,NULL,'MUGDA PARA','মুগদা পারা',NULL,3,1,1,'2019-10-09 00:00:00','2019-10-09 00:00:00',NULL),(550,3,18,NULL,NULL,'NAWABGANJ','নবাবগঞ্জ',NULL,3,1,1,'2019-10-09 00:00:00','2019-10-09 00:00:00',NULL),(552,3,18,NULL,NULL,'NEW MARKET','নিউ মার্কেট',NULL,3,1,1,'2019-10-09 00:00:00','2019-10-09 00:00:00',NULL),(554,3,18,NULL,NULL,'PALLABI','পল্লবী',NULL,3,1,1,'2019-10-09 00:00:00','2019-10-09 00:00:00',NULL),(556,3,18,NULL,NULL,'PALTAN','পল্টন',NULL,3,1,1,'2019-10-09 00:00:00','2019-10-09 00:00:00',NULL),(558,3,18,NULL,NULL,'RAMPURA','রামপুরা',NULL,3,1,1,'2019-10-09 00:00:00','2019-10-09 00:00:00',NULL),(560,3,18,NULL,NULL,'SABUJBAGH','সবুজবাগ',NULL,3,1,1,'2019-10-09 00:00:00','2019-10-09 00:00:00',NULL),(562,3,18,NULL,NULL,'RUPNAGAR','রূপনগর',NULL,3,1,1,'2019-10-09 00:00:00','2019-10-09 00:00:00',NULL),(564,3,18,NULL,NULL,'SHAHJAHANPUR','শাজাহানপুর',NULL,3,1,1,'2019-10-09 00:00:00','2019-10-09 00:00:00',NULL),(566,3,18,NULL,NULL,'SHAH ALI','শাহ্ আলী',NULL,3,1,1,'2019-10-09 00:00:00','2019-10-09 00:00:00',NULL),(568,3,18,NULL,NULL,'SHAHBAGH','শাহবাগ',NULL,3,1,1,'2019-10-09 00:00:00','2019-10-09 00:00:00',NULL),(570,3,18,NULL,NULL,'SHYAMPUR','শ্যামপুর',NULL,3,1,1,'2019-10-09 00:00:00','2019-10-09 00:00:00',NULL),(572,3,18,NULL,NULL,'SHER-E-BANGLA NAGAR','শের-ই-বাংলা নগর',NULL,3,1,1,'2019-10-09 00:00:00','2019-10-09 00:00:00',NULL),(574,3,18,NULL,NULL,'SUTRAPUR','সুত্রাপুর',NULL,3,1,1,'2019-10-09 00:00:00','2019-10-09 00:00:00',NULL),(576,3,18,NULL,NULL,'TEJGAON','তেজগাঁও',NULL,3,1,1,'2019-10-09 00:00:00','2019-10-09 00:00:00',NULL),(578,3,18,NULL,NULL,'TURAG','তুরাগ',NULL,3,1,1,'2019-10-09 00:00:00','2019-10-09 00:00:00',NULL),(580,3,18,NULL,NULL,'UTTARA  PASCHIM','উত্তরা',NULL,3,1,1,'2019-10-09 00:00:00','2019-10-09 00:00:00',NULL),(582,3,18,NULL,NULL,'UTTARA  PURBA','উত্তরা পুর্ব',NULL,3,1,1,'2019-10-09 00:00:00','2019-10-09 00:00:00',NULL),(584,3,18,NULL,NULL,'UTTAR KHAN','উত্তর খান',NULL,3,1,1,'2019-10-09 00:00:00','2019-10-09 00:00:00',NULL),(586,3,18,NULL,NULL,'WARI','ওয়ারী',NULL,3,1,1,'2019-10-09 00:00:00','2019-10-09 00:00:00',NULL),(588,2,10,NULL,NULL,'BAYEJID BOSTAMI','বায়জিদ বোস্তামী',NULL,3,1,1,'2019-10-09 00:00:00','2019-10-09 00:00:00',NULL),(590,2,10,NULL,NULL,'BAKALIA','বাকলীয়া',NULL,3,1,1,'2019-10-09 00:00:00','2019-10-09 00:00:00',NULL),(592,2,10,NULL,NULL,'CHANDGAON','চাঁদগাও',NULL,3,1,1,'2019-10-09 00:00:00','2019-10-09 00:00:00',NULL),(594,2,10,NULL,NULL,'CHITTAGONG PORT','চট্টগ্রাম পোর্ট',NULL,3,1,1,'2019-10-09 00:00:00','2019-10-09 00:00:00',NULL),(596,2,10,NULL,NULL,'DOUBLE MOORING','ডবলমুরিং',NULL,3,1,1,'2019-10-09 00:00:00','2019-10-09 00:00:00',NULL),(598,2,10,NULL,NULL,'KARNAFULI (POLICE STATION)','কর্ণফুলী (পুলিশ ষ্টেশন)',NULL,3,1,1,'2019-10-09 00:00:00','2019-10-09 00:00:00',NULL),(600,2,10,NULL,NULL,'HALISHAHAR','হালিশহর',NULL,3,1,1,'2019-10-09 00:00:00','2019-10-09 00:00:00',NULL),(602,2,10,NULL,NULL,'KOTWALI','কোতয়ালী',NULL,3,1,1,'2019-10-09 00:00:00','2019-10-09 00:00:00',NULL),(604,2,10,NULL,NULL,'KHULSHI','খুল্‌শী',NULL,3,1,1,'2019-10-09 00:00:00','2019-10-09 00:00:00',NULL),(606,2,10,NULL,NULL,'PAHARTALI','পাহাড়তলী',NULL,3,1,1,'2019-10-09 00:00:00','2019-10-09 00:00:00',NULL),(608,2,10,NULL,NULL,'PANCHLAISH','পাঁচলাইশ',NULL,3,1,1,'2019-10-09 00:00:00','2019-10-09 00:00:00',NULL),(610,2,10,NULL,NULL,'PATENGA','পতেঙ্গা',NULL,3,1,1,'2019-10-09 00:00:00','2019-10-09 00:00:00',NULL),(612,4,39,NULL,NULL,'DAULATPUR','দৌলতপুর',NULL,3,1,1,'2019-10-09 00:00:00','2019-10-09 00:00:00',NULL),(616,4,39,NULL,NULL,'KHALISHPUR','খালিসপুর',NULL,3,1,1,'2019-10-09 00:00:00','2019-10-09 00:00:00',NULL),(618,4,39,NULL,NULL,'KHAN JAHAN ALI','খান জাহান আলী',NULL,3,1,1,'2019-10-09 00:00:00','2019-10-09 00:00:00',NULL),(620,4,39,NULL,NULL,'SONADANGA','সোনাডাঙ্গা',NULL,3,1,1,'2019-10-09 00:00:00','2019-10-09 00:00:00',NULL),(622,5,51,NULL,NULL,'BOALIA','বোয়ালিয়া',NULL,3,1,1,'2019-10-09 00:00:00','2019-10-09 00:00:00',NULL),(624,5,51,NULL,NULL,'MATIHAR','মতিহার',NULL,3,1,1,'2019-10-09 00:00:00','2019-10-09 00:00:00',NULL),(626,5,51,NULL,NULL,'RAJPARA','রাজপাড়া',NULL,3,1,1,'2019-10-09 00:00:00','2019-10-09 00:00:00',NULL),(628,5,51,NULL,NULL,'SHAH MAKHDUM','শাহ্‌ মখদুম',NULL,3,1,1,'2019-10-09 00:00:00','2019-10-09 00:00:00',NULL),(636,4,36,NULL,NULL,'আলমডাংগা','আলমডাংগা',NULL,3,1,1,NULL,NULL,NULL),(641,3,18,NULL,NULL,'কতোয়ালী','কতোয়ালী',NULL,3,1,1,NULL,NULL,NULL),(647,3,18,NULL,NULL,'ক্যান্টনমেন্ট','ক্যান্টনমেন্ট',NULL,3,1,1,NULL,NULL,NULL),(664,3,20,NULL,NULL,'টংগী','টংগী',NULL,3,1,1,NULL,NULL,NULL),(678,3,18,NULL,NULL,'ধানমন্ডি','ধানমন্ডি',NULL,3,1,1,NULL,NULL,NULL),(683,5,48,NULL,NULL,'নলডাংগা','নলডাংগা',NULL,3,1,1,NULL,NULL,NULL),(690,2,16,NULL,NULL,'নোয়াখালী সদর','নোয়াখালী সদর',NULL,3,1,1,NULL,NULL,NULL),(698,3,28,NULL,NULL,'বন্দর','বন্দর',NULL,3,1,1,NULL,NULL,NULL),(713,2,9,NULL,NULL,'মতলব','মতলব',NULL,3,1,1,NULL,NULL,NULL),(725,6,55,NULL,NULL,'রাজিপুর','রাজিপুর',NULL,3,1,1,NULL,NULL,NULL),(746,3,18,NULL,NULL,'সূত্রাপুর','সূত্রাপুর',NULL,3,1,1,NULL,NULL,NULL),(756,2,10,NULL,NULL,'রাঙ্গুনিয়া দক্ষিণ ','রাঙ্গুনিয়া দক্ষিণ ',NULL,3,1,1,NULL,NULL,NULL),(758,2,12,NULL,NULL,'ঈদগাহ','ঈদগাহ',NULL,3,1,1,NULL,NULL,NULL),(759,4,39,NULL,NULL,'KHULNA SADAR','খুলনা সদর',NULL,3,1,1,NULL,NULL,NULL);

--
-- Table structure for table `job_circular_docs`
--

CREATE TABLE `job_circular_docs` (
  `id` int(11) NOT NULL AUTO_INCREMENT,
  `circular_id` int(11) DEFAULT NULL,
  `document_type_id` int(11) DEFAULT NULL,
  `created_at` datetime DEFAULT NULL,
  `updated_at` datetime DEFAULT NULL,
  `deleted_at` datetime DEFAULT NULL,
  PRIMARY KEY (`id`)
) ENGINE=InnoDB DEFAULT CHARSET=latin1;

--
-- Dumping data for table `job_circular_docs`
--


--
-- Table structure for table `job_circulars`
--

CREATE TABLE `job_circulars` (
  `id` int(11) NOT NULL AUTO_INCREMENT,
  `title` varchar(250) DEFAULT NULL,
  `title_bn` text,
  `job_type` tinyint(4) DEFAULT NULL,
  `employee_type_status` tinyint(4) DEFAULT NULL,
  `rank_id` int(11) DEFAULT NULL,
  `dept_name` varchar(255) DEFAULT NULL,
  `dept_head_name` varchar(255) DEFAULT NULL,
  `dept_signature` varchar(255) DEFAULT NULL,
  `department_id` int(11) DEFAULT NULL,
  `job_identifier` varchar(250) CHARACTER SET latin1 DEFAULT NULL,
  `total_vacancy` int(10) unsigned DEFAULT NULL,
  `slug` varchar(255) NOT NULL,
  `publish_date` date DEFAULT NULL,
  `last_apply_date` date DEFAULT NULL,
  `details` text,
  `terms` text,
  `education_requirements` text,
  `payment_status` tinyint(4) DEFAULT NULL,
  `payment_amount` varchar(10) DEFAULT NULL,
  `written_exam_status` tinyint(4) DEFAULT NULL,
  `status` tinyint(4) DEFAULT NULL,
  `computer_exam_status` tinyint(4) DEFAULT NULL,
  `min_salary` varchar(10) DEFAULT NULL,
  `max_salary` varchar(10) DEFAULT NULL,
  `currency_id` int(11) DEFAULT NULL,
  `benefit` text,
  `benefit_bn` text,
  `attachment` varchar(250) CHARACTER SET latin1 DEFAULT NULL,
  `apply_instructions` text,
  `apply_instructions_bn` text,
  `admit_card_status` tinyint(4) DEFAULT NULL,
  `job_location` varchar(255) DEFAULT NULL,
  `created_by` int(11) DEFAULT NULL,
  `updated_by` int(11) DEFAULT NULL,
  `deleted_by` int(11) DEFAULT NULL,
  `created_at` datetime DEFAULT NULL,
  `updated_at` datetime DEFAULT NULL,
  `deleted_dat` datetime DEFAULT NULL,
  PRIMARY KEY (`id`),
  UNIQUE KEY `slug` (`slug`)
) ENGINE=InnoDB AUTO_INCREMENT=21 DEFAULT CHARSET=utf8;

--
-- Dumping data for table `job_circulars`
--

INSERT INTO `job_circulars` VALUES (12,'Chief Engineer Oil/Chemical Tanker',NULL,0,1,15,NULL,NULL,NULL,NULL,'8130',NULL,'chief-engineer-oil-chemical-tanker','2021-07-31','2021-08-31','<p>বাংলাদেশ শিপিং কর্পোরেশনে Chief Engineer Oil/Chemical Tanker জাহাজে International Standard অনুযায়ী আকর্ষণীয় বেতনে নিম্নবর্ণিত পদের বিপরীতে প্রয়োজনীয় সংখ্যক চুক্তি ভিত্তিক জাহাজি কর্মকর্তা ও নাবিক নিয়োগের&nbsp; লক্ষ্যে সংশ্লিষ্ট পদে অভিজ্ঞ ও যোগ্যতাসম্পন্ন বাংলাদেশের স্থায়ী নাগরিকের নিকত দরখাস্ত ও সিভি (Curriculum Vitae) আহবান করা যাচ্ছে :<br></p>',NULL,NULL,1,'1',1,NULL,NULL,'8000','110000',2,'<p>Attractive Facilities:&nbsp;</p><ul><li>Brand New Vessel</li><li>First Class Accommodation</li><li>Bangladeshi Food</li><li>National Shipping Company</li></ul>','<p>Attractive Facilities:&nbsp;</p><ul><li>Brand New Vessel</li><li>First Class Accommodation</li><li>Bangladeshi Food</li><li>National Shipping Company</li></ul>',NULL,'<p style=\"margin-right: 0px; margin-left: 0px; padding: 0px; border-top-right-radius: 0px; border-bottom-right-radius: 0px;\"><font color=\"#212529\" face=\"Roboto Condensed, SolaimanLipi, sans-serif\"><span style=\"font-size: 16px;\">ক) এ বিজ্ঞপ্তির অধীনে আগ্রহী প্রার্থীগণকে অনলাইনে আবেদন করতে হবে। সে লক্ষ্যে http://job.bsc.gov.bd এই ওয়েবসাইটে বাংলাদেশ শিপিং কর্পোরেশন কর্তৃক নির্ধারিত আবেদনপত্র পূরণ করে অন লাইনে রেজিস্ট্রেশন কার্যক্রম এবং ফি জমা প্রদান করতে হবে। আবেদনের সময়সীমা নিম্নরূপঃ-</span></font></p><p style=\"margin-right: 0px; margin-left: 0px; padding: 0px; border-top-right-radius: 0px; border-bottom-right-radius: 0px;\"><span style=\"font-size: 16px; color: rgb(33, 37, 41); font-family: &quot;Roboto Condensed&quot;, SolaimanLipi, sans-serif; letter-spacing: 0px;\">&nbsp; &nbsp; • অনলাইনে আবেদনপত্র পূরণ ও পরীক্ষার ফি জমাদান শুরুর তারিখঃ ১৯-০৮-২০২১ সকাল ১০.০০ টা।</span></p><p style=\"margin-right: 0px; margin-left: 0px; padding: 0px; border-top-right-radius: 0px; border-bottom-right-radius: 0px;\"><font color=\"#212529\" face=\"Roboto Condensed, SolaimanLipi, sans-serif\"><span style=\"font-size: 16px;\">&nbsp; &nbsp; • অনলাইনে আবেদনপত্র পূরণ ও পরীক্ষার ফি জমাদানের শেষ তারিখঃ ১৮-০৯-২০২১ রাত ১২.০০ টা।</span></font></p><p style=\"margin-right: 0px; margin-left: 0px; padding: 0px; border-top-right-radius: 0px; border-bottom-right-radius: 0px;\"><span style=\"font-size: 16px; color: rgb(33, 37, 41); font-family: &quot;Roboto Condensed&quot;, SolaimanLipi, sans-serif; letter-spacing: 0px;\">উক্ত সময়ের মধ্যে User ইমেইল ও পাসওয়ার্ড&nbsp; এর মাধ্যমে লগিন করে প্রাপ্ত প্রার্থীগণ অনলাইনে আবেদনপত্র Submit এর সময় থেকে পরবর্তী ৪৮&nbsp; ঘণ্টার মধ্যে&nbsp; পরীক্ষার ফি জমা দিতে পারবেন। প্রার্থীগণ নতুন হলে অবশই আগে রেজিস্ট্রেশান করে নিতে হবে ।</span><br></p><p style=\"margin-right: 0px; margin-left: 0px; padding: 0px; border-top-right-radius: 0px; border-bottom-right-radius: 0px;\"><span style=\"font-size: 16px; color: rgb(33, 37, 41); font-family: &quot;Roboto Condensed&quot;, SolaimanLipi, sans-serif; letter-spacing: 0px;\">খ) অনলাইনে আবেদনপত্রে প্রার্থী তার বিস্তারিত তথ্য, স্বাক্ষর (দৈর্ঘ্য ৩০০xপ্রস্থ ৮০ pixel. File size maximum 60 kb) ও রঙিন ছবি (দৈর্ঘ্য ৩০০xপ্রস্থ ৩০০ pixel. File size maximum 100 kb) স্ক্যান করে নির্ধারিত স্থানে আপলোড করবেন।</span><br></p><p style=\"margin-right: 0px; margin-left: 0px; padding: 0px; border-top-right-radius: 0px; border-bottom-right-radius: 0px;\"><span style=\"font-size: 16px; color: rgb(33, 37, 41); font-family: &quot;Roboto Condensed&quot;, SolaimanLipi, sans-serif; letter-spacing: 0px;\">গ) অনলাইনে আবেদনপত্রে পূরণকৃত তথ্যই যেহেতু পরবর্তী সকল কার্যক্রমে ব্যবহৃত হবে, সেহেতু অনলাইনে আবেদনপত্র Submit করার পূর্বেই পূরণকৃত সকল তথ্যের সঠিকতা সম্পর্কে প্রার্থী নিজে শতভাগ নিশ্চিত হবেন।&nbsp;</span><br></p><p style=\"margin-right: 0px; margin-left: 0px; padding: 0px; border-top-right-radius: 0px; border-bottom-right-radius: 0px;\"><span style=\"font-size: 16px; color: rgb(33, 37, 41); font-family: &quot;Roboto Condensed&quot;, SolaimanLipi, sans-serif; letter-spacing: 0px;\">ঘ) প্রার্থী অনলাইনে পূরণকৃত আবেদনপত্রের একটি প্রিন্ট কপি পরীক্ষা সংক্রান্ত যে কোন প্রয়োজনের সহায়ক হিসেবে সংরক্ষণ করবেন।</span><br></p><p style=\"margin-right: 0px; margin-left: 0px; padding: 0px; border-top-right-radius: 0px; border-bottom-right-radius: 0px;\"><span style=\"font-size: 16px; color: rgb(33, 37, 41); font-family: &quot;Roboto Condensed&quot;, SolaimanLipi, sans-serif; letter-spacing: 0px;\">ঙ) পরীক্ষার ফি জমা দেওয়ার নিয়মাবলিঃ</span><br></p><p style=\"margin-right: 0px; margin-left: 0px; padding: 0px; border-top-right-radius: 0px; border-bottom-right-radius: 0px;\"><font color=\"#212529\" face=\"Roboto Condensed, SolaimanLipi, sans-serif\"><span style=\"font-size: 16px;\">&nbsp;অনলাইন এ আবেদন করার পর আবেদনকৃত চাকরির জন্য ৪৮&nbsp; ঘণ্টার মধ্যে&nbsp; পরীক্ষার ফি অনলাইনে Ekpay এর মাধ্যমে জমা দিতে পারবেন । ৪৮&nbsp; ঘণ্টার মধ্যে জমা দিতে না পারলে আবেদনটি বাতিল হয়ে যাবে।</span></font></p>','<p>আগ্রহী পার্থীগন সরাসরি অথবা ঈ-মেইল (To: gm-spd@bsc.gov.bd, CC: gm-cht@bsc.gov.bd) সিভি প্রেরন করবেন এবং যেকোনো প্রয়োজনে নিম্নোক্ত মোবাইল নম্বর (Telegram Account)-এ যোগাযোগ করতে পারবেন :</p><p>1. Mr. Atiqur Rahman Chowdhury, Assistant Manager - 01615012019</p><p>2. Md. Rajib Hossain, Senior Assistant - 01516115240</p>',1,'বাংলাদেশ শিপিং কর্পোরেশন,বিএসসি ভবন, সল্টগোলা রোড, চট্টগ্রাম।',NULL,NULL,NULL,'2021-07-31 17:03:17','2021-08-23 00:25:26',NULL),(13,'Assistant Manager','সহকারী ব্যবস্থাপক (প্রশাসন/ সংস্থাপন/ শেয়ার/ সেক্রেটারিয়েট/ লাইন এন্ড এজেন্সী/চার্টারিং/ কার্গো সুপারভিশন/ বীমা ও দাবি/ হিসাব/ নিরীক্ষা/ ফাইন্যান্স/ নৌ-পরিকল্পনা/ মার্কেটিং এন্ড রিসার্চ)',0,1,21,'HR','Hr Head','/storage/uploads/dept_signatures/1/1630237442.jpg',1,'6077',4,'সহকারী-ব্যবস্থাপক--প্রশাসন--সংস্থাপন--শেয়ার--সেক্রেটারিয়েট--লাইন-এন্ড-এজেন্সী-চার্টারিং--কার্গো-সুপারভিশন--বীমা-ও-দাবি--হিসাব--নিরীক্ষা--ফাইন্যান্স--নৌ-পরিকল্পনা--মার্কেটিং-এন্ড-রিসার্চ-','2021-08-19','2021-09-18','<p style=\"margin-right: 0px; margin-left: 0px; padding: 0px; border-top-right-radius: 0px; border-bottom-right-radius: 0px; color: rgb(33, 37, 41); font-family: &quot;Roboto Condensed&quot;, SolaimanLipi, sans-serif; font-size: 16px;\">বাংলাদেশ শিপিং কর্পোরেশনে সহকারী ব্যবস্থাপক (প্রশাসন/ সংস্থাপন/ শেয়ার/ সেক্রেটারিয়েট/ লাইন এন্ড এজেন্সী/চার্টারিং/ কার্গো সুপারভিশন/ বীমা ও দাবি/ হিসাব/ নিরীক্ষা/ ফাইন্যান্স/ নৌ-পরিকল্পনা/ মার্কেটিং এন্ড রিসার্চ)&nbsp;এর নিম্নলিখিত শুন্য পদে সরাসরি নিয়োগের লক্ষ্যে যোগ্যতাসম্পন্ন বাংলাদেশের স্থায়ী নাগরিকদের নিকট হতে অনলাইনে দরখাস্ত আহবান করা যাচ্ছে। পূরনযোগ্য পদের নাম, শিক্ষাগত যোগ্যতা ও অন্যান্য তথ্যের বিবরণ নিম্নরূপঃ<br></p>',NULL,NULL,1,'1',1,NULL,NULL,'35500','67010',1,NULL,NULL,NULL,'<p style=\"margin-right: 0px; margin-left: 0px; padding: 0px; border-top-right-radius: 0px; border-bottom-right-radius: 0px;\"><font color=\"#212529\" face=\"Roboto Condensed, SolaimanLipi, sans-serif\"><span style=\"font-size: 16px;\">ক) এ বিজ্ঞপ্তির অধীনে আগ্রহী প্রার্থীগণকে অনলাইনে আবেদন করতে হবে। সে লক্ষ্যে http://job.bsc.gov.bd এই ওয়েবসাইটে বাংলাদেশ শিপিং কর্পোরেশন কর্তৃক নির্ধারিত আবেদনপত্র পূরণ করে অন লাইনে রেজিস্ট্রেশন কার্যক্রম এবং ফি জমা প্রদান করতে হবে। আবেদনের সময়সীমা নিম্নরূপঃ-</span></font></p><p style=\"margin-right: 0px; margin-left: 0px; padding: 0px; border-top-right-radius: 0px; border-bottom-right-radius: 0px;\"><span style=\"font-size: 16px; color: rgb(33, 37, 41); font-family: &quot;Roboto Condensed&quot;, SolaimanLipi, sans-serif; letter-spacing: 0px;\">&nbsp; &nbsp; • অনলাইনে আবেদনপত্র পূরণ ও পরীক্ষার ফি জমাদান শুরুর তারিখঃ ১৯-০৮-২০২১ সকাল ১০.০০ টা।</span></p><p style=\"margin-right: 0px; margin-left: 0px; padding: 0px; border-top-right-radius: 0px; border-bottom-right-radius: 0px;\"><font color=\"#212529\" face=\"Roboto Condensed, SolaimanLipi, sans-serif\"><span style=\"font-size: 16px;\">&nbsp; &nbsp; • অনলাইনে আবেদনপত্র পূরণ ও পরীক্ষার ফি জমাদানের শেষ তারিখঃ ১৮-০৯-২০২১ রাত ১২.০০ টা।</span></font></p><p style=\"margin-right: 0px; margin-left: 0px; padding: 0px; border-top-right-radius: 0px; border-bottom-right-radius: 0px;\"><span style=\"font-size: 16px; color: rgb(33, 37, 41); font-family: &quot;Roboto Condensed&quot;, SolaimanLipi, sans-serif; letter-spacing: 0px;\">উক্ত সময়ের মধ্যে User ইমেইল ও পাসওয়ার্ড&nbsp; এর মাধ্যমে লগিন করে প্রাপ্ত প্রার্থীগণ অনলাইনে আবেদনপত্র Submit এর সময় থেকে পরবর্তী ৪৮&nbsp; ঘণ্টার মধ্যে&nbsp; পরীক্ষার ফি জমা দিতে পারবেন। প্রার্থীগণ নতুন হলে অবশই আগে রেজিস্ট্রেশান করে নিতে হবে ।</span><br></p><p style=\"margin-right: 0px; margin-left: 0px; padding: 0px; border-top-right-radius: 0px; border-bottom-right-radius: 0px;\"><span style=\"font-size: 16px; color: rgb(33, 37, 41); font-family: &quot;Roboto Condensed&quot;, SolaimanLipi, sans-serif; letter-spacing: 0px;\">খ) অনলাইনে আবেদনপত্রে প্রার্থী তার বিস্তারিত তথ্য, স্বাক্ষর (দৈর্ঘ্য ৩০০xপ্রস্থ ৮০ pixel. File size maximum 60 kb) ও রঙিন ছবি (দৈর্ঘ্য ৩০০xপ্রস্থ ৩০০ pixel. File size maximum 100 kb) স্ক্যান করে নির্ধারিত স্থানে আপলোড করবেন।</span><br></p><p style=\"margin-right: 0px; margin-left: 0px; padding: 0px; border-top-right-radius: 0px; border-bottom-right-radius: 0px;\"><span style=\"font-size: 16px; color: rgb(33, 37, 41); font-family: &quot;Roboto Condensed&quot;, SolaimanLipi, sans-serif; letter-spacing: 0px;\">গ) অনলাইনে আবেদনপত্রে পূরণকৃত তথ্যই যেহেতু পরবর্তী সকল কার্যক্রমে ব্যবহৃত হবে, সেহেতু অনলাইনে আবেদনপত্র Submit করার পূর্বেই পূরণকৃত সকল তথ্যের সঠিকতা সম্পর্কে প্রার্থী নিজে শতভাগ নিশ্চিত হবেন।&nbsp;</span><br></p><p style=\"margin-right: 0px; margin-left: 0px; padding: 0px; border-top-right-radius: 0px; border-bottom-right-radius: 0px;\"><span style=\"font-size: 16px; color: rgb(33, 37, 41); font-family: &quot;Roboto Condensed&quot;, SolaimanLipi, sans-serif; letter-spacing: 0px;\">ঘ) প্রার্থী অনলাইনে পূরণকৃত আবেদনপত্রের একটি প্রিন্ট কপি পরীক্ষা সংক্রান্ত যে কোন প্রয়োজনের সহায়ক হিসেবে সংরক্ষণ করবেন।</span><br></p><p style=\"margin-right: 0px; margin-left: 0px; padding: 0px; border-top-right-radius: 0px; border-bottom-right-radius: 0px;\"><span style=\"font-size: 16px; color: rgb(33, 37, 41); font-family: &quot;Roboto Condensed&quot;, SolaimanLipi, sans-serif; letter-spacing: 0px;\">ঙ) পরীক্ষার ফি জমা দেওয়ার নিয়মাবলিঃ</span><br></p><p style=\"margin-right: 0px; margin-left: 0px; padding: 0px; border-top-right-radius: 0px; border-bottom-right-radius: 0px;\"><font color=\"#212529\" face=\"Roboto Condensed, SolaimanLipi, sans-serif\"><span style=\"font-size: 16px;\">&nbsp;অনলাইন এ আবেদন করার পর আবেদনকৃত চাকরির জন্য ৪৮&nbsp; ঘণ্টার মধ্যে&nbsp; পরীক্ষার ফি অনলাইনে Ekpay এর মাধ্যমে জমা দিতে পারবেন । ৪৮&nbsp; ঘণ্টার মধ্যে জমা দিতে না পারলে আবেদনটি বাতিল হয়ে যাবে।</span></font></p>','<p style=\"margin-right: 0px; margin-left: 0px; padding: 0px; border-top-right-radius: 0px; border-bottom-right-radius: 0px; color: rgb(33, 37, 41); font-family: &quot;Roboto Condensed&quot;, SolaimanLipi, sans-serif; font-size: 16px;\">ক) এ বিজ্ঞপ্তির অধীনে আগ্রহী প্রার্থীগণকে অনলাইনে আবেদন করতে হবে। সে লক্ষ্যে http://bsc.teletalk.com.bd এই ওয়েবসাইটে বাংলাদেশ শিপিং কর্পোরেশন কর্তৃক নির্ধারিত আবেদনপত্র পূরণ করে অন লাইনে রেজিস্ট্রেশন কার্যক্রম এবং ফি জমা প্রদান করতে হবে। আবেদনের সময়সীমা নিম্নরূপঃ-</p><p style=\"margin-right: 0px; margin-left: -1px; padding: 0px; border-radius: 0px;\"><font color=\"#212529\" face=\"Roboto Condensed, SolaimanLipi, sans-serif\" style=\"color: rgb(33, 37, 41); font-family: &quot;Roboto Condensed&quot;, SolaimanLipi, sans-serif; font-size: 16px; margin: 0px; padding: 0px;\">&nbsp; &nbsp; • অনলাইনে আবেদনপত্র পূরণ ও পরীক্ষার ফি জমাদান শুরুর তারিখঃ&nbsp;</font><span style=\"margin: 0px; padding: 0px;\"><font color=\"#212529\" face=\"Roboto Condensed, SolaimanLipi, sans-serif\"><span style=\"font-size: 16px;\">১৯</span><span style=\"font-size: 16px; letter-spacing: 0px;\">-</span></font></span><span style=\"color: rgb(33, 37, 41); font-family: &quot;Roboto Condensed&quot;, SolaimanLipi, sans-serif; font-size: 16px; margin: 0px; padding: 0px; letter-spacing: 0px;\">০৮-২০</span><span style=\"color: rgb(33, 37, 41); font-family: &quot;Roboto Condensed&quot;, SolaimanLipi, sans-serif; font-size: 16px; margin: 0px; padding: 0px; letter-spacing: 0px;\">২</span><span style=\"color: rgb(33, 37, 41); font-family: &quot;Roboto Condensed&quot;, SolaimanLipi, sans-serif; font-size: 16px; margin: 0px; padding: 0px; letter-spacing: 0px;\">১ সকাল ১০.০০ টা।</span></p><p style=\"margin-right: 0px; margin-left: -1px; padding: 0px; border-radius: 0px;\"><font color=\"#212529\" face=\"Roboto Condensed, SolaimanLipi, sans-serif\"><span style=\"font-size: 16px;\">&nbsp; &nbsp; • অনলাইনে আবেদনপত্র পূরণ ও পরীক্ষার ফি জমাদানের শেষ তারিখঃ ১৮-০৯-২০</span></font><span style=\"color: rgb(33, 37, 41); font-family: &quot;Roboto Condensed&quot;, SolaimanLipi, sans-serif; font-size: 16px; margin: 0px; padding: 0px; letter-spacing: 0px;\">২</span><span style=\"color: rgb(33, 37, 41); font-family: &quot;Roboto Condensed&quot;, SolaimanLipi, sans-serif; font-size: 16px; margin: 0px; padding: 0px; letter-spacing: 0px;\">১ রাত ১২.০০ টা।</span></p><p style=\"margin-right: 0px; margin-left: -1px; padding: 0px; border-radius: 0px; color: rgb(33, 37, 41); font-family: &quot;Roboto Condensed&quot;, SolaimanLipi, sans-serif; font-size: 16px;\">উক্ত সময়ের মধ্যে User ID প্রাপ্ত প্রার্থীগণ অনলাইনে আবেদনপত্র Submit এর সময় থেকে পরবর্তী ৭২ (বাহাত্তর) ঘণ্টার মধ্যে এসএমএস এর মাধ্যমে পরীক্ষার ফি জমা দিতে পারবেন।</p><p style=\"margin-right: 0px; margin-left: -1px; padding: 0px; border-radius: 0px; color: rgb(33, 37, 41); font-family: &quot;Roboto Condensed&quot;, SolaimanLipi, sans-serif; font-size: 16px;\">খ) অনলাইনে আবেদনপত্রে প্রার্থী তার স্বাক্ষর (দৈর্ঘ্য ৩০০xপ্রস্থ ৮০ pixel. File size maximum 60 kb) ও রঙিন ছবি (দৈর্ঘ্য ৩০০xপ্রস্থ ৩০০ pixel. File size maximum 100 kb) স্ক্যান করে নির্ধারিত স্থানে আপলোড করবেন।</p><p style=\"margin-right: 0px; margin-left: -1px; padding: 0px; border-radius: 0px; color: rgb(33, 37, 41); font-family: &quot;Roboto Condensed&quot;, SolaimanLipi, sans-serif; font-size: 16px;\">গ) অনলাইনে আবেদনপত্রে পূরণকৃত তথ্যই যেহেতু পরবর্তী সকল কার্যক্রমে ব্যবহৃত হবে, সেহেতু অনলাইনে আবেদনপত্র Submit করার পূর্বেই পূরণকৃত সকল তথ্যের সঠিকতা সম্পর্কে প্রার্থী নিজে শতভাগ নিশ্চিত হবেন।&nbsp;</p><p style=\"margin-right: 0px; margin-left: -1px; padding: 0px; border-radius: 0px; color: rgb(33, 37, 41); font-family: &quot;Roboto Condensed&quot;, SolaimanLipi, sans-serif; font-size: 16px;\">ঘ) প্রার্থী অনলাইনে পূরণকৃত আবেদনপত্রের একটি প্রিন্ট কপি পরীক্ষা সংক্রান্ত যে কোন প্রয়োজনের সহায়ক হিসেবে সংরক্ষণ করবেন।</p><p style=\"margin-right: 0px; margin-left: -1px; padding: 0px; border-radius: 0px; color: rgb(33, 37, 41); font-family: &quot;Roboto Condensed&quot;, SolaimanLipi, sans-serif; font-size: 16px;\"><font color=\"#212529\" face=\"Roboto Condensed, SolaimanLipi, sans-serif\" style=\"margin: 0px; padding: 0px;\">ঙ) এসএমএস প্রেরনের নিয়মাবলি ও পরিখার ফি প্রদানঃ অনলাইন আবেদনপত্র (Application Form) যথাযথভাবে পূরণ করে নির্দেশনা মতে ছবি এবং Signature upload করে আবেদনপত্র Submit করা সম্পন্ন হলে কম্পিউটারে ছবিসহ Application preview দেখা যাবে । নির্ভুলভাবে আবেদনপত্র Submit করা সম্পন্ন হলে প্রার্থী একটি User ID, ছবি এবং স্বাক্ষরযুক্ত Application\'s copy পাবেন । উক্ত Application\'s copy প্রার্থী প্রিন্ট অথবা Download করে সংরক্ষন করবেন । Applicant\'s কপিতে একটি User ID নম্বর দেওয়া থাকবে এবং User ID নম্বর ব্যাবহার করে প্রার্থী নিম্নোক্ত পদ্ধতিতে যে কোন Teletalk pre-paid mobile নম্বরের মাধ্যমে ০২ (দুই)টি এসএমএস করে পরীক্ষার ফি বাবদ ০১ হতে ০৪ নং ক্রমিকে বর্ণিত প্রতিটি পদের জন্য ৭০০/- (সাতশত) টাকা, ০৫ হতে ০৭ নং ক্রমিকে বর্ণিত প্রতিটি পদের জন্য ৫০০/- (পাঁচশত) টাকা&nbsp; এবং ০৮ নং ক্রমিকে বর্ণিত প্রতিটি পদের জন্য ১০০/- (একশত) টাকা (অফেরতযোগ্য) অনধিক ৭২ (বাহাত্তর) ঘণ্টার মধ্যে জমা দিবেন । এখানে বিশেষভাবে উল্লেখ্য যে, \"অনলাইনে আবেদনপত্রের সকল অংশ পূরণ করে Submit করা হলেও পরীক্ষার ফি জমা না দেয়া পর্যন্ত অনলাইনে আবেদনপত্র কোন অবস্থাতেই গৃহীত হবে না ।\"</font></p><p style=\"margin-right: 0px; margin-left: -1px; padding: 0px; border-radius: 0px; color: rgb(33, 37, 41); font-family: &quot;Roboto Condensed&quot;, SolaimanLipi, sans-serif; font-size: 16px;\"><font color=\"#212529\" face=\"Roboto Condensed, SolaimanLipi, sans-serif\" style=\"margin: 0px; padding: 0px;\">প্রথম SMS:BSC&lt;space&gt;User ID লিখে send করতে হবে ১৬২২২ নম্বরে ।</font></p><p style=\"margin-right: 0px; margin-left: -1px; padding: 0px; border-radius: 0px; color: rgb(33, 37, 41); font-family: &quot;Roboto Condensed&quot;, SolaimanLipi, sans-serif; font-size: 16px;\"><font color=\"#212529\" face=\"Roboto Condensed, SolaimanLipi, sans-serif\" style=\"margin: 0px; padding: 0px;\">দ্বিতীয় SMS:BSC&lt;space&gt;Yes&lt;space&gt;PIN লিখে send করতে হবে ১৬২২২ নম্বরে । দ্বিতীয় SMS টি&nbsp; পাঠানোর পর ফিরতি SMS এর Password পাবেন । এই Password টি প্রবেশ পত্র Download এর জন্য সংরক্ষণ করবেন ।</font></p><p style=\"margin-right: 0px; margin-left: -1px; padding: 0px; border-radius: 0px; color: rgb(33, 37, 41); font-family: &quot;Roboto Condensed&quot;, SolaimanLipi, sans-serif; font-size: 16px;\"><span style=\"margin: 0px; padding: 0px; letter-spacing: 0px;\">চ) প্রবেশপত্র প্রাপ্তির বিষয়টি http://bsc.teletalk.com.bd ওয়েবসাইটে এবং&nbsp; &nbsp;পার্থীর মোবাইল ফোনে এসএমএস এর মাধ্যমে (শুধু যোগ্য পার্থীদের) যথাসময়ে জানানো হবে । অনলাইনে আবেদনপত্রে পার্থীর&nbsp; প্রদত্ত মোবাইল ফোনে পরীক্ষা সংক্রান্ত যাবতীয় যোগাযোগ সম্পন্ন করা হবে বিধায় উক্ত নম্বরতি সারবখনিক সচল রাখা, SMS Read করা এবং প্রাপ্ত নির্দেশনা তাৎক্ষনিক অনুসরন করা বাঞ্ছনীয় ।</span><br style=\"margin: 0px; padding: 0px;\"></p><p style=\"margin-right: 0px; margin-left: -1px; padding: 0px; border-radius: 0px; color: rgb(33, 37, 41); font-family: &quot;Roboto Condensed&quot;, SolaimanLipi, sans-serif; font-size: 16px;\"><font color=\"#212529\" face=\"Roboto Condensed, SolaimanLipi, sans-serif\" style=\"margin: 0px; padding: 0px;\">ছ) এসএমএস - এ প্রেরিত User ID এবং পাসওয়ার্ড ব্যাবহার করে পরবর্তীতে রোল নম্বর, পদের নাম, ছবি, পরীক্ষার তারিখ, সময় ও ভেনুর নাম ইত্যাদি সম্বলিত প্রবেশপত্র&nbsp; পার্থী Download পূর্বক প্রিন্ট (সম্ভব হলে রঙ্গিন) করে নিবেন । পার্থী এই&nbsp; প্রবেশপত্র লিখিত পরীক্ষায় অংশগ্রহনের সময়ে এবং উত্তীর্ণ হলে মৌখিক পরীক্ষার সময়ে অবশ্যই প্রদশন করবেন । প্রবেশ পত্র Download এর তারিখ পরবর্তী SMS এর মাধ্যমে জানানো হবে ।</font></p><p style=\"margin-right: 0px; margin-left: -1px; padding: 0px; border-radius: 0px; color: rgb(33, 37, 41); font-family: &quot;Roboto Condensed&quot;, SolaimanLipi, sans-serif; font-size: 16px;\"><font color=\"#212529\" face=\"Roboto Condensed, SolaimanLipi, sans-serif\" style=\"margin: 0px; padding: 0px;\">জ)&nbsp; শুধুমাত্র টেলিটক প্রি- পেইড মোবাইল ফোন থেকে পার্থীগন নিম্নবর্ণিত এসএমএস পদ্ধতি অনুসরন করে নিজ নিজ User ID এবং&nbsp; পাসওয়ার্ড পুনরুধার করতে পারবেন ।</font></p><p style=\"margin-right: 0px; margin-left: -1px; padding: 0px; border-radius: 0px; color: rgb(33, 37, 41); font-family: &quot;Roboto Condensed&quot;, SolaimanLipi, sans-serif; font-size: 16px;\"><font color=\"#212529\" face=\"Roboto Condensed, SolaimanLipi, sans-serif\" style=\"margin: 0px; padding: 0px;\">i) User ID জানা থাকলে BSC&lt;space&gt;Help&lt;space&gt;User&lt;space&gt;User ID &amp; send to 16222.</font></p><p style=\"margin-right: 0px; margin-left: -1px; padding: 0px; border-radius: 0px; color: rgb(33, 37, 41); font-family: &quot;Roboto Condensed&quot;, SolaimanLipi, sans-serif; font-size: 16px;\"><font color=\"#212529\" face=\"Roboto Condensed, SolaimanLipi, sans-serif\" style=\"margin: 0px; padding: 0px;\">ii)PIN Number জানা থাকলে BSC&lt;space&gt;Help&lt;space&gt;PIN&lt;space&gt;PIN No &amp; send to 16222.</font></p><p style=\"margin-right: 0px; margin-left: -1px; padding: 0px; border-radius: 0px; color: rgb(33, 37, 41); font-family: &quot;Roboto Condensed&quot;, SolaimanLipi, sans-serif; font-size: 16px;\"><font color=\"#212529\" face=\"Roboto Condensed, SolaimanLipi, sans-serif\" style=\"margin: 0px; padding: 0px;\">Example: BSC Help PIN 12345678 &amp; send to 16222.</font></p>',1,'বাংলাদেশ শিপিং কর্পোরেশন,বিএসসি ভবন, সল্টগোলা রোড, চট্টগ্রাম।',NULL,NULL,NULL,'2021-08-19 10:44:55','2021-08-29 18:10:13',NULL),(14,'সহকারী ব্যবস্থাপক (শপস্)',NULL,0,1,21,NULL,NULL,NULL,NULL,'3477',1,'সহকারী-ব্যবস্থাপক--শপস্-','2021-08-19','2021-09-18','<p><font color=\"#212529\" face=\"Roboto Condensed, SolaimanLipi, sans-serif\"><span style=\"font-size: 16px;\">বাংলাদেশ শিপিং কর্পোরেশনে সহকারী ব্যবস্থাপক (শপস্)&nbsp;এর নিম্নলিখিত শুন্য পদে সরাসরি নিয়োগের লক্ষ্যে যোগ্যতাসম্পন্ন বাংলাদেশের স্থায়ী নাগরিকদের নিকট হতে অনলাইনে দরখাস্ত আহবান করা যাচ্ছে। পূরনযোগ্য পদের নাম, শিক্ষাগত যোগ্যতা ও অন্যান্য তথ্যের বিবরণ নিম্নরূপঃ</span></font><br></p>',NULL,NULL,0,'',1,NULL,NULL,'35500','67010',1,NULL,NULL,NULL,'<p style=\"margin-right: 0px; margin-left: 0px; padding: 0px; border-top-right-radius: 0px; border-bottom-right-radius: 0px;\"><font color=\"#212529\" face=\"Roboto Condensed, SolaimanLipi, sans-serif\"><span style=\"font-size: 16px;\">ক) এ বিজ্ঞপ্তির অধীনে আগ্রহী প্রার্থীগণকে অনলাইনে আবেদন করতে হবে। সে লক্ষ্যে http://job.bsc.gov.bd এই ওয়েবসাইটে বাংলাদেশ শিপিং কর্পোরেশন কর্তৃক নির্ধারিত আবেদনপত্র পূরণ করে অন লাইনে রেজিস্ট্রেশন কার্যক্রম এবং ফি জমা প্রদান করতে হবে। আবেদনের সময়সীমা নিম্নরূপঃ-</span></font></p><p style=\"margin-right: 0px; margin-left: 0px; padding: 0px; border-top-right-radius: 0px; border-bottom-right-radius: 0px;\"><span style=\"font-size: 16px; color: rgb(33, 37, 41); font-family: &quot;Roboto Condensed&quot;, SolaimanLipi, sans-serif; letter-spacing: 0px;\">&nbsp; &nbsp; • অনলাইনে আবেদনপত্র পূরণ ও পরীক্ষার ফি জমাদান শুরুর তারিখঃ ১৯-০৮-২০২১ সকাল ১০.০০ টা।</span></p><p style=\"margin-right: 0px; margin-left: 0px; padding: 0px; border-top-right-radius: 0px; border-bottom-right-radius: 0px;\"><font color=\"#212529\" face=\"Roboto Condensed, SolaimanLipi, sans-serif\"><span style=\"font-size: 16px;\">&nbsp; &nbsp; • অনলাইনে আবেদনপত্র পূরণ ও পরীক্ষার ফি জমাদানের শেষ তারিখঃ ১৮-০৯-২০২১ রাত ১২.০০ টা।</span></font></p><p style=\"margin-right: 0px; margin-left: 0px; padding: 0px; border-top-right-radius: 0px; border-bottom-right-radius: 0px;\"><span style=\"font-size: 16px; color: rgb(33, 37, 41); font-family: &quot;Roboto Condensed&quot;, SolaimanLipi, sans-serif; letter-spacing: 0px;\">উক্ত সময়ের মধ্যে User ইমেইল ও পাসওয়ার্ড&nbsp; এর মাধ্যমে লগিন করে প্রাপ্ত প্রার্থীগণ অনলাইনে আবেদনপত্র Submit এর সময় থেকে পরবর্তী ৪৮&nbsp; ঘণ্টার মধ্যে&nbsp; পরীক্ষার ফি জমা দিতে পারবেন। প্রার্থীগণ নতুন হলে অবশই আগে রেজিস্ট্রেশান করে নিতে হবে ।</span><br></p><p style=\"margin-right: 0px; margin-left: 0px; padding: 0px; border-top-right-radius: 0px; border-bottom-right-radius: 0px;\"><span style=\"font-size: 16px; color: rgb(33, 37, 41); font-family: &quot;Roboto Condensed&quot;, SolaimanLipi, sans-serif; letter-spacing: 0px;\">খ) অনলাইনে আবেদনপত্রে প্রার্থী তার বিস্তারিত তথ্য, স্বাক্ষর (দৈর্ঘ্য ৩০০xপ্রস্থ ৮০ pixel. File size maximum 60 kb) ও রঙিন ছবি (দৈর্ঘ্য ৩০০xপ্রস্থ ৩০০ pixel. File size maximum 100 kb) স্ক্যান করে নির্ধারিত স্থানে আপলোড করবেন।</span><br></p><p style=\"margin-right: 0px; margin-left: 0px; padding: 0px; border-top-right-radius: 0px; border-bottom-right-radius: 0px;\"><span style=\"font-size: 16px; color: rgb(33, 37, 41); font-family: &quot;Roboto Condensed&quot;, SolaimanLipi, sans-serif; letter-spacing: 0px;\">গ) অনলাইনে আবেদনপত্রে পূরণকৃত তথ্যই যেহেতু পরবর্তী সকল কার্যক্রমে ব্যবহৃত হবে, সেহেতু অনলাইনে আবেদনপত্র Submit করার পূর্বেই পূরণকৃত সকল তথ্যের সঠিকতা সম্পর্কে প্রার্থী নিজে শতভাগ নিশ্চিত হবেন।&nbsp;</span><br></p><p style=\"margin-right: 0px; margin-left: 0px; padding: 0px; border-top-right-radius: 0px; border-bottom-right-radius: 0px;\"><span style=\"font-size: 16px; color: rgb(33, 37, 41); font-family: &quot;Roboto Condensed&quot;, SolaimanLipi, sans-serif; letter-spacing: 0px;\">ঘ) প্রার্থী অনলাইনে পূরণকৃত আবেদনপত্রের একটি প্রিন্ট কপি পরীক্ষা সংক্রান্ত যে কোন প্রয়োজনের সহায়ক হিসেবে সংরক্ষণ করবেন।</span><br></p><p style=\"margin-right: 0px; margin-left: 0px; padding: 0px; border-top-right-radius: 0px; border-bottom-right-radius: 0px;\"><span style=\"font-size: 16px; color: rgb(33, 37, 41); font-family: &quot;Roboto Condensed&quot;, SolaimanLipi, sans-serif; letter-spacing: 0px;\">ঙ) পরীক্ষার ফি জমা দেওয়ার নিয়মাবলিঃ</span><br></p><p style=\"margin-right: 0px; margin-left: 0px; padding: 0px; border-top-right-radius: 0px; border-bottom-right-radius: 0px;\"><font color=\"#212529\" face=\"Roboto Condensed, SolaimanLipi, sans-serif\"><span style=\"font-size: 16px;\">&nbsp;অনলাইন এ আবেদন করার পর আবেদনকৃত চাকরির জন্য ৪৮&nbsp; ঘণ্টার মধ্যে&nbsp; পরীক্ষার ফি অনলাইনে Ekpay এর মাধ্যমে জমা দিতে পারবেন । ৪৮&nbsp; ঘণ্টার মধ্যে জমা দিতে না পারলে আবেদনটি বাতিল হয়ে যাবে।</span></font></p>','<p style=\"margin-right: 0px; margin-left: 0px; padding: 0px; border-top-right-radius: 0px; border-bottom-right-radius: 0px; color: rgb(33, 37, 41); font-family: &quot;Roboto Condensed&quot;, SolaimanLipi, sans-serif; font-size: 16px;\">ক) এ বিজ্ঞপ্তির অধীনে আগ্রহী প্রার্থীগণকে অনলাইনে আবেদন করতে হবে। সে লক্ষ্যে http://bsc.teletalk.com.bd এই ওয়েবসাইটে বাংলাদেশ শিপিং কর্পোরেশন কর্তৃক নির্ধারিত আবেদনপত্র পূরণ করে অন লাইনে রেজিস্ট্রেশন কার্যক্রম এবং ফি জমা প্রদান করতে হবে। আবেদনের সময়সীমা নিম্নরূপঃ-</p><p style=\"margin-right: 0px; margin-left: -1px; padding: 0px; border-radius: 0px;\"><font color=\"#212529\" face=\"Roboto Condensed, SolaimanLipi, sans-serif\"><span style=\"font-size: 16px;\">&nbsp; &nbsp; • অনলাইনে আবেদনপত্র পূরণ ও পরীক্ষার ফি জমাদান শুরুর তারিখঃ&nbsp;৩</span></font><span style=\"color: rgb(33, 37, 41); font-family: &quot;Roboto Condensed&quot;, SolaimanLipi, sans-serif; font-size: 16px; letter-spacing: 0px;\">১-০</span><font color=\"#212529\" face=\"Roboto Condensed, SolaimanLipi, sans-serif\"><span style=\"font-size: 16px;\">৭</span></font><span style=\"color: rgb(33, 37, 41); font-family: &quot;Roboto Condensed&quot;, SolaimanLipi, sans-serif; font-size: 16px; letter-spacing: 0px;\">-২০</span><span style=\"color: rgb(33, 37, 41); font-family: &quot;Roboto Condensed&quot;, SolaimanLipi, sans-serif; font-size: 16px; letter-spacing: 0px;\">২</span><span style=\"color: rgb(33, 37, 41); font-family: &quot;Roboto Condensed&quot;, SolaimanLipi, sans-serif; font-size: 16px; letter-spacing: 0px;\">১ সকাল ১০.০০ টা।</span></p><p style=\"margin-right: 0px; margin-left: -1px; padding: 0px; border-radius: 0px; color: rgb(33, 37, 41); font-family: &quot;Roboto Condensed&quot;, SolaimanLipi, sans-serif; font-size: 16px;\">&nbsp; &nbsp; • অনলাইনে আবেদনপত্র পূরণ ও পরীক্ষার ফি জমাদানের শেষ তারিখঃ ৩<span style=\"letter-spacing: 0px;\">১</span>-০৮-২০<span style=\"letter-spacing: 0px;\">২</span><span style=\"letter-spacing: 0px;\">১ রাত ১২.০০ টা।</span></p><p style=\"margin-right: 0px; margin-left: -1px; padding: 0px; border-radius: 0px; color: rgb(33, 37, 41); font-family: &quot;Roboto Condensed&quot;, SolaimanLipi, sans-serif; font-size: 16px;\">উক্ত সময়ের মধ্যে User ID প্রাপ্ত প্রার্থীগণ অনলাইনে আবেদনপত্র Submit এর সময় থেকে পরবর্তী ৭২ (বাহাত্তর) ঘণ্টার মধ্যে এসএমএস এর মাধ্যমে পরীক্ষার ফি জমা দিতে পারবেন।</p><p style=\"margin-right: 0px; margin-left: -1px; padding: 0px; border-radius: 0px; color: rgb(33, 37, 41); font-family: &quot;Roboto Condensed&quot;, SolaimanLipi, sans-serif; font-size: 16px;\">খ) অনলাইনে আবেদনপত্রে প্রার্থী তার স্বাক্ষর (দৈর্ঘ্য ৩০০xপ্রস্থ ৮০ pixel. File size maximum 60 kb) ও রঙিন ছবি (দৈর্ঘ্য ৩০০xপ্রস্থ ৩০০ pixel. File size maximum 100 kb) স্ক্যান করে নির্ধারিত স্থানে আপলোড করবেন।</p><p style=\"margin-right: 0px; margin-left: -1px; padding: 0px; border-radius: 0px; color: rgb(33, 37, 41); font-family: &quot;Roboto Condensed&quot;, SolaimanLipi, sans-serif; font-size: 16px;\">গ) অনলাইনে আবেদনপত্রে পূরণকৃত তথ্যই যেহেতু পরবর্তী সকল কার্যক্রমে ব্যবহৃত হবে, সেহেতু অনলাইনে আবেদনপত্র Submit করার পূর্বেই পূরণকৃত সকল তথ্যের সঠিকতা সম্পর্কে প্রার্থী নিজে শতভাগ নিশ্চিত হবেন।&nbsp;</p><p style=\"margin-right: 0px; margin-left: -1px; padding: 0px; border-top-left-radius: 0px; border-bottom-left-radius: 0px; color: rgb(33, 37, 41); font-family: &quot;Roboto Condensed&quot;, SolaimanLipi, sans-serif; font-size: 16px;\">ঘ) প্রার্থী অনলাইনে পূরণকৃত আবেদনপত্রের একটি প্রিন্ট কপি পরীক্ষা সংক্রান্ত যে কোন প্রয়োজনের সহায়ক হিসেবে সংরক্ষণ করবেন।</p><p style=\"margin-right: 0px; margin-left: -1px; padding: 0px; border-top-left-radius: 0px; border-bottom-left-radius: 0px;\"><font color=\"#212529\" face=\"Roboto Condensed, SolaimanLipi, sans-serif\"><span style=\"font-size: 16px;\">ঙ) এসএমএস প্রেরনের নিয়মাবলি ও পরিখার ফি প্রদানঃ অনলাইন আবেদনপত্র (Application Form) যথাযথভাবে পূরণ করে নির্দেশনা মতে ছবি এবং Signature upload করে আবেদনপত্র Submit করা সম্পন্ন হলে কম্পিউটারে ছবিসহ Application preview দেখা যাবে । নির্ভুলভাবে আবেদনপত্র Submit করা সম্পন্ন হলে প্রার্থী একটি User ID, ছবি এবং স্বাক্ষরযুক্ত Application\'s copy পাবেন । উক্ত Application\'s copy প্রার্থী প্রিন্ট অথবা Download করে সংরক্ষন করবেন । Applicant\'s কপিতে একটি User ID নম্বর দেওয়া থাকবে এবং User ID নম্বর ব্যাবহার করে প্রার্থী নিম্নোক্ত পদ্ধতিতে যে কোন Teletalk pre-paid mobile নম্বরের মাধ্যমে ০২ (দুই)টি এসএমএস করে পরীক্ষার ফি বাবদ ০১ হতে ০৪ নং ক্রমিকে বর্ণিত প্রতিটি পদের জন্য ৭০০/- (সাতশত) টাকা, ০৫ হতে ০৭ নং ক্রমিকে বর্ণিত প্রতিটি পদের জন্য ৫০০/- (পাঁচশত) টাকা&nbsp; এবং ০৮ নং ক্রমিকে বর্ণিত প্রতিটি পদের জন্য ১০০/- (একশত) টাকা (অফেরতযোগ্য) অনধিক ৭২ (বাহাত্তর) ঘণ্টার মধ্যে জমা দিবেন । এখানে বিশেষভাবে উল্লেখ্য যে, \"অনলাইনে আবেদনপত্রের সকল অংশ পূরণ করে Submit করা হলেও পরীক্ষার ফি জমা না দেয়া পর্যন্ত অনলাইনে আবেদনপত্র কোন অবস্থাতেই গৃহীত হবে না ।\"</span></font></p><p style=\"margin-right: 0px; margin-left: -1px; padding: 0px; border-top-left-radius: 0px; border-bottom-left-radius: 0px;\"><font color=\"#212529\" face=\"Roboto Condensed, SolaimanLipi, sans-serif\"><span style=\"font-size: 16px;\">প্রথম SMS:BSC&lt;space&gt;User ID লিখে send করতে হবে ১৬২২২ নম্বরে ।</span></font></p><p style=\"margin-right: 0px; margin-left: -1px; padding: 0px; border-top-left-radius: 0px; border-bottom-left-radius: 0px;\"><font color=\"#212529\" face=\"Roboto Condensed, SolaimanLipi, sans-serif\"><span style=\"font-size: 16px;\">দ্বিতীয় SMS:BSC&lt;space&gt;Yes&lt;space&gt;PIN লিখে send করতে হবে ১৬২২২ নম্বরে । দ্বিতীয় SMS টি&nbsp; পাঠানোর পর ফিরতি SMS এর Password পাবেন । এই Password টি প্রবেশ পত্র Download এর জন্য সংরক্ষণ করবেন ।</span></font></p><p style=\"margin-right: 0px; margin-left: -1px; padding: 0px; border-top-left-radius: 0px; border-bottom-left-radius: 0px;\"><span style=\"font-size: 16px; color: rgb(33, 37, 41); font-family: &quot;Roboto Condensed&quot;, SolaimanLipi, sans-serif; letter-spacing: 0px;\">চ) প্রবেশপত্র প্রাপ্তির বিষয়টি http://bsc.teletalk.com.bd ওয়েবসাইটে এবং&nbsp; &nbsp;পার্থীর মোবাইল ফোনে এসএমএস এর মাধ্যমে (শুধু যোগ্য পার্থীদের) যথাসময়ে জানানো হবে । অনলাইনে আবেদনপত্রে পার্থীর&nbsp; প্রদত্ত মোবাইল ফোনে পরীক্ষা সংক্রান্ত যাবতীয় যোগাযোগ সম্পন্ন করা হবে বিধায় উক্ত নম্বরতি সারবখনিক সচল রাখা, SMS Read করা এবং প্রাপ্ত নির্দেশনা তাৎক্ষনিক অনুসরন করা বাঞ্ছনীয় ।</span><br></p><p style=\"margin-right: 0px; margin-left: -1px; padding: 0px; border-top-left-radius: 0px; border-bottom-left-radius: 0px;\"><font color=\"#212529\" face=\"Roboto Condensed, SolaimanLipi, sans-serif\"><span style=\"font-size: 16px;\">ছ) এসএমএস - এ প্রেরিত User ID এবং পাসওয়ার্ড ব্যাবহার করে পরবর্তীতে রোল নম্বর, পদের নাম, ছবি, পরীক্ষার তারিখ, সময় ও ভেনুর নাম ইত্যাদি সম্বলিত প্রবেশপত্র&nbsp; পার্থী Download পূর্বক প্রিন্ট (সম্ভব হলে রঙ্গিন) করে নিবেন । পার্থী এই&nbsp; প্রবেশপত্র লিখিত পরীক্ষায় অংশগ্রহনের সময়ে এবং উত্তীর্ণ হলে মৌখিক পরীক্ষার সময়ে অবশ্যই প্রদশন করবেন । প্রবেশ পত্র Download এর তারিখ পরবর্তী SMS এর মাধ্যমে জানানো হবে ।</span></font></p><p style=\"margin-right: 0px; margin-left: -1px; padding: 0px; border-top-left-radius: 0px; border-bottom-left-radius: 0px;\"><font color=\"#212529\" face=\"Roboto Condensed, SolaimanLipi, sans-serif\"><span style=\"font-size: 16px;\">জ)&nbsp; শুধুমাত্র টেলিটক প্রি- পেইড মোবাইল ফোন থেকে পার্থীগন নিম্নবর্ণিত এসএমএস পদ্ধতি অনুসরন করে নিজ নিজ User ID এবং&nbsp; পাসওয়ার্ড পুনরুধার করতে পারবেন ।</span></font></p><p style=\"margin-right: 0px; margin-left: -1px; padding: 0px; border-top-left-radius: 0px; border-bottom-left-radius: 0px;\"><font color=\"#212529\" face=\"Roboto Condensed, SolaimanLipi, sans-serif\"><span style=\"font-size: 16px;\">i) User ID জানা থাকলে BSC&lt;space&gt;Help&lt;space&gt;User&lt;space&gt;User ID &amp; send to 16222.</span></font></p><p style=\"margin-right: 0px; margin-left: -1px; padding: 0px; border-top-left-radius: 0px; border-bottom-left-radius: 0px;\"><font color=\"#212529\" face=\"Roboto Condensed, SolaimanLipi, sans-serif\"><span style=\"font-size: 16px;\">ii)PIN Number জানা থাকলে BSC&lt;space&gt;Help&lt;space&gt;PIN&lt;space&gt;PIN No &amp; send to 16222.</span></font></p><p style=\"margin-right: 0px; margin-left: -1px; padding: 0px; border-top-left-radius: 0px; border-bottom-left-radius: 0px;\"><font color=\"#212529\" face=\"Roboto Condensed, SolaimanLipi, sans-serif\"><span style=\"font-size: 16px;\">Example: BSC Help PIN 12345678 &amp; send to 16222.</span></font></p><div><br></div>',1,'বাংলাদেশ শিপিং কর্পোরেশন,বিএসসি ভবন, সল্টগোলা রোড, চট্টগ্রাম।',NULL,NULL,NULL,'2021-08-19 10:59:53','2021-08-22 11:55:06',NULL),(15,'একাউন্টেন্ট',NULL,0,0,18,'HR','Hr Head','/storage/uploads/dept_signatures/1/1630237442.jpg',1,'6134',4,'একাউন্টেন্ট','2021-08-19','2021-09-18','<p><font color=\"#212529\" face=\"Roboto Condensed, SolaimanLipi, sans-serif\"><span style=\"font-size: 16px;\">বাংলাদেশ শিপিং কর্পোরেশনে একাউন্টেন্ট&nbsp;এর নিম্নলিখিত শুন্য পদে সরাসরি নিয়োগের লক্ষ্যে যোগ্যতাসম্পন্ন বাংলাদেশের স্থায়ী নাগরিকদের নিকট হতে অনলাইনে দরখাস্ত আহবান করা যাচ্ছে। পূরনযোগ্য পদের নাম, শিক্ষাগত যোগ্যতা ও অন্যান্য তথ্যের বিবরণ নিম্নরূপঃ</span></font><br></p>',NULL,NULL,1,'1',1,NULL,NULL,'১৬০০০','৩৮৬৪০',1,NULL,NULL,NULL,'<p style=\"margin-right: 0px; margin-left: 0px; padding: 0px; border-top-right-radius: 0px; border-bottom-right-radius: 0px;\"><font color=\"#212529\" face=\"Roboto Condensed, SolaimanLipi, sans-serif\"><span style=\"font-size: 16px;\">ক) এ বিজ্ঞপ্তির অধীনে আগ্রহী প্রার্থীগণকে অনলাইনে আবেদন করতে হবে। সে লক্ষ্যে http://job.bsc.gov.bd এই ওয়েবসাইটে বাংলাদেশ শিপিং কর্পোরেশন কর্তৃক নির্ধারিত আবেদনপত্র পূরণ করে অন লাইনে রেজিস্ট্রেশন কার্যক্রম এবং ফি জমা প্রদান করতে হবে। আবেদনের সময়সীমা নিম্নরূপঃ-</span></font></p><p style=\"margin-right: 0px; margin-left: 0px; padding: 0px; border-top-right-radius: 0px; border-bottom-right-radius: 0px;\"><span style=\"font-size: 16px; color: rgb(33, 37, 41); font-family: &quot;Roboto Condensed&quot;, SolaimanLipi, sans-serif; letter-spacing: 0px;\">&nbsp; &nbsp; • অনলাইনে আবেদনপত্র পূরণ ও পরীক্ষার ফি জমাদান শুরুর তারিখঃ ১৯-০৮-২০২১ সকাল ১০.০০ টা।</span></p><p style=\"margin-right: 0px; margin-left: 0px; padding: 0px; border-top-right-radius: 0px; border-bottom-right-radius: 0px;\"><font color=\"#212529\" face=\"Roboto Condensed, SolaimanLipi, sans-serif\"><span style=\"font-size: 16px;\">&nbsp; &nbsp; • অনলাইনে আবেদনপত্র পূরণ ও পরীক্ষার ফি জমাদানের শেষ তারিখঃ ১৮-০৯-২০২১ রাত ১২.০০ টা।</span></font></p><p style=\"margin-right: 0px; margin-left: 0px; padding: 0px; border-top-right-radius: 0px; border-bottom-right-radius: 0px;\"><span style=\"font-size: 16px; color: rgb(33, 37, 41); font-family: &quot;Roboto Condensed&quot;, SolaimanLipi, sans-serif; letter-spacing: 0px;\">উক্ত সময়ের মধ্যে User ইমেইল ও পাসওয়ার্ড&nbsp; এর মাধ্যমে লগিন করে প্রাপ্ত প্রার্থীগণ অনলাইনে আবেদনপত্র Submit এর সময় থেকে পরবর্তী ৪৮&nbsp; ঘণ্টার মধ্যে&nbsp; পরীক্ষার ফি জমা দিতে পারবেন। প্রার্থীগণ নতুন হলে অবশই আগে রেজিস্ট্রেশান করে নিতে হবে ।</span><br></p><p style=\"margin-right: 0px; margin-left: 0px; padding: 0px; border-top-right-radius: 0px; border-bottom-right-radius: 0px;\"><span style=\"font-size: 16px; color: rgb(33, 37, 41); font-family: &quot;Roboto Condensed&quot;, SolaimanLipi, sans-serif; letter-spacing: 0px;\">খ) অনলাইনে আবেদনপত্রে প্রার্থী তার বিস্তারিত তথ্য, স্বাক্ষর (দৈর্ঘ্য ৩০০xপ্রস্থ ৮০ pixel. File size maximum 60 kb) ও রঙিন ছবি (দৈর্ঘ্য ৩০০xপ্রস্থ ৩০০ pixel. File size maximum 100 kb) স্ক্যান করে নির্ধারিত স্থানে আপলোড করবেন।</span><br></p><p style=\"margin-right: 0px; margin-left: 0px; padding: 0px; border-top-right-radius: 0px; border-bottom-right-radius: 0px;\"><span style=\"font-size: 16px; color: rgb(33, 37, 41); font-family: &quot;Roboto Condensed&quot;, SolaimanLipi, sans-serif; letter-spacing: 0px;\">গ) অনলাইনে আবেদনপত্রে পূরণকৃত তথ্যই যেহেতু পরবর্তী সকল কার্যক্রমে ব্যবহৃত হবে, সেহেতু অনলাইনে আবেদনপত্র Submit করার পূর্বেই পূরণকৃত সকল তথ্যের সঠিকতা সম্পর্কে প্রার্থী নিজে শতভাগ নিশ্চিত হবেন।&nbsp;</span><br></p><p style=\"margin-right: 0px; margin-left: 0px; padding: 0px; border-top-right-radius: 0px; border-bottom-right-radius: 0px;\"><span style=\"font-size: 16px; color: rgb(33, 37, 41); font-family: &quot;Roboto Condensed&quot;, SolaimanLipi, sans-serif; letter-spacing: 0px;\">ঘ) প্রার্থী অনলাইনে পূরণকৃত আবেদনপত্রের একটি প্রিন্ট কপি পরীক্ষা সংক্রান্ত যে কোন প্রয়োজনের সহায়ক হিসেবে সংরক্ষণ করবেন।</span><br></p><p style=\"margin-right: 0px; margin-left: 0px; padding: 0px; border-top-right-radius: 0px; border-bottom-right-radius: 0px;\"><span style=\"font-size: 16px; color: rgb(33, 37, 41); font-family: &quot;Roboto Condensed&quot;, SolaimanLipi, sans-serif; letter-spacing: 0px;\">ঙ) পরীক্ষার ফি জমা দেওয়ার নিয়মাবলিঃ</span><br></p><p style=\"margin-right: 0px; margin-left: 0px; padding: 0px; border-top-right-radius: 0px; border-bottom-right-radius: 0px;\"><font color=\"#212529\" face=\"Roboto Condensed, SolaimanLipi, sans-serif\"><span style=\"font-size: 16px;\">&nbsp;অনলাইন এ আবেদন করার পর আবেদনকৃত চাকরির জন্য ৪৮&nbsp; ঘণ্টার মধ্যে&nbsp; পরীক্ষার ফি অনলাইনে Ekpay এর মাধ্যমে জমা দিতে পারবেন । ৪৮&nbsp; ঘণ্টার মধ্যে জমা দিতে না পারলে আবেদনটি বাতিল হয়ে যাবে।</span></font></p>','<p style=\"margin-right: 0px; margin-left: 0px; padding: 0px; border-top-right-radius: 0px; border-bottom-right-radius: 0px; color: rgb(33, 37, 41); font-family: &quot;Roboto Condensed&quot;, SolaimanLipi, sans-serif; font-size: 16px;\">ক) এ বিজ্ঞপ্তির অধীনে আগ্রহী প্রার্থীগণকে অনলাইনে আবেদন করতে হবে। সে লক্ষ্যে http://bsc.teletalk.com.bd এই ওয়েবসাইটে বাংলাদেশ শিপিং কর্পোরেশন কর্তৃক নির্ধারিত আবেদনপত্র পূরণ করে অন লাইনে রেজিস্ট্রেশন কার্যক্রম এবং ফি জমা প্রদান করতে হবে। আবেদনের সময়সীমা নিম্নরূপঃ-</p><p style=\"margin-right: 0px; margin-left: -1px; padding: 0px; border-radius: 0px;\"><font color=\"#212529\" face=\"Roboto Condensed, SolaimanLipi, sans-serif\" style=\"color: rgb(33, 37, 41); font-family: &quot;Roboto Condensed&quot;, SolaimanLipi, sans-serif; font-size: 16px; margin: 0px; padding: 0px;\">&nbsp; &nbsp; • অনলাইনে আবেদনপত্র পূরণ ও পরীক্ষার ফি জমাদান শুরুর তারিখঃ&nbsp;</font><span style=\"margin: 0px; padding: 0px;\"><font color=\"#212529\" face=\"Roboto Condensed, SolaimanLipi, sans-serif\"><span style=\"font-size: 16px;\">১৯</span><span style=\"font-size: 16px; letter-spacing: 0px;\">-</span></font></span><span style=\"color: rgb(33, 37, 41); font-family: &quot;Roboto Condensed&quot;, SolaimanLipi, sans-serif; font-size: 16px; margin: 0px; padding: 0px; letter-spacing: 0px;\">০৮-২০</span><span style=\"color: rgb(33, 37, 41); font-family: &quot;Roboto Condensed&quot;, SolaimanLipi, sans-serif; font-size: 16px; margin: 0px; padding: 0px; letter-spacing: 0px;\">২</span><span style=\"color: rgb(33, 37, 41); font-family: &quot;Roboto Condensed&quot;, SolaimanLipi, sans-serif; font-size: 16px; margin: 0px; padding: 0px; letter-spacing: 0px;\">১ সকাল ১০.০০ টা।</span></p><p style=\"margin-right: 0px; margin-left: -1px; padding: 0px; border-radius: 0px;\"><font color=\"#212529\" face=\"Roboto Condensed, SolaimanLipi, sans-serif\"><span style=\"font-size: 16px;\">&nbsp; &nbsp; • অনলাইনে আবেদনপত্র পূরণ ও পরীক্ষার ফি জমাদানের শেষ তারিখঃ ১৮-০৯-২০</span></font><span style=\"color: rgb(33, 37, 41); font-family: &quot;Roboto Condensed&quot;, SolaimanLipi, sans-serif; font-size: 16px; margin: 0px; padding: 0px; letter-spacing: 0px;\">২</span><span style=\"color: rgb(33, 37, 41); font-family: &quot;Roboto Condensed&quot;, SolaimanLipi, sans-serif; font-size: 16px; margin: 0px; padding: 0px; letter-spacing: 0px;\">১ রাত ১২.০০ টা।</span></p><p style=\"margin-right: 0px; margin-left: -1px; padding: 0px; border-radius: 0px; color: rgb(33, 37, 41); font-family: &quot;Roboto Condensed&quot;, SolaimanLipi, sans-serif; font-size: 16px;\">উক্ত সময়ের মধ্যে User ID প্রাপ্ত প্রার্থীগণ অনলাইনে আবেদনপত্র Submit এর সময় থেকে পরবর্তী ৭২ (বাহাত্তর) ঘণ্টার মধ্যে এসএমএস এর মাধ্যমে পরীক্ষার ফি জমা দিতে পারবেন।</p><p style=\"margin-right: 0px; margin-left: -1px; padding: 0px; border-radius: 0px; color: rgb(33, 37, 41); font-family: &quot;Roboto Condensed&quot;, SolaimanLipi, sans-serif; font-size: 16px;\">খ) অনলাইনে আবেদনপত্রে প্রার্থী তার স্বাক্ষর (দৈর্ঘ্য ৩০০xপ্রস্থ ৮০ pixel. File size maximum 60 kb) ও রঙিন ছবি (দৈর্ঘ্য ৩০০xপ্রস্থ ৩০০ pixel. File size maximum 100 kb) স্ক্যান করে নির্ধারিত স্থানে আপলোড করবেন।</p><p style=\"margin-right: 0px; margin-left: -1px; padding: 0px; border-radius: 0px; color: rgb(33, 37, 41); font-family: &quot;Roboto Condensed&quot;, SolaimanLipi, sans-serif; font-size: 16px;\">গ) অনলাইনে আবেদনপত্রে পূরণকৃত তথ্যই যেহেতু পরবর্তী সকল কার্যক্রমে ব্যবহৃত হবে, সেহেতু অনলাইনে আবেদনপত্র Submit করার পূর্বেই পূরণকৃত সকল তথ্যের সঠিকতা সম্পর্কে প্রার্থী নিজে শতভাগ নিশ্চিত হবেন।&nbsp;</p><p style=\"margin-right: 0px; margin-left: -1px; padding: 0px; border-radius: 0px; color: rgb(33, 37, 41); font-family: &quot;Roboto Condensed&quot;, SolaimanLipi, sans-serif; font-size: 16px;\">ঘ) প্রার্থী অনলাইনে পূরণকৃত আবেদনপত্রের একটি প্রিন্ট কপি পরীক্ষা সংক্রান্ত যে কোন প্রয়োজনের সহায়ক হিসেবে সংরক্ষণ করবেন।</p><p style=\"margin-right: 0px; margin-left: -1px; padding: 0px; border-radius: 0px; color: rgb(33, 37, 41); font-family: &quot;Roboto Condensed&quot;, SolaimanLipi, sans-serif; font-size: 16px;\"><font color=\"#212529\" face=\"Roboto Condensed, SolaimanLipi, sans-serif\" style=\"margin: 0px; padding: 0px;\">ঙ) এসএমএস প্রেরনের নিয়মাবলি ও পরিখার ফি প্রদানঃ অনলাইন আবেদনপত্র (Application Form) যথাযথভাবে পূরণ করে নির্দেশনা মতে ছবি এবং Signature upload করে আবেদনপত্র Submit করা সম্পন্ন হলে কম্পিউটারে ছবিসহ Application preview দেখা যাবে । নির্ভুলভাবে আবেদনপত্র Submit করা সম্পন্ন হলে প্রার্থী একটি User ID, ছবি এবং স্বাক্ষরযুক্ত Application\'s copy পাবেন । উক্ত Application\'s copy প্রার্থী প্রিন্ট অথবা Download করে সংরক্ষন করবেন । Applicant\'s কপিতে একটি User ID নম্বর দেওয়া থাকবে এবং User ID নম্বর ব্যাবহার করে প্রার্থী নিম্নোক্ত পদ্ধতিতে যে কোন Teletalk pre-paid mobile নম্বরের মাধ্যমে ০২ (দুই)টি এসএমএস করে পরীক্ষার ফি বাবদ ০১ হতে ০৪ নং ক্রমিকে বর্ণিত প্রতিটি পদের জন্য ৭০০/- (সাতশত) টাকা, ০৫ হতে ০৭ নং ক্রমিকে বর্ণিত প্রতিটি পদের জন্য ৫০০/- (পাঁচশত) টাকা&nbsp; এবং ০৮ নং ক্রমিকে বর্ণিত প্রতিটি পদের জন্য ১০০/- (একশত) টাকা (অফেরতযোগ্য) অনধিক ৭২ (বাহাত্তর) ঘণ্টার মধ্যে জমা দিবেন । এখানে বিশেষভাবে উল্লেখ্য যে, \"অনলাইনে আবেদনপত্রের সকল অংশ পূরণ করে Submit করা হলেও পরীক্ষার ফি জমা না দেয়া পর্যন্ত অনলাইনে আবেদনপত্র কোন অবস্থাতেই গৃহীত হবে না ।\"</font></p><p style=\"margin-right: 0px; margin-left: -1px; padding: 0px; border-radius: 0px; color: rgb(33, 37, 41); font-family: &quot;Roboto Condensed&quot;, SolaimanLipi, sans-serif; font-size: 16px;\"><font color=\"#212529\" face=\"Roboto Condensed, SolaimanLipi, sans-serif\" style=\"margin: 0px; padding: 0px;\">প্রথম SMS:BSC&lt;space&gt;User ID লিখে send করতে হবে ১৬২২২ নম্বরে ।</font></p><p style=\"margin-right: 0px; margin-left: -1px; padding: 0px; border-radius: 0px; color: rgb(33, 37, 41); font-family: &quot;Roboto Condensed&quot;, SolaimanLipi, sans-serif; font-size: 16px;\"><font color=\"#212529\" face=\"Roboto Condensed, SolaimanLipi, sans-serif\" style=\"margin: 0px; padding: 0px;\">দ্বিতীয় SMS:BSC&lt;space&gt;Yes&lt;space&gt;PIN লিখে send করতে হবে ১৬২২২ নম্বরে । দ্বিতীয় SMS টি&nbsp; পাঠানোর পর ফিরতি SMS এর Password পাবেন । এই Password টি প্রবেশ পত্র Download এর জন্য সংরক্ষণ করবেন ।</font></p><p style=\"margin-right: 0px; margin-left: -1px; padding: 0px; border-radius: 0px; color: rgb(33, 37, 41); font-family: &quot;Roboto Condensed&quot;, SolaimanLipi, sans-serif; font-size: 16px;\"><span style=\"margin: 0px; padding: 0px; letter-spacing: 0px;\">চ) প্রবেশপত্র প্রাপ্তির বিষয়টি http://bsc.teletalk.com.bd ওয়েবসাইটে এবং&nbsp; &nbsp;পার্থীর মোবাইল ফোনে এসএমএস এর মাধ্যমে (শুধু যোগ্য পার্থীদের) যথাসময়ে জানানো হবে । অনলাইনে আবেদনপত্রে পার্থীর&nbsp; প্রদত্ত মোবাইল ফোনে পরীক্ষা সংক্রান্ত যাবতীয় যোগাযোগ সম্পন্ন করা হবে বিধায় উক্ত নম্বরতি সারবখনিক সচল রাখা, SMS Read করা এবং প্রাপ্ত নির্দেশনা তাৎক্ষনিক অনুসরন করা বাঞ্ছনীয় ।</span><br style=\"margin: 0px; padding: 0px;\"></p><p style=\"margin-right: 0px; margin-left: -1px; padding: 0px; border-radius: 0px; color: rgb(33, 37, 41); font-family: &quot;Roboto Condensed&quot;, SolaimanLipi, sans-serif; font-size: 16px;\"><font color=\"#212529\" face=\"Roboto Condensed, SolaimanLipi, sans-serif\" style=\"margin: 0px; padding: 0px;\">ছ) এসএমএস - এ প্রেরিত User ID এবং পাসওয়ার্ড ব্যাবহার করে পরবর্তীতে রোল নম্বর, পদের নাম, ছবি, পরীক্ষার তারিখ, সময় ও ভেনুর নাম ইত্যাদি সম্বলিত প্রবেশপত্র&nbsp; পার্থী Download পূর্বক প্রিন্ট (সম্ভব হলে রঙ্গিন) করে নিবেন । পার্থী এই&nbsp; প্রবেশপত্র লিখিত পরীক্ষায় অংশগ্রহনের সময়ে এবং উত্তীর্ণ হলে মৌখিক পরীক্ষার সময়ে অবশ্যই প্রদশন করবেন । প্রবেশ পত্র Download এর তারিখ পরবর্তী SMS এর মাধ্যমে জানানো হবে ।</font></p><p style=\"margin-right: 0px; margin-left: -1px; padding: 0px; border-radius: 0px; color: rgb(33, 37, 41); font-family: &quot;Roboto Condensed&quot;, SolaimanLipi, sans-serif; font-size: 16px;\"><font color=\"#212529\" face=\"Roboto Condensed, SolaimanLipi, sans-serif\" style=\"margin: 0px; padding: 0px;\">জ)&nbsp; শুধুমাত্র টেলিটক প্রি- পেইড মোবাইল ফোন থেকে পার্থীগন নিম্নবর্ণিত এসএমএস পদ্ধতি অনুসরন করে নিজ নিজ User ID এবং&nbsp; পাসওয়ার্ড পুনরুধার করতে পারবেন ।</font></p><p style=\"margin-right: 0px; margin-left: -1px; padding: 0px; border-radius: 0px; color: rgb(33, 37, 41); font-family: &quot;Roboto Condensed&quot;, SolaimanLipi, sans-serif; font-size: 16px;\"><font color=\"#212529\" face=\"Roboto Condensed, SolaimanLipi, sans-serif\" style=\"margin: 0px; padding: 0px;\">i) User ID জানা থাকলে BSC&lt;space&gt;Help&lt;space&gt;User&lt;space&gt;User ID &amp; send to 16222.</font></p><p style=\"margin-right: 0px; margin-left: -1px; padding: 0px; border-radius: 0px; color: rgb(33, 37, 41); font-family: &quot;Roboto Condensed&quot;, SolaimanLipi, sans-serif; font-size: 16px;\"><font color=\"#212529\" face=\"Roboto Condensed, SolaimanLipi, sans-serif\" style=\"margin: 0px; padding: 0px;\">ii)PIN Number জানা থাকলে BSC&lt;space&gt;Help&lt;space&gt;PIN&lt;space&gt;PIN No &amp; send to 16222.</font></p><p style=\"margin-right: 0px; margin-left: -1px; padding: 0px; border-radius: 0px; color: rgb(33, 37, 41); font-family: &quot;Roboto Condensed&quot;, SolaimanLipi, sans-serif; font-size: 16px;\"><font color=\"#212529\" face=\"Roboto Condensed, SolaimanLipi, sans-serif\" style=\"margin: 0px; padding: 0px;\">Example: BSC Help PIN 12345678 &amp; send to 16222.</font></p>',1,'বাংলাদেশ শিপিং কর্পোরেশন,বিএসসি ভবন, সল্টগোলা রোড, চট্টগ্রাম।',NULL,NULL,NULL,'2021-08-19 11:20:38','2021-08-29 17:45:59',NULL),(16,'অডিটর',NULL,0,0,19,NULL,NULL,NULL,NULL,'6954',2,'অডিটর','2021-08-19','2021-09-18','<p><font color=\"#212529\" face=\"Roboto Condensed, SolaimanLipi, sans-serif\"><span style=\"font-size: 16px;\">বাংলাদেশ শিপিং কর্পোরেশনে অডিটর&nbsp;এর নিম্নলিখিত শুন্য পদে সরাসরি নিয়োগের লক্ষ্যে যোগ্যতাসম্পন্ন বাংলাদেশের স্থায়ী নাগরিকদের নিকট হতে অনলাইনে দরখাস্ত আহবান করা যাচ্ছে। পূরনযোগ্য পদের নাম, শিক্ষাগত যোগ্যতা ও অন্যান্য তথ্যের বিবরণ নিম্নরূপঃ</span></font><br></p>',NULL,NULL,1,'1',1,NULL,NULL,'১৬০০০','৩৮৬৪০',1,NULL,NULL,NULL,'<p style=\"margin-right: 0px; margin-left: 0px; padding: 0px; border-top-right-radius: 0px; border-bottom-right-radius: 0px;\"><font color=\"#212529\" face=\"Roboto Condensed, SolaimanLipi, sans-serif\"><span style=\"font-size: 16px;\">ক) এ বিজ্ঞপ্তির অধীনে আগ্রহী প্রার্থীগণকে অনলাইনে আবেদন করতে হবে। সে লক্ষ্যে http://job.bsc.gov.bd এই ওয়েবসাইটে বাংলাদেশ শিপিং কর্পোরেশন কর্তৃক নির্ধারিত আবেদনপত্র পূরণ করে অন লাইনে রেজিস্ট্রেশন কার্যক্রম এবং ফি জমা প্রদান করতে হবে। আবেদনের সময়সীমা নিম্নরূপঃ-</span></font></p><p style=\"margin-right: 0px; margin-left: 0px; padding: 0px; border-top-right-radius: 0px; border-bottom-right-radius: 0px;\"><span style=\"font-size: 16px; color: rgb(33, 37, 41); font-family: &quot;Roboto Condensed&quot;, SolaimanLipi, sans-serif; letter-spacing: 0px;\">&nbsp; &nbsp; • অনলাইনে আবেদনপত্র পূরণ ও পরীক্ষার ফি জমাদান শুরুর তারিখঃ ১৯-০৮-২০২১ সকাল ১০.০০ টা।</span></p><p style=\"margin-right: 0px; margin-left: 0px; padding: 0px; border-top-right-radius: 0px; border-bottom-right-radius: 0px;\"><font color=\"#212529\" face=\"Roboto Condensed, SolaimanLipi, sans-serif\"><span style=\"font-size: 16px;\">&nbsp; &nbsp; • অনলাইনে আবেদনপত্র পূরণ ও পরীক্ষার ফি জমাদানের শেষ তারিখঃ ১৮-০৯-২০২১ রাত ১২.০০ টা।</span></font></p><p style=\"margin-right: 0px; margin-left: 0px; padding: 0px; border-top-right-radius: 0px; border-bottom-right-radius: 0px;\"><span style=\"font-size: 16px; color: rgb(33, 37, 41); font-family: &quot;Roboto Condensed&quot;, SolaimanLipi, sans-serif; letter-spacing: 0px;\">উক্ত সময়ের মধ্যে User ইমেইল ও পাসওয়ার্ড&nbsp; এর মাধ্যমে লগিন করে প্রাপ্ত প্রার্থীগণ অনলাইনে আবেদনপত্র Submit এর সময় থেকে পরবর্তী ৪৮&nbsp; ঘণ্টার মধ্যে&nbsp; পরীক্ষার ফি জমা দিতে পারবেন। প্রার্থীগণ নতুন হলে অবশই আগে রেজিস্ট্রেশান করে নিতে হবে ।</span><br></p><p style=\"margin-right: 0px; margin-left: 0px; padding: 0px; border-top-right-radius: 0px; border-bottom-right-radius: 0px;\"><span style=\"font-size: 16px; color: rgb(33, 37, 41); font-family: &quot;Roboto Condensed&quot;, SolaimanLipi, sans-serif; letter-spacing: 0px;\">খ) অনলাইনে আবেদনপত্রে প্রার্থী তার বিস্তারিত তথ্য, স্বাক্ষর (দৈর্ঘ্য ৩০০xপ্রস্থ ৮০ pixel. File size maximum 60 kb) ও রঙিন ছবি (দৈর্ঘ্য ৩০০xপ্রস্থ ৩০০ pixel. File size maximum 100 kb) স্ক্যান করে নির্ধারিত স্থানে আপলোড করবেন।</span><br></p><p style=\"margin-right: 0px; margin-left: 0px; padding: 0px; border-top-right-radius: 0px; border-bottom-right-radius: 0px;\"><span style=\"font-size: 16px; color: rgb(33, 37, 41); font-family: &quot;Roboto Condensed&quot;, SolaimanLipi, sans-serif; letter-spacing: 0px;\">গ) অনলাইনে আবেদনপত্রে পূরণকৃত তথ্যই যেহেতু পরবর্তী সকল কার্যক্রমে ব্যবহৃত হবে, সেহেতু অনলাইনে আবেদনপত্র Submit করার পূর্বেই পূরণকৃত সকল তথ্যের সঠিকতা সম্পর্কে প্রার্থী নিজে শতভাগ নিশ্চিত হবেন।&nbsp;</span><br></p><p style=\"margin-right: 0px; margin-left: 0px; padding: 0px; border-top-right-radius: 0px; border-bottom-right-radius: 0px;\"><span style=\"font-size: 16px; color: rgb(33, 37, 41); font-family: &quot;Roboto Condensed&quot;, SolaimanLipi, sans-serif; letter-spacing: 0px;\">ঘ) প্রার্থী অনলাইনে পূরণকৃত আবেদনপত্রের একটি প্রিন্ট কপি পরীক্ষা সংক্রান্ত যে কোন প্রয়োজনের সহায়ক হিসেবে সংরক্ষণ করবেন।</span><br></p><p style=\"margin-right: 0px; margin-left: 0px; padding: 0px; border-top-right-radius: 0px; border-bottom-right-radius: 0px;\"><span style=\"font-size: 16px; color: rgb(33, 37, 41); font-family: &quot;Roboto Condensed&quot;, SolaimanLipi, sans-serif; letter-spacing: 0px;\">ঙ) পরীক্ষার ফি জমা দেওয়ার নিয়মাবলিঃ</span><br></p><p style=\"margin-right: 0px; margin-left: 0px; padding: 0px; border-top-right-radius: 0px; border-bottom-right-radius: 0px;\"><font color=\"#212529\" face=\"Roboto Condensed, SolaimanLipi, sans-serif\"><span style=\"font-size: 16px;\">&nbsp;অনলাইন এ আবেদন করার পর আবেদনকৃত চাকরির জন্য ৪৮&nbsp; ঘণ্টার মধ্যে&nbsp; পরীক্ষার ফি অনলাইনে Ekpay এর মাধ্যমে জমা দিতে পারবেন । ৪৮&nbsp; ঘণ্টার মধ্যে জমা দিতে না পারলে আবেদনটি বাতিল হয়ে যাবে।</span></font></p>','<p style=\"margin-right: 0px; margin-left: 0px; padding: 0px; border-top-right-radius: 0px; border-bottom-right-radius: 0px; color: rgb(33, 37, 41); font-family: &quot;Roboto Condensed&quot;, SolaimanLipi, sans-serif; font-size: 16px;\">ক) এ বিজ্ঞপ্তির অধীনে আগ্রহী প্রার্থীগণকে অনলাইনে আবেদন করতে হবে। সে লক্ষ্যে http://bsc.teletalk.com.bd এই ওয়েবসাইটে বাংলাদেশ শিপিং কর্পোরেশন কর্তৃক নির্ধারিত আবেদনপত্র পূরণ করে অন লাইনে রেজিস্ট্রেশন কার্যক্রম এবং ফি জমা প্রদান করতে হবে। আবেদনের সময়সীমা নিম্নরূপঃ-</p><p style=\"margin-right: 0px; margin-left: -1px; padding: 0px; border-radius: 0px;\"><font color=\"#212529\" face=\"Roboto Condensed, SolaimanLipi, sans-serif\" style=\"color: rgb(33, 37, 41); font-family: &quot;Roboto Condensed&quot;, SolaimanLipi, sans-serif; font-size: 16px; margin: 0px; padding: 0px;\">&nbsp; &nbsp; • অনলাইনে আবেদনপত্র পূরণ ও পরীক্ষার ফি জমাদান শুরুর তারিখঃ&nbsp;</font><span style=\"margin: 0px; padding: 0px;\"><font color=\"#212529\" face=\"Roboto Condensed, SolaimanLipi, sans-serif\"><span style=\"font-size: 16px;\">১৯</span><span style=\"font-size: 16px; letter-spacing: 0px;\">-</span></font></span><span style=\"color: rgb(33, 37, 41); font-family: &quot;Roboto Condensed&quot;, SolaimanLipi, sans-serif; font-size: 16px; margin: 0px; padding: 0px; letter-spacing: 0px;\">০৮-২০</span><span style=\"color: rgb(33, 37, 41); font-family: &quot;Roboto Condensed&quot;, SolaimanLipi, sans-serif; font-size: 16px; margin: 0px; padding: 0px; letter-spacing: 0px;\">২</span><span style=\"color: rgb(33, 37, 41); font-family: &quot;Roboto Condensed&quot;, SolaimanLipi, sans-serif; font-size: 16px; margin: 0px; padding: 0px; letter-spacing: 0px;\">১ সকাল ১০.০০ টা।</span></p><p style=\"margin-right: 0px; margin-left: -1px; padding: 0px; border-radius: 0px;\"><font color=\"#212529\" face=\"Roboto Condensed, SolaimanLipi, sans-serif\"><span style=\"font-size: 16px;\">&nbsp; &nbsp; • অনলাইনে আবেদনপত্র পূরণ ও পরীক্ষার ফি জমাদানের শেষ তারিখঃ ১৮-০৯-২০</span></font><span style=\"color: rgb(33, 37, 41); font-family: &quot;Roboto Condensed&quot;, SolaimanLipi, sans-serif; font-size: 16px; margin: 0px; padding: 0px; letter-spacing: 0px;\">২</span><span style=\"color: rgb(33, 37, 41); font-family: &quot;Roboto Condensed&quot;, SolaimanLipi, sans-serif; font-size: 16px; margin: 0px; padding: 0px; letter-spacing: 0px;\">১ রাত ১২.০০ টা।</span></p><p style=\"margin-right: 0px; margin-left: -1px; padding: 0px; border-radius: 0px; color: rgb(33, 37, 41); font-family: &quot;Roboto Condensed&quot;, SolaimanLipi, sans-serif; font-size: 16px;\">উক্ত সময়ের মধ্যে User ID প্রাপ্ত প্রার্থীগণ অনলাইনে আবেদনপত্র Submit এর সময় থেকে পরবর্তী ৭২ (বাহাত্তর) ঘণ্টার মধ্যে এসএমএস এর মাধ্যমে পরীক্ষার ফি জমা দিতে পারবেন।</p><p style=\"margin-right: 0px; margin-left: -1px; padding: 0px; border-radius: 0px; color: rgb(33, 37, 41); font-family: &quot;Roboto Condensed&quot;, SolaimanLipi, sans-serif; font-size: 16px;\">খ) অনলাইনে আবেদনপত্রে প্রার্থী তার স্বাক্ষর (দৈর্ঘ্য ৩০০xপ্রস্থ ৮০ pixel. File size maximum 60 kb) ও রঙিন ছবি (দৈর্ঘ্য ৩০০xপ্রস্থ ৩০০ pixel. File size maximum 100 kb) স্ক্যান করে নির্ধারিত স্থানে আপলোড করবেন।</p><p style=\"margin-right: 0px; margin-left: -1px; padding: 0px; border-radius: 0px; color: rgb(33, 37, 41); font-family: &quot;Roboto Condensed&quot;, SolaimanLipi, sans-serif; font-size: 16px;\">গ) অনলাইনে আবেদনপত্রে পূরণকৃত তথ্যই যেহেতু পরবর্তী সকল কার্যক্রমে ব্যবহৃত হবে, সেহেতু অনলাইনে আবেদনপত্র Submit করার পূর্বেই পূরণকৃত সকল তথ্যের সঠিকতা সম্পর্কে প্রার্থী নিজে শতভাগ নিশ্চিত হবেন।&nbsp;</p><p style=\"margin-right: 0px; margin-left: -1px; padding: 0px; border-radius: 0px; color: rgb(33, 37, 41); font-family: &quot;Roboto Condensed&quot;, SolaimanLipi, sans-serif; font-size: 16px;\">ঘ) প্রার্থী অনলাইনে পূরণকৃত আবেদনপত্রের একটি প্রিন্ট কপি পরীক্ষা সংক্রান্ত যে কোন প্রয়োজনের সহায়ক হিসেবে সংরক্ষণ করবেন।</p><p style=\"margin-right: 0px; margin-left: -1px; padding: 0px; border-radius: 0px; color: rgb(33, 37, 41); font-family: &quot;Roboto Condensed&quot;, SolaimanLipi, sans-serif; font-size: 16px;\"><font color=\"#212529\" face=\"Roboto Condensed, SolaimanLipi, sans-serif\" style=\"margin: 0px; padding: 0px;\">ঙ) এসএমএস প্রেরনের নিয়মাবলি ও পরিখার ফি প্রদানঃ অনলাইন আবেদনপত্র (Application Form) যথাযথভাবে পূরণ করে নির্দেশনা মতে ছবি এবং Signature upload করে আবেদনপত্র Submit করা সম্পন্ন হলে কম্পিউটারে ছবিসহ Application preview দেখা যাবে । নির্ভুলভাবে আবেদনপত্র Submit করা সম্পন্ন হলে প্রার্থী একটি User ID, ছবি এবং স্বাক্ষরযুক্ত Application\'s copy পাবেন । উক্ত Application\'s copy প্রার্থী প্রিন্ট অথবা Download করে সংরক্ষন করবেন । Applicant\'s কপিতে একটি User ID নম্বর দেওয়া থাকবে এবং User ID নম্বর ব্যাবহার করে প্রার্থী নিম্নোক্ত পদ্ধতিতে যে কোন Teletalk pre-paid mobile নম্বরের মাধ্যমে ০২ (দুই)টি এসএমএস করে পরীক্ষার ফি বাবদ ০১ হতে ০৪ নং ক্রমিকে বর্ণিত প্রতিটি পদের জন্য ৭০০/- (সাতশত) টাকা, ০৫ হতে ০৭ নং ক্রমিকে বর্ণিত প্রতিটি পদের জন্য ৫০০/- (পাঁচশত) টাকা&nbsp; এবং ০৮ নং ক্রমিকে বর্ণিত প্রতিটি পদের জন্য ১০০/- (একশত) টাকা (অফেরতযোগ্য) অনধিক ৭২ (বাহাত্তর) ঘণ্টার মধ্যে জমা দিবেন । এখানে বিশেষভাবে উল্লেখ্য যে, \"অনলাইনে আবেদনপত্রের সকল অংশ পূরণ করে Submit করা হলেও পরীক্ষার ফি জমা না দেয়া পর্যন্ত অনলাইনে আবেদনপত্র কোন অবস্থাতেই গৃহীত হবে না ।\"</font></p><p style=\"margin-right: 0px; margin-left: -1px; padding: 0px; border-radius: 0px; color: rgb(33, 37, 41); font-family: &quot;Roboto Condensed&quot;, SolaimanLipi, sans-serif; font-size: 16px;\"><font color=\"#212529\" face=\"Roboto Condensed, SolaimanLipi, sans-serif\" style=\"margin: 0px; padding: 0px;\">প্রথম SMS:BSC&lt;space&gt;User ID লিখে send করতে হবে ১৬২২২ নম্বরে ।</font></p><p style=\"margin-right: 0px; margin-left: -1px; padding: 0px; border-radius: 0px; color: rgb(33, 37, 41); font-family: &quot;Roboto Condensed&quot;, SolaimanLipi, sans-serif; font-size: 16px;\"><font color=\"#212529\" face=\"Roboto Condensed, SolaimanLipi, sans-serif\" style=\"margin: 0px; padding: 0px;\">দ্বিতীয় SMS:BSC&lt;space&gt;Yes&lt;space&gt;PIN লিখে send করতে হবে ১৬২২২ নম্বরে । দ্বিতীয় SMS টি&nbsp; পাঠানোর পর ফিরতি SMS এর Password পাবেন । এই Password টি প্রবেশ পত্র Download এর জন্য সংরক্ষণ করবেন ।</font></p><p style=\"margin-right: 0px; margin-left: -1px; padding: 0px; border-radius: 0px; color: rgb(33, 37, 41); font-family: &quot;Roboto Condensed&quot;, SolaimanLipi, sans-serif; font-size: 16px;\"><span style=\"margin: 0px; padding: 0px; letter-spacing: 0px;\">চ) প্রবেশপত্র প্রাপ্তির বিষয়টি http://bsc.teletalk.com.bd ওয়েবসাইটে এবং&nbsp; &nbsp;পার্থীর মোবাইল ফোনে এসএমএস এর মাধ্যমে (শুধু যোগ্য পার্থীদের) যথাসময়ে জানানো হবে । অনলাইনে আবেদনপত্রে পার্থীর&nbsp; প্রদত্ত মোবাইল ফোনে পরীক্ষা সংক্রান্ত যাবতীয় যোগাযোগ সম্পন্ন করা হবে বিধায় উক্ত নম্বরতি সারবখনিক সচল রাখা, SMS Read করা এবং প্রাপ্ত নির্দেশনা তাৎক্ষনিক অনুসরন করা বাঞ্ছনীয় ।</span><br style=\"margin: 0px; padding: 0px;\"></p><p style=\"margin-right: 0px; margin-left: -1px; padding: 0px; border-radius: 0px; color: rgb(33, 37, 41); font-family: &quot;Roboto Condensed&quot;, SolaimanLipi, sans-serif; font-size: 16px;\"><font color=\"#212529\" face=\"Roboto Condensed, SolaimanLipi, sans-serif\" style=\"margin: 0px; padding: 0px;\">ছ) এসএমএস - এ প্রেরিত User ID এবং পাসওয়ার্ড ব্যাবহার করে পরবর্তীতে রোল নম্বর, পদের নাম, ছবি, পরীক্ষার তারিখ, সময় ও ভেনুর নাম ইত্যাদি সম্বলিত প্রবেশপত্র&nbsp; পার্থী Download পূর্বক প্রিন্ট (সম্ভব হলে রঙ্গিন) করে নিবেন । পার্থী এই&nbsp; প্রবেশপত্র লিখিত পরীক্ষায় অংশগ্রহনের সময়ে এবং উত্তীর্ণ হলে মৌখিক পরীক্ষার সময়ে অবশ্যই প্রদশন করবেন । প্রবেশ পত্র Download এর তারিখ পরবর্তী SMS এর মাধ্যমে জানানো হবে ।</font></p><p style=\"margin-right: 0px; margin-left: -1px; padding: 0px; border-radius: 0px; color: rgb(33, 37, 41); font-family: &quot;Roboto Condensed&quot;, SolaimanLipi, sans-serif; font-size: 16px;\"><font color=\"#212529\" face=\"Roboto Condensed, SolaimanLipi, sans-serif\" style=\"margin: 0px; padding: 0px;\">জ)&nbsp; শুধুমাত্র টেলিটক প্রি- পেইড মোবাইল ফোন থেকে পার্থীগন নিম্নবর্ণিত এসএমএস পদ্ধতি অনুসরন করে নিজ নিজ User ID এবং&nbsp; পাসওয়ার্ড পুনরুধার করতে পারবেন ।</font></p><p style=\"margin-right: 0px; margin-left: -1px; padding: 0px; border-radius: 0px; color: rgb(33, 37, 41); font-family: &quot;Roboto Condensed&quot;, SolaimanLipi, sans-serif; font-size: 16px;\"><font color=\"#212529\" face=\"Roboto Condensed, SolaimanLipi, sans-serif\" style=\"margin: 0px; padding: 0px;\">i) User ID জানা থাকলে BSC&lt;space&gt;Help&lt;space&gt;User&lt;space&gt;User ID &amp; send to 16222.</font></p><p style=\"margin-right: 0px; margin-left: -1px; padding: 0px; border-radius: 0px; color: rgb(33, 37, 41); font-family: &quot;Roboto Condensed&quot;, SolaimanLipi, sans-serif; font-size: 16px;\"><font color=\"#212529\" face=\"Roboto Condensed, SolaimanLipi, sans-serif\" style=\"margin: 0px; padding: 0px;\">ii)PIN Number জানা থাকলে BSC&lt;space&gt;Help&lt;space&gt;PIN&lt;space&gt;PIN No &amp; send to 16222.</font></p><p style=\"margin-right: 0px; margin-left: -1px; padding: 0px; border-radius: 0px; color: rgb(33, 37, 41); font-family: &quot;Roboto Condensed&quot;, SolaimanLipi, sans-serif; font-size: 16px;\"><font color=\"#212529\" face=\"Roboto Condensed, SolaimanLipi, sans-serif\" style=\"margin: 0px; padding: 0px;\">Example: BSC Help PIN 12345678 &amp; send to 16222.</font></p>',1,'বাংলাদেশ শিপিং কর্পোরেশন,বিএসসি ভবন, সল্টগোলা রোড, চট্টগ্রাম।',NULL,NULL,NULL,'2021-08-19 11:39:56','2021-08-23 00:25:54',NULL),(17,'Chief Engineer (Bulk)',NULL,0,1,6,NULL,NULL,NULL,NULL,'8403',NULL,'chief-engineer--bulk-','2021-08-19','2021-09-19','<p>বাংলাদেশ শিপিং কর্পোরেশনে Chief Engineer (Bulk) জাহাজে International Standard অনুযায়ী আকর্ষণীয় বেতনে নিম্নবর্ণিত পদের বিপরীতে প্রয়োজনীয় সংখ্যক চুক্তি ভিত্তিক জাহাজি কর্মকর্তা ও নাবিক নিয়োগের&nbsp; লক্ষ্যে সংশ্লিষ্ট পদে অভিজ্ঞ ও যোগ্যতাসম্পন্ন বাংলাদেশের স্থায়ী নাগরিকের নিকত দরখাস্ত ও সিভি (Curriculum Vitae) আহবান করা যাচ্ছে :<br></p>',NULL,NULL,1,'1',1,NULL,NULL,'6500','8000',2,'<p>Attractive Facilities:&nbsp;</p><ul><li>Brand New Vessel</li><li>First Class Accommodation</li><li>Bangladeshi Food</li><li>National Shipping Company</li></ul>','<p>Attractive Facilities:&nbsp;</p><ul><li>Brand New Vessel</li><li>First Class Accommodation</li><li>Bangladeshi Food</li><li>National Shipping Company</li></ul>',NULL,'<p style=\"margin-right: 0px; margin-left: 0px; padding: 0px; border-top-right-radius: 0px; border-bottom-right-radius: 0px;\"><font color=\"#212529\" face=\"Roboto Condensed, SolaimanLipi, sans-serif\"><span style=\"font-size: 16px;\">ক) এ বিজ্ঞপ্তির অধীনে আগ্রহী প্রার্থীগণকে অনলাইনে আবেদন করতে হবে। সে লক্ষ্যে http://job.bsc.gov.bd এই ওয়েবসাইটে বাংলাদেশ শিপিং কর্পোরেশন কর্তৃক নির্ধারিত আবেদনপত্র পূরণ করে অন লাইনে রেজিস্ট্রেশন কার্যক্রম এবং ফি জমা প্রদান করতে হবে। আবেদনের সময়সীমা নিম্নরূপঃ-</span></font></p><p style=\"margin-right: 0px; margin-left: 0px; padding: 0px; border-top-right-radius: 0px; border-bottom-right-radius: 0px;\"><span style=\"font-size: 16px; color: rgb(33, 37, 41); font-family: &quot;Roboto Condensed&quot;, SolaimanLipi, sans-serif; letter-spacing: 0px;\">&nbsp; &nbsp; • অনলাইনে আবেদনপত্র পূরণ ও পরীক্ষার ফি জমাদান শুরুর তারিখঃ ১৯-০৮-২০২১ সকাল ১০.০০ টা।</span></p><p style=\"margin-right: 0px; margin-left: 0px; padding: 0px; border-top-right-radius: 0px; border-bottom-right-radius: 0px;\"><font color=\"#212529\" face=\"Roboto Condensed, SolaimanLipi, sans-serif\"><span style=\"font-size: 16px;\">&nbsp; &nbsp; • অনলাইনে আবেদনপত্র পূরণ ও পরীক্ষার ফি জমাদানের শেষ তারিখঃ ১৮-০৯-২০২১ রাত ১২.০০ টা।</span></font></p><p style=\"margin-right: 0px; margin-left: 0px; padding: 0px; border-top-right-radius: 0px; border-bottom-right-radius: 0px;\"><span style=\"font-size: 16px; color: rgb(33, 37, 41); font-family: &quot;Roboto Condensed&quot;, SolaimanLipi, sans-serif; letter-spacing: 0px;\">উক্ত সময়ের মধ্যে User ইমেইল ও পাসওয়ার্ড&nbsp; এর মাধ্যমে লগিন করে প্রাপ্ত প্রার্থীগণ অনলাইনে আবেদনপত্র Submit এর সময় থেকে পরবর্তী ৪৮&nbsp; ঘণ্টার মধ্যে&nbsp; পরীক্ষার ফি জমা দিতে পারবেন। প্রার্থীগণ নতুন হলে অবশই আগে রেজিস্ট্রেশান করে নিতে হবে ।</span><br></p><p style=\"margin-right: 0px; margin-left: 0px; padding: 0px; border-top-right-radius: 0px; border-bottom-right-radius: 0px;\"><span style=\"font-size: 16px; color: rgb(33, 37, 41); font-family: &quot;Roboto Condensed&quot;, SolaimanLipi, sans-serif; letter-spacing: 0px;\">খ) অনলাইনে আবেদনপত্রে প্রার্থী তার বিস্তারিত তথ্য, স্বাক্ষর (দৈর্ঘ্য ৩০০xপ্রস্থ ৮০ pixel. File size maximum 60 kb) ও রঙিন ছবি (দৈর্ঘ্য ৩০০xপ্রস্থ ৩০০ pixel. File size maximum 100 kb) স্ক্যান করে নির্ধারিত স্থানে আপলোড করবেন।</span><br></p><p style=\"margin-right: 0px; margin-left: 0px; padding: 0px; border-top-right-radius: 0px; border-bottom-right-radius: 0px;\"><span style=\"font-size: 16px; color: rgb(33, 37, 41); font-family: &quot;Roboto Condensed&quot;, SolaimanLipi, sans-serif; letter-spacing: 0px;\">গ) অনলাইনে আবেদনপত্রে পূরণকৃত তথ্যই যেহেতু পরবর্তী সকল কার্যক্রমে ব্যবহৃত হবে, সেহেতু অনলাইনে আবেদনপত্র Submit করার পূর্বেই পূরণকৃত সকল তথ্যের সঠিকতা সম্পর্কে প্রার্থী নিজে শতভাগ নিশ্চিত হবেন।&nbsp;</span><br></p><p style=\"margin-right: 0px; margin-left: 0px; padding: 0px; border-top-right-radius: 0px; border-bottom-right-radius: 0px;\"><span style=\"font-size: 16px; color: rgb(33, 37, 41); font-family: &quot;Roboto Condensed&quot;, SolaimanLipi, sans-serif; letter-spacing: 0px;\">ঘ) প্রার্থী অনলাইনে পূরণকৃত আবেদনপত্রের একটি প্রিন্ট কপি পরীক্ষা সংক্রান্ত যে কোন প্রয়োজনের সহায়ক হিসেবে সংরক্ষণ করবেন।</span><br></p><p style=\"margin-right: 0px; margin-left: 0px; padding: 0px; border-top-right-radius: 0px; border-bottom-right-radius: 0px;\"><span style=\"font-size: 16px; color: rgb(33, 37, 41); font-family: &quot;Roboto Condensed&quot;, SolaimanLipi, sans-serif; letter-spacing: 0px;\">ঙ) পরীক্ষার ফি জমা দেওয়ার নিয়মাবলিঃ</span><br></p><p style=\"margin-right: 0px; margin-left: 0px; padding: 0px; border-top-right-radius: 0px; border-bottom-right-radius: 0px;\"><font color=\"#212529\" face=\"Roboto Condensed, SolaimanLipi, sans-serif\"><span style=\"font-size: 16px;\">&nbsp;অনলাইন এ আবেদন করার পর আবেদনকৃত চাকরির জন্য ৪৮&nbsp; ঘণ্টার মধ্যে&nbsp; পরীক্ষার ফি অনলাইনে Ekpay এর মাধ্যমে জমা দিতে পারবেন । ৪৮&nbsp; ঘণ্টার মধ্যে জমা দিতে না পারলে আবেদনটি বাতিল হয়ে যাবে।</span></font></p>','<p>আগ্রহী পার্থীগন সরাসরি অথবা ঈ-মেইল (To: gm-spd@bsc.gov.bd, CC: gm-cht@bsc.gov.bd) সিভি প্রেরন করবেন এবং যেকোনো প্রয়োজনে নিম্নোক্ত মোবাইল নম্বর (Telegram Account)-এ যোগাযোগ করতে পারবেন :</p><p>1. Mr. Atiqur Rahman Chowdhury, Assistant Manager - 01615012019</p><p>2. Md. Rajib Hossain, Senior Assistant - 01516115240</p>',1,'বাংলাদেশ শিপিং কর্পোরেশন,বিএসসি ভবন, সল্টগোলা রোড, চট্টগ্রাম।',NULL,NULL,NULL,'2021-08-19 11:48:20','2021-08-22 11:59:25',NULL),(18,'Second Engineer',NULL,0,1,7,NULL,NULL,NULL,NULL,'8944',NULL,'second-engineer','2021-08-19','2021-09-20','<p>বাংলাদেশ শিপিং কর্পোরেশনে Second Engineer জাহাজে International Standard অনুযায়ী আকর্ষণীয় বেতনে নিম্নবর্ণিত পদের বিপরীতে প্রয়োজনীয় সংখ্যক চুক্তি ভিত্তিক জাহাজি কর্মকর্তা ও নাবিক নিয়োগের&nbsp; লক্ষ্যে সংশ্লিষ্ট পদে অভিজ্ঞ ও যোগ্যতাসম্পন্ন বাংলাদেশের স্থায়ী নাগরিকের নিকত দরখাস্ত ও সিভি (Curriculum Vitae) আহবান করা যাচ্ছে :<br></p>',NULL,NULL,0,NULL,1,NULL,NULL,'Negotiable','Negotiable',NULL,'<p>Attractive Facilities:&nbsp;</p><ul><li>Brand New Vessel</li><li>First Class Accommodation</li><li>Bangladeshi Food</li><li>National Shipping Company</li></ul>','<p>Attractive Facilities:&nbsp;</p><ul><li>Brand New Vessel</li><li>First Class Accommodation</li><li>Bangladeshi Food</li><li>National Shipping Company</li></ul>',NULL,'<p style=\"margin-right: 0px; margin-left: 0px; padding: 0px; border-top-right-radius: 0px; border-bottom-right-radius: 0px;\"><font color=\"#212529\" face=\"Roboto Condensed, SolaimanLipi, sans-serif\"><span style=\"font-size: 16px;\">ক) এ বিজ্ঞপ্তির অধীনে আগ্রহী প্রার্থীগণকে অনলাইনে আবেদন করতে হবে। সে লক্ষ্যে http://job.bsc.gov.bd এই ওয়েবসাইটে বাংলাদেশ শিপিং কর্পোরেশন কর্তৃক নির্ধারিত আবেদনপত্র পূরণ করে অন লাইনে রেজিস্ট্রেশন কার্যক্রম এবং ফি জমা প্রদান করতে হবে। আবেদনের সময়সীমা নিম্নরূপঃ-</span></font></p><p style=\"margin-right: 0px; margin-left: 0px; padding: 0px; border-top-right-radius: 0px; border-bottom-right-radius: 0px;\"><span style=\"font-size: 16px; color: rgb(33, 37, 41); font-family: &quot;Roboto Condensed&quot;, SolaimanLipi, sans-serif; letter-spacing: 0px;\">&nbsp; &nbsp; • অনলাইনে আবেদনপত্র পূরণ ও পরীক্ষার ফি জমাদান শুরুর তারিখঃ ১৯-০৮-২০২১ সকাল ১০.০০ টা।</span></p><p style=\"margin-right: 0px; margin-left: 0px; padding: 0px; border-top-right-radius: 0px; border-bottom-right-radius: 0px;\"><font color=\"#212529\" face=\"Roboto Condensed, SolaimanLipi, sans-serif\"><span style=\"font-size: 16px;\">&nbsp; &nbsp; • অনলাইনে আবেদনপত্র পূরণ ও পরীক্ষার ফি জমাদানের শেষ তারিখঃ ১৮-০৯-২০২১ রাত ১২.০০ টা।</span></font></p><p style=\"margin-right: 0px; margin-left: 0px; padding: 0px; border-top-right-radius: 0px; border-bottom-right-radius: 0px;\"><span style=\"font-size: 16px; color: rgb(33, 37, 41); font-family: &quot;Roboto Condensed&quot;, SolaimanLipi, sans-serif; letter-spacing: 0px;\">উক্ত সময়ের মধ্যে User ইমেইল ও পাসওয়ার্ড&nbsp; এর মাধ্যমে লগিন করে প্রাপ্ত প্রার্থীগণ অনলাইনে আবেদনপত্র Submit এর সময় থেকে পরবর্তী ৪৮&nbsp; ঘণ্টার মধ্যে&nbsp; পরীক্ষার ফি জমা দিতে পারবেন। প্রার্থীগণ নতুন হলে অবশই আগে রেজিস্ট্রেশান করে নিতে হবে ।</span><br></p><p style=\"margin-right: 0px; margin-left: 0px; padding: 0px; border-top-right-radius: 0px; border-bottom-right-radius: 0px;\"><span style=\"font-size: 16px; color: rgb(33, 37, 41); font-family: &quot;Roboto Condensed&quot;, SolaimanLipi, sans-serif; letter-spacing: 0px;\">খ) অনলাইনে আবেদনপত্রে প্রার্থী তার বিস্তারিত তথ্য, স্বাক্ষর (দৈর্ঘ্য ৩০০xপ্রস্থ ৮০ pixel. File size maximum 60 kb) ও রঙিন ছবি (দৈর্ঘ্য ৩০০xপ্রস্থ ৩০০ pixel. File size maximum 100 kb) স্ক্যান করে নির্ধারিত স্থানে আপলোড করবেন।</span><br></p><p style=\"margin-right: 0px; margin-left: 0px; padding: 0px; border-top-right-radius: 0px; border-bottom-right-radius: 0px;\"><span style=\"font-size: 16px; color: rgb(33, 37, 41); font-family: &quot;Roboto Condensed&quot;, SolaimanLipi, sans-serif; letter-spacing: 0px;\">গ) অনলাইনে আবেদনপত্রে পূরণকৃত তথ্যই যেহেতু পরবর্তী সকল কার্যক্রমে ব্যবহৃত হবে, সেহেতু অনলাইনে আবেদনপত্র Submit করার পূর্বেই পূরণকৃত সকল তথ্যের সঠিকতা সম্পর্কে প্রার্থী নিজে শতভাগ নিশ্চিত হবেন।&nbsp;</span><br></p><p style=\"margin-right: 0px; margin-left: 0px; padding: 0px; border-top-right-radius: 0px; border-bottom-right-radius: 0px;\"><span style=\"font-size: 16px; color: rgb(33, 37, 41); font-family: &quot;Roboto Condensed&quot;, SolaimanLipi, sans-serif; letter-spacing: 0px;\">ঘ) প্রার্থী অনলাইনে পূরণকৃত আবেদনপত্রের একটি প্রিন্ট কপি পরীক্ষা সংক্রান্ত যে কোন প্রয়োজনের সহায়ক হিসেবে সংরক্ষণ করবেন।</span><br></p><p style=\"margin-right: 0px; margin-left: 0px; padding: 0px; border-top-right-radius: 0px; border-bottom-right-radius: 0px;\"><span style=\"font-size: 16px; color: rgb(33, 37, 41); font-family: &quot;Roboto Condensed&quot;, SolaimanLipi, sans-serif; letter-spacing: 0px;\">ঙ) পরীক্ষার ফি জমা দেওয়ার নিয়মাবলিঃ</span><br></p><p style=\"margin-right: 0px; margin-left: 0px; padding: 0px; border-top-right-radius: 0px; border-bottom-right-radius: 0px;\"><font color=\"#212529\" face=\"Roboto Condensed, SolaimanLipi, sans-serif\"><span style=\"font-size: 16px;\">&nbsp;অনলাইন এ আবেদন করার পর আবেদনকৃত চাকরির জন্য ৪৮&nbsp; ঘণ্টার মধ্যে&nbsp; পরীক্ষার ফি অনলাইনে Ekpay এর মাধ্যমে জমা দিতে পারবেন । ৪৮&nbsp; ঘণ্টার মধ্যে জমা দিতে না পারলে আবেদনটি বাতিল হয়ে যাবে।</span></font></p>','<p>আগ্রহী পার্থীগন সরাসরি অথবা ঈ-মেইল (To: gm-spd@bsc.gov.bd, CC: gm-cht@bsc.gov.bd) সিভি প্রেরন করবেন এবং যেকোনো প্রয়োজনে নিম্নোক্ত মোবাইল নম্বর (Telegram Account)-এ যোগাযোগ করতে পারবেন :</p><p>1. Mr. Atiqur Rahman Chowdhury, Assistant Manager - 01615012019</p><p>2. Md. Rajib Hossain, Senior Assistant - 01516115240</p>',1,'বাংলাদেশ শিপিং কর্পোরেশন,বিএসসি ভবন, সল্টগোলা রোড, চট্টগ্রাম।',NULL,NULL,NULL,'2021-08-19 11:52:55','2021-08-23 00:25:35',NULL),(19,'Electrical Engineer',NULL,0,1,22,NULL,NULL,NULL,NULL,'3590',NULL,'electrical-engineer','2021-08-19','2021-08-20','<p>বাংলাদেশ শিপিং কর্পোরেশনে Electrical Engineer জাহাজে International Standard অনুযায়ী আকর্ষণীয় বেতনে নিম্নবর্ণিত পদের বিপরীতে প্রয়োজনীয় সংখ্যক চুক্তি ভিত্তিক জাহাজি কর্মকর্তা ও নাবিক নিয়োগের&nbsp; লক্ষ্যে সংশ্লিষ্ট পদে অভিজ্ঞ ও যোগ্যতাসম্পন্ন বাংলাদেশের স্থায়ী নাগরিকের নিকত দরখাস্ত ও সিভি (Curriculum Vitae) আহবান করা যাচ্ছে :<br></p>',NULL,NULL,0,NULL,1,NULL,NULL,'Negotiable','Negotiable',NULL,'<p>Attractive Facilities:&nbsp;</p><ul><li>Brand New Vessel</li><li>First Class Accommodation</li><li>Bangladeshi Food</li><li>National Shipping Company</li></ul>','<p>Attractive Facilities:&nbsp;</p><ul><li>Brand New Vessel</li><li>First Class Accommodation</li><li>Bangladeshi Food</li><li>National Shipping Company</li></ul>',NULL,'<p>আগ্রহী পার্থীগন সরাসরি অথবা ঈ-মেইল (To: gm-spd@bsc.gov.bd, CC: gm-cht@bsc.gov.bd) সিভি প্রেরন করবেন এবং যেকোনো প্রয়োজনে নিম্নোক্ত মোবাইল নম্বর (Telegram Account)-এ যোগাযোগ করতে পারবেন :</p><p>1. Mr. Atiqur Rahman Chowdhury, Assistant Manager - 01615012019</p><p>2. Md. Rajib Hossain, Senior Assistant - 01516115240</p>','<p>আগ্রহী পার্থীগন সরাসরি অথবা ঈ-মেইল (To: gm-spd@bsc.gov.bd, CC: gm-cht@bsc.gov.bd) সিভি প্রেরন করবেন এবং যেকোনো প্রয়োজনে নিম্নোক্ত মোবাইল নম্বর (Telegram Account)-এ যোগাযোগ করতে পারবেন :</p><p>1. Mr. Atiqur Rahman Chowdhury, Assistant Manager - 01615012019</p><p>2. Md. Rajib Hossain, Senior Assistant - 01516115240</p>',1,'বাংলাদেশ শিপিং কর্পোরেশন,বিএসসি ভবন, সল্টগোলা রোড, চট্টগ্রাম।',NULL,NULL,NULL,'2021-08-19 12:09:55','2021-08-19 12:09:55',NULL),(20,'একাউন্টেন্ট 2 test  exam','একাউন্টেন্ট 2 test  exam',1,0,18,NULL,NULL,NULL,NULL,'9508',100,'একাউন্টেন্ট-2-test-exam','2021-08-28','2021-10-29','<p>বাংলাদেশ শিপিং কর্পোরেশনে একাউন্টেন্ট এর নিম্নলিখিত শুন্য পদে সরাসরি নিয়োগের লক্ষ্যে যোগ্যতাসম্পন্ন বাংলাদেশের স্থায়ী নাগরিকদের নিকট হতে অনলাইনে দরখাস্ত আহবান করা যাচ্ছে। পূরনযোগ্য পদের নাম, শিক্ষাগত যোগ্যতা ও অন্যান্য তথ্যের বিবরণ নিম্নরূপঃ<br></p>',NULL,NULL,0,'0',1,NULL,NULL,'30000','450000',1,NULL,NULL,NULL,'<p><br><br>ক) এ বিজ্ঞপ্তির অধীনে আগ্রহী প্রার্থীগণকে অনলাইনে আবেদন করতে হবে। সে লক্ষ্যে http://job.bsc.gov.bd এই ওয়েবসাইটে বাংলাদেশ শিপিং কর্পোরেশন কর্তৃক নির্ধারিত আবেদনপত্র পূরণ করে অন লাইনে রেজিস্ট্রেশন কার্যক্রম এবং ফি জমা প্রদান করতে হবে। আবেদনের সময়সীমা নিম্নরূপঃ-<br><br>&nbsp;&nbsp;&nbsp; • অনলাইনে আবেদনপত্র পূরণ ও পরীক্ষার ফি জমাদান শুরুর তারিখঃ ১৯-০৮-২০২১ সকাল ১০.০০ টা।<br><br>&nbsp;&nbsp;&nbsp; • অনলাইনে আবেদনপত্র পূরণ ও পরীক্ষার ফি জমাদানের শেষ তারিখঃ ১৮-০৯-২০২১ রাত ১২.০০ টা।<br><br>উক্ত সময়ের মধ্যে User ইমেইল ও পাসওয়ার্ড&nbsp; এর মাধ্যমে লগিন করে প্রাপ্ত প্রার্থীগণ অনলাইনে আবেদনপত্র Submit এর সময় থেকে পরবর্তী ৪৮&nbsp; ঘণ্টার মধ্যে&nbsp; পরীক্ষার ফি জমা দিতে পারবেন। প্রার্থীগণ নতুন হলে অবশই আগে রেজিস্ট্রেশান করে নিতে হবে ।<br><br>খ) অনলাইনে আবেদনপত্রে প্রার্থী তার বিস্তারিত তথ্য, স্বাক্ষর (দৈর্ঘ্য ৩০০xপ্রস্থ ৮০ pixel. File size maximum 60 kb) ও রঙিন ছবি (দৈর্ঘ্য ৩০০xপ্রস্থ ৩০০ pixel. File size maximum 100 kb) স্ক্যান করে নির্ধারিত স্থানে আপলোড করবেন।<br><br>গ) অনলাইনে আবেদনপত্রে পূরণকৃত তথ্যই যেহেতু পরবর্তী সকল কার্যক্রমে ব্যবহৃত হবে, সেহেতু অনলাইনে আবেদনপত্র Submit করার পূর্বেই পূরণকৃত সকল তথ্যের সঠিকতা সম্পর্কে প্রার্থী নিজে শতভাগ নিশ্চিত হবেন। <br><br>ঘ) প্রার্থী অনলাইনে পূরণকৃত আবেদনপত্রের একটি প্রিন্ট কপি পরীক্ষা সংক্রান্ত যে কোন প্রয়োজনের সহায়ক হিসেবে সংরক্ষণ করবেন।<br><br>ঙ) পরীক্ষার ফি জমা দেওয়ার নিয়মাবলিঃ<br><br>&nbsp;অনলাইন এ আবেদন করার পর আবেদনকৃত চাকরির জন্য ৪৮&nbsp; ঘণ্টার মধ্যে&nbsp; পরীক্ষার ফি অনলাইনে Ekpay এর মাধ্যমে জমা দিতে পারবেন । ৪৮&nbsp; ঘণ্টার মধ্যে জমা দিতে না পারলে আবেদনটি বাতিল হয়ে যাবে।<br><br></p>','<p><br><br>ক) এ বিজ্ঞপ্তির অধীনে আগ্রহী প্রার্থীগণকে অনলাইনে আবেদন করতে হবে। সে লক্ষ্যে http://job.bsc.gov.bd এই ওয়েবসাইটে বাংলাদেশ শিপিং কর্পোরেশন কর্তৃক নির্ধারিত আবেদনপত্র পূরণ করে অন লাইনে রেজিস্ট্রেশন কার্যক্রম এবং ফি জমা প্রদান করতে হবে। আবেদনের সময়সীমা নিম্নরূপঃ-<br><br>&nbsp;&nbsp;&nbsp; • অনলাইনে আবেদনপত্র পূরণ ও পরীক্ষার ফি জমাদান শুরুর তারিখঃ ১৯-০৮-২০২১ সকাল ১০.০০ টা।<br><br>&nbsp;&nbsp;&nbsp; • অনলাইনে আবেদনপত্র পূরণ ও পরীক্ষার ফি জমাদানের শেষ তারিখঃ ১৮-০৯-২০২১ রাত ১২.০০ টা।<br><br>উক্ত সময়ের মধ্যে User ইমেইল ও পাসওয়ার্ড&nbsp; এর মাধ্যমে লগিন করে প্রাপ্ত প্রার্থীগণ অনলাইনে আবেদনপত্র Submit এর সময় থেকে পরবর্তী ৪৮&nbsp; ঘণ্টার মধ্যে&nbsp; পরীক্ষার ফি জমা দিতে পারবেন। প্রার্থীগণ নতুন হলে অবশই আগে রেজিস্ট্রেশান করে নিতে হবে ।<br><br>খ) অনলাইনে আবেদনপত্রে প্রার্থী তার বিস্তারিত তথ্য, স্বাক্ষর (দৈর্ঘ্য ৩০০xপ্রস্থ ৮০ pixel. File size maximum 60 kb) ও রঙিন ছবি (দৈর্ঘ্য ৩০০xপ্রস্থ ৩০০ pixel. File size maximum 100 kb) স্ক্যান করে নির্ধারিত স্থানে আপলোড করবেন।<br><br>গ) অনলাইনে আবেদনপত্রে পূরণকৃত তথ্যই যেহেতু পরবর্তী সকল কার্যক্রমে ব্যবহৃত হবে, সেহেতু অনলাইনে আবেদনপত্র Submit করার পূর্বেই পূরণকৃত সকল তথ্যের সঠিকতা সম্পর্কে প্রার্থী নিজে শতভাগ নিশ্চিত হবেন। <br><br>ঘ) প্রার্থী অনলাইনে পূরণকৃত আবেদনপত্রের একটি প্রিন্ট কপি পরীক্ষা সংক্রান্ত যে কোন প্রয়োজনের সহায়ক হিসেবে সংরক্ষণ করবেন।<br><br>ঙ) পরীক্ষার ফি জমা দেওয়ার নিয়মাবলিঃ<br><br>&nbsp;অনলাইন এ আবেদন করার পর আবেদনকৃত চাকরির জন্য ৪৮&nbsp; ঘণ্টার মধ্যে&nbsp; পরীক্ষার ফি অনলাইনে Ekpay এর মাধ্যমে জমা দিতে পারবেন । ৪৮&nbsp; ঘণ্টার মধ্যে জমা দিতে না পারলে আবেদনটি বাতিল হয়ে যাবে।<br><br></p>',1,'বাংলাদেশ শিপিং কর্পোরেশন,বিএসসি ভবন, সল্টগোলা রোড, চট্টগ্রাম।',NULL,NULL,NULL,'2021-08-28 13:44:20','2021-08-28 13:44:20',NULL);

--
-- Table structure for table `job_education_groups`
--

CREATE TABLE `job_education_groups` (
  `id` bigint(20) NOT NULL AUTO_INCREMENT,
  `job_circular_id` bigint(20) DEFAULT NULL,
  `education_groups_id` bigint(20) DEFAULT NULL,
  `course_need` varchar(500) COLLATE utf8_unicode_ci DEFAULT NULL,
  `created_at` datetime DEFAULT NULL,
  `updated_at` datetime DEFAULT NULL,
  PRIMARY KEY (`id`)
) ENGINE=MyISAM AUTO_INCREMENT=51 DEFAULT CHARSET=utf8 COLLATE=utf8_unicode_ci;

--
-- Dumping data for table `job_education_groups`
--

INSERT INTO `job_education_groups` VALUES (17,9,2,'Bachelor\'s degree','2021-07-30 10:59:18','2021-07-30 10:59:18'),(18,10,1,'Job','2021-07-31 12:20:09','2021-07-31 12:20:09'),(21,11,4,'বিএসসি ইঞ্জিনিয়ারিং ডিগ্রী (মেকানিক্যাল/ নেভাল আর্কিটেকচার) অথবা তৃতীয় শ্রেণীর কম্পিটেন্সী সার্টিফিকেট (ডেক/ মোটর)।','2021-07-31 17:09:40','2021-07-31 17:09:40'),(42,12,4,'Marine Engineering','2021-08-23 00:25:26','2021-08-23 00:25:26'),(50,13,4,'দ্বিতীয় শ্রেণীর সম্মানসহ দ্বিতীয় শ্রেণীর স্নাতকোত্তর ডিগ্রী এবং সংশ্লিষ্ট কাজে ৩ বছরের অভিজ্ঞতা।','2021-08-29 18:12:01','2021-08-29 18:12:01'),(36,14,4,'বিএসসি ইঞ্জিনিয়ারিং ডিগ্রী (মেকানিক্যাল/ ইলেক্ট্রিক্যাল) অথবা সংশ্লিষ্ট কাজে ৩ বছরের অভিজ্ঞতাসহ ডিপ্লোমা-ইন-ইঞ্জিনিয়ারিং (মেকানিক্যাল/ ইলেক্ট্রিক্যাল)।','2021-08-22 11:55:06','2021-08-22 11:55:06'),(48,15,4,'স্নাতক ডিগ্রিসহ সংশ্লিষ্ট কাজে ৫ বছরের অভিজ্ঞতা','2021-08-29 17:45:59','2021-08-29 17:45:59'),(44,16,4,'স্নাতক ডিগ্রিসহ সংশ্লিষ্ট কাজে ৫ বছরের অভিজ্ঞতা','2021-08-23 00:25:54','2021-08-23 00:25:54'),(39,17,4,'Marine Engineering','2021-08-22 11:59:25','2021-08-22 11:59:25'),(43,18,4,'Marine Engineering','2021-08-23 00:25:35','2021-08-23 00:25:35'),(34,19,4,'Marine Engineering','2021-08-19 12:09:55','2021-08-19 12:09:55'),(46,20,4,'mcq','2021-08-28 13:44:20','2021-08-28 13:44:20');

--
-- Table structure for table `migrations`
--

CREATE TABLE `migrations` (
  `id` int(10) unsigned NOT NULL AUTO_INCREMENT,
  `migration` varchar(191) COLLATE utf8mb4_unicode_ci NOT NULL,
  `batch` int(11) NOT NULL,
  PRIMARY KEY (`id`)
) ENGINE=InnoDB AUTO_INCREMENT=4 DEFAULT CHARSET=utf8mb4 COLLATE=utf8mb4_unicode_ci;

--
-- Dumping data for table `migrations`
--

INSERT INTO `migrations` VALUES (1,'2014_10_12_000000_create_users_table',1),(2,'2014_10_12_100000_create_password_resets_table',1),(3,'2019_08_19_000000_create_failed_jobs_table',1);

--
-- Table structure for table `model_has_permissions`
--

CREATE TABLE `model_has_permissions` (
  `permission_id` bigint(20) unsigned NOT NULL,
  `model_type` varchar(191) COLLATE utf8mb4_unicode_ci NOT NULL,
  `model_id` bigint(20) unsigned NOT NULL,
  PRIMARY KEY (`permission_id`,`model_id`,`model_type`),
  KEY `model_has_permissions_model_id_model_type_index` (`model_id`,`model_type`),
  CONSTRAINT `model_has_permissions_permission_id_foreign` FOREIGN KEY (`permission_id`) REFERENCES `permissions` (`id`) ON DELETE CASCADE
) ENGINE=InnoDB DEFAULT CHARSET=utf8mb4 COLLATE=utf8mb4_unicode_ci;

--
-- Dumping data for table `model_has_permissions`
--


--
-- Table structure for table `model_has_roles`
--

CREATE TABLE `model_has_roles` (
  `role_id` bigint(20) unsigned NOT NULL,
  `model_type` varchar(191) COLLATE utf8mb4_unicode_ci NOT NULL,
  `model_id` bigint(20) unsigned NOT NULL,
  PRIMARY KEY (`role_id`,`model_id`,`model_type`),
  KEY `model_has_roles_model_id_model_type_index` (`model_id`,`model_type`),
  CONSTRAINT `model_has_roles_role_id_foreign` FOREIGN KEY (`role_id`) REFERENCES `roles` (`id`) ON DELETE CASCADE
) ENGINE=InnoDB DEFAULT CHARSET=utf8mb4 COLLATE=utf8mb4_unicode_ci;

--
-- Dumping data for table `model_has_roles`
--

INSERT INTO `model_has_roles` VALUES (1,'App\\Models\\User',1),(2,'App\\Models\\User',2),(5,'App\\Models\\User',8),(5,'App\\Models\\User',9),(5,'App\\Models\\User',10),(5,'App\\Models\\User',11),(5,'App\\Models\\User',12),(5,'App\\Models\\User',13),(5,'App\\Models\\User',14),(5,'App\\Models\\User',15),(5,'App\\Models\\User',16),(5,'App\\Models\\User',17),(5,'App\\Models\\User',18),(5,'App\\Models\\User',19),(5,'App\\Models\\User',20),(5,'App\\Models\\User',21),(5,'App\\Models\\User',22),(5,'App\\Models\\User',23),(5,'App\\Models\\User',24),(5,'App\\Models\\User',25),(5,'App\\Models\\User',26),(5,'App\\Models\\User',27),(5,'App\\Models\\User',28),(5,'App\\Models\\User',29),(5,'App\\Models\\User',30),(5,'App\\Models\\User',31),(5,'App\\Models\\User',33),(5,'App\\Models\\User',34),(5,'App\\Models\\User',35),(5,'App\\Models\\User',36),(5,'App\\Models\\User',37);

--
-- Table structure for table `notification_logs`
--

CREATE TABLE `notification_logs` (
  `id` int(11) NOT NULL AUTO_INCREMENT,
  `candidate_id` int(11) DEFAULT NULL,
  `send_by` int(11) DEFAULT NULL,
  `date` date DEFAULT NULL,
  `message` varchar(250) DEFAULT NULL,
  `error_message` varchar(250) DEFAULT NULL,
  `created_at` datetime DEFAULT NULL,
  `updated_at` datetime DEFAULT NULL,
  `deleted_at` datetime DEFAULT NULL,
  PRIMARY KEY (`id`)
) ENGINE=InnoDB DEFAULT CHARSET=latin1;

--
-- Dumping data for table `notification_logs`
--


--
-- Table structure for table `organizations`
--

CREATE TABLE `organizations` (
  `id` int(11) NOT NULL AUTO_INCREMENT,
  `name` varchar(255) NOT NULL,
  `name_bn` varchar(255) DEFAULT NULL,
  `slug` varchar(255) NOT NULL,
  `address` text,
  `phone` varchar(15) NOT NULL,
  `website` varchar(255) DEFAULT NULL,
  `details` text,
  `contact_message` text,
  `logo` varchar(255) DEFAULT NULL,
  `latitude` varchar(100) DEFAULT NULL,
  `longitude` varchar(100) NOT NULL,
  `created_at` datetime DEFAULT CURRENT_TIMESTAMP,
  `updated_at` datetime DEFAULT NULL,
  `deleted_at` datetime DEFAULT NULL,
  PRIMARY KEY (`id`),
  UNIQUE KEY `name` (`name`),
  UNIQUE KEY `slug` (`slug`)
) ENGINE=InnoDB DEFAULT CHARSET=latin1;

--
-- Dumping data for table `organizations`
--


--
-- Table structure for table `otp_verifications`
--

CREATE TABLE `otp_verifications` (
  `id` bigint(20) unsigned NOT NULL AUTO_INCREMENT,
  `user_id` bigint(20) unsigned DEFAULT NULL,
  `phone_number` varchar(191) COLLATE utf8mb4_unicode_ci NOT NULL,
  `code` varchar(191) COLLATE utf8mb4_unicode_ci NOT NULL,
  `status` tinyint(1) NOT NULL DEFAULT '0',
  `expires_at` datetime DEFAULT NULL,
  `created_at` timestamp NULL DEFAULT NULL,
  `updated_at` timestamp NULL DEFAULT NULL,
  PRIMARY KEY (`id`)
) ENGINE=InnoDB AUTO_INCREMENT=13 DEFAULT CHARSET=utf8mb4 COLLATE=utf8mb4_unicode_ci;

--
-- Dumping data for table `otp_verifications`
--

INSERT INTO `otp_verifications` VALUES (1,NULL,'12345678903234','80249',0,'2021-09-02 10:22:40','2021-09-02 04:17:40','2021-09-02 04:17:40'),(2,NULL,'12345678903234','25067',0,'2021-09-02 10:27:40','2021-09-02 04:22:40','2021-09-02 04:22:40'),(3,NULL,'12345678903234','87495',0,'2021-09-02 10:27:53','2021-09-02 04:22:53','2021-09-02 04:22:53'),(4,NULL,'12345678903234','83970',1,'2021-09-02 10:27:54','2021-09-02 04:22:54','2021-09-02 04:25:34'),(5,NULL,'123456789034567','23497',0,'2021-09-02 10:41:40','2021-09-02 04:36:40','2021-09-02 04:36:40'),(6,NULL,'123456789034567','97846',0,'2021-09-02 10:42:34','2021-09-02 04:37:34','2021-09-02 04:37:34'),(7,NULL,'123456789034567','89431',0,'2021-09-02 10:50:19','2021-09-02 04:45:19','2021-09-02 04:45:19'),(8,NULL,'123456789034567','82591',0,'2021-09-02 10:51:16','2021-09-02 04:46:16','2021-09-02 04:46:16'),(9,NULL,'12345678902345','38197',0,'2021-09-02 10:54:44','2021-09-02 04:49:44','2021-09-02 04:49:44'),(10,NULL,'1234567891234','04365',0,'2021-09-02 10:58:13','2021-09-02 04:53:13','2021-09-02 04:53:13'),(11,NULL,'12345678234','13528',0,'2021-09-02 11:01:00','2021-09-02 04:56:00','2021-09-02 04:56:00'),(12,NULL,'098765678456','41067',1,'2021-09-02 11:11:27','2021-09-02 05:06:27','2021-09-02 05:06:59');

--
-- Table structure for table `permissions`
--

CREATE TABLE `permissions` (
  `id` bigint(20) unsigned NOT NULL AUTO_INCREMENT,
  `name` varchar(191) COLLATE utf8mb4_unicode_ci NOT NULL,
  `guard_name` varchar(191) COLLATE utf8mb4_unicode_ci NOT NULL,
  `created_at` timestamp NULL DEFAULT NULL,
  `updated_at` timestamp NULL DEFAULT NULL,
  PRIMARY KEY (`id`),
  UNIQUE KEY `permissions_name_guard_name_unique` (`name`,`guard_name`)
) ENGINE=InnoDB AUTO_INCREMENT=85 DEFAULT CHARSET=utf8mb4 COLLATE=utf8mb4_unicode_ci;

--
-- Dumping data for table `permissions`
--

INSERT INTO `permissions` VALUES (1,'view_job_menu','web','2021-08-25 10:42:20','2021-08-25 10:42:20'),(2,'view_employee_menu','web','2021-08-25 10:42:43','2021-08-25 10:42:43'),(3,'view_rank_menu','web','2021-08-25 10:43:06','2021-08-25 10:43:06'),(4,'view_exam_menu','web',NULL,NULL),(5,'view_religion_menu','web',NULL,NULL),(6,'view_document_type_menu','web',NULL,NULL),(7,'view_qouta_menu','web',NULL,NULL),(8,'view_job','web',NULL,NULL),(9,'create_job','web',NULL,NULL),(10,'edit_job','web',NULL,NULL),(11,'delete_job','web',NULL,NULL),(12,'view_applied_candidate','web',NULL,NULL),(13,'create_candidate_marking','web',NULL,NULL),(14,'view_candidate_marking','web',NULL,NULL),(15,'view_candidate_selection','web',NULL,NULL),(16,'view_archive_job','web',NULL,NULL),(17,'view_shore_cv','web',NULL,NULL),(18,'view_afloat_cv','web',NULL,NULL),(19,'create_employee','web',NULL,NULL),(20,'view_employee','web',NULL,NULL),(21,'edit_employee','web',NULL,NULL),(22,'delete_employee','web',NULL,NULL),(23,'create_rank','web',NULL,NULL),(24,'view_rank','web',NULL,NULL),(25,'edit_rank','web',NULL,NULL),(26,'delete_rank','web',NULL,NULL),(27,'create_exam','web',NULL,NULL),(28,'view_exam','web',NULL,NULL),(29,'edit_exam','web',NULL,NULL),(30,'delete_exam','web',NULL,NULL),(31,'create_religion','web',NULL,NULL),(32,'view_religion','web',NULL,NULL),(33,'edit_religion','web',NULL,NULL),(34,'delete_religion','web',NULL,NULL),(35,'create_document_type','web',NULL,NULL),(36,'view_document_type','web',NULL,NULL),(37,'edit_document_type','web',NULL,NULL),(38,'delete_document_type','web',NULL,NULL),(39,'view_cv_bank','web',NULL,NULL),(40,'create_qouta','web',NULL,NULL),(41,'view_qouta','web',NULL,NULL),(42,'edit_qouta','web',NULL,NULL),(43,'delete_qouta','web',NULL,NULL),(44,'view_settings','web',NULL,NULL),(45,'view_dashboard','web',NULL,NULL),(82,'view_department','web','2021-08-29 13:55:33','2021-08-29 13:55:33'),(83,'create_department','web','2021-08-29 13:55:51','2021-08-29 13:55:51'),(84,'edit_department','web','2021-08-29 13:56:09','2021-08-29 13:56:09');

--
-- Table structure for table `qoutas`
--

CREATE TABLE `qoutas` (
  `id` int(11) NOT NULL AUTO_INCREMENT,
  `qoutas_name` varchar(250) DEFAULT NULL,
  `qoutas_name_bn` varchar(250) DEFAULT NULL,
  `created_at` datetime DEFAULT NULL,
  `updated_at` datetime DEFAULT NULL,
  `deleted_at` datetime DEFAULT NULL,
  PRIMARY KEY (`id`)
) ENGINE=InnoDB AUTO_INCREMENT=4 DEFAULT CHARSET=latin1;

--
-- Dumping data for table `qoutas`
--

INSERT INTO `qoutas` VALUES (1,'Freedom fighter',NULL,NULL,NULL,NULL),(2,'Tribal',NULL,NULL,NULL,NULL),(3,'Disabled',NULL,NULL,NULL,NULL);

--
-- Table structure for table `ranks`
--

CREATE TABLE `ranks` (
  `id` int(11) NOT NULL AUTO_INCREMENT,
  `emp_type` tinyint(4) DEFAULT NULL,
  `name` varchar(255) NOT NULL,
  `name_bn` varchar(255) DEFAULT NULL,
  `status` tinyint(4) NOT NULL DEFAULT '1' COMMENT '0 = Disable; 1 = Enable;',
  `created_at` datetime DEFAULT CURRENT_TIMESTAMP,
  `updated_at` datetime DEFAULT NULL,
  `deleted_at` datetime DEFAULT NULL,
  PRIMARY KEY (`id`),
  UNIQUE KEY `name` (`name`)
) ENGINE=InnoDB AUTO_INCREMENT=23 DEFAULT CHARSET=latin1;

--
-- Dumping data for table `ranks`
--

INSERT INTO `ranks` VALUES (1,1,'Officers Master','Officers Master',1,'2021-06-13 17:55:58','2021-07-12 10:11:00',NULL),(2,1,'Chief Officer','Chief Officer',1,'2021-06-13 17:56:16','2021-07-12 10:11:02',NULL),(3,1,'Second Officer','Second Officer',1,'2021-06-29 07:17:29','2021-07-12 10:11:16',NULL),(4,1,'Third Officer','Third Officer',1,'2021-07-30 04:38:53',NULL,NULL),(5,1,'Officers Cadet','Officers Cadet',1,'2021-07-30 04:38:53',NULL,NULL),(6,1,'Chief Engineer','Chief Engineer',1,'2021-07-30 04:41:26',NULL,NULL),(7,1,'Second Engineer','Second Engineer',1,'2021-07-30 04:41:27',NULL,NULL),(8,1,'Third Engineer','Third Engineer',1,'2021-07-30 04:41:27',NULL,NULL),(9,1,'Fourth Engineer','Fourth Engineer',1,'2021-07-30 04:41:28',NULL,NULL),(10,1,'Engineering Cadet','Engineering Cadet',1,'2021-07-30 04:41:28',NULL,NULL),(11,1,'Bosun / Coo','Bosun / Coo',1,'2021-07-30 04:41:29',NULL,NULL),(12,1,'Cook','Cook',1,'2021-07-30 04:41:29',NULL,NULL),(13,1,'AB','AB',1,'2021-07-30 04:41:30',NULL,NULL),(14,1,'OS','OS',1,'2021-07-30 04:41:30',NULL,NULL),(15,1,'Oiler','Oiler',1,'2021-07-30 04:41:30',NULL,NULL),(16,0,'General Manager','General Manager',1,'2021-07-30 10:44:34','2021-07-30 10:44:34',NULL),(17,0,'Asstt. General Manager','Asstt. General Manager',1,'2021-07-30 10:45:26','2021-07-30 10:45:26',NULL),(18,0,'Accountant','Accountant',1,'2021-07-30 10:46:33','2021-07-30 10:46:33',NULL),(19,0,'Auditor','Auditor',1,'2021-07-30 10:46:53','2021-07-30 10:46:53',NULL),(20,0,'Senior Assistant','Senior Assistant',1,'2021-07-30 10:47:58','2021-07-30 10:47:58',NULL),(21,0,'Asstt. Manager','Asstt. Manager',1,'2021-07-31 06:47:44',NULL,NULL),(22,1,'Electrical Engineer','Electrical Engineer',1,'2021-08-19 12:07:20','2021-08-19 12:07:20',NULL);

--
-- Table structure for table `religions`
--

CREATE TABLE `religions` (
  `id` bigint(20) unsigned NOT NULL AUTO_INCREMENT,
  `name` varchar(255) CHARACTER SET utf8 NOT NULL,
  `name_bn` varchar(255) CHARACTER SET utf8 DEFAULT NULL,
  `created_at` timestamp NULL DEFAULT NULL,
  `updated_at` timestamp NULL DEFAULT NULL,
  `deleted_at` timestamp NULL DEFAULT NULL,
  PRIMARY KEY (`id`)
) ENGINE=InnoDB AUTO_INCREMENT=5 DEFAULT CHARSET=latin1;

--
-- Dumping data for table `religions`
--

INSERT INTO `religions` VALUES (1,'Islam','ইসলাম','2021-07-01 07:53:09','2021-08-26 17:02:52',NULL),(2,'Hindu','হিন্দু','2021-07-01 07:53:26','2021-07-01 07:53:26',NULL),(3,'Christian','খ্রীষ্টান','2021-07-01 07:53:49','2021-08-26 17:10:01',NULL),(4,'Buddha','বুদ্ধ','2021-07-01 07:54:01','2021-07-01 07:54:01',NULL);

--
-- Table structure for table `role_has_permissions`
--

CREATE TABLE `role_has_permissions` (
  `permission_id` bigint(20) unsigned NOT NULL,
  `role_id` bigint(20) unsigned NOT NULL,
  PRIMARY KEY (`permission_id`,`role_id`),
  KEY `role_has_permissions_role_id_foreign` (`role_id`),
  CONSTRAINT `role_has_permissions_permission_id_foreign` FOREIGN KEY (`permission_id`) REFERENCES `permissions` (`id`) ON DELETE CASCADE,
  CONSTRAINT `role_has_permissions_role_id_foreign` FOREIGN KEY (`role_id`) REFERENCES `roles` (`id`) ON DELETE CASCADE
) ENGINE=InnoDB DEFAULT CHARSET=utf8mb4 COLLATE=utf8mb4_unicode_ci;

--
-- Dumping data for table `role_has_permissions`
--

INSERT INTO `role_has_permissions` VALUES (1,1),(2,1),(3,1),(4,1),(5,1),(6,1),(7,1),(8,1),(9,1),(10,1),(11,1),(12,1),(13,1),(14,1),(15,1),(16,1),(17,1),(18,1),(19,1),(20,1),(21,1),(22,1),(23,1),(24,1),(25,1),(26,1),(27,1),(28,1),(29,1),(30,1),(31,1),(32,1),(33,1),(34,1),(35,1),(36,1),(37,1),(38,1),(39,1),(40,1),(41,1),(42,1),(43,1),(44,1),(45,1),(82,1),(83,1),(84,1);

--
-- Table structure for table `roles`
--

CREATE TABLE `roles` (
  `id` bigint(20) unsigned NOT NULL AUTO_INCREMENT,
  `name` varchar(191) COLLATE utf8mb4_unicode_ci NOT NULL,
  `guard_name` varchar(191) COLLATE utf8mb4_unicode_ci NOT NULL,
  `created_at` timestamp NULL DEFAULT NULL,
  `updated_at` timestamp NULL DEFAULT NULL,
  PRIMARY KEY (`id`),
  UNIQUE KEY `roles_name_guard_name_unique` (`name`,`guard_name`)
) ENGINE=InnoDB AUTO_INCREMENT=6 DEFAULT CHARSET=utf8mb4 COLLATE=utf8mb4_unicode_ci;

--
-- Dumping data for table `roles`
--

INSERT INTO `roles` VALUES (1,'super admin','web','2021-06-29 04:40:55','2021-06-29 04:40:55'),(2,'administrator','web','2021-06-29 04:40:55','2021-06-29 04:40:55'),(3,'shore-employee','web','2021-06-29 04:40:55','2021-06-29 04:40:55'),(4,'afloat-employee','web','2021-06-29 04:40:55','2021-06-29 04:40:55'),(5,'candidate','web','2021-06-29 04:40:55','2021-06-29 04:40:55');

--
-- Table structure for table `sub_ranks`
--

CREATE TABLE `sub_ranks` (
  `id` int(11) NOT NULL AUTO_INCREMENT,
  `name` varchar(255) NOT NULL,
  `name_bn` varchar(255) DEFAULT NULL,
  `rank_id` int(10) unsigned NOT NULL,
  `status` tinyint(3) unsigned NOT NULL DEFAULT '1' COMMENT '0 = Disable; 1 = Enable;',
  `created_at` datetime DEFAULT CURRENT_TIMESTAMP,
  `updated_at` datetime DEFAULT NULL,
  `deleted_at` datetime DEFAULT NULL,
  PRIMARY KEY (`id`)
) ENGINE=InnoDB DEFAULT CHARSET=latin1;

--
-- Dumping data for table `sub_ranks`
--



